057
CXUS54 KTSA 011834
CF6RVS
PRELIMINARY LOCAL CLIMATOLOGICAL DATA (WS FORM: F-6)

                                          STATION:   TULSA-RIVERSIDE  OKLAHOMA
                                          MONTH:     JULY
                                          YEAR:      2014
                                          LATITUDE:   36  2 N
                                          LONGITUDE:  95 59 W

  TEMPERATURE IN F:       :PCPN:    SNOW:  WIND      :SUNSHINE: SKY     :PK WND
================================================================================
1   2   3   4   5  6A  6B    7    8   9   10  11  12  13   14  15   16   17  18
                                     12Z  AVG MX 2MIN
DY MAX MIN AVG DEP HDD CDD  WTR  SNW DPTH SPD SPD DIR MIN PSBL S-S WX    SPD DR
================================================================================

 1  92  72  82   2   0  17 0.00  0.0    0  3.8 10  20   M    M   0        15 350
 2  85  64  75  -5   0  10 0.00  0.0    0  5.9 14  30   M    M   0        21  10
 3  86  61  74  -6   0   9 0.00  0.0    0  4.8 14  50   M    M   0        20  40
 4  91  62  77  -4   0  12 0.00  0.0    0  4.3 13 180   M    M   1        18 190
 5  93  72  83   2   0  18 0.00  0.0    0  9.9 18 180   M    M   2        24 190
 6  98  74  86   5   0  21 0.00  0.0    0 10.1 20 180   M    M   0        26 190
 7 102  76  89   8   0  24 0.00  0.0    0  9.2 20 190   M    M   0        25 190
 8  96  73  85   4   0  20 0.00  0.0    0  5.3 14  20   M    M   1        20  20
 9  93  67  80  -1   0  15 0.00  0.0    0  3.2 10 180   M    M   1        14 180
10  78  66  72 -10   0   7 1.41  0.0    0  6.2 21 180   M    M   4 13     30  10
11  94  68  81  -1   0  16 0.00  0.0    0  7.1 18 180   M    M   0 1      23 160
12  96  70  83   1   0  18 0.00  0.0    0  5.7 15 200   M    M   0        21 190
13 101  69  85   3   0  20    T  0.0    0  4.6 14 340   M    M   1        28 350
14  93  72  83   1   0  18    T  0.0    0  4.7 20  30   M    M   1        29  30
15  80  59  70 -12   0   5 0.00  0.0    0  4.5 16  30   M    M   1        23  30
16  74  58  66 -16   0   1 0.36  0.0    0  1.3  8 180   M    M   6 1      13 150
17  67  62  65 -17   0   0 0.47  0.0    0  5.8 14 120   M    M  10 1      17 120
18  76  58  67 -15   0   2 0.00  0.0    0  3.6 10 150   M    M   6 1      14 160
19  79  58  69 -13   0   4 0.00  0.0    0  1.9 10 190   M    M   6 12     14 190
20  87  61  74  -8   0   9 0.00  0.0    0  6.6 14 150   M    M   0 1      20 180
21  93  68  81  -1   0  16 0.00  0.0    0  6.1 14 190   M    M   0 1      17 160
22  95  71  83   1   0  18 0.00  0.0    0  2.8 12 190   M    M   1 1      15 210
23  93  69  81  -1   0  16 0.06  0.0    0  3.2 18  30   M    M   1 18     24  10
24  91  67  79  -4   0  14 0.00  0.0    0  3.7 12 120   M    M   1 1      14 150
25  95  72  84   1   0  19 0.00  0.0    0 10.3 18 180   M    M   1        25 190
26  99  75  87   4   0  22 0.00  0.0    0  9.0 17 180   M    M   0        23 180
27  94  72  83   0   0  18 0.00  0.0    0  5.1 18  10   M    M   1        24  10
================================================================================
SM 2421 1816         0 369  2.30     0.0 148.7          M       45
================================================================================
AV 89.7 67.3                               5.5 FASTST   M    M   2    MAX(MPH)
                                 MISC ---->  # 21 180               # 30   10
================================================================================
NOTES:
# LAST OF SEVERAL OCCURRENCES

COLUMN 17 PEAK WIND IN M.P.H.

PRELIMINARY LOCAL CLIMATOLOGICAL DATA (WS FORM: F-6) , PAGE 2

                                          STATION:  TULSA-RIVERSIDE  OKLAHOMA
                                          MONTH:    JULY
                                          YEAR:     2014
                                          LATITUDE:   36  2 N
                                          LONGITUDE:  95 59 W

[TEMPERATURE DATA]      [PRECIPITATION DATA]       SYMBOLS USED IN COLUMN 16

AVERAGE MONTHLY: 78.5   TOTAL FOR MONTH:   2.30    1 = FOG OR MIST
DPTR FM NORMAL:  -3.2   DPTR FM NORMAL:   -0.78    2 = FOG REDUCING VISIBILITY
HIGHEST:   102 ON  7    GRTST 24HR  1.41 ON 10-11      TO 1/4 MILE OR LESS
LOWEST:     58 ON 19,18                            3 = THUNDER
                        SNOW, ICE PELLETS, HAIL    4 = ICE PELLETS
                        TOTAL MONTH:   0.0 INCH    5 = HAIL
                        GRTST 24HR     0.0         6 = FREEZING RAIN OR DRIZZLE
                        GRTST DEPTH:   0           7 = DUSTSTORM OR SANDSTORM:
                                                       VSBY 1/2 MILE OR LESS
                                                   8 = SMOKE OR HAZE
[NO. OF DAYS WITH]      [WEATHER - DAYS WITH]      9 = BLOWING SNOW
                                                   X = TORNADO
MAX 32 OR BELOW:   0    0.01 INCH OR MORE:   4
MAX 90 OR ABOVE:  18    0.10 INCH OR MORE:   3
MIN 32 OR BELOW:   0    0.50 INCH OR MORE:   1
MIN  0 OR BELOW:   0    1.00 INCH OR MORE:   1

[HDD (BASE 65) ]
TOTAL THIS MO.     0    CLEAR  (SCALE 0-3)  22
DPTR FM NORMAL     0    PTCLDY (SCALE 4-7)   4
TOTAL FM JUL 1     0    CLOUDY (SCALE 8-10)  1
DPTR FM NORMAL     0

[CDD (BASE 65) ]
TOTAL THIS MO.   369
DPTR FM NORMAL   -83    [PRESSURE DATA]
TOTAL FM JAN 1  1088    HIGHEST SLP M ON M
DPTR FM NORMAL    76    LOWEST  SLP 29.81 ON  7

[REMARKS]







U.S. Dept. of Commerce
NOAA National Weather Service
1325 East West Highway
Silver Spring, MD 20910
E-mail: w-nws.webmaster@noaa.gov
Page last modified: May 16, 2007
NATIONAL WEATHER SERVICE: for Safety, for Work, for Fun - FOR LIFE