117
CXUS54 KTSA 290940
CF6RVS
PRELIMINARY LOCAL CLIMATOLOGICAL DATA (WS FORM: F-6)

                                          STATION:   TULSA-RIVERSIDE  OKLAHOMA
                                          MONTH:     JANUARY
                                          YEAR:      2015
                                          LATITUDE:   36  2 N
                                          LONGITUDE:  95 59 W

  TEMPERATURE IN F:       :PCPN:    SNOW:  WIND      :SUNSHINE: SKY     :PK WND
================================================================================
1   2   3   4   5  6A  6B    7    8   9   10  11  12  13   14  15   16   17  18
                                     12Z  AVG MX 2MIN
DY MAX MIN AVG DEP HDD CDD  WTR  SNW DPTH SPD SPD DIR MIN PSBL S-S WX    SPD DR
================================================================================

 1  32  25  29  -7  36   0 0.05    M    0  1.7  7 120   M    M  10 16      9 120
 2  38  31  35  -1  30   0 0.17    M    0  2.6 10  10   M    M  10 1      14  10
 3  43  36  40   4  25   0 0.14    M    0  4.6 12 290   M    M  10 1      19 260
 4  38  16  27  -9  38   0    T    M    0  9.1 18 330   M    M   4        30 320
 5  43  14  29  -7  36   0 0.00  0.0    0  6.3 22 180   M    M   0        27 180
 6  41  23  32  -4  33   0 0.00  0.0    0  6.6 21  30   M    M   0        27  30
 7  30  13  22 -14  43   0 0.00  0.0    0 13.4 22  10   M    M   3        37  20
 8  35   6  21 -15  44   0 0.00  0.0    0  7.0 24 180   M    M   0        32 190
 9  33  14  24 -12  41   0 0.00  0.0    0  7.0 22  20   M    M   2        32  30
10  38  12  25 -11  40   0 0.00  0.0    0  7.4 20 190   M    M   6        25 190
11  38  32  35  -1  30   0    T    M    0  6.6 14 170   M    M  10 1      20 160
12  37  26  32  -4  33   0 0.00  0.0    0  9.5 18  20   M    M   7 1      25  20
13  37  18  28  -8  37   0 0.00  0.0    0  6.7 14  30   M    M   0        18  30
14  40  25  33  -4  32   0    T    M    0  2.0  8  30   M    M   6        12  40
15  56  22  39   2  26   0 0.00  0.0    0  1.9  9 280   M    M   3        14 300
16  64  22  43   6  22   0 0.00  0.0    0  5.0 15 190   M    M   0        20 190
17  67  30  49  12  16   0 0.00  0.0    0  5.6 17 340   M    M   0        26 340
18  71  24  48  11  17   0 0.00  0.0    0  7.2 24 200   M    M   0        34 200
19  70  32  51  14  14   0 0.00  0.0    0  1.4  7  40   M    M   0         9  20
20  57  30  44   7  21   0 0.00  0.0    0  4.6 17  30   M    M   4 1      22  20
21  53  25  39   2  26   0    T    M    0  5.0 14  40   M    M   5 1      19  20
22  52  34  43   6  22   0    T    M    0  7.6 18  60   M    M   8        25  60
23  50  24  37   0  28   0 0.00  0.0    0  3.2 10  10   M    M   1        15 320
24  62  24  43   5  22   0 0.00  0.0    0  4.2 12 220   M    M   0        17 220
25  56  34  45   7  20   0    T    M    0  9.7 23 320   M    M   4        34 330
26  71  24  48  10  17   0 0.00  0.0    0  2.4 13 220   M    M   0 1      17 210
27  73  31  52  14  13   0 0.00  0.0    0  2.0 12 180   M    M   0        14 180
28  79  36  58  20   7   0 0.00  0.0    0  7.0 23 200   M    M   0        31 190
================================================================================
SM 1404  683       769   0  0.36     0.0 157.3          M       93
================================================================================
AV 50.1 24.4                               5.6 FASTST   M    M   3    MAX(MPH)
                                 MISC ---->  # 24 180                 37    M
================================================================================
NOTES:
# LAST OF SEVERAL OCCURRENCES

COLUMN 17 PEAK WIND IN M.P.H.

PRELIMINARY LOCAL CLIMATOLOGICAL DATA (WS FORM: F-6) , PAGE 2

                                          STATION:  TULSA-RIVERSIDE  OKLAHOMA
                                          MONTH:    JANUARY
                                          YEAR:     2015
                                          LATITUDE:   36  2 N
                                          LONGITUDE:  95 59 W

[TEMPERATURE DATA]      [PRECIPITATION DATA]       SYMBOLS USED IN COLUMN 16

AVERAGE MONTHLY: 37.3   TOTAL FOR MONTH:   0.36    1 = FOG OR MIST
DPTR FM NORMAL:   0.6   DPTR FM NORMAL:   -1.19    2 = FOG REDUCING VISIBILITY
HIGHEST:    79 ON 28    GRTST 24HR  0.31 ON  2- 3      TO 1/4 MILE OR LESS
LOWEST:      6 ON  8                               3 = THUNDER
                        SNOW, ICE PELLETS, HAIL    4 = ICE PELLETS
                        TOTAL MONTH:   0.0 INCH    5 = HAIL
                        GRTST 24HR     0.0         6 = FREEZING RAIN OR DRIZZLE
                        GRTST DEPTH:   0           7 = DUSTSTORM OR SANDSTORM:
                                                       VSBY 1/2 MILE OR LESS
                                                   8 = SMOKE OR HAZE
[NO. OF DAYS WITH]      [WEATHER - DAYS WITH]      9 = BLOWING SNOW
                                                   X = TORNADO
MAX 32 OR BELOW:   2    0.01 INCH OR MORE:   3
MAX 90 OR ABOVE:   0    0.10 INCH OR MORE:   2
MIN 32 OR BELOW:  24    0.50 INCH OR MORE:   0
MIN  0 OR BELOW:   0    1.00 INCH OR MORE:   0

[HDD (BASE 65) ]
TOTAL THIS MO.   769    CLEAR  (SCALE 0-3)  15
DPTR FM NORMAL   -22    PTCLDY (SCALE 4-7)   9
TOTAL FM JUL 1  2204    CLOUDY (SCALE 8-10)  4
DPTR FM NORMAL   -65

[CDD (BASE 65) ]
TOTAL THIS MO.     0
DPTR FM NORMAL     0    [PRESSURE DATA]
TOTAL FM JAN 1     0    HIGHEST SLP M ON M
DPTR FM NORMAL     0    LOWEST  SLP 29.73 ON 25

[REMARKS]




U.S. Dept. of Commerce
NOAA National Weather Service
1325 East West Highway
Silver Spring, MD 20910
E-mail: w-nws.webmaster@noaa.gov
Page last modified: May 16, 2007
NATIONAL WEATHER SERVICE: for Safety, for Work, for Fun - FOR LIFE