202
CXUS54 KTSA 231402
CF6RVS
PRELIMINARY LOCAL CLIMATOLOGICAL DATA (WS FORM: F-6)

                                          STATION:   TULSA-RIVERSIDE  OKLAHOMA
                                          MONTH:     APRIL
                                          YEAR:      2014
                                          LATITUDE:   36  2 N
                                          LONGITUDE:  95 59 W

  TEMPERATURE IN F:       :PCPN:    SNOW:  WIND      :SUNSHINE: SKY     :PK WND
================================================================================
1   2   3   4   5  6A  6B    7    8   9   10  11  12  13   14  15   16   17  18
                                     12Z  AVG MX 2MIN
DY MAX MIN AVG DEP HDD CDD  WTR  SNW DPTH SPD SPD DIR MIN PSBL S-S WX    SPD DR
================================================================================

 1  62  47  55  -1  10   0 0.00  0.0    0  8.3 18  20   M    M   8        26  30
 2  84  49  67  11   0   2 0.00  0.0    0 10.6 23 180   M    M   8        31 170
 3  86  47  67  11   0   2 0.00  0.0    0 11.7 22 210   M    M   5 3      31 200
 4  62  38  50  -6  15   0 0.00  0.0    0  6.0 16 340   M    M   0 8      29 330
 5  65  32  49  -8  16   0    T  0.0    0  4.6 13 130   M    M   1        16 180
 6  55  44  50  -7  15   0 0.14  0.0    0  3.9 12 120   M    M   5 1      15 110
 7  68  46  57   0   8   0 0.22  0.0    0  3.8 10 330   M    M   7 1      21 330
 8  67  40  54  -4  11   0 0.00  0.0    0  8.0 23 350   M    M   3        35  10
 9  81  33  57  -1   8   0 0.00  0.0    0  8.0 22 190   M    M   0        30 210
10  89  63  76  18   0  11 0.00  0.0    0 11.7 22 210   M    M   0        31 210
11  81  51  66   8   0   1 0.00  0.0    0  6.4 16 170   M    M   2        22 160
12  86  64  75  16   0  10 0.00  0.0    0 14.0 28 190   M    M   3        39 190
13  84  44  64   5   1   0 0.17  0.0    0 13.8 30 190   M    M   6 3      40 200
14  51  31  41 -18  24   0 0.01    M    0  9.5 20 360   M    M   7 18     35  10
15  65  27  46 -14  19   0 0.00  0.0    0  4.4 12 180   M    M   0        15 160
16  68  45  57  -3   8   0 0.00  0.0    0 12.7 29 180   M    M   0        37 170
17  65  41  53  -7  12   0    T  0.0    0  4.6 15  20   M    M   3        20  10
18  76  41  59  -1   6   0 0.00  0.0    0  3.2 10 180   M    M   0 18     14 150
19  81  45  63   2   2   0 0.00  0.0    0  5.3 17 170   M    M   0        25 170
20  78  53  66   5   0   1 0.03  0.0    0  4.5 18 190   M    M   2 1      23 190
21  74  57  66   5   0   1 0.93  0.0    0  1.1 13  10   M    M   7 123    18 360
22  77  51  64   2   1   0 0.00  0.0    0  4.5 10  20   M    M   1 128    15  30
================================================================================
SM 1605  989       156  28  1.50     0.0 160.6          M       68
================================================================================
AV 73.0 45.0                               7.3 FASTST   M    M   3    MAX(MPH)
                                 MISC ---->  # 30 190               # 40  200
================================================================================
NOTES:
# LAST OF SEVERAL OCCURRENCES

COLUMN 17 PEAK WIND IN M.P.H.

PRELIMINARY LOCAL CLIMATOLOGICAL DATA (WS FORM: F-6) , PAGE 2

                                          STATION:  TULSA-RIVERSIDE  OKLAHOMA
                                          MONTH:    APRIL
                                          YEAR:     2014
                                          LATITUDE:   36  2 N
                                          LONGITUDE:  95 59 W

[TEMPERATURE DATA]      [PRECIPITATION DATA]       SYMBOLS USED IN COLUMN 16

AVERAGE MONTHLY: 59.0   TOTAL FOR MONTH:   1.50    1 = FOG OR MIST
DPTR FM NORMAL:   0.4   DPTR FM NORMAL:   -1.51    2 = FOG REDUCING VISIBILITY
HIGHEST:    89 ON 10    GRTST 24HR  0.93 ON 21-21      TO 1/4 MILE OR LESS
LOWEST:     27 ON 15                               3 = THUNDER
                        SNOW, ICE PELLETS, HAIL    4 = ICE PELLETS
                        TOTAL MONTH:   0.0 INCH    5 = HAIL
                        GRTST 24HR     0.0         6 = FREEZING RAIN OR DRIZZLE
                        GRTST DEPTH:   0           7 = DUSTSTORM OR SANDSTORM:
                                                       VSBY 1/2 MILE OR LESS
                                                   8 = SMOKE OR HAZE
[NO. OF DAYS WITH]      [WEATHER - DAYS WITH]      9 = BLOWING SNOW
                                                   X = TORNADO
MAX 32 OR BELOW:   0    0.01 INCH OR MORE:   6
MAX 90 OR ABOVE:   0    0.10 INCH OR MORE:   4
MIN 32 OR BELOW:   3    0.50 INCH OR MORE:   1
MIN  0 OR BELOW:   0    1.00 INCH OR MORE:   0

[HDD (BASE 65) ]
TOTAL THIS MO.   156    CLEAR  (SCALE 0-3)  14
DPTR FM NORMAL   -10    PTCLDY (SCALE 4-7)   8
TOTAL FM JUL 1  3931    CLOUDY (SCALE 8-10)  0
DPTR FM NORMAL   311

[CDD (BASE 65) ]
TOTAL THIS MO.    28
DPTR FM NORMAL     3    [PRESSURE DATA]
TOTAL FM JAN 1    32    HIGHEST SLP M ON M
DPTR FM NORMAL    -4    LOWEST  SLP 29.48 ON 13

[REMARKS]





U.S. Dept. of Commerce
NOAA National Weather Service
1325 East West Highway
Silver Spring, MD 20910
E-mail: w-nws.webmaster@noaa.gov
Page last modified: May 16, 2007
NATIONAL WEATHER SERVICE: for Safety, for Work, for Fun - FOR LIFE