625
CXUS51 KBTV 190700
CF6RUT
PRELIMINARY LOCAL CLIMATOLOGICAL DATA (WS FORM: F-6)

                                          STATION:   RUTLAND VT
                                          MONTH:     SEPTEMBER
                                          YEAR:      2014
                                          LATITUDE:   43 31 N
                                          LONGITUDE:  72 57 W

  TEMPERATURE IN F:       :PCPN:    SNOW:  WIND      :SUNSHINE: SKY     :PK WND
================================================================================
1   2   3   4   5  6A  6B    7    8   9   10  11  12  13   14  15   16   17  18
                                     12Z  AVG MX 2MIN
DY MAX MIN AVG DEP HDD CDD  WTR  SNW DPTH SPD SPD DIR MIN PSBL S-S WX    SPD DR
================================================================================

 1  82  63  73   M   0   8 0.00  0.0    0  5.0 12 130   M    M   5         M  M
 2  82  64  73   M   0   8 0.73  0.0    0  6.6 12 360   M    M   7        23 360
 3  77  57  67   M   0   2 0.00  0.0    0  5.3 13 260   M    M   5        18 290
 4  81  54  68   M   0   3 0.00  0.0    0  6.4 12 230   M    M   1        21 230
 5  84  61  73   M   0   8 0.00  0.0    0  6.9 13 240   M    M   2        18 220
 6  82  61  72   M   0   7 0.07  0.0    0  5.6 16 240   M    M   7        30 290
 7  72  54  63   M   2   0 0.00  0.0    0  4.9  9 120   M    M   3         M  M
 8  73  50  62   M   3   0 0.00  0.0    0  7.9 12 120   M    M   0        16 160
 9  70  48  59   M   6   0 0.00  0.0    0 10.6 17 120   M    M   2        24 120
10  73  52  63   M   2   0 0.00  0.0    0  7.7 13 130   M    M   2         M  M
11  73  57  65   M   0   0 0.01  0.0    0 10.0 16 120   M    M   8        21 140
12  57  43  50   M  15   0 0.00  0.0    0  8.0 13 340   M    M   6        20 330
13  55  39  47   M  18   0 0.18    M    0  8.3 17 120   M    M   7        22 140
14  55  41  48   M  17   0 0.00  0.0    0  7.6 13 310   M    M   6        22 350
15  63  39  51   M  14   0 0.00  0.0    0  3.6  9 130   M    M   4         M  M
16  63  46  55   M  10   0 0.14    M    0  3.2  8 140   M    M   8         M  M
17  63  39  51   M  14   0 0.00  0.0    0  6.1  9 120   M    M   1         M  M
18  61  37  49   M  16   0 0.00  0.0    0  5.7 12 320   M    M   6        17 320
================================================================================
SM 1266  905       117  36  1.13     0.0 119.4          M       80
================================================================================
AV 70.3 50.3                               6.6 FASTST   M    M   4    MAX(MPH)
                                 MISC ---->    17   M                 30    M
================================================================================
NOTES:
# LAST OF SEVERAL OCCURRENCES

COLUMN 17 PEAK WIND IN M.P.H.

PRELIMINARY LOCAL CLIMATOLOGICAL DATA (WS FORM: F-6) , PAGE 2

                                          STATION:  RUTLAND VT
                                          MONTH:    SEPTEMBER
                                          YEAR:     2014
                                          LATITUDE:   43 31 N
                                          LONGITUDE:  72 57 W

[TEMPERATURE DATA]      [PRECIPITATION DATA]       SYMBOLS USED IN COLUMN 16

AVERAGE MONTHLY: 60.3   TOTAL FOR MONTH:   1.13    1 = FOG OR MIST
DPTR FM NORMAL:     M   DPTR FM NORMAL:       M    2 = FOG REDUCING VISIBILITY
HIGHEST:    84 ON  5    GRTST 24HR  0.73 ON  2- 2      TO 1/4 MILE OR LESS
LOWEST:     37 ON 18                               3 = THUNDER
                        SNOW, ICE PELLETS, HAIL    4 = ICE PELLETS
                        TOTAL MONTH:   0.0 INCH    5 = HAIL
                        GRTST 24HR     0.0         6 = FREEZING RAIN OR DRIZZLE
                        GRTST DEPTH:   0           7 = DUSTSTORM OR SANDSTORM:
                                                       VSBY 1/2 MILE OR LESS
                                                   8 = SMOKE OR HAZE
[NO. OF DAYS WITH]      [WEATHER - DAYS WITH]      9 = BLOWING SNOW
                                                   X = TORNADO
MAX 32 OR BELOW:   0    0.01 INCH OR MORE:   5
MAX 90 OR ABOVE:   0    0.10 INCH OR MORE:   3
MIN 32 OR BELOW:   0    0.50 INCH OR MORE:   1
MIN  0 OR BELOW:   0    1.00 INCH OR MORE:   0

[HDD (BASE 65) ]
TOTAL THIS MO.   117    CLEAR  (SCALE 0-3)   6
DPTR FM NORMAL     M    PTCLDY (SCALE 4-7)  11
TOTAL FM JUL 1   175    CLOUDY (SCALE 8-10)  1
DPTR FM NORMAL     M

[CDD (BASE 65) ]
TOTAL THIS MO.    36
DPTR FM NORMAL     M    [PRESSURE DATA]
TOTAL FM JAN 1   266    HIGHEST SLP M ON M
DPTR FM NORMAL     M    LOWEST  SLP M ON M

[REMARKS]




U.S. Dept. of Commerce
NOAA National Weather Service
1325 East West Highway
Silver Spring, MD 20910
E-mail: w-nws.webmaster@noaa.gov
Page last modified: May 16, 2007
NATIONAL WEATHER SERVICE: for Safety, for Work, for Fun - FOR LIFE