819
CXUS51 KBTV 010700
CF6RUT
PRELIMINARY LOCAL CLIMATOLOGICAL DATA (WS FORM: F-6)

                                          STATION:   RUTLAND VT
                                          MONTH:     NOVEMBER
                                          YEAR:      2014
                                          LATITUDE:   43 31 N
                                          LONGITUDE:  72 57 W

  TEMPERATURE IN F:       :PCPN:    SNOW:  WIND      :SUNSHINE: SKY     :PK WND
================================================================================
1   2   3   4   5  6A  6B    7    8   9   10  11  12  13   14  15   16   17  18
                                     12Z  AVG MX 2MIN
DY MAX MIN AVG DEP HDD CDD  WTR  SNW DPTH SPD SPD DIR MIN PSBL S-S WX    SPD DR
================================================================================

 1  39  32  36   M  29   0 0.00  0.0    0  5.3 10 340   M    M   7         M  M
 2  39  30  35   M  30   0 0.00  0.0    0 11.3 22 320   M    M   6        32 330
 3  46  25  36   M  29   0 0.00  0.0    0  5.3 12 130   M    M   3         M  M
 4  61  30  46   M  19   0 0.00  0.0    0  7.5 15 120   M    M   7         M  M
 5  63  37  50   M  15   0 0.00  0.0    0  7.1 15 240   M    M   4        25 260
 6  48  36  42   M  23   0 0.00  0.0    0  5.6 13 110   M    M   7         M  M
 7  39  34  37   M  28   0 0.00  0.0    0  9.8 14 310   M    M  10        23 320
 8  39  30  35   M  30   0 0.00  0.0    0  6.0 10 250   M    M   6         M  M
 9  45  30  38   M  27   0 0.00  0.0    0  5.5 13 130   M    M   7         M  M
10  52  28  40   M  25   0 0.00  0.0    0  6.6 10 140   M    M   1         M  M
11  63  41  52   M  13   0 0.00  0.0    0 11.3 16 130   M    M   0        21 130
12  59  34  47   M  18   0 0.00  0.0    0  7.3 13 120   M    M   4        21 230
13  37  27  32   M  33   0 0.00  0.0    0  2.0  6 130   M    M   9         M  M
14  37  27  32   M  33   0 0.00  0.0    0  6.0 13 290   M    M   9        23 280
15  36  23  30   M  35   0 0.00  0.0    0  5.8 10 280   M    M   3        18 270
16  39  23  31   M  34   0 0.00  0.0    0  6.2 12 200   M    M   8         M  M
17  41  30  36   M  29   0 0.00  0.0    0  8.5 15 180   M    M  10        22 160
18  37  19  28   M  37   0 0.00  0.0    0 12.2 18 230   M    M   6        33 230
19  28  19  24   M  41   0 0.00  0.0    0  8.5 15 210   M    M   6        28 210
20  34  21  28   M  37   0 0.00  0.0    0  8.7 20 210   M    M   8        32 210
21  27  19  23   M  42   0 0.00  0.0    0  7.3 14 270   M    M   7        20 280
22  41  19  30   M  35   0 0.00  0.0    0  4.9 10 230   M    M   6        21 250
23  54  41  48   M  17   0 0.00  0.0    0  6.9 14 130   M    M   8        20 180
24  66  45  56   M   9   0 0.00  0.0    0 14.6 21 130   M    M   6        30 150
25  64  34  49   M  16   0 0.00  0.0    0  9.7 21 210   M    M   1        32 210
26  39  27  33   M  32   0 0.00  0.0    0  4.7 12 260   M    M   9         M  M
27  28  25  27   M  38   0 0.00  0.0    0  4.9 10 310   M    M  10         M  M
28  28  14  21   M  44   0 0.00  0.0    0  3.8 10 290   M    M   7        18 290
29  28   9  19   M  46   0 0.00  0.0    0  5.9 17 110   M    M   3        22 110
30  43  27  35   M  30   0 0.00  0.0    0  6.5 15 120   M    M  10        21 120
================================================================================
SM 1300  836       874   0  0.00     0.0 215.7          M      188
================================================================================
AV 43.3 27.9                               7.2 FASTST   M    M   6    MAX(MPH)
                                 MISC ---->    22   M                 33    M
================================================================================
NOTES:
# LAST OF SEVERAL OCCURRENCES

COLUMN 17 PEAK WIND IN M.P.H.

PRELIMINARY LOCAL CLIMATOLOGICAL DATA (WS FORM: F-6) , PAGE 2

                                          STATION:  RUTLAND VT
                                          MONTH:    NOVEMBER
                                          YEAR:     2014
                                          LATITUDE:   43 31 N
                                          LONGITUDE:  72 57 W

[TEMPERATURE DATA]      [PRECIPITATION DATA]       SYMBOLS USED IN COLUMN 16

AVERAGE MONTHLY: 35.6   TOTAL FOR MONTH:   0.00    1 = FOG OR MIST
DPTR FM NORMAL:     M   DPTR FM NORMAL:       M    2 = FOG REDUCING VISIBILITY
HIGHEST:    66 ON 24    GRTST 24HR  0.00 ON 30-30      TO 1/4 MILE OR LESS
LOWEST:      9 ON 29                               3 = THUNDER
                        SNOW, ICE PELLETS, HAIL    4 = ICE PELLETS
                        TOTAL MONTH:   0.0 INCH    5 = HAIL
                        GRTST 24HR     0.0         6 = FREEZING RAIN OR DRIZZLE
                        GRTST DEPTH:   0           7 = DUSTSTORM OR SANDSTORM:
                                                       VSBY 1/2 MILE OR LESS
                                                   8 = SMOKE OR HAZE
[NO. OF DAYS WITH]      [WEATHER - DAYS WITH]      9 = BLOWING SNOW
                                                   X = TORNADO
MAX 32 OR BELOW:   5    0.01 INCH OR MORE:   0
MAX 90 OR ABOVE:   0    0.10 INCH OR MORE:   0
MIN 32 OR BELOW:  22    0.50 INCH OR MORE:   0
MIN  0 OR BELOW:   0    1.00 INCH OR MORE:   0

[HDD (BASE 65) ]
TOTAL THIS MO.   874    CLEAR  (SCALE 0-3)   5
DPTR FM NORMAL     M    PTCLDY (SCALE 4-7)  17
TOTAL FM JUL 1  1569    CLOUDY (SCALE 8-10)  8
DPTR FM NORMAL     M

[CDD (BASE 65) ]
TOTAL THIS MO.     0
DPTR FM NORMAL     M    [PRESSURE DATA]
TOTAL FM JAN 1   280    HIGHEST SLP M ON M
DPTR FM NORMAL     M    LOWEST  SLP M ON M

[REMARKS]
#FINAL-11-14#




U.S. Dept. of Commerce
NOAA National Weather Service
1325 East West Highway
Silver Spring, MD 20910
E-mail: w-nws.webmaster@noaa.gov
Page last modified: May 16, 2007
NATIONAL WEATHER SERVICE: for Safety, for Work, for Fun - FOR LIFE