310
CXUS51 KBTV 200700
CF6RUT
PRELIMINARY LOCAL CLIMATOLOGICAL DATA (WS FORM: F-6)

                                          STATION:   RUTLAND VT
                                          MONTH:     AUGUST
                                          YEAR:      2014
                                          LATITUDE:   43 31 N
                                          LONGITUDE:  72 57 W

  TEMPERATURE IN F:       :PCPN:    SNOW:  WIND      :SUNSHINE: SKY     :PK WND
================================================================================
1   2   3   4   5  6A  6B    7    8   9   10  11  12  13   14  15   16   17  18
                                     12Z  AVG MX 2MIN
DY MAX MIN AVG DEP HDD CDD  WTR  SNW DPTH SPD SPD DIR MIN PSBL S-S WX    SPD DR
================================================================================

 1  81  55  68   M   0   3 0.00  0.0    0  6.3 10 120   M    M   1         M  M
 2  81  61  71   M   0   6 0.00  0.0    0  6.1 13 120   M    M   1        17 120
 3  79  57  68   M   0   3 0.00  0.0    0  3.7  7  30   M    M   2         M  M
 4  79  63  71   M   0   6 0.00  0.0    0  4.4  9 140   M    M   6         M  M
 5  82  59  71   M   0   6 0.09  0.0    0  4.6  9 220   M    M   3 3       M  M
 6  73  55  64   M   1   0 0.07  0.0    0  5.8 12 330   M    M   5        17 330
 7  70  54  62   M   3   0 0.05  0.0    0  4.4  9 300   M    M   6 3      17 320
 8  75  52  64   M   1   0 0.00  0.0    0  4.5 13 330   M    M   3        20 330
 9  79  52  66   M   0   1 0.00  0.0    0  5.9 13 330   M    M   0        18 330
10  81  54  68   M   0   3 0.00  0.0    0  5.2 12 130   M    M   1         M  M
11  82  55  69   M   0   4 0.00  0.0    0  5.5 10 130   M    M   3         M  M
12  77  59  68   M   0   3 0.00  0.0    0 12.4 18 130   M    M   4        32 180
13  70  59  65   M   0   0 0.33  0.0    0 10.4 17 150   M    M  10        27 150
14  68  54  61   M   4   0 0.01  0.0    0  7.0 13 250   M    M   7        22 240
15  63  50  57   M   8   0 0.02  0.0    0  5.5 13 220   M    M   9         M  M
16  68  54  61   M   4   0 0.00  0.0    0  4.6  9 260   M    M   5         M  M
17  70  57  64   M   1   0 0.03  0.0    0  4.6 12 290   M    M   9        17 320
18  68  52  60   M   5   0 0.02  0.0    0  6.2 14 360   M    M   4        21 330
19  73  45  59   M   6   0 0.00  0.0    0  5.5 10 130   M    M   0         M  M
================================================================================
SM 1419 1047        33  35  0.62     0.0 112.6          M       79
================================================================================
AV 74.7 55.1                               5.9 FASTST   M    M   4    MAX(MPH)
                                 MISC ---->    18   M                 32    M
================================================================================
NOTES:
# LAST OF SEVERAL OCCURRENCES

COLUMN 17 PEAK WIND IN M.P.H.

PRELIMINARY LOCAL CLIMATOLOGICAL DATA (WS FORM: F-6) , PAGE 2

                                          STATION:  RUTLAND VT
                                          MONTH:    AUGUST
                                          YEAR:     2014
                                          LATITUDE:   43 31 N
                                          LONGITUDE:  72 57 W

[TEMPERATURE DATA]      [PRECIPITATION DATA]       SYMBOLS USED IN COLUMN 16

AVERAGE MONTHLY: 64.9   TOTAL FOR MONTH:   0.62    1 = FOG OR MIST
DPTR FM NORMAL:     M   DPTR FM NORMAL:       M    2 = FOG REDUCING VISIBILITY
HIGHEST:    82 ON 11, 5 GRTST 24HR  0.33 ON 13-13      TO 1/4 MILE OR LESS
LOWEST:     45 ON 19                               3 = THUNDER
                        SNOW, ICE PELLETS, HAIL    4 = ICE PELLETS
                        TOTAL MONTH:   0.0 INCH    5 = HAIL
                        GRTST 24HR     0.0         6 = FREEZING RAIN OR DRIZZLE
                        GRTST DEPTH:   0           7 = DUSTSTORM OR SANDSTORM:
                                                       VSBY 1/2 MILE OR LESS
                                                   8 = SMOKE OR HAZE
[NO. OF DAYS WITH]      [WEATHER - DAYS WITH]      9 = BLOWING SNOW
                                                   X = TORNADO
MAX 32 OR BELOW:   0    0.01 INCH OR MORE:   8
MAX 90 OR ABOVE:   0    0.10 INCH OR MORE:   1
MIN 32 OR BELOW:   0    0.50 INCH OR MORE:   0
MIN  0 OR BELOW:   0    1.00 INCH OR MORE:   0

[HDD (BASE 65) ]
TOTAL THIS MO.    33    CLEAR  (SCALE 0-3)   7
DPTR FM NORMAL     M    PTCLDY (SCALE 4-7)   9
TOTAL FM JUL 1    47    CLOUDY (SCALE 8-10)  3
DPTR FM NORMAL     M

[CDD (BASE 65) ]
TOTAL THIS MO.    35
DPTR FM NORMAL     M    [PRESSURE DATA]
TOTAL FM JAN 1   209    HIGHEST SLP M ON M
DPTR FM NORMAL     M    LOWEST  SLP M ON M

[REMARKS]




U.S. Dept. of Commerce
NOAA National Weather Service
1325 East West Highway
Silver Spring, MD 20910
E-mail: w-nws.webmaster@noaa.gov
Page last modified: May 16, 2007
NATIONAL WEATHER SERVICE: for Safety, for Work, for Fun - FOR LIFE