940
CXUS51 KBTV 230700
CF6RUT
PRELIMINARY LOCAL CLIMATOLOGICAL DATA (WS FORM: F-6)

                                          STATION:   RUTLAND VT
                                          MONTH:     APRIL
                                          YEAR:      2014
                                          LATITUDE:   43 31 N
                                          LONGITUDE:  72 57 W

  TEMPERATURE IN F:       :PCPN:    SNOW:  WIND      :SUNSHINE: SKY     :PK WND
================================================================================
1   2   3   4   5  6A  6B    7    8   9   10  11  12  13   14  15   16   17  18
                                     12Z  AVG MX 2MIN
DY MAX MIN AVG DEP HDD CDD  WTR  SNW DPTH SPD SPD DIR MIN PSBL S-S WX    SPD DR
================================================================================

 1  46  25  36   M  29   0 0.00  0.0    0  4.6  9 310   M    M   0         M  M
 2  52  36  44   M  21   0 0.00  0.0    0  8.8 17 130   M    M   0        23 130
 3  43  28  36   M  29   0 0.00  0.0    0  5.5 13  10   M    M   0        17 320
 4  46  27  37   M  28   0 0.18    M    0 13.5 24 120   M    M   5        36 130
 5  43  34  39   M  26   0 0.03    M    0 12.9 21 120   M    M  10        30 260
 6  50  30  40   M  25   0 0.00  0.0    0  7.7 14 270   M    M   3        20 280
 7  57  28  43   M  22   0 0.02    M    0 11.1 24 140   M    M   4        38 140
 8  57  39  48   M  17   0 0.04    M    0 14.8 32 140   M    M  10        43 140
 9  46  27  37   M  28   0 0.00  0.0    0  7.8 18 300   M    M   5        24 290
10  63  25  44   M  21   0 0.00  0.0    0  9.5 17 170   M    M   1        28 200
11  64  39  52   M  13   0 0.01    M    0  7.4 14 220   M    M   6        20 220
12  63  30  47   M  18   0 0.00  0.0    0  5.9 13 140   M    M   5        18 270
13  63  43  53   M  12   0 0.30    M    0 18.1 27 120   M    M   4        33 120
14  79  50  65   M   0   0 0.00  0.0    0 15.2 20 180   M    M   2        36 200
15  66  30  48   M  17   0 0.48    M    0 12.4 22 140   M    M  10        29 140
16  32  21  27   M  38   0 0.00  0.0    0  8.9 15 320   M    M   5        25 320
17  46  21  34   M  31   0 0.00  0.0    0  9.8 16 130   M    M   0        27 130
18  50  28  39   M  26   0 0.00  0.0    0 11.4 16 130   M    M   1        25 130
19  50  30  40   M  25   0 0.00  0.0    0  8.5 18 360   M    M   5        27 350
20  61  27  44   M  21   0 0.00  0.0    0  5.5 12 130   M    M   0         M  M
21  72  34  53   M  12   0 0.00  0.0    0  6.3 13 240   M    M   2        16 270
22  66  48  57   M   8   0 0.02    M    0  6.1 15 240   M    M   7        22 240
================================================================================
SM 1215  700       467   0  1.08     0.0 211.7          M       85
================================================================================
AV 55.2 31.8                               9.6 FASTST   M    M   4    MAX(MPH)
                                 MISC ---->    32   M                 43    M
================================================================================
NOTES:
# LAST OF SEVERAL OCCURRENCES

COLUMN 17 PEAK WIND IN M.P.H.

PRELIMINARY LOCAL CLIMATOLOGICAL DATA (WS FORM: F-6) , PAGE 2

                                          STATION:  RUTLAND VT
                                          MONTH:    APRIL
                                          YEAR:     2014
                                          LATITUDE:   43 31 N
                                          LONGITUDE:  72 57 W

[TEMPERATURE DATA]      [PRECIPITATION DATA]       SYMBOLS USED IN COLUMN 16

AVERAGE MONTHLY: 43.5   TOTAL FOR MONTH:   1.08    1 = FOG OR MIST
DPTR FM NORMAL:     M   DPTR FM NORMAL:       M    2 = FOG REDUCING VISIBILITY
HIGHEST:    79 ON 14    GRTST 24HR  0.48 ON 15-15      TO 1/4 MILE OR LESS
LOWEST:     21 ON 17,16                            3 = THUNDER
                        SNOW, ICE PELLETS, HAIL    4 = ICE PELLETS
                        TOTAL MONTH:   0.0 INCH    5 = HAIL
                        GRTST 24HR     0.0         6 = FREEZING RAIN OR DRIZZLE
                        GRTST DEPTH:   0           7 = DUSTSTORM OR SANDSTORM:
                                                       VSBY 1/2 MILE OR LESS
                                                   8 = SMOKE OR HAZE
[NO. OF DAYS WITH]      [WEATHER - DAYS WITH]      9 = BLOWING SNOW
                                                   X = TORNADO
MAX 32 OR BELOW:   1    0.01 INCH OR MORE:   8
MAX 90 OR ABOVE:   0    0.10 INCH OR MORE:   3
MIN 32 OR BELOW:  14    0.50 INCH OR MORE:   0
MIN  0 OR BELOW:   0    1.00 INCH OR MORE:   0

[HDD (BASE 65) ]
TOTAL THIS MO.   467    CLEAR  (SCALE 0-3)  10
DPTR FM NORMAL     M    PTCLDY (SCALE 4-7)   9
TOTAL FM JUL 1  7444    CLOUDY (SCALE 8-10)  3
DPTR FM NORMAL     M

[CDD (BASE 65) ]
TOTAL THIS MO.     0
DPTR FM NORMAL     M    [PRESSURE DATA]
TOTAL FM JAN 1     0    HIGHEST SLP M ON M
DPTR FM NORMAL     M    LOWEST  SLP M ON M

[REMARKS]




U.S. Dept. of Commerce
NOAA National Weather Service
1325 East West Highway
Silver Spring, MD 20910
E-mail: w-nws.webmaster@noaa.gov
Page last modified: May 16, 2007
NATIONAL WEATHER SERVICE: for Safety, for Work, for Fun - FOR LIFE