250
CXUS53 KARX 280930
CF6RST
PRELIMINARY LOCAL CLIMATOLOGICAL DATA (WS FORM: F-6)

                                          STATION:   ROCHESTER MN
                                          MONTH:     AUGUST
                                          YEAR:      2014
                                          LATITUDE:   43 55 N
                                          LONGITUDE:  92 30 W

  TEMPERATURE IN F:       :PCPN:    SNOW:  WIND      :SUNSHINE: SKY     :PK WND
================================================================================
1   2   3   4   5  6A  6B    7    8   9   10  11  12  13   14  15   16   17  18
                                     12Z  AVG MX 2MIN
DY MAX MIN AVG DEP HDD CDD  WTR  SNW DPTH SPD SPD DIR MIN PSBL S-S WX    SPD DR
================================================================================

 1  82  57  70   0   0   5 0.00  0.0    0  5.1  9 270   M    M   0 1      12 270
 2  82  58  70   0   0   5 0.00  0.0    0  5.1  8 250   M    M   1         M  M
 3  84  62  73   3   0   8 0.00  0.0    0  5.4  9 230   M    M   1 1      13 250
 4  84  61  73   3   0   8 0.24  0.0    0  3.7 18 260   M    M   2 123    24 260
 5  79  61  70   0   0   5 0.01  0.0    0  4.6  9  50   M    M   6 12     12  20
 6  77  59  68  -2   0   3 0.00  0.0    0  4.5 10 130   M    M   0 18     17  80
 7  79  58  69  -1   0   4 0.00  0.0    0  8.6 18 130   M    M   2 1      22 130
 8  79  62  71   1   0   6 0.00  0.0    0  7.0 13 100   M    M   5 8      17 130
 9  79  60  70   0   0   5 0.00  0.0    0  7.2 13 110   M    M   1 18     16 120
10  79  59  69  -1   0   4    T  0.0    0  4.8  9 120   M    M   2 18     13  90
11  73  58  66  -4   0   1 0.01  0.0    0 10.8 21 340   M    M   8 1      27 330
12  76  56  66  -4   0   1 0.00  0.0    0 10.4 23 340   M    M   3 12     31 330
13  81  57  69  -1   0   4 0.00  0.0    0  8.2 15 340   M    M   1        20 320
14  77  53  65  -5   0   0 0.00  0.0    0  6.1 12 130   M    M   2        14 130
15  78  58  68  -2   0   3 0.00  0.0    0  8.1 15 190   M    M   1        22 180
16  82  61  72   3   0   7 0.00  0.0    0  4.8  9 220   M    M   6 18     13 190
17  80  65  73   4   0   8 0.62  0.0    0  8.8 16 140   M    M   6 138    20 140
18  85  65  75   6   0  10 0.48  0.0    0  9.1 18 180   M    M   5 138    25 170
19  79  64  72   3   0   7    T  0.0    0  6.8 15 290   M    M   5 1      20 320
20  83  60  72   3   0   7 0.00  0.0    0  4.3 10 190   M    M   2 12     14 150
21  84  69  77   8   0  12 0.84  0.0    0  9.5 25 150   M    M   4 13     33 150
22  84  70  77   8   0  12 0.00  0.0    0  5.8 13  10   M    M   4 128    15 360
23  80  68  74   6   0   9 0.74  0.0    0  6.9 16 140   M    M   5 123    22 250
24  87  69  78  10   0  13 0.05  0.0    0 10.9 20 150   M    M   4 13     27 160
25  82  63  73   5   0   8 0.02  0.0    0  7.0 17 230   M    M   2 3      26 250
26  73  59  66  -2   0   1 0.00  0.0    0  5.9 17 350   M    M   3        20 340
27  73  59  66  -2   0   1 0.00  0.0    0  4.0 10  60   M    M   5        12 110
================================================================================
SM 2161 1651         0 157  3.01     0.0 183.4          M       86
================================================================================
AV 80.0 61.1                               6.8 FASTST   M    M   3    MAX(MPH)
                                 MISC ---->  # 25 150               # 33  150
================================================================================
NOTES:
# LAST OF SEVERAL OCCURRENCES

COLUMN 17 PEAK WIND IN M.P.H.

PRELIMINARY LOCAL CLIMATOLOGICAL DATA (WS FORM: F-6) , PAGE 2

                                          STATION:  ROCHESTER MN
                                          MONTH:    AUGUST
                                          YEAR:     2014
                                          LATITUDE:   43 55 N
                                          LONGITUDE:  92 30 W

[TEMPERATURE DATA]      [PRECIPITATION DATA]       SYMBOLS USED IN COLUMN 16

AVERAGE MONTHLY: 70.6   TOTAL FOR MONTH:   3.01    1 = FOG OR MIST
DPTR FM NORMAL:   1.2   DPTR FM NORMAL:   -0.95    2 = FOG REDUCING VISIBILITY
HIGHEST:    87 ON 24    GRTST 24HR  1.10 ON 17-18      TO 1/4 MILE OR LESS
LOWEST:     53 ON 14                               3 = THUNDER
                        SNOW, ICE PELLETS, HAIL    4 = ICE PELLETS
                        TOTAL MONTH:   0.0 INCH    5 = HAIL
                        GRTST 24HR     0.0         6 = FREEZING RAIN OR DRIZZLE
                        GRTST DEPTH:   0           7 = DUSTSTORM OR SANDSTORM:
                                                       VSBY 1/2 MILE OR LESS
                                                   8 = SMOKE OR HAZE
[NO. OF DAYS WITH]      [WEATHER - DAYS WITH]      9 = BLOWING SNOW
                                                   X = TORNADO
MAX 32 OR BELOW:   0    0.01 INCH OR MORE:   9
MAX 90 OR ABOVE:   0    0.10 INCH OR MORE:   5
MIN 32 OR BELOW:   0    0.50 INCH OR MORE:   3
MIN  0 OR BELOW:   0    1.00 INCH OR MORE:   0

[HDD (BASE 65) ]
TOTAL THIS MO.     0    CLEAR  (SCALE 0-3)  15
DPTR FM NORMAL   -24    PTCLDY (SCALE 4-7)  12
TOTAL FM JUL 1    22    CLOUDY (SCALE 8-10)  0
DPTR FM NORMAL   -13

[CDD (BASE 65) ]
TOTAL THIS MO.   157
DPTR FM NORMAL    17    [PRESSURE DATA]
TOTAL FM JAN 1   437    HIGHEST SLP M ON M
DPTR FM NORMAL   -74    LOWEST  SLP 29.61 ON 19

[REMARKS]




U.S. Dept. of Commerce
NOAA National Weather Service
1325 East West Highway
Silver Spring, MD 20910
E-mail: w-nws.webmaster@noaa.gov
Page last modified: May 16, 2007
NATIONAL WEATHER SERVICE: for Safety, for Work, for Fun - FOR LIFE