098
CXUS53 KARX 310930
CF6RST
PRELIMINARY LOCAL CLIMATOLOGICAL DATA (WS FORM: F-6)

                                          STATION:   ROCHESTER MN
                                          MONTH:     JULY
                                          YEAR:      2014
                                          LATITUDE:   43 55 N
                                          LONGITUDE:  92 30 W

  TEMPERATURE IN F:       :PCPN:    SNOW:  WIND      :SUNSHINE: SKY     :PK WND
================================================================================
1   2   3   4   5  6A  6B    7    8   9   10  11  12  13   14  15   16   17  18
                                     12Z  AVG MX 2MIN
DY MAX MIN AVG DEP HDD CDD  WTR  SNW DPTH SPD SPD DIR MIN PSBL S-S WX    SPD DR
================================================================================

 1  73  55  64  -7   1   0 0.03  0.0    0 14.8 26 290   M    M   6 1      36 290
 2  70  54  62  -9   3   0 0.02  0.0    0 10.6 22  10   M    M   6 1      30 360
 3  74  51  63  -8   2   0 0.00  0.0    0  5.7 15  10   M    M   3        18  20
 4  76  51  64  -8   1   0 0.00  0.0    0  9.2 18 180   M    M   0        23 190
 5  76  63  70  -2   0   5    T  0.0    0 14.0 23 190   M    M   7 1      28 190
 6  85  66  76   4   0  11    T  0.0    0 11.0 23 170   M    M   6 1238   30 170
 7  83  60  72   0   0   7 0.97  0.0    0 12.2 30 300   M    M   1 1238   51 280
 8  76  58  67  -5   0   2 0.00  0.0    0 13.5 24 320   M    M   2        31 310
 9  77  53  65  -7   0   0 0.00  0.0    0  6.5 12 300   M    M   1        15 290
10  80  57  69  -3   0   4 0.00  0.0    0 10.6 17 190   M    M   1        21 200
11  77  63  70  -2   0   5 0.12  0.0    0 12.8 24 190   M    M   5 1      30 190
12  74  63  69  -3   0   4 0.35  0.0    0  6.3 15 320   M    M   5 1      19 320
13  75  57  66  -6   0   1 0.00  0.0    0  9.3 21 280   M    M   1 1      26 320
14  66  52  59 -13   6   0 0.09  0.0    0 13.1 26 330   M    M   5 1      32 330
15  68  52  60 -12   5   0 0.00  0.0    0 11.7 21 330   M    M   7        25 340
16  75  50  63  -9   2   0 0.00  0.0    0  6.4 14 340   M    M   2        18  30
17  74  52  63  -9   2   0 0.00  0.0    0  6.4 13 210   M    M   2        16 210
18  76  55  66  -6   0   1 0.00  0.0    0  9.5 20 200   M    M   4        27 210
19  77  62  70  -1   0   5 0.00  0.0    0 10.7 20 200   M    M   5        26 220
20  81  67  74   3   0   9 0.00  0.0    0 13.0 22 180   M    M   6        28 180
21  86  71  79   8   0  14 0.00  0.0    0 13.3 22 160   M    M   6        28 150
22  83  65  74   3   0   9    T  0.0    0 11.2 21 180   M    M   2 18     26 180
23  80  59  70  -1   0   5 0.00  0.0    0  5.2 12 330   M    M   1 1      16 290
24  78  56  67  -4   0   2 0.00  0.0    0  5.5 22 190   M    M   1        29 190
25  80  62  71   0   0   6 0.44  0.0    0 11.8 21 180   M    M   8 13     30 170
26  80  69  75   4   0  10 0.01  0.0    0  6.9 14 280   M    M   6 128    19 280
27  75  57  66  -5   0   1 0.04  0.0    0 13.4 26 330   M    M   4        34 320
28  74  57  66  -5   0   1 0.00  0.0    0  6.9 14 350   M    M   6        18 350
29  77  54  66  -5   0   1 0.16  0.0    0  8.2 18 310   M    M   3 1      25 310
30  79  56  68  -3   0   3 0.00  0.0    0  6.6 12 330   M    M   1 18     16 340
================================================================================
SM 2305 1747        22 106  2.23     0.0 296.3          M      113
================================================================================
AV 76.8 58.2                               9.9 FASTST   M    M   4    MAX(MPH)
                                 MISC ---->  # 30 300               # 51  280
================================================================================
NOTES:
# LAST OF SEVERAL OCCURRENCES

COLUMN 17 PEAK WIND IN M.P.H.

PRELIMINARY LOCAL CLIMATOLOGICAL DATA (WS FORM: F-6) , PAGE 2

                                          STATION:  ROCHESTER MN
                                          MONTH:    JULY
                                          YEAR:     2014
                                          LATITUDE:   43 55 N
                                          LONGITUDE:  92 30 W

[TEMPERATURE DATA]      [PRECIPITATION DATA]       SYMBOLS USED IN COLUMN 16

AVERAGE MONTHLY: 67.5   TOTAL FOR MONTH:   2.23    1 = FOG OR MIST
DPTR FM NORMAL:  -4.0   DPTR FM NORMAL:   -2.18    2 = FOG REDUCING VISIBILITY
HIGHEST:    86 ON 21    GRTST 24HR  0.97 ON  7- 7      TO 1/4 MILE OR LESS
LOWEST:     50 ON 16                               3 = THUNDER
                        SNOW, ICE PELLETS, HAIL    4 = ICE PELLETS
                        TOTAL MONTH:   0.0 INCH    5 = HAIL
                        GRTST 24HR     0.0         6 = FREEZING RAIN OR DRIZZLE
                        GRTST DEPTH:   0           7 = DUSTSTORM OR SANDSTORM:
                                                       VSBY 1/2 MILE OR LESS
                                                   8 = SMOKE OR HAZE
[NO. OF DAYS WITH]      [WEATHER - DAYS WITH]      9 = BLOWING SNOW
                                                   X = TORNADO
MAX 32 OR BELOW:   0    0.01 INCH OR MORE:  10
MAX 90 OR ABOVE:   0    0.10 INCH OR MORE:   5
MIN 32 OR BELOW:   0    0.50 INCH OR MORE:   1
MIN  0 OR BELOW:   0    1.00 INCH OR MORE:   0

[HDD (BASE 65) ]
TOTAL THIS MO.    22    CLEAR  (SCALE 0-3)  13
DPTR FM NORMAL    22    PTCLDY (SCALE 4-7)  17
TOTAL FM JUL 1    22    CLOUDY (SCALE 8-10)  0
DPTR FM NORMAL    22

[CDD (BASE 65) ]
TOTAL THIS MO.   106
DPTR FM NORMAL   -97    [PRESSURE DATA]
TOTAL FM JAN 1   276    HIGHEST SLP M ON M
DPTR FM NORMAL   -91    LOWEST  SLP 29.56 ON  1

[REMARKS]




U.S. Dept. of Commerce
NOAA National Weather Service
1325 East West Highway
Silver Spring, MD 20910
E-mail: w-nws.webmaster@noaa.gov
Page last modified: May 16, 2007
NATIONAL WEATHER SERVICE: for Safety, for Work, for Fun - FOR LIFE