290
CXUS53 KARX 010930
CF6RST
PRELIMINARY LOCAL CLIMATOLOGICAL DATA (WS FORM: F-6)

                                          STATION:   ROCHESTER MN
                                          MONTH:     NOVEMBER
                                          YEAR:      2014
                                          LATITUDE:   43 55 N
                                          LONGITUDE:  92 30 W

  TEMPERATURE IN F:       :PCPN:    SNOW:  WIND      :SUNSHINE: SKY     :PK WND
================================================================================
1   2   3   4   5  6A  6B    7    8   9   10  11  12  13   14  15   16   17  18
                                     12Z  AVG MX 2MIN
DY MAX MIN AVG DEP HDD CDD  WTR  SNW DPTH SPD SPD DIR MIN PSBL S-S WX    SPD DR
================================================================================

 1  43  17  30 -12  35   0 0.00  0.0    0 11.4 22 170   M    M   0        27 170
 2  55  33  44   3  21   0 0.00  0.0    0 17.8 29 180   M    M   1        38 190
 3  54  39  47   6  18   0 0.06  0.0    0 13.5 24 200   M    M   6 1      29 200
 4  54  31  43   3  22   0 0.00  0.0    0 16.8 30 280   M    M   2        38 270
 5  47  29  38  -2  27   0 0.02  0.0    0  7.8 20 140   M    M   7 1      23 140
 6  41  30  36  -3  29   0    T  0.0    0 14.3 25 340   M    M   8 1      32 350
 7  45  28  37  -2  28   0 0.01  0.0    0 14.9 31 310   M    M   7 18     40 310
 8  43  34  39   1  26   0 0.00  0.0    0 18.9 37 310   M    M   7        45 320
 9  44  32  38   0  27   0 0.02    T    0  8.8 16 330   M    M   8 1      18 220
10  37  29  33  -4  32   0 0.10  0.9    0 17.0 24  10   M    M   9 16     31  20
11  29  19  24 -12  41   0 0.07  0.6    2 19.3 28 340   M    M  10 1      35 340
12  21  12  17 -19  48   0    T  0.1    2 12.1 17 300   M    M   8 18     22 290
13  21  10  16 -19  49   0    T  0.1    2 13.7 21 310   M    M   9 18     24 310
14  18   4  11 -24  54   0    T    T    2  7.4 13 310   M    M   4 18     15 310
15  21   3  12 -22  53   0 0.15  2.5    2  7.0 15 200   M    M   9 18     17 210
16  20   6  13 -21  52   0 0.03  0.3    5 13.2 21 240   M    M   5 18     25 250
17  11   3   7 -26  58   0    T    T    5 18.5 28 300   M    M   5 189    34 320
18  17   3  10 -22  55   0    T    T    5 13.6 20 280   M    M   8 18     24 290
19  22  14  18 -14  47   0 0.01  0.3    5 18.9 31 310   M    M   6 189    38 310
20  16   0   8 -23  57   0 0.00  0.0    5 12.9 23 300   M    M   0        28 310
21  32  -3  15 -16  50   0 0.00  0.0    4 16.8 30 180   M    M   2        38 200
22  49  31  40  10  25   0 0.01  0.0    3 15.3 29 190   M    M  10 12     35 200
23  50  33  42  13  23   0 0.13  0.0    0 15.3 28 320   M    M  10 12     33 320
24  33  15  24  -5  41   0 0.09  0.9    1 22.8 32 300   M    M   9 189    37 320
25  24   7  16 -12  49   0    T    T    1  9.4 22 320   M    M   5 1      27 310
26  24  19  22  -6  43   0 0.16  2.8    1 11.3 20 340   M    M  10 1      24 330
27  19  -8   6 -21  59   0    T    T    4  9.6 20 340   M    M   2 1      25 240
28  24   8  16 -11  49   0 0.05  0.7    5 14.9 22 150   M    M   5 146    27 170
29  40  21  31   5  34   0 0.00  0.0    4 11.9 23 280   M    M   0 18     26 280
30  26   4  15 -11  50   0 0.00  0.0    2 18.2 26 320   M    M   2 1      31 320
================================================================================
SM  980  503      1202   0  0.91     9.2 423.3          M      174
================================================================================
AV 32.7 16.8                              14.1 FASTST   M    M   6    MAX(MPH)
                                 MISC ---->  # 37 310               # 45  320
================================================================================
NOTES:
# LAST OF SEVERAL OCCURRENCES

COLUMN 17 PEAK WIND IN M.P.H.

PRELIMINARY LOCAL CLIMATOLOGICAL DATA (WS FORM: F-6) , PAGE 2

                                          STATION:  ROCHESTER MN
                                          MONTH:    NOVEMBER
                                          YEAR:     2014
                                          LATITUDE:   43 55 N
                                          LONGITUDE:  92 30 W

[TEMPERATURE DATA]      [PRECIPITATION DATA]       SYMBOLS USED IN COLUMN 16

AVERAGE MONTHLY: 24.7   TOTAL FOR MONTH:   0.91    1 = FOG OR MIST
DPTR FM NORMAL:  -9.1   DPTR FM NORMAL:   -1.00    2 = FOG REDUCING VISIBILITY
HIGHEST:    55 ON  2    GRTST 24HR  0.21 ON 23-24      TO 1/4 MILE OR LESS
LOWEST:     -8 ON 27                               3 = THUNDER
                        SNOW, ICE PELLETS, HAIL    4 = ICE PELLETS
                        TOTAL MONTH:   9.2 INCHES  5 = HAIL
                        GRTST 24HR   2.8 ON   M    6 = FREEZING RAIN OR DRIZZLE
                        GRTST DEPTH:   5 ON 28,20  7 = DUSTSTORM OR SANDSTORM:
                                                       VSBY 1/2 MILE OR LESS
                                                   8 = SMOKE OR HAZE
[NO. OF DAYS WITH]      [WEATHER - DAYS WITH]      9 = BLOWING SNOW
                                                   X = TORNADO
MAX 32 OR BELOW:  16    0.01 INCH OR MORE:  14
MAX 90 OR ABOVE:   0    0.10 INCH OR MORE:   4
MIN 32 OR BELOW:  26    0.50 INCH OR MORE:   0
MIN  0 OR BELOW:   3    1.00 INCH OR MORE:   0

[HDD (BASE 65) ]
TOTAL THIS MO.  1202    CLEAR  (SCALE 0-3)   8
DPTR FM NORMAL   266    PTCLDY (SCALE 4-7)  13
TOTAL FM JUL 1  1947    CLOUDY (SCALE 8-10)  9
DPTR FM NORMAL   275

[CDD (BASE 65) ]
TOTAL THIS MO.     0
DPTR FM NORMAL     0    [PRESSURE DATA]
TOTAL FM JAN 1   491    HIGHEST SLP 30.56 ON 27
DPTR FM NORMAL   -94    LOWEST  SLP 29.26 ON 24

[REMARKS]
#FINAL-11-14#




U.S. Dept. of Commerce
NOAA National Weather Service
1325 East West Highway
Silver Spring, MD 20910
E-mail: w-nws.webmaster@noaa.gov
Page last modified: May 16, 2007
NATIONAL WEATHER SERVICE: for Safety, for Work, for Fun - FOR LIFE