060
CXUS53 KGRB 260657
CF6RRL
PRELIMINARY LOCAL CLIMATOLOGICAL DATA (WS FORM: F-6)

                                          STATION:   MERRILL MUNICIPAL AI
                                          MONTH:     MAY
                                          YEAR:      2014
                                          LATITUDE:   45 10 N
                                          LONGITUDE:  89 42 W

  TEMPERATURE IN F:       :PCPN:    SNOW:  WIND      :SUNSHINE: SKY     :PK WND
================================================================================
1   2   3   4   5  6A  6B    7    8   9   10  11  12  13   14  15   16   17  18
                                     12Z  AVG MX 2MIN
DY MAX MIN AVG DEP HDD CDD  WTR  SNW DPTH SPD SPD DIR MIN PSBL S-S WX    SPD DR
================================================================================

 1  45  39  42   M  23   0 0.00  0.0    0  3.4 12 320   M    M  10 1      16 340
 2  52  39  46   M  19   0 0.00  0.0    0  5.1 16 260   M    M  10        16 270
 3  57  38  48   M  17   0 0.00  0.0    0  8.9 18 290   M    M   8        23 290
 4  57  34  46   M  19   0 0.00  0.0    0  7.0 14 350   M    M   1        20 350
 5  56  36  46   M  19   0 0.01    M    0  5.1 12 140   M    M   9         M  M
 6  60  32  46   M  19   0 0.00  0.0    0  8.7 15 130   M    M   1        21 150
 7  61  43  52   M  13   0 0.08    M    0 10.5 21 240   M    M   9 3      27 240
 8  69  47  58   M   7   0 0.10    M    0  5.9 17 320   M    M   6 13     24 320
 9  63  44  54   M  11   0 0.14    M    0 13.3 24 270   M    M   9        31 240
10  70  40  55   M  10   0 0.00  0.0    0  5.2 13 300   M    M   1        16 290
11  75  45  60   M   5   0 0.00  0.0    0  3.9 12 120   M    M   7 1      16 120
12  67  53  60   M   5   0 0.93  0.0    0  8.0 13 110   M    M  10 13     21 110
13  63  44  54   M  11   0 0.00  0.0    0 10.3 20 240   M    M  10 1      25 260
14  58  34  46   M  19   0 0.00  0.0    0  6.7 13 300   M    M   3        18 300
15  49  35  42   M  23   0 0.00  0.0    0  8.9 16  10   M    M   9        23 360
16  49  28  39   M  26   0 0.00  0.0    0  3.3  9 350   M    M   6         M  M
17  61  28  45   M  20   0 0.00  0.0    0  5.8 17 280   M    M   4        24 270
18  71  32  52   M  13   0 0.00  0.0    0  5.5 18 260   M    M   4        22 270
19  64  34  49   M  16   0 0.66    M    0  6.9 17 190   M    M   6 3      27 190
20  74  48  61   M   4   0 0.03    M    0  4.5 12 130   M    M   5 13     17 110
21  68  43  56   M   9   0 0.00  0.0    0  7.5 18 300   M    M   6 12     23 300
22  66  42  54   M  11   0 0.00  0.0    0  6.6 16 340   M    M   5        20 330
23  72  34  53   M  12   0 0.00  0.0    0  2.4  9  80   M    M   0         M  M
24  77  40  59   M   6   0 0.00  0.0    0  4.0 12 250   M    M   0         M  M
25  80  41  61   M   4   0 0.00  0.0    0  3.5  9 200   M    M   1 1      17 230
================================================================================
SM 1584  973       341   0  1.95     0.0 160.9          M      140
================================================================================
AV 63.4 38.9                               6.4 FASTST   M    M   6    MAX(MPH)
                                 MISC ---->    24   M                 31    M
================================================================================
NOTES:
# LAST OF SEVERAL OCCURRENCES

COLUMN 17 PEAK WIND IN M.P.H.

PRELIMINARY LOCAL CLIMATOLOGICAL DATA (WS FORM: F-6) , PAGE 2

                                          STATION:  MERRILL MUNICIPAL AI
                                          MONTH:    MAY
                                          YEAR:     2014
                                          LATITUDE:   45 10 N
                                          LONGITUDE:  89 42 W

[TEMPERATURE DATA]      [PRECIPITATION DATA]       SYMBOLS USED IN COLUMN 16

AVERAGE MONTHLY: 51.1   TOTAL FOR MONTH:   1.95    1 = FOG OR MIST
DPTR FM NORMAL:     M   DPTR FM NORMAL:       M    2 = FOG REDUCING VISIBILITY
HIGHEST:    80 ON 25    GRTST 24HR  0.93 ON 12-12      TO 1/4 MILE OR LESS
LOWEST:     28 ON 17,16                            3 = THUNDER
                        SNOW, ICE PELLETS, HAIL    4 = ICE PELLETS
                        TOTAL MONTH:   0.0 INCH    5 = HAIL
                        GRTST 24HR     0.0         6 = FREEZING RAIN OR DRIZZLE
                        GRTST DEPTH:   0           7 = DUSTSTORM OR SANDSTORM:
                                                       VSBY 1/2 MILE OR LESS
                                                   8 = SMOKE OR HAZE
[NO. OF DAYS WITH]      [WEATHER - DAYS WITH]      9 = BLOWING SNOW
                                                   X = TORNADO
MAX 32 OR BELOW:   0    0.01 INCH OR MORE:   7
MAX 90 OR ABOVE:   0    0.10 INCH OR MORE:   4
MIN 32 OR BELOW:   4    0.50 INCH OR MORE:   2
MIN  0 OR BELOW:   0    1.00 INCH OR MORE:   0

[HDD (BASE 65) ]
TOTAL THIS MO.   341    CLEAR  (SCALE 0-3)   7
DPTR FM NORMAL     M    PTCLDY (SCALE 4-7)  10
TOTAL FM JUL 1  9933    CLOUDY (SCALE 8-10)  8
DPTR FM NORMAL  9553

[CDD (BASE 65) ]
TOTAL THIS MO.     0
DPTR FM NORMAL     M    [PRESSURE DATA]
TOTAL FM JAN 1     0    HIGHEST SLP M ON M
DPTR FM NORMAL     0    LOWEST  SLP M ON M

[REMARKS]




U.S. Dept. of Commerce
NOAA National Weather Service
1325 East West Highway
Silver Spring, MD 20910
E-mail: w-nws.webmaster@noaa.gov
Page last modified: May 16, 2007
NATIONAL WEATHER SERVICE: for Safety, for Work, for Fun - FOR LIFE