750
CXUS53 KGRB 280736
CF6RRL
PRELIMINARY LOCAL CLIMATOLOGICAL DATA (WS FORM: F-6)

                                          STATION:   MERRILL MUNICIPAL AI
                                          MONTH:     NOVEMBER
                                          YEAR:      2014
                                          LATITUDE:   45 10 N
                                          LONGITUDE:  89 42 W

  TEMPERATURE IN F:       :PCPN:    SNOW:  WIND      :SUNSHINE: SKY     :PK WND
================================================================================
1   2   3   4   5  6A  6B    7    8   9   10  11  12  13   14  15   16   17  18
                                     12Z  AVG MX 2MIN
DY MAX MIN AVG DEP HDD CDD  WTR  SNW DPTH SPD SPD DIR MIN PSBL S-S WX    SPD DR
================================================================================

 1  41  15  28   M  37   0 0.00  0.0    0  1.7  6 180   M    M   1         M  M
 2  51  21  36   M  29   0 0.00  0.0    0  4.8 13 170   M    M   3        20 170
 3  51  29  40   M  25   0 0.02    M    0  4.2 13 220   M    M   5         M  M
 4  48  39  44   M  21   0 0.02    M    0 10.6 17 310   M    M  10 1      24 310
 5  40  30  35   M  30   0 0.12    M    0  5.7 12 260   M    M   9        23 300
 6  35  32  34   M  31   0 0.01    M    0  7.0 13 330   M    M  10        18 330
 7  37  27  32   M  33   0 0.02    M    0  5.7 13 190   M    M   8 1      18 190
 8  37  28  33   M  32   0 0.00  0.0    0  8.9 17 320   M    M   8 1      27 320
 9  34  25  30   M  35   0 0.01    M    0  5.0  9 250   M    M   6         M  M
10  32  25  29   M  36   0 0.16    M    0  8.0 14  80   M    M  10        20  90
11  32  19  26   M  39   0 0.07    M    0 10.8 15 360   M    M  10        23 360
12  24  16  20   M  45   0 0.00  0.0    0  8.2 13 270   M    M  10         M  M
13  24  13  19   M  46   0 0.00  0.0    0  6.8 10 300   M    M   8        10 300
14  24   4  14   M  51   0 0.00  0.0    0  6.0 10 270   M    M   5         M  M
15  21  -4   9   M  56   0 0.00  0.0    0  3.0 10 270   M    M   6         M  M
16  23   7  15   M  50   0 0.00  0.0    0  8.4 14 280   M    M   7        22 240
17  12   5   9   M  56   0 0.00  0.0    0  9.2 15 290   M    M   7 8      21 290
18  12   6   9   M  56   0 0.00  0.0    0 10.5 16 270   M    M   9        21 300
19  19  11  15   M  50   0 0.00  0.0    0  7.2 15 300   M    M   8        23 300
20  14  -7   4   M  61   0 0.00  0.0    0  7.1 14 290   M    M   5        24 310
21  27 -11   8   M  57   0 0.00  0.0    0  5.1 13 210   M    M   3        17 210
22  35  27  31   M  34   0 0.00  0.0    0  7.0 12 240   M    M  10 12      M  M
23  46  35  41   M  24   0 0.02    M    0  2.7  7 180   M    M  10 12      M  M
24  40  21  31   M  34   0 0.09    M    0  8.8 16 340   M    M  10 3      25 340
25  22   4  13   M  52   0 0.00  0.0    0  6.4 12 310   M    M   5        16 320
26  26  10  18   M  47   0 0.00  0.0    0  2.6 14 350   M    M  10        17 350
27  19  -5   7   M  58   0 0.00  0.0    0  4.6  8 320   M    M   3         M  M
================================================================================
SM  826  422      1125   0  0.54     0.0 176.0          M      196
================================================================================
AV 30.6 15.6                               6.5 FASTST   M    M   7    MAX(MPH)
                                 MISC ---->    17   M               # 27  320
================================================================================
NOTES:
# LAST OF SEVERAL OCCURRENCES

COLUMN 17 PEAK WIND IN M.P.H.

PRELIMINARY LOCAL CLIMATOLOGICAL DATA (WS FORM: F-6) , PAGE 2

                                          STATION:  MERRILL MUNICIPAL AI
                                          MONTH:    NOVEMBER
                                          YEAR:     2014
                                          LATITUDE:   45 10 N
                                          LONGITUDE:  89 42 W

[TEMPERATURE DATA]      [PRECIPITATION DATA]       SYMBOLS USED IN COLUMN 16

AVERAGE MONTHLY: 23.1   TOTAL FOR MONTH:   0.54    1 = FOG OR MIST
DPTR FM NORMAL:     M   DPTR FM NORMAL:       M    2 = FOG REDUCING VISIBILITY
HIGHEST:    51 ON  3, 2 GRTST 24HR  0.16 ON 10-10      TO 1/4 MILE OR LESS
LOWEST:    -11 ON 21                               3 = THUNDER
                        SNOW, ICE PELLETS, HAIL    4 = ICE PELLETS
                        TOTAL MONTH:   0.0 INCH    5 = HAIL
                        GRTST 24HR     0.0         6 = FREEZING RAIN OR DRIZZLE
                        GRTST DEPTH:   0           7 = DUSTSTORM OR SANDSTORM:
                                                       VSBY 1/2 MILE OR LESS
                                                   8 = SMOKE OR HAZE
[NO. OF DAYS WITH]      [WEATHER - DAYS WITH]      9 = BLOWING SNOW
                                                   X = TORNADO
MAX 32 OR BELOW:  15    0.01 INCH OR MORE:  10
MAX 90 OR ABOVE:   0    0.10 INCH OR MORE:   2
MIN 32 OR BELOW:  25    0.50 INCH OR MORE:   0
MIN  0 OR BELOW:   4    1.00 INCH OR MORE:   0

[HDD (BASE 65) ]
TOTAL THIS MO.  1125    CLEAR  (SCALE 0-3)   3
DPTR FM NORMAL     M    PTCLDY (SCALE 4-7)  11
TOTAL FM JUL 1  2214    CLOUDY (SCALE 8-10) 13
DPTR FM NORMAL     M

[CDD (BASE 65) ]
TOTAL THIS MO.     0
DPTR FM NORMAL     M    [PRESSURE DATA]
TOTAL FM JAN 1   190    HIGHEST SLP M ON M
DPTR FM NORMAL   190    LOWEST  SLP M ON M

[REMARKS]




U.S. Dept. of Commerce
NOAA National Weather Service
1325 East West Highway
Silver Spring, MD 20910
E-mail: w-nws.webmaster@noaa.gov
Page last modified: May 16, 2007
NATIONAL WEATHER SERVICE: for Safety, for Work, for Fun - FOR LIFE