807
CXUS56 KFGZ 290900
CF6RQE
PRELIMINARY LOCAL CLIMATOLOGICAL DATA (WS FORM: F-6)

                                          STATION:   WINDOW ROCK AZ AIRPORT
                                          MONTH:     JULY
                                          YEAR:      2014
                                          LATITUDE:   35 39 N
                                          LONGITUDE: 109  4 W

  TEMPERATURE IN F:       :PCPN:    SNOW:  WIND      :SUNSHINE: SKY     :PK WND
================================================================================
1   2   3   4   5  6A  6B    7    8   9   10  11  12  13   14  15   16   17  18
                                     12Z  AVG MX 2MIN
DY MAX MIN AVG DEP HDD CDD  WTR  SNW DPTH SPD SPD DIR MIN PSBL S-S WX    SPD DR
================================================================================

 1  95  49  72   4   0   7 0.00    M    M  5.4 23 280   M    M   0        30 270
 2  93  46  70   2   0   5 0.00    M    M  6.2 24 180   M    M   1        37 310
 3  91  59  75   7   0  10    T    M    M  7.2 28 200   M    M   2 8      40 200
 4  88  62  75   7   0  10 0.03    M    M  6.2 20 350   M    M   4        26 330
 5  82  58  70   2   0   5 0.03    M    M  3.6 25 360   M    M   5        30 360
 6  91  52  72   3   0   7 0.02    M    M  4.8 18 230   M    M   2        30 100
 7  93  53  73   4   0   8 0.00    M    M  5.6 16  60   M    M   1        19 110
 8  90  54  72   3   0   7 0.01    M    M  5.4 26 270   M    M   2        33 270
 9  86  54  70   1   0   5    T    M    M  5.6 26 150   M    M   4        34 150
10  88  54  71   2   0   6 0.01    M    M  5.2 26 240   M    M   3 18     34 220
11  90  55  73   4   0   8 0.16    M    M  5.1 31 180   M    M   4        40 180
12  87  60  74   5   0   9 0.09    M    M  4.2 17 180   M    M   2        25 360
13  86  60  73   4   0   8 0.28    M    M  5.8 31  50   M    M   3 8      45  70
14  89  59  74   4   0   9    T    M    M  4.5 17 200   M    M   4        23 190
15  85  59  72   2   0   7 0.25    M    M  6.0 21  20   M    M   3        25  20
16  87  60  74   4   0   9 0.19    M    M  7.0 24 260   M    M   3        36 270
17  89  53  71   1   0   6 0.00    M    M  5.4 20 320   M    M   1        28 340
18  92  52  72   2   0   7 0.00    M    M  3.9 22  60   M    M   2        28  60
19  91  54  73   3   0   8 0.00    M    M  5.8 16 360   M    M   3        22 180
20  91  61  76   6   0  11 0.00    M    M  6.7 18 260   M    M   1        23 260
21  90  60  75   5   0  10 0.00    M    M  3.6 15 270   M    M   1        22 260
22  94  52  73   3   0   8 0.00    M    M  5.5 18 180   M    M   0        24 170
23  91  56  74   4   0   9    T    M    M  4.9 25 190   M    M   1        35 180
24  90  55  73   3   0   8 0.00    M    M  5.8 18  10   M    M   3        24 360
25  93  55  74   4   0   9 0.00    M    M  4.0 16 300   M    M   2        21 300
26  93  57  75   5   0  10 0.07  0.0    0  4.3 20 290   M    M   1        28 300
27  90  63  77   7   0  12 0.02  0.0    0  6.4 25  60   M    M   3        32  60
28  80  59  70   0   0   5 0.13    M    M  5.8 22 190   M    M   6 1      28 170
================================================================================
SM 2505 1571         0 223  1.29     0.0 149.9          M       67
================================================================================
AV 89.5 56.1                               5.4 FASTST   M    M   2    MAX(MPH)
                                 MISC ---->  # 31 180               # 45   70
================================================================================
NOTES:
# LAST OF SEVERAL OCCURRENCES

COLUMN 17 PEAK WIND IN M.P.H.

PRELIMINARY LOCAL CLIMATOLOGICAL DATA (WS FORM: F-6) , PAGE 2

                                          STATION:  WINDOW ROCK AZ AIRPORT
                                          MONTH:    JULY
                                          YEAR:     2014
                                          LATITUDE:   35 39 N
                                          LONGITUDE: 109  4 W

[TEMPERATURE DATA]      [PRECIPITATION DATA]       SYMBOLS USED IN COLUMN 16

AVERAGE MONTHLY: 72.8   TOTAL FOR MONTH:   1.29    1 = FOG OR MIST
DPTR FM NORMAL:   3.4   DPTR FM NORMAL:   -0.47    2 = FOG REDUCING VISIBILITY
HIGHEST:    95 ON  1    GRTST 24HR  0.29 ON 12-13      TO 1/4 MILE OR LESS
LOWEST:     46 ON  2                               3 = THUNDER
                        SNOW, ICE PELLETS, HAIL    4 = ICE PELLETS
                        TOTAL MONTH:   0.0 INCH    5 = HAIL
                        GRTST 24HR     0.0         6 = FREEZING RAIN OR DRIZZLE
                        GRTST DEPTH:   0           7 = DUSTSTORM OR SANDSTORM:
                                                       VSBY 1/2 MILE OR LESS
                                                   8 = SMOKE OR HAZE
[NO. OF DAYS WITH]      [WEATHER - DAYS WITH]      9 = BLOWING SNOW
                                                   X = TORNADO
MAX 32 OR BELOW:   0    0.01 INCH OR MORE:  13
MAX 90 OR ABOVE:  17    0.10 INCH OR MORE:   5
MIN 32 OR BELOW:   0    0.50 INCH OR MORE:   0
MIN  0 OR BELOW:   0    1.00 INCH OR MORE:   0

[HDD (BASE 65) ]
TOTAL THIS MO.     0    CLEAR  (SCALE 0-3)  20
DPTR FM NORMAL     0    PTCLDY (SCALE 4-7)   8
TOTAL FM JUL 1     0    CLOUDY (SCALE 8-10)  0
DPTR FM NORMAL     0

[CDD (BASE 65) ]
TOTAL THIS MO.   223
DPTR FM NORMAL    99    [PRESSURE DATA]
TOTAL FM JAN 1   313    HIGHEST SLP M ON M
DPTR FM NORMAL   148    LOWEST  SLP 29.81 ON  1

[REMARKS]




U.S. Dept. of Commerce
NOAA National Weather Service
1325 East West Highway
Silver Spring, MD 20910
E-mail: w-nws.webmaster@noaa.gov
Page last modified: May 16, 2007
NATIONAL WEATHER SERVICE: for Safety, for Work, for Fun - FOR LIFE