642
CXUS56 KFGZ 270900
CF6RQE
PRELIMINARY LOCAL CLIMATOLOGICAL DATA (WS FORM: F-6)

                                          STATION:   WINDOW ROCK AZ AIRPORT
                                          MONTH:     JANUARY
                                          YEAR:      2015
                                          LATITUDE:   35 39 N
                                          LONGITUDE: 109  4 W

  TEMPERATURE IN F:       :PCPN:    SNOW:  WIND      :SUNSHINE: SKY     :PK WND
================================================================================
1   2   3   4   5  6A  6B    7    8   9   10  11  12  13   14  15   16   17  18
                                     12Z  AVG MX 2MIN
DY MAX MIN AVG DEP HDD CDD  WTR  SNW DPTH SPD SPD DIR MIN PSBL S-S WX    SPD DR
================================================================================

 1  27   3  15 -13  50   0 0.18    M    M  4.8 20 210   M    M   9 18     25 190
 2  30   6  18 -10  47   0    T    M    M  4.3 15 100   M    M   6        18  90
 3  42  -1  21  -7  44   0    T    M    M  3.4 17 320   M    M   0 18     22 310
 4  48   3  26  -2  39   0 0.00    M    M  1.4 10 110   M    M   0        14 120
 5  54  12  33   5  32   0 0.00    M    M  1.8 12 110   M    M   0        13 110
 6  55  19  37   9  28   0 0.00    M    M  1.7 12 100   M    M   0        23  80
 7  58  23  41  13  24   0 0.00    M    M  1.2  8 110   M    M   0        10 100
 8  57  23  40  12  25   0 0.00    M    M  1.6 13 110   M    M   0        15 110
 9  52  24  38  10  27   0 0.00    M    M  2.0 10 190   M    M   1        13 130
10  52  31  42  13  23   0    T    M    M  3.2 15 260   M    M   8 18     18 270
11  49  30  40  11  25   0 0.03    M    M  3.9 21 350   M    M   7 1      24 350
12  44  31  38   9  27   0 0.02    M    M  1.6 13 170   M    M  10 1      18 180
13  41  34  38   9  27   0 0.32    M    M  5.7 14 220   M    M   8 1      18 230
14  39  30  35   6  30   0 0.05    M    M  2.2 10 350   M    M   8 1      18 120
15  46  25  36   7  29   0 0.00    M    M  1.8 13 360   M    M   2 1      14 360
16  55  19  37   8  28   0 0.00    M    M  1.6  9 280   M    M   0        10 270
17  53  21  37   8  28   0 0.00    M    M  2.9 15  90   M    M   0        19  90
18  56  21  39  10  26   0 0.00    M    M  2.2 12 290   M    M   0        15 270
19  60  22  41  12  24   0 0.00    M    M  2.8 16 240   M    M   1        21 260
20  52  23  38   9  27   0 0.00    M    M  2.5 10 110   M    M   0        12 270
21  38  18  28  -2  37   0 0.16    M    M  5.0 15  70   M    M   7 12     20  60
22  34   4  19 -11  46   0 0.00    M    M  2.6 13 360   M    M   0        16  50
23  48  11  30   0  35   0 0.00    M    M  1.9 13  10   M    M   0        14  20
24  53  16  35   5  30   0 0.00    M    M  2.4 13 360   M    M   0        17 360
25  59  19  39   9  26   0 0.00    M    M  2.7 13 110   M    M   0        15 100
26  60  21  41  11  24   0 0.00  0.0    0  3.4  7 190   M    M   0         M  M
================================================================================
SM 1262  488       808   0  0.76     0.0  70.6          M       67
================================================================================
AV 48.5 18.8                               2.7 FASTST   M    M   3    MAX(MPH)
                                 MISC ---->  # 21 350               # 25  190
================================================================================
NOTES:
# LAST OF SEVERAL OCCURRENCES

COLUMN 17 PEAK WIND IN M.P.H.

PRELIMINARY LOCAL CLIMATOLOGICAL DATA (WS FORM: F-6) , PAGE 2

                                          STATION:  WINDOW ROCK AZ AIRPORT
                                          MONTH:    JANUARY
                                          YEAR:     2015
                                          LATITUDE:   35 39 N
                                          LONGITUDE: 109  4 W

[TEMPERATURE DATA]      [PRECIPITATION DATA]       SYMBOLS USED IN COLUMN 16

AVERAGE MONTHLY: 33.7   TOTAL FOR MONTH:   0.76    1 = FOG OR MIST
DPTR FM NORMAL:   4.8   DPTR FM NORMAL:   -0.02    2 = FOG REDUCING VISIBILITY
HIGHEST:    60 ON 26,19 GRTST 24HR  0.35 ON 13-14      TO 1/4 MILE OR LESS
LOWEST:     -1 ON  3                               3 = THUNDER
                        SNOW, ICE PELLETS, HAIL    4 = ICE PELLETS
                        TOTAL MONTH:   0.0 INCH    5 = HAIL
                        GRTST 24HR     0.0         6 = FREEZING RAIN OR DRIZZLE
                        GRTST DEPTH:   0           7 = DUSTSTORM OR SANDSTORM:
                                                       VSBY 1/2 MILE OR LESS
                                                   8 = SMOKE OR HAZE
[NO. OF DAYS WITH]      [WEATHER - DAYS WITH]      9 = BLOWING SNOW
                                                   X = TORNADO
MAX 32 OR BELOW:   2    0.01 INCH OR MORE:   6
MAX 90 OR ABOVE:   0    0.10 INCH OR MORE:   3
MIN 32 OR BELOW:  25    0.50 INCH OR MORE:   0
MIN  0 OR BELOW:   1    1.00 INCH OR MORE:   0

[HDD (BASE 65) ]
TOTAL THIS MO.   808    CLEAR  (SCALE 0-3)  18
DPTR FM NORMAL  -132    PTCLDY (SCALE 4-7)   5
TOTAL FM JUL 1  2994    CLOUDY (SCALE 8-10)  3
DPTR FM NORMAL  -569

[CDD (BASE 65) ]
TOTAL THIS MO.     0
DPTR FM NORMAL     0    [PRESSURE DATA]
TOTAL FM JAN 1     0    HIGHEST SLP M ON M
DPTR FM NORMAL     0    LOWEST  SLP 29.83 ON  1

[REMARKS]




U.S. Dept. of Commerce
NOAA National Weather Service
1325 East West Highway
Silver Spring, MD 20910
E-mail: w-nws.webmaster@noaa.gov
Page last modified: May 16, 2007
NATIONAL WEATHER SERVICE: for Safety, for Work, for Fun - FOR LIFE