445
CXUS56 KFGZ 301611
CF6RQE
PRELIMINARY LOCAL CLIMATOLOGICAL DATA (WS FORM: F-6)

                                          STATION:   WINDOW ROCK AZ AIRPORT
                                          MONTH:     SEPTEMBER
                                          YEAR:      2014
                                          LATITUDE:   35 39 N
                                          LONGITUDE: 109  4 W

  TEMPERATURE IN F:       :PCPN:    SNOW:  WIND      :SUNSHINE: SKY     :PK WND
================================================================================
1   2   3   4   5  6A  6B    7    8   9   10  11  12  13   14  15   16   17  18
                                     12Z  AVG MX 2MIN
DY MAX MIN AVG DEP HDD CDD  WTR  SNW DPTH SPD SPD DIR MIN PSBL S-S WX    SPD DR
================================================================================

 1  88  54  71   6   0   6 0.00    M    M  6.0 17 260   M    M   0        23 280
 2  90  45  68   4   0   3 0.00    M    M  4.1 20 240   M    M   0 8      29 200
 3  87  44  66   2   0   1 0.00    M    M  5.8 23 240   M    M   0 8      29 230
 4  77  52  65   1   0   0 0.04    M    M   M   M   M   M    M   4 8       M  M
 5  83  45  64   1   1   0 0.00    M    M  2.7 12  60   M    M   2 8      16 360
 6  87  45  66   3   0   1 0.00    M    M  2.7 15 360   M    M   2 8      18  20
 7  84  46  65   2   0   0    T    M    M  3.2 14 150   M    M   3 8       M  M
 8  79  55  67   5   0   2 0.00    M    M  5.7 17 230   M    M   6        21 250
 9  80  55  68   6   0   3 0.02    M    M  7.4 17 230   M    M   5        21 250
10  80  44  62   0   3   0 0.00    M    M  3.8 15  50   M    M   2        18  60
11  84  37  61   0   4   0 0.00    M    M  3.1 15 260   M    M   0        21 270
12  85  39  62   1   3   0 0.00    M    M  4.1 13  60   M    M   1        17  30
13  82  44  63   2   2   0    T    M    M  3.1  9  90   M    M   2        23 190
14  85  52  69   9   0   4    T    M    M  3.8 20 150   M    M   2        26 160
15  85  47  66   6   0   1 0.36    M    M  6.4 26 250   M    M   5 3      31 250
16  78  54  66   7   0   1 0.00    M    M  5.7 14 180   M    M   3        18 190
17  75  50  63   4   2   0 0.00    M    M  2.5 14 140   M    M   3        22 140
18  79  43  61   2   4   0 0.00    M    M  3.3  8 230   M    M   3         M  M
19  81  45  63   5   2   0    T    M    M  2.4 16  10   M    M   3         M  M
20  88  44  66   8   0   1 0.00    M    M  3.6 17 190   M    M   2        22 170
21  77  52  65   8   0   0 0.43    M    M  4.3  7 110   M    M   5        24 160
22  77  57  67  10   0   2 0.32    M    M  2.9 14 310   M    M   5 1      19 320
23  81  47  64   7   1   0 0.00    M    M  3.0 13 310   M    M   1        27  17
24  84  42  63   7   2   0 0.00    M    M  1.9  9 350   M    M   0        13 340
25  86  45  66  10   0   1 0.00    M    M  2.6 13 200   M    M   1        14 230
26  84  48  66  11   0   1    T    M    M  2.3 10 290   M    M   4         M  M
27  78  47  63   8   2   0 0.25    M    M  4.6 15 210   M    M   3        22 210
28  69  51  60   5   5   0 0.39    M    M  7.9 22 210   M    M   5 1      30 200
29  64  41  53  -1  12   0 0.03    M    M  7.0 31 240   M    M   3 1      39 240
================================================================================
SM 2357 1370        43  27  1.84    M    115.9          M       75
================================================================================
AV 81.3 47.2                               4.1 FASTST   M    M   3    MAX(MPH)
                                 MISC ---->  # 31 240               # 39  240
================================================================================
NOTES:
# LAST OF SEVERAL OCCURRENCES

COLUMN 17 PEAK WIND IN M.P.H.

PRELIMINARY LOCAL CLIMATOLOGICAL DATA (WS FORM: F-6) , PAGE 2

                                          STATION:  WINDOW ROCK AZ AIRPORT
                                          MONTH:    SEPTEMBER
                                          YEAR:     2014
                                          LATITUDE:   35 39 N
                                          LONGITUDE: 109  4 W

[TEMPERATURE DATA]      [PRECIPITATION DATA]       SYMBOLS USED IN COLUMN 16

AVERAGE MONTHLY: 64.3   TOTAL FOR MONTH:   1.84    1 = FOG OR MIST
DPTR FM NORMAL:   4.6   DPTR FM NORMAL:    0.46    2 = FOG REDUCING VISIBILITY
HIGHEST:    90 ON  2    GRTST 24HR  0.56 ON 21-22      TO 1/4 MILE OR LESS
LOWEST:     37 ON 11                               3 = THUNDER
                        SNOW, ICE PELLETS, HAIL    4 = ICE PELLETS
                        TOTAL MONTH:    M          5 = HAIL
                        GRTST 24HR    M  ON   M    6 = FREEZING RAIN OR DRIZZLE
                        GRTST DEPTH:  M  ON   M    7 = DUSTSTORM OR SANDSTORM:
                                                       VSBY 1/2 MILE OR LESS
                                                   8 = SMOKE OR HAZE
[NO. OF DAYS WITH]      [WEATHER - DAYS WITH]      9 = BLOWING SNOW
                                                   X = TORNADO
MAX 32 OR BELOW:   0    0.01 INCH OR MORE:   8
MAX 90 OR ABOVE:   1    0.10 INCH OR MORE:   5
MIN 32 OR BELOW:   0    0.50 INCH OR MORE:   0
MIN  0 OR BELOW:   0    1.00 INCH OR MORE:   0

[HDD (BASE 65) ]
TOTAL THIS MO.    43    CLEAR  (SCALE 0-3)  21
DPTR FM NORMAL  -121    PTCLDY (SCALE 4-7)   8
TOTAL FM JUL 1    56    CLOUDY (SCALE 8-10)  0
DPTR FM NORMAL  -117

[CDD (BASE 65) ]
TOTAL THIS MO.    27
DPTR FM NORMAL    21    [PRESSURE DATA]
TOTAL FM JAN 1   450    HIGHEST SLP M ON M
DPTR FM NORMAL   170    LOWEST  SLP 29.79 ON 28

[REMARKS]




U.S. Dept. of Commerce
NOAA National Weather Service
1325 East West Highway
Silver Spring, MD 20910
E-mail: w-nws.webmaster@noaa.gov
Page last modified: May 16, 2007
NATIONAL WEATHER SERVICE: for Safety, for Work, for Fun - FOR LIFE