310
CXUS54 KFWD 310730
CF6RPH
PRELIMINARY LOCAL CLIMATOLOGICAL DATA (WS FORM: F-6)

                                          STATION:   GRAHAM
                                          MONTH:     AUGUST
                                          YEAR:      2014
                                          LATITUDE:   33  6 N
                                          LONGITUDE:  98 30 W

  TEMPERATURE IN F:       :PCPN:    SNOW:  WIND      :SUNSHINE: SKY     :PK WND
================================================================================
1   2   3   4   5  6A  6B    7    8   9   10  11  12  13   14  15   16   17  18
                                     12Z  AVG MX 2MIN
DY MAX MIN AVG DEP HDD CDD  WTR  SNW DPTH SPD SPD DIR MIN PSBL S-S WX    SPD DR
================================================================================

 1  85  64  75  -9   0  10 0.00  0.0    0  3.9  9  60   M    M   3         M  M
 2  92  60  76  -8   0  11 0.00  0.0    0  3.5  8  70   M    M   1         M  M
 3  94  62  78  -6   0  13 0.00  0.0    0  3.7 12  70   M    M   2        16  60
 4  95  66  81  -3   0  16 0.00  0.0    0  4.2  8  80   M    M   1         M  M
 5  99  70  85   1   0  20 0.00  0.0    0  4.1 12  80   M    M   2        16  80
 6 102  77  90   6   0  25 0.00  0.0    0  7.5 12 200   M    M   1        17 180
 7 107  78  93   9   0  28 0.00  0.0    0  6.8 12 170   M    M   0        18 200
 8 103  78  91   7   0  26 0.02  0.0    0  4.5 14 210   M    M   2        18 210
 9 101  71  86   2   0  21 0.00  0.0    0  5.2 12 200   M    M   1        17 190
10 103  72  88   4   0  23 1.57  0.0    0  5.8 12  40   M    M   4        17  40
11  92  72  82  -2   0  17 0.00  0.0    0  4.8 15 360   M    M   1        22 360
12  94  73  84   0   0  19 0.00  0.0    0  4.8 10  40   M    M   0        16  20
13  94  67  81  -3   0  16 0.00  0.0    0  2.7  8  80   M    M   0         M  M
14  99  67  83  -1   0  18 0.00  0.0    0  4.5  8 120   M    M   0         M  M
15 102  70  86   2   0  21 0.00  0.0    0  5.8 10 130   M    M   0         M  M
16 101  78  90   6   0  25 0.00  0.0    0  4.7  9 190   M    M   1         M  M
17  99  75  87   3   0  22 0.00  0.0    0  6.0 12 200   M    M   1        17 200
18  93  71  82  -2   0  17 0.00  0.0    0  4.7 13 200   M    M   0         M  M
19  94  72  83   0   0  18 0.00  0.0    0  6.5 13 140   M    M   4        20 150
20 100  77  89   6   0  24 0.00  0.0    0  9.5 13 140   M    M   1        25 180
21 101  79  90   7   0  25 0.00  0.0    0  9.1 14 140   M    M   1        20 170
22 104  80  92   9   0  27 0.00  0.0    0  9.4 16 190   M    M   0        22 210
23 103  76  90   7   0  25 0.00  0.0    0  7.1 14 160   M    M   0        18 160
24 102  78  90   8   0  25 0.00  0.0    0  7.0 12 200   M    M   0        20 140
25 103  75  89   7   0  24 0.00  0.0    0  5.5 10 230   M    M   1        16 130
26 102  73  88   6   0  23 0.00  0.0    0  4.7 14  90   M    M   1        20  90
27  99  73  86   4   0  21 0.00  0.0    0  4.7  9  90   M    M   1        16 110
28  99  69  84   2   0  19 0.22  0.0    0  6.1 13 110   M    M   2        21 110
29  84  68  76  -5   0  11 0.06  0.0    0  3.2  9 140   M    M   6         M  M
30  97  70  84   3   0  19 0.00  0.0    0  2.6  8 140   M    M   1         M  M
================================================================================
SM 2943 2161         0 609  1.87     0.0 162.6          M       38
================================================================================
AV 98.1 72.0                               5.4 FASTST   M    M   1    MAX(MPH)
                                 MISC ---->    16   M                 25    M
================================================================================
NOTES:
# LAST OF SEVERAL OCCURRENCES

COLUMN 17 PEAK WIND IN M.P.H.

PRELIMINARY LOCAL CLIMATOLOGICAL DATA (WS FORM: F-6) , PAGE 2

                                          STATION:  GRAHAM
                                          MONTH:    AUGUST
                                          YEAR:     2014
                                          LATITUDE:   33  6 N
                                          LONGITUDE:  98 30 W

[TEMPERATURE DATA]      [PRECIPITATION DATA]       SYMBOLS USED IN COLUMN 16

AVERAGE MONTHLY: 85.1   TOTAL FOR MONTH:   1.87    1 = FOG OR MIST
DPTR FM NORMAL:   1.8   DPTR FM NORMAL:    0.20    2 = FOG REDUCING VISIBILITY
HIGHEST:   107 ON  7    GRTST 24HR  1.57 ON 10-10      TO 1/4 MILE OR LESS
LOWEST:     60 ON  2                               3 = THUNDER
                        SNOW, ICE PELLETS, HAIL    4 = ICE PELLETS
                        TOTAL MONTH:   0.0 INCH    5 = HAIL
                        GRTST 24HR     0.0         6 = FREEZING RAIN OR DRIZZLE
                        GRTST DEPTH:   0           7 = DUSTSTORM OR SANDSTORM:
                                                       VSBY 1/2 MILE OR LESS
                                                   8 = SMOKE OR HAZE
[NO. OF DAYS WITH]      [WEATHER - DAYS WITH]      9 = BLOWING SNOW
                                                   X = TORNADO
MAX 32 OR BELOW:   0    0.01 INCH OR MORE:   4
MAX 90 OR ABOVE:  28    0.10 INCH OR MORE:   2
MIN 32 OR BELOW:   0    0.50 INCH OR MORE:   1
MIN  0 OR BELOW:   0    1.00 INCH OR MORE:   1

[HDD (BASE 65) ]
TOTAL THIS MO.     0    CLEAR  (SCALE 0-3)  27
DPTR FM NORMAL     0    PTCLDY (SCALE 4-7)   3
TOTAL FM JUL 1     0    CLOUDY (SCALE 8-10)  0
DPTR FM NORMAL     0

[CDD (BASE 65) ]
TOTAL THIS MO.   609
DPTR FM NORMAL    60    [PRESSURE DATA]
TOTAL FM JAN 1  1764    HIGHEST SLP M ON M
DPTR FM NORMAL   -89    LOWEST  SLP M ON M

[REMARKS]




U.S. Dept. of Commerce
NOAA National Weather Service
1325 East West Highway
Silver Spring, MD 20910
E-mail: w-nws.webmaster@noaa.gov
Page last modified: May 16, 2007
NATIONAL WEATHER SERVICE: for Safety, for Work, for Fun - FOR LIFE