257
CXUS55 KABQ 291000
CF6ROW
PRELIMINARY LOCAL CLIMATOLOGICAL DATA (WS FORM: F-6)

                                          STATION:   ROSWELL NM
                                          MONTH:     JULY
                                          YEAR:      2014
                                          LATITUDE:   33 17 N
                                          LONGITUDE: 104 32 W

  TEMPERATURE IN F:       :PCPN:    SNOW:  WIND      :SUNSHINE: SKY     :PK WND
================================================================================
1   2   3   4   5  6A  6B    7    8   9   10  11  12  13   14  15   16   17  18
                                     12Z  AVG MX 2MIN
DY MAX MIN AVG DEP HDD CDD  WTR  SNW DPTH SPD SPD DIR MIN PSBL S-S WX    SPD DR
================================================================================

 1  91  70  81   1   0  16 0.10  0.0    0  9.7 30 120   M    M   4 138    37 120
 2  84  66  75  -5   0  10    T  0.0    0  8.7 25 100   M    M   3 3      32 170
 3  91  63  77  -3   0  12 0.00  0.0    0  8.7 20 130   M    M   1        28 130
 4  94  64  79  -2   0  14 0.00  0.0    0  9.1 21 130   M    M   1        29 120
 5  97  66  82   1   0  17 0.00  0.0    0  7.6 18 150   M    M   2        24 150
 6  92  69  81   0   0  16 0.03  0.0    0  8.4 18 140   M    M   3        27 150
 7  94  61  78  -3   0  13 0.00  0.0    0  5.3 16 160   M    M   0        21 170
 8  98  67  83   2   0  18 0.00  0.0    0  8.0 17  80   M    M   2 8      22  70
 9  96  67  82   1   0  17 0.00  0.0    0 10.0 20 130   M    M   0        26 150
10  96  66  81   0   0  16 0.00  0.0    0 10.4 21 160   M    M   0        27 140
11  93  65  79  -2   0  14 0.00  0.0    0 12.3 21 150   M    M   0        27 150
12  91  65  78  -3   0  13 0.00  0.0    0  7.6 30 150   M    M   2 8      42 130
13  96  66  81   1   0  16 0.00  0.0    0  6.5 23 340   M    M   1        30 340
14  98  67  83   3   0  18 0.03  0.0    0  9.5 41  20   M    M   3 3      50  20
15  90  67  79  -1   0  14    T  0.0    0  8.2 23 190   M    M   3        28 190
16  92  67  80   0   0  15 0.08  0.0    0  9.0 29 230   M    M   1 13     36 250
17  91  69  80   0   0  15    T  0.0    0 12.3 24 350   M    M   3        30 360
18  88  71  80   0   0  15 0.00  0.0    0 10.2 18 140   M    M   5        25 150
19  98  69  84   4   0  19 0.41  0.0    0 11.3 32 310   M    M   3 13     41 310
20  96  67  82   2   0  17 0.00  0.0    0  9.1 21 220   M    M   0        25 220
21 101  69  85   5   0  20 0.00  0.0    0  7.9 24 120   M    M   0        28 130
22  98  71  85   5   0  20 0.00  0.0    0  8.9 24 120   M    M   1 38     30 120
23  98  73  86   6   0  21 0.00  0.0    0  5.3 16 150   M    M   2        25 140
24  98  68  83   3   0  18 0.00  0.0    0  6.5 18 140   M    M   0        23 120
25 102  68  85   5   0  20 0.00  0.0    0 10.1 18 140   M    M   0        27 140
26 102  70  86   6   0  21 0.00  0.0    0  9.0 17 150   M    M   0        22 150
27 101  70  86   6   0  21 0.00  0.0    0  7.9 22 120   M    M   0        29 120
28  93  67  80   0   0  15 2.22  0.0    0 10.8 28  50   M    M   4 13     40  70
================================================================================
SM 2659 1888         0 461  2.87     0.0 248.3          M       44
================================================================================
AV 95.0 67.4                               8.9 FASTST   M    M   2    MAX(MPH)
                                 MISC ---->  # 41  20               # 50   20
================================================================================
NOTES:
# LAST OF SEVERAL OCCURRENCES

COLUMN 17 PEAK WIND IN M.P.H.

PRELIMINARY LOCAL CLIMATOLOGICAL DATA (WS FORM: F-6) , PAGE 2

                                          STATION:  ROSWELL NM
                                          MONTH:    JULY
                                          YEAR:     2014
                                          LATITUDE:   33 17 N
                                          LONGITUDE: 104 32 W

[TEMPERATURE DATA]      [PRECIPITATION DATA]       SYMBOLS USED IN COLUMN 16

AVERAGE MONTHLY: 81.2   TOTAL FOR MONTH:   2.87    1 = FOG OR MIST
DPTR FM NORMAL:   0.9   DPTR FM NORMAL:    0.97    2 = FOG REDUCING VISIBILITY
HIGHEST:   102 ON 26,25 GRTST 24HR  2.22 ON 28-28      TO 1/4 MILE OR LESS
LOWEST:     61 ON  7                               3 = THUNDER
                        SNOW, ICE PELLETS, HAIL    4 = ICE PELLETS
                        TOTAL MONTH:   0.0 INCH    5 = HAIL
                        GRTST 24HR     0.0         6 = FREEZING RAIN OR DRIZZLE
                        GRTST DEPTH:   0           7 = DUSTSTORM OR SANDSTORM:
                                                       VSBY 1/2 MILE OR LESS
                                                   8 = SMOKE OR HAZE
[NO. OF DAYS WITH]      [WEATHER - DAYS WITH]      9 = BLOWING SNOW
                                                   X = TORNADO
MAX 32 OR BELOW:   0    0.01 INCH OR MORE:   6
MAX 90 OR ABOVE:  26    0.10 INCH OR MORE:   3
MIN 32 OR BELOW:   0    0.50 INCH OR MORE:   1
MIN  0 OR BELOW:   0    1.00 INCH OR MORE:   1

[HDD (BASE 65) ]
TOTAL THIS MO.     0    CLEAR  (SCALE 0-3)  23
DPTR FM NORMAL     0    PTCLDY (SCALE 4-7)   5
TOTAL FM JUL 1     0    CLOUDY (SCALE 8-10)  0
DPTR FM NORMAL     0

[CDD (BASE 65) ]
TOTAL THIS MO.   461
DPTR FM NORMAL    29    [PRESSURE DATA]
TOTAL FM JAN 1  1195    HIGHEST SLP M ON M
DPTR FM NORMAL   141    LOWEST  SLP 29.64 ON  1

[REMARKS]




U.S. Dept. of Commerce
NOAA National Weather Service
1325 East West Highway
Silver Spring, MD 20910
E-mail: w-nws.webmaster@noaa.gov
Page last modified: May 16, 2007
NATIONAL WEATHER SERVICE: for Safety, for Work, for Fun - FOR LIFE