129
CXUS55 KABQ 011124
CF6ROW
PRELIMINARY LOCAL CLIMATOLOGICAL DATA (WS FORM: F-6)

                                          STATION:   ROSWELL NM
                                          MONTH:     SEPTEMBER
                                          YEAR:      2014
                                          LATITUDE:   33 17 N
                                          LONGITUDE: 104 32 W

  TEMPERATURE IN F:       :PCPN:    SNOW:  WIND      :SUNSHINE: SKY     :PK WND
================================================================================
1   2   3   4   5  6A  6B    7    8   9   10  11  12  13   14  15   16   17  18
                                     12Z  AVG MX 2MIN
DY MAX MIN AVG DEP HDD CDD  WTR  SNW DPTH SPD SPD DIR MIN PSBL S-S WX    SPD DR
================================================================================

 1 100  64  82   5   0  17 0.00  0.0    0  6.6 18 150   M    M   0        23 160
 2 101  63  82   6   0  17 0.00  0.0    0  5.7 18 160   M    M   0        23 160
 3  98  64  81   5   0  16 0.00  0.0    0 12.2 23 160   M    M   0        29 170
 4  91  68  80   4   0  15 0.05  0.0    0 11.6 23 150   M    M   4 1      27 170
 5  83  63  73  -3   0   8 0.28  0.0    0  7.8 22 360   M    M   9 1      28  10
 6  70  59  65 -10   0   0 0.06  0.0    0 10.4 22 360   M    M  10 1      26 360
 7  73  62  68  -7   0   3    T  0.0    0  6.0 13 150   M    M   8 1      16 150
 8  88  62  75   0   0  10    T  0.0    0  7.6 21 160   M    M   4 123    27 150
 9  94  65  80   6   0  15    T  0.0    0  9.4 20 160   M    M   1 38     25 170
10  93  64  79   5   0  14 0.01  0.0    0  6.5 26 230   M    M   3        33 230
11  84  67  76   2   0  11 0.01  0.0    0  7.8 16 180   M    M   5 3      20 180
12  70  50  60 -13   5   0 1.33  0.0    0 11.5 29  20   M    M   9 1      40 360
13  64  49  57 -16   8   0 0.01  0.0    0  7.6 17 160   M    M   6 1      22 170
14  69  54  62 -11   3   0 0.02  0.0    0  9.2 16 170   M    M   9 1      19 170
15  75  62  69  -3   0   4 0.00  0.0    0  6.1 17 160   M    M   8 1      21 160
16  71  66  69  -3   0   4 0.09  0.0    0  1.4 13 140   M    M   9 1      16 140
17  78  66  72   0   0   7 0.03  0.0    0  3.6 12 320   M    M   6 18     14 330
18  78  66  72   1   0   7 0.60  0.0    0  5.7 13 180   M    M   8 123    17 190
19  74  66  70  -1   0   5 0.60  0.0    0  5.9 14  70   M    M   9 1      16  70
20  85  68  77   6   0  12 0.00  0.0    0  5.0 10 360   M    M   8 1      12 110
21  73  66  70   0   0   5 0.70  0.0    0  6.5 25 160   M    M   9 13     31 160
22  70  66  68  -2   0   3 0.52  0.0    0  6.5 20 150   M    M   9 1      24 140
23  80  63  72   2   0   7 0.00  0.0    0  6.3 15 170   M    M   4 1      17 170
24  84  60  72   3   0   7 0.43  0.0    0  9.3 36  40   M    M   0 13     43  50
25  77  57  67  -2   0   2 0.00  0.0    0  5.0 22 120   M    M   1        27 120
26  79  56  68   0   0   3 0.00  0.0    0  6.2 17 160   M    M   0 18     22 150
27  73  53  63  -5   2   0 0.00  0.0    0  9.0 20 140   M    M   3 1      24 170
28  78  56  67  -1   0   2 0.00  0.0    0  7.6 16 160   M    M   5 1      21 160
29  83  55  69   2   0   4 0.00  0.0    0 12.4 31 160   M    M   2 12     37 160
30  84  59  72   5   0   7 0.00  0.0    0  6.6 12 270   M    M   0        16 290
================================================================================
SM 2420 1839        18 205  4.74     0.0 223.0          M      149
================================================================================
AV 80.7 61.3                               7.4 FASTST   M    M   5    MAX(MPH)
                                 MISC ---->  # 36  40               # 43   50
================================================================================
NOTES:
# LAST OF SEVERAL OCCURRENCES

COLUMN 17 PEAK WIND IN M.P.H.

PRELIMINARY LOCAL CLIMATOLOGICAL DATA (WS FORM: F-6) , PAGE 2

                                          STATION:  ROSWELL NM
                                          MONTH:    SEPTEMBER
                                          YEAR:     2014
                                          LATITUDE:   33 17 N
                                          LONGITUDE: 104 32 W

[TEMPERATURE DATA]      [PRECIPITATION DATA]       SYMBOLS USED IN COLUMN 16

AVERAGE MONTHLY: 71.0   TOTAL FOR MONTH:   4.74    1 = FOG OR MIST
DPTR FM NORMAL:  -1.0   DPTR FM NORMAL:    3.21    2 = FOG REDUCING VISIBILITY
HIGHEST:   101 ON  2    GRTST 24HR  1.34 ON 11-12      TO 1/4 MILE OR LESS
LOWEST:     49 ON 13                               3 = THUNDER
                        SNOW, ICE PELLETS, HAIL    4 = ICE PELLETS
                        TOTAL MONTH:   0.0 INCH    5 = HAIL
                        GRTST 24HR     0.0         6 = FREEZING RAIN OR DRIZZLE
                        GRTST DEPTH:   0           7 = DUSTSTORM OR SANDSTORM:
                                                       VSBY 1/2 MILE OR LESS
                                                   8 = SMOKE OR HAZE
[NO. OF DAYS WITH]      [WEATHER - DAYS WITH]      9 = BLOWING SNOW
                                                   X = TORNADO
MAX 32 OR BELOW:   0    0.01 INCH OR MORE:  15
MAX 90 OR ABOVE:   6    0.10 INCH OR MORE:   7
MIN 32 OR BELOW:   0    0.50 INCH OR MORE:   5
MIN  0 OR BELOW:   0    1.00 INCH OR MORE:   1

[HDD (BASE 65) ]
TOTAL THIS MO.    18    CLEAR  (SCALE 0-3)  10
DPTR FM NORMAL     2    PTCLDY (SCALE 4-7)  11
TOTAL FM JUL 1    18    CLOUDY (SCALE 8-10)  9
DPTR FM NORMAL     2

[CDD (BASE 65) ]
TOTAL THIS MO.   205
DPTR FM NORMAL   -22    [PRESSURE DATA]
TOTAL FM JAN 1  1890    HIGHEST SLP 30.32 ON 12
DPTR FM NORMAL   139    LOWEST  SLP 29.61 ON 30

[REMARKS]
#FINAL-09-14#




U.S. Dept. of Commerce
NOAA National Weather Service
1325 East West Highway
Silver Spring, MD 20910
E-mail: w-nws.webmaster@noaa.gov
Page last modified: May 16, 2007
NATIONAL WEATHER SERVICE: for Safety, for Work, for Fun - FOR LIFE