981
CXUS51 KBUF 241205
CF6ROC
PRELIMINARY LOCAL CLIMATOLOGICAL DATA (WS FORM: F-6)

                                          STATION:   ROCHESTER NY
                                          MONTH:     APRIL
                                          YEAR:      2014
                                          LATITUDE:   43  7 N
                                          LONGITUDE:  77 40 W

  TEMPERATURE IN F:       :PCPN:    SNOW:  WIND      :SUNSHINE: SKY     :PK WND
================================================================================
1   2   3   4   5  6A  6B    7    8   9   10  11  12  13   14  15   16   17  18
                                     12Z  AVG MX 2MIN
DY MAX MIN AVG DEP HDD CDD  WTR  SNW DPTH SPD SPD DIR MIN PSBL S-S WX    SPD DR
================================================================================

 1  54  26  40   0  25   0 0.00  0.0    4  7.3 23 260   M    M   5        32 260
 2  50  34  42   1  23   0 0.00  0.0    2 10.5 23 280   M    M   4        28 290
 3  41  25  33  -8  32   0    T    T    T  5.8 15  80   M    M   6        20  80
 4  52  35  44   2  21   0 0.51    T    0 15.0 37 260   M    M  10 1      51 250
 5  43  29  36  -6  29   0 0.01  0.1    0 17.0 30 280   M    M   7 1      40 280
 6  53  25  39  -3  26   0 0.00  0.0    0  5.1 12  30   M    M   2        15 230
 7  52  30  41  -2  24   0 0.61  0.0    0  9.0 23 120   M    M   8 13     31 120
 8  51  37  44   1  21   0 0.18  0.0    0 10.4 28 280   M    M   8 1      36 280
 9  49  31  40  -4  25   0 0.00  0.0    0  7.9 17 300   M    M   3        24 340
10  72  36  54  10  11   0 0.07  0.0    0 15.7 32 250   M    M   6 1      41 230
11  58  39  49   4  16   0 0.02  0.0    0  4.9 13  40   M    M   6 1      15  20
12  63  38  51   6  14   0 0.00  0.0    0  7.5 17  80   M    M   6        21  70
13  82  47  65  20   0   0 0.05  0.0    0  8.9 23 270   M    M   8        28 260
14  82  49  66  20   0   1 0.23  0.0    0 12.7 33 230   M    M  10 1      41 230
15  49  25  37  -9  28   0 0.36  0.2    0 13.6 26 290   M    M   9 148    32 290
16  38  24  31 -16  34   0    T    T    T  8.4 18 310   M    M   6 8      25 320
17  58  27  43  -4  22   0 0.00  0.0    0 10.4 18 160   M    M   5        25 160
18  64  42  53   6  12   0    T  0.0    0  8.2 18  10   M    M   6        22 360
19  50  34  42  -6  23   0 0.00  0.0    0  7.4 16  30   M    M   2        22  10
20  69  31  50   2  15   0 0.00  0.0    0  4.2 12  20   M    M   3        15 120
21  77  43  60  11   5   0 0.00  0.0    0  5.9 14 210   M    M   8        18 200
22  62  42  52   3  13   0 0.30  0.0    0 10.6 23 290   M    M  10 1      30 280
23  47  38  43  -6  22   0 0.23  0.0    0 13.2 22 310   M    M   7 1      29 300
================================================================================
SM 1316  787       441   1  2.57     0.3 219.6          M      145
================================================================================
AV 57.2 34.2                               9.5 FASTST   M    M   6    MAX(MPH)
                                 MISC ---->  # 37 260               # 51  250
================================================================================
NOTES:
# LAST OF SEVERAL OCCURRENCES

COLUMN 17 PEAK WIND IN M.P.H.

PRELIMINARY LOCAL CLIMATOLOGICAL DATA (WS FORM: F-6) , PAGE 2

                                          STATION:  ROCHESTER NY
                                          MONTH:    APRIL
                                          YEAR:     2014
                                          LATITUDE:   43  7 N
                                          LONGITUDE:  77 40 W

[TEMPERATURE DATA]      [PRECIPITATION DATA]       SYMBOLS USED IN COLUMN 16

AVERAGE MONTHLY: 45.7   TOTAL FOR MONTH:   2.57    1 = FOG OR MIST
DPTR FM NORMAL:   0.8   DPTR FM NORMAL:    0.46    2 = FOG REDUCING VISIBILITY
HIGHEST:    82 ON 14,13 GRTST 24HR  0.78 ON  7- 8      TO 1/4 MILE OR LESS
LOWEST:     24 ON 16                               3 = THUNDER
                        SNOW, ICE PELLETS, HAIL    4 = ICE PELLETS
                        TOTAL MONTH:   0.3 INCH    5 = HAIL
                        GRTST 24HR   0.2 ON   M    6 = FREEZING RAIN OR DRIZZLE
                        GRTST DEPTH:   4 ON  1     7 = DUSTSTORM OR SANDSTORM:
                                                       VSBY 1/2 MILE OR LESS
                                                   8 = SMOKE OR HAZE
[NO. OF DAYS WITH]      [WEATHER - DAYS WITH]      9 = BLOWING SNOW
                                                   X = TORNADO
MAX 32 OR BELOW:   0    0.01 INCH OR MORE:  11
MAX 90 OR ABOVE:   0    0.10 INCH OR MORE:   7
MIN 32 OR BELOW:  10    0.50 INCH OR MORE:   2
MIN  0 OR BELOW:   0    1.00 INCH OR MORE:   0

[HDD (BASE 65) ]
TOTAL THIS MO.   441    CLEAR  (SCALE 0-3)   3
DPTR FM NORMAL   -23    PTCLDY (SCALE 4-7)  15
TOTAL FM JUL 1  6674    CLOUDY (SCALE 8-10)  5
DPTR FM NORMAL   472

[CDD (BASE 65) ]
TOTAL THIS MO.     1
DPTR FM NORMAL     1    [PRESSURE DATA]
TOTAL FM JAN 1     1    HIGHEST SLP M ON M
DPTR FM NORMAL     1    LOWEST  SLP 29.25 ON  8

[REMARKS]




U.S. Dept. of Commerce
NOAA National Weather Service
1325 East West Highway
Silver Spring, MD 20910
E-mail: w-nws.webmaster@noaa.gov
Page last modified: May 16, 2007
NATIONAL WEATHER SERVICE: for Safety, for Work, for Fun - FOR LIFE