706
CXUS51 KBUF 271205
CF6ROC
PRELIMINARY LOCAL CLIMATOLOGICAL DATA (WS FORM: F-6)

                                          STATION:   ROCHESTER NY
                                          MONTH:     AUGUST
                                          YEAR:      2014
                                          LATITUDE:   43  7 N
                                          LONGITUDE:  77 40 W

  TEMPERATURE IN F:       :PCPN:    SNOW:  WIND      :SUNSHINE: SKY     :PK WND
================================================================================
1   2   3   4   5  6A  6B    7    8   9   10  11  12  13   14  15   16   17  18
                                     12Z  AVG MX 2MIN
DY MAX MIN AVG DEP HDD CDD  WTR  SNW DPTH SPD SPD DIR MIN PSBL S-S WX    SPD DR
================================================================================

 1  83  60  72   1   0   7 0.26  0.0    0  5.8 36 250   M    M   7 138    51 260
 2  83  63  73   2   0   8 0.08  0.0    0  4.1 18 130   M    M   6 13     24 140
 3  74  65  70  -1   0   5 0.27  0.0    0  3.3 10 360   M    M   9 1      14 360
 4  82  63  73   3   0   8 0.25  0.0    0  4.1 15 330   M    M   5 13     20 330
 5  76  61  69  -1   0   4    T  0.0    0  4.1 13 290   M    M   7 1      16 320
 6  75  59  67  -3   0   2 0.00  0.0    0  4.6 14  10   M    M   7 1      21 340
 7  76  57  67  -3   0   2 0.00    M    M  6.0 15 340   M    M   3        20 350
 8  77  54  66  -4   0   1    T  0.0    0  4.3 12  30   M    M   1        15  10
 9  80  54  67  -3   0   2 0.00  0.0    0  3.7 12  40   M    M   2        15  40
10  82  56  69  -1   0   4 0.00  0.0    0  3.7 16  20   M    M   2        20  10
11  83  60  72   2   0   7 0.00  0.0    0  8.3 20 170   M    M   7        25 170
12  77  66  72   2   0   7 0.99  0.0    0 10.6 21 170   M    M  10 13     26 180
13  74  54  64  -6   1   0 0.15  0.0    0 10.4 22 250   M    M   8 138    31 300
14  67  53  60 -10   5   0 0.00  0.0    0 10.4 20 260   M    M   8        33 280
15  72  54  63  -7   2   0 0.01  0.0    0 11.0 21 270   M    M   8        26 290
16  70  52  61  -9   4   0 0.11  0.0    0  9.4 21 250   M    M   7        26 250
17  71  60  66  -3   0   1 0.00  0.0    0  6.4 16 350   M    M   5 8      22 320
18  72  54  63  -6   2   0 0.00  0.0    0  4.4 12  30   M    M   5        15  10
19  79  50  65  -4   0   0 0.00  0.0    0  4.4 14  20   M    M   4        16  20
20  79  61  70   1   0   5    T  0.0    0  2.9 13 140   M    M   9 1      16 120
21  81  65  73   4   0   8 0.00  0.0    0  5.0 15  30   M    M   7 13     24 350
22  81  64  73   4   0   8 0.00  0.0    0  5.6 15  50   M    M   7 1      18  60
23  78  64  71   2   0   6 0.00  0.0    0  6.9 15 100   M    M   8 1      18 100
24  80  60  70   2   0   5 0.00  0.0    0  4.8 13  20   M    M   3        18  40
25  83  59  71   3   0   6 0.00  0.0    0  3.9 12 160   M    M   5 8      14 160
26  87  62  75   7   0  10 0.00  0.0    0  6.9 15 250   M    M   4        18 170
================================================================================
SM 2022 1530        14 106  2.12     0.0 155.0          M      154
================================================================================
AV 77.8 58.8                               6.0 FASTST   M    M   6    MAX(MPH)
                                 MISC ---->  # 36 250               # 51  260
================================================================================
NOTES:
# LAST OF SEVERAL OCCURRENCES

COLUMN 17 PEAK WIND IN M.P.H.

PRELIMINARY LOCAL CLIMATOLOGICAL DATA (WS FORM: F-6) , PAGE 2

                                          STATION:  ROCHESTER NY
                                          MONTH:    AUGUST
                                          YEAR:     2014
                                          LATITUDE:   43  7 N
                                          LONGITUDE:  77 40 W

[TEMPERATURE DATA]      [PRECIPITATION DATA]       SYMBOLS USED IN COLUMN 16

AVERAGE MONTHLY: 68.3   TOTAL FOR MONTH:   2.12    1 = FOG OR MIST
DPTR FM NORMAL:  -1.3   DPTR FM NORMAL:   -0.83    2 = FOG REDUCING VISIBILITY
HIGHEST:    87 ON 26    GRTST 24HR  1.01 ON 12-13      TO 1/4 MILE OR LESS
LOWEST:     50 ON 19                               3 = THUNDER
                        SNOW, ICE PELLETS, HAIL    4 = ICE PELLETS
                        TOTAL MONTH:   0.0 INCH    5 = HAIL
                        GRTST 24HR     0.0         6 = FREEZING RAIN OR DRIZZLE
                        GRTST DEPTH:   0           7 = DUSTSTORM OR SANDSTORM:
                                                       VSBY 1/2 MILE OR LESS
                                                   8 = SMOKE OR HAZE
[NO. OF DAYS WITH]      [WEATHER - DAYS WITH]      9 = BLOWING SNOW
                                                   X = TORNADO
MAX 32 OR BELOW:   0    0.01 INCH OR MORE:   8
MAX 90 OR ABOVE:   0    0.10 INCH OR MORE:   6
MIN 32 OR BELOW:   0    0.50 INCH OR MORE:   1
MIN  0 OR BELOW:   0    1.00 INCH OR MORE:   0

[HDD (BASE 65) ]
TOTAL THIS MO.    14    CLEAR  (SCALE 0-3)   5
DPTR FM NORMAL    -2    PTCLDY (SCALE 4-7)  18
TOTAL FM JUL 1    21    CLOUDY (SCALE 8-10)  3
DPTR FM NORMAL    -7

[CDD (BASE 65) ]
TOTAL THIS MO.   106
DPTR FM NORMAL   -31    [PRESSURE DATA]
TOTAL FM JAN 1   445    HIGHEST SLP M ON M
DPTR FM NORMAL   -21    LOWEST  SLP 29.69 ON 12

[REMARKS]




U.S. Dept. of Commerce
NOAA National Weather Service
1325 East West Highway
Silver Spring, MD 20910
E-mail: w-nws.webmaster@noaa.gov
Page last modified: May 16, 2007
NATIONAL WEATHER SERVICE: for Safety, for Work, for Fun - FOR LIFE