878
CXUS51 KBUF 011205
CF6ROC
PRELIMINARY LOCAL CLIMATOLOGICAL DATA (WS FORM: F-6)

                                          STATION:   ROCHESTER NY
                                          MONTH:     NOVEMBER
                                          YEAR:      2014
                                          LATITUDE:   43  7 N
                                          LONGITUDE:  77 40 W

  TEMPERATURE IN F:       :PCPN:    SNOW:  WIND      :SUNSHINE: SKY     :PK WND
================================================================================
1   2   3   4   5  6A  6B    7    8   9   10  11  12  13   14  15   16   17  18
                                     12Z  AVG MX 2MIN
DY MAX MIN AVG DEP HDD CDD  WTR  SNW DPTH SPD SPD DIR MIN PSBL S-S WX    SPD DR
================================================================================

 1  44  37  41  -5  24   0 0.53    T    0 12.7 22  10   M    M   9 1      27  10
 2  42  36  39  -6  26   0 0.00  0.0    0 13.3 24 360   M    M   6 8      31 360
 3  57  39  48   3  17   0 0.00  0.0    0 10.4 26 260   M    M   9        37 250
 4  69  48  59  15   6   0 0.05  0.0    0 11.5 23 260   M    M  10 1      32 260
 5  57  36  47   3  18   0    T  0.0    0 12.6 32 240   M    M   5        42 250
 6  45  33  39  -5  26   0 0.40  0.0    0  2.9  8 100   M    M   9 1      10  90
 7  43  33  38  -6  27   0 0.45    T    0  9.4 24 320   M    M  10 1      31 320
 8  46  30  38  -5  27   0    T  0.0    0  7.7 23 260   M    M   9        30 260
 9  46  38  42  -1  23   0    T  0.0    0  9.0 18 270   M    M   9        24 270
10  58  40  49   7  16   0 0.00  0.0    0  6.4 21 200   M    M   8        29 200
11  69  51  60  18   5   0 0.00  0.0    0 11.5 21 190   M    M   5        29 190
12  58  35  47   5  18   0    T  0.0    0 14.8 26 280   M    M  10        33 280
13  37  29  33  -9  32   0 0.01  0.2    0  9.2 16 270   M    M  10 1      21 280
14  37  26  32  -9  33   0    T  0.2    T 10.7 22 280   M    M   6 18     27 270
15  39  29  34  -7  31   0    T    T    0  8.2 16 260   M    M   8 1      20 250
16  40  31  36  -4  29   0    T    T    0  8.4 18 250   M    M  10        21 250
17  36  26  31  -9  34   0 0.36  2.9    T  8.4 26 270   M    M   9 189    37 270
18  26  17  22 -18  43   0 0.02  0.4    1 20.1 30 240   M    M   7 189    39 230
19  32  15  24 -15  41   0 0.03  0.6    1 13.0 24 240   M    M   5 18     31 240
20  31  21  26 -13  39   0 0.09  2.6    3 13.9 28 260   M    M   8 19     39 270
21  29  19  24 -15  41   0    T  0.4    3 10.6 17 260   M    M   5        24 260
22  45  23  34  -4  31   0 0.08  0.0    1 14.4 20 220   M    M   8 1      28 190
23  55  43  49  11  16   0 0.04  0.0    0  8.7 20 170   M    M   9 1      28 160
24  70  45  58  20   7   0 0.08  0.0    0 19.2 35 260   M    M   6        43 270
25  46  35  41   4  24   0    T    T    0 16.9 33 240   M    M   9        43 250
26  37  30  34  -3  31   0 0.08  0.9    0  6.0 17  50   M    M  10 1      20  50
27  33  28  31  -5  34   0 0.05  0.4    1  5.8 10 290   M    M  10 1      13 280
28  30  24  27  -9  38   0 0.02  0.5    1  9.8 20 270   M    M   9 1      25 290
29  41  25  33  -3  32   0 0.00  0.0    T  9.5 20 200   M    M   9        27 200
30  61  41  51  16  14   0 0.12  0.0    0 13.0 22 190   M    M  10 1      28 200
================================================================================
SM 1359  963       783   0  2.41     9.1 328.0          M      247
================================================================================
AV 45.3 32.1                              10.9 FASTST   M    M   8    MAX(MPH)
                                 MISC ---->  # 35 260               # 43  270
================================================================================
NOTES:
# LAST OF SEVERAL OCCURRENCES

COLUMN 17 PEAK WIND IN M.P.H.

PRELIMINARY LOCAL CLIMATOLOGICAL DATA (WS FORM: F-6) , PAGE 2

                                          STATION:  ROCHESTER NY
                                          MONTH:    NOVEMBER
                                          YEAR:     2014
                                          LATITUDE:   43  7 N
                                          LONGITUDE:  77 40 W

[TEMPERATURE DATA]      [PRECIPITATION DATA]       SYMBOLS USED IN COLUMN 16

AVERAGE MONTHLY: 38.7   TOTAL FOR MONTH:   2.41    1 = FOG OR MIST
DPTR FM NORMAL:  -1.8   DPTR FM NORMAL:   -0.53    2 = FOG REDUCING VISIBILITY
HIGHEST:    70 ON 24    GRTST 24HR  0.79 ON  6- 7      TO 1/4 MILE OR LESS
LOWEST:     15 ON 19                               3 = THUNDER
                        SNOW, ICE PELLETS, HAIL    4 = ICE PELLETS
                        TOTAL MONTH:   9.1 INCHES  5 = HAIL
                        GRTST 24HR   2.9 ON   M    6 = FREEZING RAIN OR DRIZZLE
                        GRTST DEPTH:   3 ON 21,20  7 = DUSTSTORM OR SANDSTORM:
                                                       VSBY 1/2 MILE OR LESS
                                                   8 = SMOKE OR HAZE
[NO. OF DAYS WITH]      [WEATHER - DAYS WITH]      9 = BLOWING SNOW
                                                   X = TORNADO
MAX 32 OR BELOW:   5    0.01 INCH OR MORE:  16
MAX 90 OR ABOVE:   0    0.10 INCH OR MORE:   5
MIN 32 OR BELOW:  15    0.50 INCH OR MORE:   1
MIN  0 OR BELOW:   0    1.00 INCH OR MORE:   0

[HDD (BASE 65) ]
TOTAL THIS MO.   783    CLEAR  (SCALE 0-3)   0
DPTR FM NORMAL    48    PTCLDY (SCALE 4-7)  11
TOTAL FM JUL 1  1280    CLOUDY (SCALE 8-10) 19
DPTR FM NORMAL   -88

[CDD (BASE 65) ]
TOTAL THIS MO.     0
DPTR FM NORMAL     0    [PRESSURE DATA]
TOTAL FM JAN 1   542    HIGHEST SLP 30.47 ON 21
DPTR FM NORMAL     3    LOWEST  SLP 29.26 ON 24

[REMARKS]
#FINAL-11-14#




U.S. Dept. of Commerce
NOAA National Weather Service
1325 East West Highway
Silver Spring, MD 20910
E-mail: w-nws.webmaster@noaa.gov
Page last modified: May 16, 2007
NATIONAL WEATHER SERVICE: for Safety, for Work, for Fun - FOR LIFE