600
CXUS51 KRNK 240932
CF6ROA

PRELIMINARY LOCAL CLIMATOLOGICAL DATA (WS FORM: F-6)

                                          STATION:   ROANOKE VA
                                          MONTH:     APRIL
                                          YEAR:      2014
                                          LATITUDE:   37 19 N
                                          LONGITUDE:  79 58 W

  TEMPERATURE IN F:       :PCPN:    SNOW:  WIND      :SUNSHINE: SKY     :PK WND
================================================================================
1   2   3   4   5  6A  6B    7    8   9   10  11  12  13   14  15   16   17  18
                                     12Z  AVG MX 2MIN
DY MAX MIN AVG DEP HDD CDD  WTR  SNW DPTH SPD SPD DIR MIN PSBL S-S WX    SPD DR
================================================================================

 1  80  37  59   7   6   0 0.00  0.0    0  5.1 18 140   M    M   2        23 150
 2  84  49  67  14   0   2    T  0.0    0  5.9 20 120   M    M   3 3      25 130
 3  71  50  61   8   4   0 0.08  0.0    0  5.7 23 330   M    M   7 3      28 340
 4  71  54  63  10   2   0 0.02  0.0    0  6.0 23 310   M    M   8 1      35 310
 5  62  44  53  -1  12   0 0.00  0.0    0 12.1 28 300   M    M   2        35 300
 6  59  33  46  -8  19   0    T  0.0    0  5.8 10 150   M    M   5        10 150
 7  52  44  48  -6  17   0 1.07  0.0    0  7.0 18 110   M    M   9 1      18 110
 8  63  47  55   0  10   0 0.00  0.0    0  8.2 24 330   M    M   7 12     32 290
 9  64  43  54  -1  11   0 0.00  0.0    0  7.9 25 290   M    M   6        32 290
10  72  36  54  -1  11   0 0.00  0.0    0  5.8 18 180   M    M   1        24 160
11  79  55  67  11   0   2    T  0.0    0  8.1 24 260   M    M   5        29 280
12  76  50  63   7   2   0 0.00  0.0    0  4.6 16 150   M    M   4        22 180
13  81  54  68  12   0   3 0.00  0.0    0  6.9 21 170   M    M   5        26 170
14  71  61  66  10   0   1 0.04  0.0    0  9.4 18 170   M    M   9        25 160
15  64  32  48  -9  17   0 0.97  0.0    0 10.2 28 340   M    M   9 1      35 300
16  52  28  40 -17  25   0 0.00  0.0    0  7.9 23 330   M    M   1        26 330
17  57  30  44 -13  21   0 0.00  0.0    0  4.2 13 100   M    M   2        22  60
18  53  38  46 -11  19   0 0.00  0.0    0  3.6 10 140   M    M   8        14 140
19  64  45  55  -3  10   0 0.00  0.0    0  4.0 14  20   M    M   9        17  30
20  69  43  56  -2   9   0 0.00  0.0    0  5.7 16 130   M    M   5        21  60
21  75  38  57  -1   8   0 0.00  0.0    0  3.8 13 110   M    M   4        22 200
22  75  55  65   7   0   0 0.00  0.0    0  9.5 23 250   M    M   7        30 300
23  66  48  57  -2   8   0 0.00  0.0    0 12.5 23 320   M    M   1        31 260
================================================================================
SM 1560 1014       211   8  2.18     0.0 159.9          M      119
================================================================================
AV 67.8 44.1                               7.0 FASTST   M    M   5    MAX(MPH)
                                 MISC ---->  # 28 300               # 35  310
================================================================================
NOTES:
# LAST OF SEVERAL OCCURRENCES

COLUMN 17 PEAK WIND IN M.P.H.

PRELIMINARY LOCAL CLIMATOLOGICAL DATA (WS FORM: F-6) , PAGE 2

                                          STATION:  ROANOKE VA
                                          MONTH:    APRIL
                                          YEAR:     2014
                                          LATITUDE:   37 19 N
                                          LONGITUDE:  79 58 W

[TEMPERATURE DATA]      [PRECIPITATION DATA]       SYMBOLS USED IN COLUMN 16

AVERAGE MONTHLY: 56.0   TOTAL FOR MONTH:   2.18    1 = FOG OR MIST
DPTR FM NORMAL:   0.3   DPTR FM NORMAL:   -0.40    2 = FOG REDUCING VISIBILITY
HIGHEST:    84 ON  2    GRTST 24HR  1.07 ON  7- 7      TO 1/4 MILE OR LESS
LOWEST:     28 ON 16                               3 = THUNDER
                        SNOW, ICE PELLETS, HAIL    4 = ICE PELLETS
                        TOTAL MONTH:   0.0 INCH    5 = HAIL
                        GRTST 24HR     0.0         6 = FREEZING RAIN OR DRIZZLE
                        GRTST DEPTH:   0           7 = DUSTSTORM OR SANDSTORM:
                                                       VSBY 1/2 MILE OR LESS
                                                   8 = SMOKE OR HAZE
[NO. OF DAYS WITH]      [WEATHER - DAYS WITH]      9 = BLOWING SNOW
                                                   X = TORNADO
MAX 32 OR BELOW:   0    0.01 INCH OR MORE:   5
MAX 90 OR ABOVE:   0    0.10 INCH OR MORE:   2
MIN 32 OR BELOW:   3    0.50 INCH OR MORE:   2
MIN  0 OR BELOW:   0    1.00 INCH OR MORE:   1

[HDD (BASE 65) ]
TOTAL THIS MO.   211    CLEAR  (SCALE 0-3)   7
DPTR FM NORMAL   -19    PTCLDY (SCALE 4-7)  11
TOTAL FM JUL 1  4263    CLOUDY (SCALE 8-10)  5
DPTR FM NORMAL   276

[CDD (BASE 65) ]
TOTAL THIS MO.     8
DPTR FM NORMAL    -7    [PRESSURE DATA]
TOTAL FM JAN 1     8    HIGHEST SLP M ON M
DPTR FM NORMAL   -12    LOWEST  SLP 29.54 ON  8

[REMARKS]
DUE TO A PROBLEM WITH THE ASOS TEMPERATURE SENSOR ON AUGUST 26-28
AND SEPTEMBER 23...THE SEASONAL TOTAL AND DEPARTURE FROM NORMAL FOR
HDD WILL BE CALCULATED WITHOUT DATA FROM THOSE DATES.




U.S. Dept. of Commerce
NOAA National Weather Service
1325 East West Highway
Silver Spring, MD 20910
E-mail: w-nws.webmaster@noaa.gov
Page last modified: May 16, 2007
NATIONAL WEATHER SERVICE: for Safety, for Work, for Fun - FOR LIFE