661
CXUS51 KRNK 011029
CF6ROA
PRELIMINARY LOCAL CLIMATOLOGICAL DATA (WS FORM: F-6)

                                          STATION:   ROANOKE VA
                                          MONTH:     NOVEMBER
                                          YEAR:      2014
                                          LATITUDE:   37 19 N
                                          LONGITUDE:  79 58 W

  TEMPERATURE IN F:       :PCPN:    SNOW:  WIND      :SUNSHINE: SKY     :PK WND
================================================================================
1   2   3   4   5  6A  6B    7    8   9   10  11  12  13   14  15   16   17  18
                                     12Z  AVG MX 2MIN
DY MAX MIN AVG DEP HDD CDD  WTR  SNW DPTH SPD SPD DIR MIN PSBL S-S WX    SPD DR
================================================================================

 1  49  40  45  -8  20   0 0.33  0.0    0 12.5 30 310   M    M   8 1      39 350
 2  49  36  43 -10  22   0 0.00  0.0    0 14.4 35 320   M    M   4        46 300
 3  66  37  52   0  13   0 0.00  0.0    0  7.8 18 290   M    M   1        24 290
 4  72  49  61   9   4   0 0.00  0.0    0  5.8 17 270   M    M   7        23 260
 5  65  53  59   7   6   0 0.00  0.0    0  5.8 14 260   M    M   8        18 250
 6  69  49  59   7   6   0 0.06  0.0    0  9.6 29 320   M    M   8 1      38 290
 7  51  35  43  -8  22   0 0.00  0.0    0 14.4 29 300   M    M   5        38 310
 8  53  27  40 -11  25   0 0.00  0.0    0  2.5 10 140   M    M   4        13 140
 9  61  37  49  -1  16   0 0.00  0.0    0  3.6 12 320   M    M   4        15 280
10  64  33  49  -1  16   0 0.00  0.0    0  4.0 17 120   M    M   0        21 130
11  69  34  52   2  13   0 0.00  0.0    0  1.5  8 120   M    M   1        10 120
12  63  42  53   3  12   0 0.00  0.0    0  7.9 20 300   M    M   3        25 290
13  48  35  42  -7  23   0    T    T    0  8.0 17 310   M    M  10        21 300
14  37  22  30 -19  35   0    T    T    0 11.8 20 310   M    M   5        26 310
15  41  19  30 -18  35   0 0.00  0.0    0  2.3 13 330   M    M   3        15 330
16  47  33  40  -8  25   0 0.02  0.0    0  3.7 10 110   M    M  10        13 120
17  49  32  41  -7  24   0 0.82  0.0    0 11.0 32 300   M    M   9        42 300
18  32  20  26 -21  39   0 0.00  0.0    0 14.6 31 300   M    M   5        46 290
19  41  18  30 -17  35   0 0.00  0.0    0  6.6 22 300   M    M   1        26 300
20  52  32  42  -5  23   0 0.00  0.0    0 10.8 30 260   M    M   2        41 290
21  42  26  34 -12  31   0 0.00  0.0    0  8.0 23 300   M    M   0        32 300
22  51  19  35 -11  30   0 0.00  0.0    0  2.8 13 110   M    M   3        14 110
23  48  28  38  -8  27   0 0.83  0.0    0  1.7 10 250   M    M   7 1      13 250
24  71  47  59  14   6   0 0.00  0.0    0  6.1 18 220   M    M   4 12     23 170
25  59  44  52   7  13   0 0.00  0.0    0  5.8 17 300   M    M   5        23 290
26  45  32  39  -5  26   0 1.45  0.5    0  3.1 15  20   M    M  10 1      19  10
27  44  32  38  -6  27   0 0.01  0.0    0  8.9 24 310   M    M   9 1      31 300
28  37  27  32 -12  33   0 0.00  0.0    0  5.6 16 310   M    M   6        23 270
29  45  25  35  -8  30   0 0.00  0.0    0  2.0 12 110   M    M   4        14 120
30  66  29  48   5  17   0 0.00  0.0    0  3.9 28 270   M    M   5        34 260
================================================================================
SM 1586  992       654   0  3.52     0.5 206.5          M      151
================================================================================
AV 52.9 33.1                               6.9 FASTST   M    M   5    MAX(MPH)
                                 MISC ---->  # 35 320               # 46  300
================================================================================
NOTES:
# LAST OF SEVERAL OCCURRENCES

COLUMN 17 PEAK WIND IN M.P.H.

PRELIMINARY LOCAL CLIMATOLOGICAL DATA (WS FORM: F-6) , PAGE 2

                                          STATION:  ROANOKE VA
                                          MONTH:    NOVEMBER
                                          YEAR:     2014
                                          LATITUDE:   37 19 N
                                          LONGITUDE:  79 58 W

[TEMPERATURE DATA]      [PRECIPITATION DATA]       SYMBOLS USED IN COLUMN 16

AVERAGE MONTHLY: 43.0   TOTAL FOR MONTH:   3.52    1 = FOG OR MIST
DPTR FM NORMAL:  -5.1   DPTR FM NORMAL:    0.12    2 = FOG REDUCING VISIBILITY
HIGHEST:    72 ON  4    GRTST 24HR  1.45 ON 26-26      TO 1/4 MILE OR LESS
LOWEST:     18 ON 19                               3 = THUNDER
                        SNOW, ICE PELLETS, HAIL    4 = ICE PELLETS
                        TOTAL MONTH:   0.5 INCH    5 = HAIL
                        GRTST 24HR   0.5 ON 26-26  6 = FREEZING RAIN OR DRIZZLE
                        GRTST DEPTH:   0           7 = DUSTSTORM OR SANDSTORM:
                                                       VSBY 1/2 MILE OR LESS
                                                   8 = SMOKE OR HAZE
[NO. OF DAYS WITH]      [WEATHER - DAYS WITH]      9 = BLOWING SNOW
                                                   X = TORNADO
MAX 32 OR BELOW:   1    0.01 INCH OR MORE:   7
MAX 90 OR ABOVE:   0    0.10 INCH OR MORE:   4
MIN 32 OR BELOW:  15    0.50 INCH OR MORE:   3
MIN  0 OR BELOW:   0    1.00 INCH OR MORE:   1

[HDD (BASE 65) ]
TOTAL THIS MO.   654    CLEAR  (SCALE 0-3)   8
DPTR FM NORMAL   147    PTCLDY (SCALE 4-7)  16
TOTAL FM JUL 1   878    CLOUDY (SCALE 8-10)  6
DPTR FM NORMAL    74

[CDD (BASE 65) ]
TOTAL THIS MO.     0
DPTR FM NORMAL    -1    [PRESSURE DATA]
TOTAL FM JAN 1  1128    HIGHEST SLP 30.57 ON 22
DPTR FM NORMAL   -80    LOWEST  SLP 29.62 ON 17

[REMARKS]
#FINAL-11-14#




U.S. Dept. of Commerce
NOAA National Weather Service
1325 East West Highway
Silver Spring, MD 20910
E-mail: w-nws.webmaster@noaa.gov
Page last modified: May 16, 2007
NATIONAL WEATHER SERVICE: for Safety, for Work, for Fun - FOR LIFE