705
CXUS55 KREV 010909
CF6RNO

PRELIMINARY LOCAL CLIMATOLOGICAL DATA (WS FORM: F-6)

                                          STATION:   RENO TAHOE AIRPORT NV
                                          MONTH:     NOVEMBER
                                          YEAR:      2014
                                          LATITUDE:   39 30 N
                                          LONGITUDE: 119 47 W

  TEMPERATURE IN F:       :PCPN:    SNOW:  WIND      :SUNSHINE: SKY     :PK WND
================================================================================
1   2   3   4   5  6A  6B    7    8   9   10  11  12  13   14  15   16   17  18
                                     12Z  AVG MX 2MIN
DY MAX MIN AVG DEP HDD CDD  WTR  SNW DPTH SPD SPD DIR MIN PSBL S-S WX    SPD DR
================================================================================

 1  53  38  46  -2  19   0 0.10  0.0    0  9.5 21 290   M    M   M        28 280
 2  49  34  42  -6  23   0 0.00  0.0    0  4.1 13 350   M    M   M        19 300
 3  55  28  42  -5  23   0 0.00  0.0    0  3.5 14  90   M    M   M        18  90
 4  63  31  47   0  18   0 0.00  0.0    0  1.2  7 290   M    M   M        12 280
 5  68  34  51   5  14   0 0.00  0.0    0  2.9 15  90   M    M   M        19  80
 6  74  37  56  10   9   0 0.00  0.0    0  2.0 15 280   M    M   M        19 280
 7  72  40  56  10   9   0 0.00  0.0    0  2.6 12 100   M    M   M        14 110
 8  69  36  53   8  12   0 0.00  0.0    0  1.1  7 110   M    M   M        10 300
 9  76  36  56  11   9   0 0.00  0.0    0  3.6 15 340   M    M   M        19 340
10  61  36  49   4  16   0 0.00  0.0    0  4.2 13  50   M    M   M        15  60
11  59  29  44   0  21   0 0.00  0.0    0  3.3 12  40   M    M   M        14  40
12  53  29  41  -3  24   0 0.00  0.0    0  2.2  9  90   M    M   M        11  70
13  62  37  50   6  15   0 0.04  0.0    0  7.0 23 300   M    M   M        30 290
14  60  42  51   8  14   0 0.00  0.0    0 10.2 23 280   M    M   M        33 270
15  58  30  44   1  21   0    T  0.0    0  7.4 26  40   M    M   M        34  40
16  44  23  34  -8  31   0 0.00  0.0    0  4.7 14  90   M    M   M        17 100
17  47  19  33  -9  32   0 0.00  0.0    0  1.8  8  60   M    M   M        11 270
18  49  20  35  -7  30   0 0.00  0.0    0  1.2  6  60   M    M   M         9 310
19  54  34  44   3  21   0    T  0.0    0  2.4 12 190   M    M   M        15 300
20  52  32  42   1  23   0 0.05  0.0    0  3.4 20 190   M    M   M        23 190
21  55  30  43   2  22   0 0.00  0.0    0  3.2 16 300   M    M   M 1      20 290
22  61  37  49   9  16   0    T  0.0    0 12.5 31 250   M    M   M        42 270
23  46  27  37  -3  28   0 0.00  0.0    0  2.4 10 340   M    M   M        14 290
24  55  24  40   0  25   0 0.00  0.0    0  1.1  7 230   M    M   M        12 280
25  63  26  45   6  20   0 0.00  0.0    0  1.5  7 190   M    M   M         8 290
26  67  28  48   9  17   0 0.00  0.0    0  1.2 10 300   M    M   M        13 300
27  73  41  57  18   8   0 0.00  0.0    0  4.6 22 190   M    M   M        26 210
28  67  39  53  15  12   0 0.00  0.0    0 13.8 35 250   M    M   M        47 240
29  53  41  47   9  18   0 0.09  0.0    0 11.0 37 170   M    M   M        47 140
30  49  40  45   7  20   0 0.03  0.0    0  4.6 16  40   M    M   M        18  40
================================================================================
SM 1767  978       570   0  0.31     0.0 134.2          M        M
================================================================================
AV 58.9 32.6                               4.5 FASTST   M    M   0    MAX(MPH)
                                 MISC ---->  # 37 170               # 47  240
================================================================================
NOTES:
# LAST OF SEVERAL OCCURRENCES

COLUMN 17 PEAK WIND IN M.P.H.

PRELIMINARY LOCAL CLIMATOLOGICAL DATA (WS FORM: F-6) , PAGE 2

                                          STATION:  RENO TAHOE AIRPORT NV
                                          MONTH:    NOVEMBER
                                          YEAR:     2014
                                          LATITUDE:   39 30 N
                                          LONGITUDE: 119 47 W

[TEMPERATURE DATA]      [PRECIPITATION DATA]       SYMBOLS USED IN COLUMN 16

AVERAGE MONTHLY: 45.8   TOTAL FOR MONTH:   0.31    1 = FOG OR MIST
DPTR FM NORMAL:   3.0   DPTR FM NORMAL:   -0.51    2 = FOG REDUCING VISIBILITY
HIGHEST:    76 ON  9    GRTST 24HR  0.28 ON 31- 1      TO 1/4 MILE OR LESS
LOWEST:     19 ON 17                               3 = THUNDER
                        SNOW, ICE PELLETS, HAIL    4 = ICE PELLETS
                        TOTAL MONTH:   0.0 INCH    5 = HAIL
                        GRTST 24HR     0.0         6 = FREEZING RAIN OR DRIZZLE
                        GRTST DEPTH:   0           7 = DUSTSTORM OR SANDSTORM:
                                                       VSBY 1/2 MILE OR LESS
                                                   8 = SMOKE OR HAZE
[NO. OF DAYS WITH]      [WEATHER - DAYS WITH]      9 = BLOWING SNOW
                                                   X = TORNADO
MAX 32 OR BELOW:   0    0.01 INCH OR MORE:   5
MAX 90 OR ABOVE:   0    0.10 INCH OR MORE:   1
MIN 32 OR BELOW:  14    0.50 INCH OR MORE:   0
MIN  0 OR BELOW:   0    1.00 INCH OR MORE:   0

[HDD (BASE 65) ]
TOTAL THIS MO.   570    CLEAR  (SCALE 0-3)   0
DPTR FM NORMAL   -97    PTCLDY (SCALE 4-7)   0
TOTAL FM JUL 1   825    CLOUDY (SCALE 8-10)  0
DPTR FM NORMAL  -278

[CDD (BASE 65) ]
TOTAL THIS MO.     0
DPTR FM NORMAL     0    [PRESSURE DATA]
TOTAL FM JAN 1  1211    HIGHEST SLP M ON M
DPTR FM NORMAL   372    LOWEST  SLP 29.54 ON  1

[REMARKS]

THE AVERAGE TEMPERATURE FOR NOVEMBER 2014 AT THE RENO TAHOE AIRPORT
WAS 45.8 DEGREES WHICH IS 3.0 DEGREES ABOVE NORMAL.  THIS MAKES
NOVEMBER 2014 THE SIXTH WARMEST NOVEMBER ON RECORD AT RENO.  IN
ADDITION...WITH AN AVERAGE TEMPERATURE OF 57.7 DEGREES...AUTUMN 2014
(SEPTEMBER THROUGH NOVEMBER) IS NOW THE SECOND WARMEST AUTUMN ON
RECORD AT RENO.

THE HIGHEST TEMPERATURE FOR NOVEMBER WAS 76 DEGREES WHICH OCCURRED
ON THE 9TH.  THE LOWEST TEMPERATURE FOR THE MONTH WAS 19 DEGREES
WHICH WAS RECORDED ON THE 17TH.

FOR NOVEMBER 2014 A TOTAL OF 0.31 INCH OF PRECIPITATION WAS RECORDED
AT THE RENO TAHOE INTERNATIONAL AIRPORT.  THIS IS 0.51 INCH BELOW
NORMAL.

THE AVERAGE WIND SPEED FOR THE MONTH WAS 4.5 MPH.  THE PEAK WIND
GUST FOR THE MONTH WAS 47 MPH FROM THE WEST WHICH OCCURRED ON THE
28TH AND 47 MPH FROM THE SOUTHEAST WHICH OCCURRED ON THE 29TH.


#FINAL-11-14#




U.S. Dept. of Commerce
NOAA National Weather Service
1325 East West Highway
Silver Spring, MD 20910
E-mail: w-nws.webmaster@noaa.gov
Page last modified: May 16, 2007
NATIONAL WEATHER SERVICE: for Safety, for Work, for Fun - FOR LIFE