121
CXUS56 KSGX 292137
CF6RNM
PRELIMINARY LOCAL CLIMATOLOGICAL DATA (WS FORM: F-6)

                                          STATION:   RAMONA AIRPORT CA
                                          MONTH:     JANUARY
                                          YEAR:      2015
                                          LATITUDE:   33  2 N
                                          LONGITUDE: 116 55 W

  TEMPERATURE IN F:       :PCPN:    SNOW:  WIND      :SUNSHINE: SKY     :PK WND
================================================================================
1   2   3   4   5  6A  6B    7    8   9   10  11  12  13   14  15   16   17  18
                                     12Z  AVG MX 2MIN
DY MAX MIN AVG DEP HDD CDD  WTR  SNW DPTH SPD SPD DIR MIN PSBL S-S WX    SPD DR
================================================================================

 1  54  25  40 -10  25   0 0.00  0.0    0  3.2 12 270   M    M   0 1      17 310
 2  56  25  41  -9  24   0 0.00  0.0    0  2.6 10 300   M    M   1 1      13 270
 3  59  28  44  -6  21   0 0.00  0.0    0  2.5  9 290   M    M   1 18     12 320
 4  69  27  48  -2  17   0 0.00  0.0    0  2.5 12 310   M    M   0        14 310
 5  76  39  58   8   7   0 0.00  0.0    0  9.0 20  70   M    M   0        25  70
 6  79  41  60  10   5   0 0.00  0.0    0  8.8 23  70   M    M   0        30  70
 7  79  36  58   8   7   0 0.00  0.0    0  2.8 12 290   M    M   0        13 290
 8  71  42  57   7   8   0 0.00  0.0    0  2.3 13 280   M    M   2        14 280
 9  66  43  55   5  10   0 0.00  0.0    0  1.9 10 310   M    M   2 1      14 290
10  68  36  52   2  13   0    T    M    0  2.5 12 280   M    M   3 1      14 290
11  57  51  54   4  11   0 0.56  0.0    0  2.5  8 310   M    M  10 1      51 270
12  63  50  57   7   8   0 0.07  0.0    0  3.9 10 300   M    M   7 1       M  M
13  64  47  56   6   9   0 0.00  0.0    0  4.4 12  50   M    M   4 128    15 330
14  68  37  53   3  12   0 0.00  0.0    0  4.4 13  10   M    M   0        15 300
15  71  39  55   5  10   0 0.00  0.0    0  9.9 23  60   M    M   0        32  70
16  72  37  55   5  10   0 0.00  0.0    0  3.5 12 310   M    M   0        14 280
17  75  35  55   5  10   0 0.00  0.0    0  3.2 14 300   M    M   0 1      17 330
18  73  34  54   4  11   0 0.00  0.0    0  2.8 13 310   M    M   0 1      16 320
19  74  35  55   5  10   0 0.00  0.0    0  2.4 12 310   M    M   0 12     13 320
20  68  34  51   1  14   0 0.00  0.0    0  3.3 16 310   M    M   3 128    18 270
21  69  40  55   5  10   0 0.00  0.0    0  3.4 10 140   M    M   4 18     12 150
22  71  30  51   1  14   0 0.00  0.0    0  8.5 22  90   M    M   0        27  90
23  71  34  53   3  12   0 0.00  0.0    0 11.0 20  90   M    M   0        26  80
24  73  31  52   2  13   0 0.00  0.0    0 13.9 32  70   M    M   0        48  90
25  76  52  64  14   1   0 0.00  0.0    0  8.6 38  70   M    M   1        48  60
26  69  44  57   7   8   0 0.15    M    0  8.2 26  50   M    M   7 12     30  50
27  70  42  56   6   9   0 0.00  0.0    0  2.9 15 270   M    M   3 12     18 270
28  74  40  57   7   8   0 0.00  0.0    0  3.4 13  80   M    M   0 1      15  70
================================================================================
SM 1935 1054       317   0  0.78     0.0 138.3          M       48
================================================================================
AV 69.1 37.6                               4.9 FASTST   M    M   2    MAX(MPH)
                                 MISC ---->  # 38  70               # 51  270
================================================================================
NOTES:
# LAST OF SEVERAL OCCURRENCES

COLUMN 17 PEAK WIND IN M.P.H.

PRELIMINARY LOCAL CLIMATOLOGICAL DATA (WS FORM: F-6) , PAGE 2

                                          STATION:  RAMONA AIRPORT CA
                                          MONTH:    JANUARY
                                          YEAR:     2015
                                          LATITUDE:   33  2 N
                                          LONGITUDE: 116 55 W

[TEMPERATURE DATA]      [PRECIPITATION DATA]       SYMBOLS USED IN COLUMN 16

AVERAGE MONTHLY: 53.4   TOTAL FOR MONTH:   0.78    1 = FOG OR MIST
DPTR FM NORMAL:   3.4   DPTR FM NORMAL:   -2.26    2 = FOG REDUCING VISIBILITY
HIGHEST:    79 ON  7, 6 GRTST 24HR  0.63 ON 11-12      TO 1/4 MILE OR LESS
LOWEST:     25 ON  2, 1                            3 = THUNDER
                        SNOW, ICE PELLETS, HAIL    4 = ICE PELLETS
                        TOTAL MONTH:   0.0 INCH    5 = HAIL
                        GRTST 24HR     0.0         6 = FREEZING RAIN OR DRIZZLE
                        GRTST DEPTH:   0           7 = DUSTSTORM OR SANDSTORM:
                                                       VSBY 1/2 MILE OR LESS
                                                   8 = SMOKE OR HAZE
[NO. OF DAYS WITH]      [WEATHER - DAYS WITH]      9 = BLOWING SNOW
                                                   X = TORNADO
MAX 32 OR BELOW:   0    0.01 INCH OR MORE:   3
MAX 90 OR ABOVE:   0    0.10 INCH OR MORE:   2
MIN 32 OR BELOW:   6    0.50 INCH OR MORE:   1
MIN  0 OR BELOW:   0    1.00 INCH OR MORE:   0

[HDD (BASE 65) ]
TOTAL THIS MO.   317    CLEAR  (SCALE 0-3)  22
DPTR FM NORMAL  -103    PTCLDY (SCALE 4-7)   5
TOTAL FM JUL 1   917    CLOUDY (SCALE 8-10)  1
DPTR FM NORMAL  -391

[CDD (BASE 65) ]
TOTAL THIS MO.     0
DPTR FM NORMAL     0    [PRESSURE DATA]
TOTAL FM JAN 1     0    HIGHEST SLP M ON M
DPTR FM NORMAL     0    LOWEST  SLP 29.92 ON 25

[REMARKS]




U.S. Dept. of Commerce
NOAA National Weather Service
1325 East West Highway
Silver Spring, MD 20910
E-mail: w-nws.webmaster@noaa.gov
Page last modified: May 16, 2007
NATIONAL WEATHER SERVICE: for Safety, for Work, for Fun - FOR LIFE