345
CXUS56 KSGX 241445
CF6RNM
PRELIMINARY LOCAL CLIMATOLOGICAL DATA (WS FORM: F-6)

                                          STATION:   RAMONA AIRPORT CA
                                          MONTH:     JULY
                                          YEAR:      2014
                                          LATITUDE:   33  2 N
                                          LONGITUDE: 116 55 W

  TEMPERATURE IN F:       :PCPN:    SNOW:  WIND      :SUNSHINE: SKY     :PK WND
================================================================================
1   2   3   4   5  6A  6B    7    8   9   10  11  12  13   14  15   16   17  18
                                     12Z  AVG MX 2MIN
DY MAX MIN AVG DEP HDD CDD  WTR  SNW DPTH SPD SPD DIR MIN PSBL S-S WX    SPD DR
================================================================================

 1  87  54  71   1   0   6 0.00  0.0    0  5.8 14 270   M    M   1 128    20 280
 2  88  56  72   2   0   7 0.00  0.0    0  5.8 14 270   M    M   2 12     19 310
 3  95  55  75   5   0  10 0.00  0.0    0  5.8 16 260   M    M   0        19 270
 4  91  63  77   6   0  12 0.00  0.0    0  5.0 15 270   M    M   0        20 270
 5  92  65  79   8   0  14 0.00  0.0    0  5.8 16 270   M    M   0        21 270
 6  92  63  78   7   0  13 0.00  0.0    0  5.5 16 270   M    M   0        21 270
 7  94  59  77   6   0  12 0.00  0.0    0  5.0 15 270   M    M   0        20 290
 8  92  59  76   5   0  11 0.00  0.0    0  6.7 16 290   M    M   0 1      20 290
 9  90  54  72   0   0   7 0.00  0.0    0  6.2 16 280   M    M   2 12     19 270
10  89  55  72   0   0   7 0.00  0.0    0  6.2 15 270   M    M   2 18     21 340
11  86  57  72   0   0   7 0.00  0.0    0  6.3 15 270   M    M   3 12     20 270
12  86  55  71  -1   0   6 0.00  0.0    0  5.3 14 280   M    M   2 128    19 280
13  87  59  73   1   0   8 0.00  0.0    0  5.9 15 280   M    M   0        20 280
14  85  64  75   3   0  10    T  0.0    0  5.7 16 310   M    M   1 18     26 200
15  79  62  71  -1   0   6 0.00  0.0    0  6.5 15 270   M    M   4 18     20 270
16  85  59  72   0   0   7 0.00  0.0    0  6.2 16 270   M    M   3 18     21 280
17  81  59  70  -2   0   5 0.00  0.0    0  6.1 17 270   M    M   4        22 270
18  82  57  70  -2   0   5 0.00  0.0    0  5.5 15 280   M    M   2        21 300
19  81  60  71  -2   0   6 0.00  0.0    0  5.9 16 270   M    M   2        20 280
20  83  60  72  -1   0   7 0.00  0.0    0  6.1 16 270   M    M   4        20 260
21  87  58  73   0   0   8 0.00  0.0    0  5.3 16 270   M    M   3        22 280
22  89  53  71  -2   0   6 0.00  0.0    0  7.0 17 300   M    M   1 12     25 280
23  95  54  75   2   0  10 0.00  0.0    0  5.8 17 270   M    M   0        23 270
================================================================================
SM 2016 1340         0 190    T      0.0 135.4          M       36
================================================================================
AV 87.7 58.3                               5.9 FASTST   M    M   2    MAX(MPH)
                                 MISC ---->  # 17 270               # 26  200
================================================================================
NOTES:
# LAST OF SEVERAL OCCURRENCES

COLUMN 17 PEAK WIND IN M.P.H.

PRELIMINARY LOCAL CLIMATOLOGICAL DATA (WS FORM: F-6) , PAGE 2

                                          STATION:  RAMONA AIRPORT CA
                                          MONTH:    JULY
                                          YEAR:     2014
                                          LATITUDE:   33  2 N
                                          LONGITUDE: 116 55 W

[TEMPERATURE DATA]      [PRECIPITATION DATA]       SYMBOLS USED IN COLUMN 16

AVERAGE MONTHLY: 73.0   TOTAL FOR MONTH:      T    1 = FOG OR MIST
DPTR FM NORMAL:   1.2   DPTR FM NORMAL:   -0.08    2 = FOG REDUCING VISIBILITY
HIGHEST:    95 ON 23, 3 GRTST 24HR    T  ON 14-14      TO 1/4 MILE OR LESS
LOWEST:     53 ON 22                               3 = THUNDER
                        SNOW, ICE PELLETS, HAIL    4 = ICE PELLETS
                        TOTAL MONTH:   0.0 INCH    5 = HAIL
                        GRTST 24HR     0.0         6 = FREEZING RAIN OR DRIZZLE
                        GRTST DEPTH:   0           7 = DUSTSTORM OR SANDSTORM:
                                                       VSBY 1/2 MILE OR LESS
                                                   8 = SMOKE OR HAZE
[NO. OF DAYS WITH]      [WEATHER - DAYS WITH]      9 = BLOWING SNOW
                                                   X = TORNADO
MAX 32 OR BELOW:   0    0.01 INCH OR MORE:   0
MAX 90 OR ABOVE:   8    0.10 INCH OR MORE:   0
MIN 32 OR BELOW:   0    0.50 INCH OR MORE:   0
MIN  0 OR BELOW:   0    1.00 INCH OR MORE:   0

[HDD (BASE 65) ]
TOTAL THIS MO.     0    CLEAR  (SCALE 0-3)  19
DPTR FM NORMAL     0    PTCLDY (SCALE 4-7)   4
TOTAL FM JUL 1     0    CLOUDY (SCALE 8-10)  0
DPTR FM NORMAL     0

[CDD (BASE 65) ]
TOTAL THIS MO.   190
DPTR FM NORMAL    33    [PRESSURE DATA]
TOTAL FM JAN 1   361    HIGHEST SLP M ON M
DPTR FM NORMAL    91    LOWEST  SLP 29.79 ON  1

[REMARKS]




U.S. Dept. of Commerce
NOAA National Weather Service
1325 East West Highway
Silver Spring, MD 20910
E-mail: w-nws.webmaster@noaa.gov
Page last modified: May 16, 2007
NATIONAL WEATHER SERVICE: for Safety, for Work, for Fun - FOR LIFE