849
CXUS56 KSGX 271445
CF6RNM
PRELIMINARY LOCAL CLIMATOLOGICAL DATA (WS FORM: F-6)

                                          STATION:   RAMONA AIRPORT CA
                                          MONTH:     NOVEMBER
                                          YEAR:      2014
                                          LATITUDE:   33  2 N
                                          LONGITUDE: 116 55 W

  TEMPERATURE IN F:       :PCPN:    SNOW:  WIND      :SUNSHINE: SKY     :PK WND
================================================================================
1   2   3   4   5  6A  6B    7    8   9   10  11  12  13   14  15   16   17  18
                                     12Z  AVG MX 2MIN
DY MAX MIN AVG DEP HDD CDD  WTR  SNW DPTH SPD SPD DIR MIN PSBL S-S WX    SPD DR
================================================================================

 1  64  50  57  -3   8   0 0.51  0.0    0  9.3 21 270   M    M   8 1      27 280
 2  65  43  54  -6  11   0 0.03    M    0  3.3 13 300   M    M   4 1      19 310
 3  71  38  55  -4  10   0 0.00  0.0    0  4.2 15 280   M    M   0 1      19 260
 4  78  37  58  -1   7   0 0.00  0.0    0  6.5 21  70   M    M   0        25  80
 5  85  39  62   3   3   0 0.00    M    0  7.6 22  80   M    M   0        28  70
 6  86  43  65   7   0   0 0.00  0.0    0  8.5 22  90   M    M   0        26  60
 7  88  43  66   8   0   1 0.00  0.0    0  3.8 16 270   M    M   0        20 260
 8  88  43  66   8   0   1 0.00  0.0    0  3.1 13 270   M    M   0         M  M
 9  84  43  64   6   1   0 0.00  0.0    0  3.5 13 270   M    M   1 12     17 310
10  73  42  58   1   7   0 0.00  0.0    0  4.6 14 270   M    M   6 128    21 250
11  68  57  63   6   2   0 0.00  0.0    0  3.4 12 270   M    M   9        18 280
12  68  48  58   1   7   0    T    M    0  3.6 14 270   M    M   7 1      16 310
13  68  50  59   3   6   0 0.00  0.0    0  3.7 14 290   M    M   7        17 280
14  69  50  60   4   5   0    T  0.0    0  4.2 13 260   M    M   6 1      18 280
15  68  43  56   0   9   0 0.00  0.0    0  4.6 15 270   M    M   5 12     17 270
16  72  42  57   2   8   0 0.00  0.0    0  9.2 24  90   M    M   1 1      31  80
17  74  52  63   8   2   0 0.00  0.0    0 13.5 23  70   M    M   0        27  70
18  78  37  58   3   7   0 0.00  0.0    0  6.0 21  70   M    M   0        27  70
19  74  33  54   0  11   0 0.00  0.0    0  2.8 14 270   M    M   1        17 270
20  69  33  51  -3  14   0 0.03    M    0  4.2 18 280   M    M   2 1      22 270
21  66  45  56   2   9   0 0.36  0.0    0  4.6 17 270   M    M   5 1      22 270
22  70  39  55   2  10   0 0.00  0.0    0  3.4 14 260   M    M   2 12     18 270
23  75  38  57   4   8   0 0.00  0.0    0  6.8 23  80   M    M   0 1      28  80
24  77  42  60   7   5   0 0.00  0.0    0  8.5 22  80   M    M   0        27  80
25  79  39  59   7   6   0 0.00  0.0    0  7.3 22  60   M    M   0        29  60
26  87  36  62  10   3   0 0.00  0.0    0  3.8 14 300   M    M   0        16 300
================================================================================
SM 1944 1105       159   2  0.93     0.0 144.0          M       64
================================================================================
AV 74.8 42.5                               5.5 FASTST   M    M   2    MAX(MPH)
                                 MISC ---->  # 24  90               # 31   80
================================================================================
NOTES:
# LAST OF SEVERAL OCCURRENCES

COLUMN 17 PEAK WIND IN M.P.H.

PRELIMINARY LOCAL CLIMATOLOGICAL DATA (WS FORM: F-6) , PAGE 2

                                          STATION:  RAMONA AIRPORT CA
                                          MONTH:    NOVEMBER
                                          YEAR:     2014
                                          LATITUDE:   33  2 N
                                          LONGITUDE: 116 55 W

[TEMPERATURE DATA]      [PRECIPITATION DATA]       SYMBOLS USED IN COLUMN 16

AVERAGE MONTHLY: 58.6   TOTAL FOR MONTH:   0.93    1 = FOG OR MIST
DPTR FM NORMAL:   2.6   DPTR FM NORMAL:   -0.12    2 = FOG REDUCING VISIBILITY
HIGHEST:    88 ON  8, 7 GRTST 24HR  0.52 ON  1- 2      TO 1/4 MILE OR LESS
LOWEST:     33 ON 20,19                            3 = THUNDER
                        SNOW, ICE PELLETS, HAIL    4 = ICE PELLETS
                        TOTAL MONTH:   0.0 INCH    5 = HAIL
                        GRTST 24HR     0.0         6 = FREEZING RAIN OR DRIZZLE
                        GRTST DEPTH:   0           7 = DUSTSTORM OR SANDSTORM:
                                                       VSBY 1/2 MILE OR LESS
                                                   8 = SMOKE OR HAZE
[NO. OF DAYS WITH]      [WEATHER - DAYS WITH]      9 = BLOWING SNOW
                                                   X = TORNADO
MAX 32 OR BELOW:   0    0.01 INCH OR MORE:   4
MAX 90 OR ABOVE:   0    0.10 INCH OR MORE:   2
MIN 32 OR BELOW:   0    0.50 INCH OR MORE:   1
MIN  0 OR BELOW:   0    1.00 INCH OR MORE:   0

[HDD (BASE 65) ]
TOTAL THIS MO.   159    CLEAR  (SCALE 0-3)  17
DPTR FM NORMAL   -79    PTCLDY (SCALE 4-7)   8
TOTAL FM JUL 1   175    CLOUDY (SCALE 8-10)  1
DPTR FM NORMAL  -182

[CDD (BASE 65) ]
TOTAL THIS MO.     2
DPTR FM NORMAL    -2    [PRESSURE DATA]
TOTAL FM JAN 1  1119    HIGHEST SLP M ON M
DPTR FM NORMAL   271    LOWEST  SLP 29.81 ON  9

[REMARKS]




U.S. Dept. of Commerce
NOAA National Weather Service
1325 East West Highway
Silver Spring, MD 20910
E-mail: w-nws.webmaster@noaa.gov
Page last modified: May 16, 2007
NATIONAL WEATHER SERVICE: for Safety, for Work, for Fun - FOR LIFE