773
CXUS51 KRNK 230929
CF6RNK

PRELIMINARY LOCAL CLIMATOLOGICAL DATA (WS FORM: F-6)

                                          STATION:   BLACKSBURG VA
                                          MONTH:     APRIL
                                          YEAR:      2014
                                          LATITUDE:   37 13 N
                                          LONGITUDE:  80 25 W

  TEMPERATURE IN F:       :PCPN:    SNOW:  WIND      :SUNSHINE: SKY     :PK WND
================================================================================
1   2   3   4   5  6A  6B    7    8   9   10  11  12  13   14  15   16   17  18
                                     12Z  AVG MX 2MIN
DY MAX MIN AVG DEP HDD CDD  WTR  SNW DPTH SPD SPD DIR MIN PSBL S-S WX    SPD DR
================================================================================

 1  77  34  56  10   9   0    T  0.0    0  3.0 14 250   M    M   1        20 280
 2  79  38  59  12   6   0 0.01  0.0    0  2.3 10 260   M    M   2 3      16 290
 3  72  46  59  12   6   0 0.24  0.0    0  4.0 14 180   M    M   3 3      21 180
 4  67  49  58  11   7   0 0.15  0.0    0  5.8 17 240   M    M   5 12     30 270
 5  56  34  45  -3  20   0 0.00  0.0    0  9.7 18 310   M    M   0        25 310
 6  58  28  43  -5  22   0    T  0.0    0  5.2 14 110   M    M   3        18 110
 7  54  41  48   0  17   0 1.03  0.0    0  5.9 13 180   M    M  10 12     24 180
 8  56  36  46  -2  19   0 0.00  0.0    0  8.0 15 260   M    M   7        23 310
 9  57  34  46  -3  19   0    T  0.0    0  4.0 10 310   M    M   3        19 280
10  69  30  50   1  15   0 0.00  0.0    0  4.2 12 200   M    M   0        19 200
11  74  40  57   8   8   0    T  0.0    0  4.7 13 270   M    M   1        26 250
12  76  44  60  10   5   0 0.00  0.0    0  2.4 10 180   M    M   3        16 170
13  78  46  62  12   3   0 0.00  0.0    0  4.0 14 180   M    M   0        20 180
14  69  58  64  14   1   0 0.01  0.0    0  7.2 13 210   M    M   6        23 200
15  60  28  44  -7  21   0 0.53    T    0  9.3 23 310   M    M   9 14     38 330
16  51  24  38 -13  27   0 0.00  0.0    0  7.6 17 340   M    M   0        25 320
17  57  27  42  -9  23   0 0.00  0.0    0  3.5 10  70   M    M   0         M  M
18  56  33  45  -7  20   0 0.00  0.0    0  1.6  7 120   M    M   1         M  M
19  63  42  53   1  12   0 0.00  0.0    0  4.5 13 100   M    M   2        16  50
20  67  41  54   2  11   0 0.00  0.0    0  7.4 16  80   M    M   0        22  80
21  77  33  55   3  10   0 0.00  0.0    0  2.7 10 130   M    M   0         M  M
22  70  46  58   5   7   0    T  0.0    0  4.4 16 320   M    M   4        24 320
================================================================================
SM 1443  832       288   0  1.97    T    111.4          M       60
================================================================================
AV 65.6 37.8                               5.1 FASTST   M    M   3    MAX(MPH)
                                 MISC ---->  # 23 310               # 38  330
================================================================================
NOTES:
# LAST OF SEVERAL OCCURRENCES

COLUMN 17 PEAK WIND IN M.P.H.

PRELIMINARY LOCAL CLIMATOLOGICAL DATA (WS FORM: F-6) , PAGE 2

                                          STATION:  BLACKSBURG VA
                                          MONTH:    APRIL
                                          YEAR:     2014
                                          LATITUDE:   37 13 N
                                          LONGITUDE:  80 25 W

[TEMPERATURE DATA]      [PRECIPITATION DATA]       SYMBOLS USED IN COLUMN 16

AVERAGE MONTHLY: 51.7   TOTAL FOR MONTH:   1.97    1 = FOG OR MIST
DPTR FM NORMAL:   2.2   DPTR FM NORMAL:   -0.58    2 = FOG REDUCING VISIBILITY
HIGHEST:    79 ON  2    GRTST 24HR  1.03 ON  7- 7      TO 1/4 MILE OR LESS
LOWEST:     24 ON 16                               3 = THUNDER
                        SNOW, ICE PELLETS, HAIL    4 = ICE PELLETS
                        TOTAL MONTH:    T          5 = HAIL
                        GRTST 24HR    T  ON 15-15  6 = FREEZING RAIN OR DRIZZLE
                        GRTST DEPTH:   0           7 = DUSTSTORM OR SANDSTORM:
                                                       VSBY 1/2 MILE OR LESS
                                                   8 = SMOKE OR HAZE
[NO. OF DAYS WITH]      [WEATHER - DAYS WITH]      9 = BLOWING SNOW
                                                   X = TORNADO
MAX 32 OR BELOW:   0    0.01 INCH OR MORE:   6
MAX 90 OR ABOVE:   0    0.10 INCH OR MORE:   4
MIN 32 OR BELOW:   5    0.50 INCH OR MORE:   2
MIN  0 OR BELOW:   0    1.00 INCH OR MORE:   1

[HDD (BASE 65) ]
TOTAL THIS MO.   288    CLEAR  (SCALE 0-3)  15
DPTR FM NORMAL   -53    PTCLDY (SCALE 4-7)   5
TOTAL FM JUL 1  5256    CLOUDY (SCALE 8-10)  2
DPTR FM NORMAL   140

[CDD (BASE 65) ]
TOTAL THIS MO.     0
DPTR FM NORMAL     0    [PRESSURE DATA]
TOTAL FM JAN 1     0    HIGHEST SLP M ON M
DPTR FM NORMAL     0    LOWEST  SLP M ON M

[REMARKS]




U.S. Dept. of Commerce
NOAA National Weather Service
1325 East West Highway
Silver Spring, MD 20910
E-mail: w-nws.webmaster@noaa.gov
Page last modified: May 16, 2007
NATIONAL WEATHER SERVICE: for Safety, for Work, for Fun - FOR LIFE