874
CXUS52 KFFC 291110
CF6RMG
PRELIMINARY LOCAL CLIMATOLOGICAL DATA (WS FORM: F-6)

                                          STATION:   ROME
                                          MONTH:     JANUARY
                                          YEAR:      2015
                                          LATITUDE:   34 20 N
                                          LONGITUDE:  85 10 W

  TEMPERATURE IN F:       :PCPN:    SNOW:  WIND      :SUNSHINE: SKY     :PK WND
================================================================================
1   2   3   4   5  6A  6B    7    8   9   10  11  12  13   14  15   16   17  18
                                     12Z  AVG MX 2MIN
DY MAX MIN AVG DEP HDD CDD  WTR  SNW DPTH SPD SPD DIR MIN PSBL S-S WX    SPD DR
================================================================================

 1  50  27  39  -2  26   0 0.03  0.0    M  0.4 20  90   M    M   6        28  90
 2  45  41  43   2  22   0 0.84    M    M  2.2  9  10   M    M  10 1      11  80
 3  59  45  52  11  13   0 0.51    M    M  7.0 17 190   M    M  10 1      23 260
 4  63  43  53  12  12   0 1.12    M    M  7.5 22 310   M    M   7 1      31 310
 5  45  27  36  -5  29   0 0.00    M    M  6.3 17 340   M    M   3        22 340
 6  53  23  38  -3  27   0 0.00  0.0    M  4.7 15 300   M    M   0        19 290
 7  36  14  25 -16  40   0 0.00    M    M 10.8 25 340   M    M   2        36 350
 8  33   9  21 -20  44   0 0.00    M    M  6.5 20 350   M    M   0        23 360
 9  40  17  29 -12  36   0 0.00    M    M  4.2 13 320   M    M   0        19 350
10  43  19  31 -10  34   0 0.00    M    M  5.6 18  20   M    M   0        24  20
11  45  21  33  -8  32   0 0.05    M    M  3.4 10 130   M    M   6 1      14 130
12  48  39  44   3  21   0 0.09    M    M  1.1  7 200   M    M  10 12      8 200
13  48  39  44   3  21   0 0.03    M    M  8.0 17 360   M    M  10 1      23 360
14  46  29  38  -3  27   0 0.00    M    M  2.0  8 360   M    M   8 12      9 330
15  38  26  32  -9  33   0 0.01    M    M  2.1  7 280   M    M   6 1       9 310
16  52  25  39  -2  26   0 0.00  0.0    M  3.0 13  10   M    M   2 1      22  10
17  60  23  42   1  23   0 0.00  0.0    M  3.5 17 170   M    M   0        22 180
18  59  30  45   4  20   0 0.00  0.0    M  5.5 18 330   M    M   2        25 280
19  65  26  46   5  19   0 0.00  0.0    M  3.0 15 250   M    M   0 8      24 230
20  65  35  50   9  15   0 0.00  0.0    M  2.5 12 200   M    M   0 8      17 210
21  64  29  47   6  18   0 0.00  0.0    M  4.3 15 350   M    M   0 1      23 360
22  53  28  41   0  24   0 0.06    M    M  3.1 15  10   M    M   6 1      16 360
23  45  40  43   2  22   0 1.14    M    M  4.8 12 100   M    M  10 1      15 100
24  49  29  39  -2  26   0 0.01  0.0    M  7.0 16 300   M    M   4 1      24 320
25  60  25  43   2  22   0 0.04  0.0    M  4.5 18 180   M    M   2 1      24 290
26  47  33  40  -1  25   0 0.00  0.0    M  8.7 20 310   M    M   9        27 310
27  50  32  41  -1  24   0 0.00  0.0    M  6.9 21 350   M    M   6        27 360
28  54  30  42   0  23   0 0.00    M    M  6.8 20  20   M    M   3        29 310
================================================================================
SM 1415  804       704   0  3.93     0.0 135.4          M      122
================================================================================
AV 50.5 28.7                               4.8 FASTST   M    M   4    MAX(MPH)
                                 MISC ---->  # 25 340               # 36  350
================================================================================
NOTES:
# LAST OF SEVERAL OCCURRENCES

COLUMN 17 PEAK WIND IN M.P.H.

PRELIMINARY LOCAL CLIMATOLOGICAL DATA (WS FORM: F-6) , PAGE 2

                                          STATION:  ROME
                                          MONTH:    JANUARY
                                          YEAR:     2015
                                          LATITUDE:   34 20 N
                                          LONGITUDE:  85 10 W

[TEMPERATURE DATA]      [PRECIPITATION DATA]       SYMBOLS USED IN COLUMN 16

AVERAGE MONTHLY: 39.6   TOTAL FOR MONTH:   3.93    1 = FOG OR MIST
DPTR FM NORMAL:  -1.4   DPTR FM NORMAL:   -0.30    2 = FOG REDUCING VISIBILITY
HIGHEST:    65 ON 20,19 GRTST 24HR  1.63 ON  3- 4      TO 1/4 MILE OR LESS
LOWEST:      9 ON  8                               3 = THUNDER
                        SNOW, ICE PELLETS, HAIL    4 = ICE PELLETS
                        TOTAL MONTH:   0.0 INCH    5 = HAIL
                        GRTST 24HR     0.0         6 = FREEZING RAIN OR DRIZZLE
                        GRTST DEPTH:  M  ON   M    7 = DUSTSTORM OR SANDSTORM:
                                                       VSBY 1/2 MILE OR LESS
                                                   8 = SMOKE OR HAZE
[NO. OF DAYS WITH]      [WEATHER - DAYS WITH]      9 = BLOWING SNOW
                                                   X = TORNADO
MAX 32 OR BELOW:   0    0.01 INCH OR MORE:  12
MAX 90 OR ABOVE:   0    0.10 INCH OR MORE:   4
MIN 32 OR BELOW:  20    0.50 INCH OR MORE:   4
MIN  0 OR BELOW:   0    1.00 INCH OR MORE:   2

[HDD (BASE 65) ]
TOTAL THIS MO.   704    CLEAR  (SCALE 0-3)  13
DPTR FM NORMAL    33    PTCLDY (SCALE 4-7)   9
TOTAL FM JUL 1  1980    CLOUDY (SCALE 8-10)  6
DPTR FM NORMAL     9

[CDD (BASE 65) ]
TOTAL THIS MO.     0
DPTR FM NORMAL     0    [PRESSURE DATA]
TOTAL FM JAN 1     0    HIGHEST SLP M ON M
DPTR FM NORMAL     0    LOWEST  SLP 29.67 ON 24

[REMARKS]




U.S. Dept. of Commerce
NOAA National Weather Service
1325 East West Highway
Silver Spring, MD 20910
E-mail: w-nws.webmaster@noaa.gov
Page last modified: May 16, 2007
NATIONAL WEATHER SERVICE: for Safety, for Work, for Fun - FOR LIFE