407
CXUS52 KFFC 281110
CF6RMG
PRELIMINARY LOCAL CLIMATOLOGICAL DATA (WS FORM: F-6)

                                          STATION:   ROME
                                          MONTH:     JULY
                                          YEAR:      2014
                                          LATITUDE:   34 20 N
                                          LONGITUDE:  85 10 W

  TEMPERATURE IN F:       :PCPN:    SNOW:  WIND      :SUNSHINE: SKY     :PK WND
================================================================================
1   2   3   4   5  6A  6B    7    8   9   10  11  12  13   14  15   16   17  18
                                     12Z  AVG MX 2MIN
DY MAX MIN AVG DEP HDD CDD  WTR  SNW DPTH SPD SPD DIR MIN PSBL S-S WX    SPD DR
================================================================================

 1  90  66  78  -1   0  13 0.00  0.0    M  2.3  9 230   M    M   3 12     14 180
 2  93  71  82   3   0  17 0.00    M    M  2.6 10 280   M    M   0 1      15 240
 3  86  69  78  -1   0  13 0.00  0.0    0  7.1 16 360   M    M   1        24 320
 4  84  64  74  -5   0   9 0.00  0.0    0  9.6 22  30   M    M   0        28  20
 5  86  59  73  -6   0   8 0.00  0.0    0  3.5 14  90   M    M   1        20  80
 6  88  61  75  -4   0  10 0.00  0.0    M  2.2  9 110   M    M   3        12 140
 7  90  65  78  -1   0  13 0.00  0.0    M  3.5 15 270   M    M   0 18     22 280
 8  91  65  78  -1   0  13    T  0.0    M  4.5 14 230   M    M   4 3      21 240
 9  88  72  80   1   0  15    T    M    M  3.6 12 280   M    M   3 1      14 290
10  90  68  79   0   0  14    T    M    M  2.6 10 230   M    M   3 3      14 230
11  92  68  80   1   0  15 0.00    M    M  3.5 13 130   M    M   2        18 130
12  91  68  80   1   0  15 0.00    M    M  2.4 10 160   M    M   1 1      16 130
13  93  70  82   3   0  17 0.00    M    M  2.3  9 220   M    M   1 1      14 200
14  91  72  82   2   0  17 0.10    M    M  4.3 18 290   M    M   3 13     27 280
15  84  66  75  -5   0  10 0.37  0.0    M  3.9 22 330   M    M   6 13     29 330
16  83  62  73  -7   0   8 0.00  0.0    M  6.3 15 350   M    M   0        19 350
17  84  56  70 -10   0   5 0.00  0.0    M  3.4 10 330   M    M   0        14 320
18  76  67  72  -8   0   7 0.10    M    M  3.0  9  30   M    M   8 1      16  30
19  81  69  75  -5   0  10 0.18  0.0    M  4.6 10 120   M    M   9 1      14 120
20  82  69  76  -4   0  11    T  0.0    M  4.1 10 140   M    M  10        13 140
21  87  69  78  -2   0  13 0.58    M    M  3.3 16 150   M    M   8 1      19 150
22  86  71  79  -1   0  14 0.10    M    M  2.9 12 210   M    M   5 13     14 210
23  90  70  80   0   0  15 0.01    M    M  3.5 13  60   M    M   6 13     17  60
24  89  71  80   0   0  15 0.02  0.0    M  4.1 14 300   M    M   5 123    19 320
25  89  65  77  -3   0  12 0.00  0.0    M  3.4  9 270   M    M   2        14 290
26  90  64  77  -3   0  12 0.00  0.0    M  2.7 10 240   M    M   0        14 230
27  93  67  80   0   0  15 0.00  0.0    M  5.9 15 220   M    M   2 1      23 290
================================================================================
SM 2367 1804         0 336  1.46     0.0 105.1          M       86
================================================================================
AV 87.7 66.8                               3.9 FASTST   M    M   3    MAX(MPH)
                                 MISC ---->  # 22  30               # 29  330
================================================================================
NOTES:
# LAST OF SEVERAL OCCURRENCES

COLUMN 17 PEAK WIND IN M.P.H.

PRELIMINARY LOCAL CLIMATOLOGICAL DATA (WS FORM: F-6) , PAGE 2

                                          STATION:  ROME
                                          MONTH:    JULY
                                          YEAR:     2014
                                          LATITUDE:   34 20 N
                                          LONGITUDE:  85 10 W

[TEMPERATURE DATA]      [PRECIPITATION DATA]       SYMBOLS USED IN COLUMN 16

AVERAGE MONTHLY: 77.2   TOTAL FOR MONTH:   1.46    1 = FOG OR MIST
DPTR FM NORMAL:  -2.3   DPTR FM NORMAL:   -2.48    2 = FOG REDUCING VISIBILITY
HIGHEST:    93 ON 27,13 GRTST 24HR  0.58 ON 21-21      TO 1/4 MILE OR LESS
LOWEST:     56 ON 17                               3 = THUNDER
                        SNOW, ICE PELLETS, HAIL    4 = ICE PELLETS
                        TOTAL MONTH:   0.0 INCH    5 = HAIL
                        GRTST 24HR     0.0         6 = FREEZING RAIN OR DRIZZLE
                        GRTST DEPTH:   0           7 = DUSTSTORM OR SANDSTORM:
                                                       VSBY 1/2 MILE OR LESS
                                                   8 = SMOKE OR HAZE
[NO. OF DAYS WITH]      [WEATHER - DAYS WITH]      9 = BLOWING SNOW
                                                   X = TORNADO
MAX 32 OR BELOW:   0    0.01 INCH OR MORE:   8
MAX 90 OR ABOVE:  12    0.10 INCH OR MORE:   6
MIN 32 OR BELOW:   0    0.50 INCH OR MORE:   1
MIN  0 OR BELOW:   0    1.00 INCH OR MORE:   0

[HDD (BASE 65) ]
TOTAL THIS MO.     0    CLEAR  (SCALE 0-3)  16
DPTR FM NORMAL     0    PTCLDY (SCALE 4-7)   9
TOTAL FM JUL 1     0    CLOUDY (SCALE 8-10)  2
DPTR FM NORMAL     0

[CDD (BASE 65) ]
TOTAL THIS MO.   336
DPTR FM NORMAL   -55    [PRESSURE DATA]
TOTAL FM JAN 1   906    HIGHEST SLP  0.00 ON M
DPTR FM NORMAL    17    LOWEST  SLP 29.79 ON 15

[REMARKS]




U.S. Dept. of Commerce
NOAA National Weather Service
1325 East West Highway
Silver Spring, MD 20910
E-mail: w-nws.webmaster@noaa.gov
Page last modified: May 16, 2007
NATIONAL WEATHER SERVICE: for Safety, for Work, for Fun - FOR LIFE