045
CXUS52 KFFC 011110
CF6RMG
PRELIMINARY LOCAL CLIMATOLOGICAL DATA (WS FORM: F-6)

                                          STATION:   ROME
                                          MONTH:     NOVEMBER
                                          YEAR:      2014
                                          LATITUDE:   34 20 N
                                          LONGITUDE:  85 10 W

  TEMPERATURE IN F:       :PCPN:    SNOW:  WIND      :SUNSHINE: SKY     :PK WND
================================================================================
1   2   3   4   5  6A  6B    7    8   9   10  11  12  13   14  15   16   17  18
                                     12Z  AVG MX 2MIN
DY MAX MIN AVG DEP HDD CDD  WTR  SNW DPTH SPD SPD DIR MIN PSBL S-S WX    SPD DR
================================================================================

 1  47  36  42 -14  23   0 0.00    M    M 12.9 25 350   M    M  10        33 320
 2  57  30  44 -11  21   0 0.00    M    M  6.1 16 360   M    M   0        23  10
 3  68  29  49  -6  16   0 0.00    M    M  0.7  7 150   M    M   0         9 190
 4  72  35  54  -1  11   0 0.00    M    M  1.9  M   M   M    M   0         M  M
 5  66  45  56   2   9   0    T  0.0    M  1.1  7 210   M    M   2 1      38  40
 6  71  50  61   7   4   0 0.13  0.0    0  8.9 23 310   M    M   5 1      32 330
 7  58  33  46  -8  19   0 0.00  0.0    0  9.2 23  10   M    M   3        31  10
 8  62  29  46  -7  19   0 0.00  0.0    0  1.7 12 160   M    M   0        14 160
 9  66  33  50  -3  15   0 0.00  0.0    0  2.1  9 330   M    M   0 18     13 310
10  71  30  51  -2  14   0 0.00  0.0    0  1.8  9 120   M    M   2 12     12 160
11  73  34  54   2  11   0 0.00  0.0    0  2.3 13 210   M    M   1        18 220
12  56  42  49  -3  16   0    T  0.0    0  7.0 18 240   M    M  10         M  M
13  43  31  37 -15  28   0 0.00    M    M 10.9 18 340   M    M   9        26 320
14  42  25  34 -17  31   0 0.00  0.0    M 11.0 21  10   M    M   0        27  10
15  50  24  37 -14  28   0 0.00  0.0    M  5.0 14 150   M    M   3        19 130
16  55  41  48  -3  17   0 0.77  0.0    M  6.3 30 100   M    M  10 1      31 100
17  52  30  41  -9  24   0 1.99  0.0    M  8.9 18 320   M    M   9 1      25 330
18  36  19  28 -22  37   0 0.00  0.0    M  6.0 16 290   M    M   2        22 330
19  50  15  33 -17  32   0 0.00  0.0    M  2.6 13 270   M    M   0 8      17 260
20  60  27  44  -5  21   0 0.00  0.0    M  4.2 17 300   M    M   2        22 310
21  61  29  45  -4  20   0 0.00    M    M  2.4  9  50   M    M   1        12  60
22  62  27  45  -4  20   0 0.00    M    M  5.7 20  90   M    M   3        28  90
23  61  48  55   7  10   0 1.32    M    M  6.6 16 110   M    M  10 1      24 160
24  73  45  59  11   6   0 0.00    M    M  7.9 17 240   M    M   4        27 240
25  61  40  51   3  14   0 0.00    M    M  4.3 10 330   M    M   0        16  70
26  56  37  47   0  18   0    T    M    M  6.1 21 270   M    M   4        29 260
27  49  33  41  -6  24   0 0.00  0.0    M  9.0 21 320   M    M   6        31 280
28  48  23  36 -11  29   0 0.00  0.0    M  2.3 12  10   M    M   0        19 340
29  58  24  41  -5  24   0 0.00    M    M  1.9 13 190   M    M   6        16 180
30  70  45  58  12   7   0 0.00    M    M  5.6 16 210   M    M   6        23 250
================================================================================
SM 1754  989       568   0  4.21     0.0 162.4          M      108
================================================================================
AV 58.5 33.0                               5.4 FASTST   M    M   4    MAX(MPH)
                                 MISC ---->  # 30 100               # 38   40
================================================================================
NOTES:
# LAST OF SEVERAL OCCURRENCES

COLUMN 17 PEAK WIND IN M.P.H.

PRELIMINARY LOCAL CLIMATOLOGICAL DATA (WS FORM: F-6) , PAGE 2

                                          STATION:  ROME
                                          MONTH:    NOVEMBER
                                          YEAR:     2014
                                          LATITUDE:   34 20 N
                                          LONGITUDE:  85 10 W

[TEMPERATURE DATA]      [PRECIPITATION DATA]       SYMBOLS USED IN COLUMN 16

AVERAGE MONTHLY: 45.7   TOTAL FOR MONTH:   4.21    1 = FOG OR MIST
DPTR FM NORMAL:  -5.1   DPTR FM NORMAL:   -0.64    2 = FOG REDUCING VISIBILITY
HIGHEST:    73 ON 24,11 GRTST 24HR  2.76 ON 16-17      TO 1/4 MILE OR LESS
LOWEST:     15 ON 19                               3 = THUNDER
                        SNOW, ICE PELLETS, HAIL    4 = ICE PELLETS
                        TOTAL MONTH:   0.0 INCH    5 = HAIL
                        GRTST 24HR     0.0         6 = FREEZING RAIN OR DRIZZLE
                        GRTST DEPTH:   0           7 = DUSTSTORM OR SANDSTORM:
                                                       VSBY 1/2 MILE OR LESS
                                                   8 = SMOKE OR HAZE
[NO. OF DAYS WITH]      [WEATHER - DAYS WITH]      9 = BLOWING SNOW
                                                   X = TORNADO
MAX 32 OR BELOW:   0    0.01 INCH OR MORE:   4
MAX 90 OR ABOVE:   0    0.10 INCH OR MORE:   4
MIN 32 OR BELOW:  15    0.50 INCH OR MORE:   3
MIN  0 OR BELOW:   0    1.00 INCH OR MORE:   2

[HDD (BASE 65) ]
TOTAL THIS MO.   568    CLEAR  (SCALE 0-3)  18
DPTR FM NORMAL   138    PTCLDY (SCALE 4-7)   6
TOTAL FM JUL 1   701    CLOUDY (SCALE 8-10)  6
DPTR FM NORMAL    94

[CDD (BASE 65) ]
TOTAL THIS MO.     0
DPTR FM NORMAL    -5    [PRESSURE DATA]
TOTAL FM JAN 1  1754    HIGHEST SLP 30.48 ON  3
DPTR FM NORMAL   116    LOWEST  SLP 29.55 ON 23

[REMARKS]
#FINAL-11-14#




U.S. Dept. of Commerce
NOAA National Weather Service
1325 East West Highway
Silver Spring, MD 20910
E-mail: w-nws.webmaster@noaa.gov
Page last modified: May 16, 2007
NATIONAL WEATHER SERVICE: for Safety, for Work, for Fun - FOR LIFE