280
CXUS55 KRIW 240901
CF6RKS
PRELIMINARY LOCAL CLIMATOLOGICAL DATA (WS FORM: F-6)

                                          STATION:   ROCK SPRINGS WY
                                          MONTH:     APRIL
                                          YEAR:      2014
                                          LATITUDE:   41 35 N
                                          LONGITUDE: 109  4 W

  TEMPERATURE IN F:       :PCPN:    SNOW:  WIND      :SUNSHINE: SKY     :PK WND
================================================================================
1   2   3   4   5  6A  6B    7    8   9   10  11  12  13   14  15   16   17  18
                                     12Z  AVG MX 2MIN
DY MAX MIN AVG DEP HDD CDD  WTR  SNW DPTH SPD SPD DIR MIN PSBL S-S WX    SPD DR
================================================================================

 1  42  27  35  -3  30   0 0.16    M    M  7.6 15 280   M    M   5 12     33 250
 2  37  20  29  -9  36   0 0.00  0.0    M 11.2 21 240   M    M   2        24 230
 3  42  20  31  -7  34   0 0.00  0.0    M  8.6 22 250   M    M   4        26 250
 4  48  24  36  -3  29   0 0.00  0.0    M  9.8 24 230   M    M   4        30 260
 5  50  28  39   0  26   0    T    M    M  8.7 24 320   M    M   5        28 320
 6  48  27  38  -1  27   0 0.01    M    M 16.1 31 260   M    M   5 18     38 340
 7  56  26  41   2  24   0 0.00  0.0    M 13.7 26 280   M    M   2        35 290
 8  65  33  49   9  16   0 0.00  0.0    M 15.4 27 290   M    M   0        36 260
 9  69  38  54  14  11   0 0.00  0.0    M 16.5 38 260   M    M   0        49 270
10  63  39  51  11  14   0 0.00  0.0    M 19.1 39 270   M    M   1        49 270
11  69  37  53  13  12   0 0.00  0.0    M 14.2 36 250   M    M   0        43 260
12  64  37  51  11  14   0    T    M    M 11.5 33 220   M    M   1 3      40 220
13  38  16  27 -14  38   0    T    M    M 23.2 38  60   M    M   9 1      52  50
14  48  11  30 -11  35   0 0.00  0.0    M  9.7 26 290   M    M   1        34 290
15  61  32  47   6  18   0 0.00  0.0    M 20.1 43 260   M    M   3        54 270
16  52  27  40  -2  25   0 0.00  0.0    M 11.6 23 280   M    M   0        28 310
17  62  28  45   3  20   0 0.00  0.0    M  8.6 23 250   M    M   0        31 250
18  71  42  57  15   8   0 0.00  0.0    0 15.2 39 260   M    M   3        50 230
19  66  38  52  10  13   0    T    M    M  9.3 24 260   M    M   4        29 220
20  69  39  54  11  11   0 0.00  0.0    0 11.5 28 280   M    M   1        38 270
21  68  36  52   9  13   0 0.00  0.0    0  6.9 22 260   M    M   1        27 250
22  67  37  52   9  13   0    T    M    0 18.2 37 260   M    M   3        45 260
23  47  30  39  -5  26   0 0.00  0.0    0 21.5 37 250   M    M   4        49 230
================================================================================
SM 1302  692       493   0  0.17     0.0 308.2          M       58
================================================================================
AV 56.6 30.1                              13.4 FASTST   M    M   3    MAX(MPH)
                                 MISC ---->  # 43 260               # 54  270
================================================================================
NOTES:
# LAST OF SEVERAL OCCURRENCES

COLUMN 17 PEAK WIND IN M.P.H.

PRELIMINARY LOCAL CLIMATOLOGICAL DATA (WS FORM: F-6) , PAGE 2

                                          STATION:  ROCK SPRINGS WY
                                          MONTH:    APRIL
                                          YEAR:     2014
                                          LATITUDE:   41 35 N
                                          LONGITUDE: 109  4 W

[TEMPERATURE DATA]      [PRECIPITATION DATA]       SYMBOLS USED IN COLUMN 16

AVERAGE MONTHLY: 43.3   TOTAL FOR MONTH:   0.17    1 = FOG OR MIST
DPTR FM NORMAL:   2.7   DPTR FM NORMAL:   -0.49    2 = FOG REDUCING VISIBILITY
HIGHEST:    71 ON 18    GRTST 24HR  0.16 ON  1- 1      TO 1/4 MILE OR LESS
LOWEST:     11 ON 14                               3 = THUNDER
                        SNOW, ICE PELLETS, HAIL    4 = ICE PELLETS
                        TOTAL MONTH:   0.0 INCH    5 = HAIL
                        GRTST 24HR     0.0         6 = FREEZING RAIN OR DRIZZLE
                        GRTST DEPTH:   0           7 = DUSTSTORM OR SANDSTORM:
                                                       VSBY 1/2 MILE OR LESS
                                                   8 = SMOKE OR HAZE
[NO. OF DAYS WITH]      [WEATHER - DAYS WITH]      9 = BLOWING SNOW
                                                   X = TORNADO
MAX 32 OR BELOW:   0    0.01 INCH OR MORE:   2
MAX 90 OR ABOVE:   0    0.10 INCH OR MORE:   1
MIN 32 OR BELOW:  13    0.50 INCH OR MORE:   0
MIN  0 OR BELOW:   0    1.00 INCH OR MORE:   0

[HDD (BASE 65) ]
TOTAL THIS MO.   493    CLEAR  (SCALE 0-3)  14
DPTR FM NORMAL   -68    PTCLDY (SCALE 4-7)   8
TOTAL FM JUL 1  6831    CLOUDY (SCALE 8-10)  1
DPTR FM NORMAL  -559

[CDD (BASE 65) ]
TOTAL THIS MO.     0
DPTR FM NORMAL     0    [PRESSURE DATA]
TOTAL FM JAN 1     0    HIGHEST SLP M ON M
DPTR FM NORMAL     0    LOWEST  SLP 29.35 ON 22

[REMARKS]




U.S. Dept. of Commerce
NOAA National Weather Service
1325 East West Highway
Silver Spring, MD 20910
E-mail: w-nws.webmaster@noaa.gov
Page last modified: May 16, 2007
NATIONAL WEATHER SERVICE: for Safety, for Work, for Fun - FOR LIFE