308
CXUS55 KRIW 010902
CF6RKS
PRELIMINARY LOCAL CLIMATOLOGICAL DATA (WS FORM: F-6)

                                          STATION:   ROCK SPRINGS WY
                                          MONTH:     NOVEMBER
                                          YEAR:      2014
                                          LATITUDE:   41 35 N
                                          LONGITUDE: 109  4 W

  TEMPERATURE IN F:       :PCPN:    SNOW:  WIND      :SUNSHINE: SKY     :PK WND
================================================================================
1   2   3   4   5  6A  6B    7    8   9   10  11  12  13   14  15   16   17  18
                                     12Z  AVG MX 2MIN
DY MAX MIN AVG DEP HDD CDD  WTR  SNW DPTH SPD SPD DIR MIN PSBL S-S WX    SPD DR
================================================================================

 1  64  38  51  13  14   0    T  0.0    0 16.9 38 210   M    M   3        48 210
 2  44  31  38   0  27   0    T    M    M  8.4 17 290   M    M   8 12     21 280
 3  41  26  34  -3  31   0 0.00  0.0    0 16.4 25 250   M    M   5        30 250
 4  47  23  35  -2  30   0 0.00  0.0    0 17.4 28 260   M    M   2        33 250
 5  50  32  41   5  24   0 0.00  0.0    0 15.4 29 260   M    M   1        32 260
 6  59  29  44   8  21   0 0.00  0.0    0  5.8 18 250   M    M   0        26 250
 7  57  33  45  10  20   0 0.00  0.0    0 16.3 31 270   M    M   1        38 270
 8  54  29  42   7  23   0 0.00  0.0    0 18.1 32 250   M    M   0 8      38 250
 9  61  37  49  15  16   0 0.00  0.0    0 19.6 36 260   M    M   0        43 260
10  48   7  28  -6  37   0 0.03    M    M 19.4 39 280   M    M   8 1      49 280
11   9  -4   3 -30  62   0 0.01    M    M 18.4 30  60   M    M   9 1      36  60
12   4 -11  -3 -36  68   0    T    M    M 14.5 28  60   M    M   8 8      34  50
13  11 -12   0 -32  65   0    T    M    M  2.8  8  40   M    M   6 18     10 240
14  40  11  26  -6  39   0    T    M    M 17.4 31 250   M    M   7 1      42 260
15  30   1  16 -15  49   0 0.01    M    M 12.8 33 280   M    M   6 1      45 270
16  21  -1  10 -20  55   0 0.00  0.0    M 19.5 30 250   M    M   1        35 270
17  30  10  20 -10  45   0 0.00  0.0    M 16.8 24 250   M    M   0        31 250
18  37  14  26  -3  39   0 0.00  0.0    M 20.0 32 260   M    M   0        39 260
19  43  22  33   4  32   0 0.00  0.0    M 14.0 31 260   M    M   1        35 260
20  39  27  33   5  32   0 0.00  0.0    M 10.7 18 260   M    M   6        22 250
21  44  22  33   5  32   0 0.00  0.0    M 10.1 15 240   M    M   0        18 240
22  41  28  35   8  30   0 0.05    M    M 15.4 47 260   M    M   5 12     60 260
23  31  21  26  -1  39   0    T    M    M 21.8 33 260   M    M   5 1      39 320
24  31  20  26   0  39   0    T    M    M 21.9 35 260   M    M   3 1      40 280
25  37  21  29   3  36   0 0.00  0.0    M 27.2 39 280   M    M   7        49 270
26  46  34  40  14  25   0 0.00  0.0    M 22.2 39 260   M    M   4        49 250
27  50  33  42  17  23   0 0.00  0.0    M 10.6 23 260   M    M   1        27 260
28  55  33  44  19  21   0 0.00  0.0    M 10.7 28 250   M    M   0        35 260
29  50  33  42  18  23   0 0.00  0.0    M 19.1 44 250   M    M   1        53 240
30  40  19  30   6  35   0 0.03    M    M 11.8 36 250   M    M   8 18     43 250
================================================================================
SM 1214  606      1032   0  0.13     0.0 471.4          M      106
================================================================================
AV 40.5 20.2                              15.7 FASTST   M    M   4    MAX(MPH)
                                 MISC ---->  # 47 260               # 60  260
================================================================================
NOTES:
# LAST OF SEVERAL OCCURRENCES

COLUMN 17 PEAK WIND IN M.P.H.

PRELIMINARY LOCAL CLIMATOLOGICAL DATA (WS FORM: F-6) , PAGE 2

                                          STATION:  ROCK SPRINGS WY
                                          MONTH:    NOVEMBER
                                          YEAR:     2014
                                          LATITUDE:   41 35 N
                                          LONGITUDE: 109  4 W

[TEMPERATURE DATA]      [PRECIPITATION DATA]       SYMBOLS USED IN COLUMN 16

AVERAGE MONTHLY: 30.3   TOTAL FOR MONTH:   0.13    1 = FOG OR MIST
DPTR FM NORMAL:  -0.5   DPTR FM NORMAL:   -0.36    2 = FOG REDUCING VISIBILITY
HIGHEST:    64 ON  1    GRTST 24HR  0.05 ON 22-22      TO 1/4 MILE OR LESS
LOWEST:    -12 ON 13                               3 = THUNDER
                        SNOW, ICE PELLETS, HAIL    4 = ICE PELLETS
                        TOTAL MONTH:   0.0 INCH    5 = HAIL
                        GRTST 24HR     0.0         6 = FREEZING RAIN OR DRIZZLE
                        GRTST DEPTH:   0           7 = DUSTSTORM OR SANDSTORM:
                                                       VSBY 1/2 MILE OR LESS
                                                   8 = SMOKE OR HAZE
[NO. OF DAYS WITH]      [WEATHER - DAYS WITH]      9 = BLOWING SNOW
                                                   X = TORNADO
MAX 32 OR BELOW:   8    0.01 INCH OR MORE:   5
MAX 90 OR ABOVE:   0    0.10 INCH OR MORE:   0
MIN 32 OR BELOW:  23    0.50 INCH OR MORE:   0
MIN  0 OR BELOW:   4    1.00 INCH OR MORE:   0

[HDD (BASE 65) ]
TOTAL THIS MO.  1032    CLEAR  (SCALE 0-3)  16
DPTR FM NORMAL     6    PTCLDY (SCALE 4-7)  12
TOTAL FM JUL 1  1816    CLOUDY (SCALE 8-10)  2
DPTR FM NORMAL  -177

[CDD (BASE 65) ]
TOTAL THIS MO.     0
DPTR FM NORMAL     0    [PRESSURE DATA]
TOTAL FM JAN 1   307    HIGHEST SLP M ON M
DPTR FM NORMAL    21    LOWEST  SLP 29.39 ON 29

[REMARKS]
#FINAL-11-14#




U.S. Dept. of Commerce
NOAA National Weather Service
1325 East West Highway
Silver Spring, MD 20910
E-mail: w-nws.webmaster@noaa.gov
Page last modified: May 16, 2007
NATIONAL WEATHER SERVICE: for Safety, for Work, for Fun - FOR LIFE