456
CXUS54 KCRP 311300
CF6RKP
PRELIMINARY LOCAL CLIMATOLOGICAL DATA (WS FORM: F-6)

                                          STATION:   ROCKPORT
                                          MONTH:     JANUARY
                                          YEAR:      2015
                                          LATITUDE:   28  4 N
                                          LONGITUDE:  97  3 W

  TEMPERATURE IN F:       :PCPN:    SNOW:  WIND      :SUNSHINE: SKY     :PK WND
================================================================================
1   2   3   4   5  6A  6B    7    8   9   10  11  12  13   14  15   16   17  18
                                     12Z  AVG MX 2MIN
DY MAX MIN AVG DEP HDD CDD  WTR  SNW DPTH SPD SPD DIR MIN PSBL S-S WX    SPD DR
================================================================================

 1  48  43  46 -10  19   0 0.00  0.0    0 12.2 20  40   M    M  10 18     24  10
 2  51  45  48  -8  17   0 0.01    M    0  8.4 16 310   M    M  10 1      23 310
 3  58  44  51  -5  14   0    T    M    0  7.0 17 330   M    M   6 1      22 310
 4  59  41  50  -6  15   0 0.00  0.0    0 12.2 23  10   M    M   0 1      30  20
 5  50  35  43 -13  22   0 0.00  0.0    0  9.3 21  10   M    M   0        26  10
 6  61  36  49  -7  16   0 0.00  0.0    0  4.3  9 140   M    M   0 1      23 150
 7  66  44  55  -1  10   0    T    M    0 12.9 28  10   M    M   6 1      37 360
 8  44  33  39 -17  26   0 0.00  0.0    0 11.9 23 360   M    M  10        31 360
 9  44  36  40 -16  25   0    T    M    0 15.1 24  10   M    M  10 1      29  20
10  40  36  38 -18  27   0 0.26    M    0 16.5 25  50   M    M  10 1      33  50
11  55  39  47  -9  18   0 0.03    M    0  7.7 23 330   M    M   6 13     30 280
12  51  42  47  -9  18   0 0.00  0.0    0  9.2 21  20   M    M   9 12     26  20
13  46  42  44 -12  21   0 0.03    M    0 11.1 21  30   M    M  10 18     29  30
14  47  42  45 -11  20   0    T    M    0 10.2 15  10   M    M  10 18     20  10
15  54  40  47  -9  18   0    T    M    0  9.8 18 330   M    M   5 1      27 280
16  59  36  48  -8  17   0 0.00  0.0    0  4.2  9 130   M    M   0 1      21 150
17  69  39  54  -2  11   0 0.00  0.0    0  4.6 12 190   M    M   0 18     19 150
18  66  48  57   1   8   0 0.00  0.0    0  8.0 14  70   M    M   0        20  60
19  72  47  60   4   5   0 0.00  0.0    0  5.4 14 150   M    M   1 12     20 170
20  73  45  59   3   6   0 0.00  0.0    0  5.8 14 140   M    M   0 12     29 150
21  72  59  66  10   0   1    T  0.0    0  9.2 17  80   M    M   9 12     23  70
22  68  47  58   1   7   0 1.53    M    0 14.0 29 340   M    M  10 13     37  10
23  50  45  48  -9  17   0 0.05    M    0 17.5 28 330   M    M   7 1      32 340
24  63  39  51  -6  14   0 0.00  0.0    0  6.8 16 310   M    M   0        23 310
25  71  45  58   1   7   0 0.00  0.0    0  7.0 14 250   M    M   0        22 250
26  72  46  59   2   6   0 0.00  0.0    0  5.4 12 170   M    M   0        15 170
27  81  49  65   8   0   0 0.00  0.0    0  6.4 13 270   M    M   0 8      17 270
28  74  45  60   3   5   0 0.00  0.0    0  6.5 15 160   M    M   0 128    20 180
29  75  56  66   9   0   1 0.00  0.0    0  5.8 13 150   M    M   1 12     18 140
30  65  54  60   3   5   0 0.00  0.0    0 14.4 21  70   M    M   4 1      25  70
================================================================================
SM 1804 1298       394   2  1.91     0.0 278.9          M      134
================================================================================
AV 60.1 43.3                               9.3 FASTST   M    M   4    MAX(MPH)
                                 MISC ---->  # 29 340               # 37  360
================================================================================
NOTES:
# LAST OF SEVERAL OCCURRENCES

COLUMN 17 PEAK WIND IN M.P.H.

PRELIMINARY LOCAL CLIMATOLOGICAL DATA (WS FORM: F-6) , PAGE 2

                                          STATION:  ROCKPORT
                                          MONTH:    JANUARY
                                          YEAR:     2015
                                          LATITUDE:   28  4 N
                                          LONGITUDE:  97  3 W

[TEMPERATURE DATA]      [PRECIPITATION DATA]       SYMBOLS USED IN COLUMN 16

AVERAGE MONTHLY: 51.7   TOTAL FOR MONTH:   1.91    1 = FOG OR MIST
DPTR FM NORMAL:  -4.6   DPTR FM NORMAL:   -0.16    2 = FOG REDUCING VISIBILITY
HIGHEST:    81 ON 27    GRTST 24HR  1.58 ON 22-23      TO 1/4 MILE OR LESS
LOWEST:     33 ON  8                               3 = THUNDER
                        SNOW, ICE PELLETS, HAIL    4 = ICE PELLETS
                        TOTAL MONTH:   0.0 INCH    5 = HAIL
                        GRTST 24HR     0.0         6 = FREEZING RAIN OR DRIZZLE
                        GRTST DEPTH:   0           7 = DUSTSTORM OR SANDSTORM:
                                                       VSBY 1/2 MILE OR LESS
                                                   8 = SMOKE OR HAZE
[NO. OF DAYS WITH]      [WEATHER - DAYS WITH]      9 = BLOWING SNOW
                                                   X = TORNADO
MAX 32 OR BELOW:   0    0.01 INCH OR MORE:   6
MAX 90 OR ABOVE:   0    0.10 INCH OR MORE:   2
MIN 32 OR BELOW:   0    0.50 INCH OR MORE:   1
MIN  0 OR BELOW:   0    1.00 INCH OR MORE:   1

[HDD (BASE 65) ]
TOTAL THIS MO.   394    CLEAR  (SCALE 0-3)  14
DPTR FM NORMAL   119    PTCLDY (SCALE 4-7)   6
TOTAL FM JUL 1   722    CLOUDY (SCALE 8-10) 10
DPTR FM NORMAL   122

[CDD (BASE 65) ]
TOTAL THIS MO.     2
DPTR FM NORMAL   -25    [PRESSURE DATA]
TOTAL FM JAN 1     2    HIGHEST SLP M ON M
DPTR FM NORMAL   -25    LOWEST  SLP 29.83 ON 20

[REMARKS]




U.S. Dept. of Commerce
NOAA National Weather Service
1325 East West Highway
Silver Spring, MD 20910
E-mail: w-nws.webmaster@noaa.gov
Page last modified: May 16, 2007
NATIONAL WEATHER SERVICE: for Safety, for Work, for Fun - FOR LIFE