459
CXUS54 KCRP 281300
CF6RKP
PRELIMINARY LOCAL CLIMATOLOGICAL DATA (WS FORM: F-6)

                                          STATION:   ROCKPORT
                                          MONTH:     JULY
                                          YEAR:      2014
                                          LATITUDE:   28  4 N
                                          LONGITUDE:  97  3 W

  TEMPERATURE IN F:       :PCPN:    SNOW:  WIND      :SUNSHINE: SKY     :PK WND
================================================================================
1   2   3   4   5  6A  6B    7    8   9   10  11  12  13   14  15   16   17  18
                                     12Z  AVG MX 2MIN
DY MAX MIN AVG DEP HDD CDD  WTR  SNW DPTH SPD SPD DIR MIN PSBL S-S WX    SPD DR
================================================================================

 1  91  80  86   1   0  21 0.00  0.0    0 12.4 20 140   M    M   3        26 140
 2  91  80  86   1   0  21 0.00  0.0    0  9.5 17 120   M    M   1        22 120
 3  92  75  84  -1   0  19 0.00  0.0    0  7.9 17 140   M    M   1        21 140
 4  91  75  83  -2   0  18 0.00  0.0    0  9.3 16 130   M    M   1        20 140
 5  91  78  85   0   0  20 0.00  0.0    0  9.8 17 140   M    M   1 3      22 140
 6  91  77  84  -1   0  19 0.00  0.0    0  9.1 18 140   M    M   0        24 140
 7  91  80  86   1   0  21 0.00  0.0    0 10.7 18 140   M    M   1        24 140
 8  91  80  86   1   0  21 0.00  0.0    0 11.0 21 140   M    M   2        25 140
 9  91  80  86   1   0  21 0.00  0.0    0  9.5 18 140   M    M   1        22 140
10  87  73  80  -5   0  15 0.35  0.0    0  7.1 26 140   M    M   2 138    35 140
11  89  79  84  -1   0  19 0.00  0.0    0 12.5 18 140   M    M   2        23 130
12  91  75  83  -2   0  18 0.00  0.0    0  8.8 16 130   M    M   1        20 110
13  92  75  84  -1   0  19 0.00  0.0    0  7.8 15 140   M    M   1        21 130
14  91  77  84  -1   0  19 0.00  0.0    0  8.6 17 140   M    M   1        22 140
15  91  79  85   0   0  20 0.00  0.0    0  8.0 17 140   M    M   1        22 140
16  91  79  85   0   0  20 0.00  0.0    0 10.3 18 150   M    M   1        24 140
17  90  82  86   1   0  21 0.00  0.0    0 12.9 23 150   M    M   4 8      32 150
18  87  79  83  -2   0  18 0.72  0.0    0  7.0 16  40   M    M   5 1238   22 200
19  90  76  83  -2   0  18 0.00  0.0    0  8.9 15 130   M    M   3 1      19 120
20  91  81  86   1   0  21 0.00  0.0    0  9.8 18 140   M    M   4 18     23 140
21  91  82  87   2   0  22 0.00  0.0    0 10.5 20 130   M    M   4        24 130
22  92  81  87   2   0  22 0.00  0.0    0  9.5 17 130   M    M   2        21 130
23  91  79  85   0   0  20 0.00  0.0    0  7.1 16 140   M    M   1 1      20 140
24  93  78  86   1   0  21 0.00  0.0    0  7.2 15 140   M    M   0 3      18 150
25  91  81  86   1   0  21 0.00  0.0    0 10.0 21 140   M    M   1        26 140
26  91  81  86   1   0  21 0.00  0.0    0 11.8 22 150   M    M   2        30 150
27  92  81  87   2   0  22 0.00  0.0    0 10.4 21 150   M    M   2        27 140
================================================================================
SM 2451 2123         0 538  1.07     0.0 257.4          M       48
================================================================================
AV 90.8 78.6                               9.5 FASTST   M    M   2    MAX(MPH)
                                 MISC ---->  # 26 140               # 35  140
================================================================================
NOTES:
# LAST OF SEVERAL OCCURRENCES

COLUMN 17 PEAK WIND IN M.P.H.

PRELIMINARY LOCAL CLIMATOLOGICAL DATA (WS FORM: F-6) , PAGE 2

                                          STATION:  ROCKPORT
                                          MONTH:    JULY
                                          YEAR:     2014
                                          LATITUDE:   28  4 N
                                          LONGITUDE:  97  3 W

[TEMPERATURE DATA]      [PRECIPITATION DATA]       SYMBOLS USED IN COLUMN 16

AVERAGE MONTHLY: 84.7   TOTAL FOR MONTH:   1.07    1 = FOG OR MIST
DPTR FM NORMAL:  -0.3   DPTR FM NORMAL:   -1.98    2 = FOG REDUCING VISIBILITY
HIGHEST:    93 ON 24    GRTST 24HR  0.72 ON 18-18      TO 1/4 MILE OR LESS
LOWEST:     73 ON 10                               3 = THUNDER
                        SNOW, ICE PELLETS, HAIL    4 = ICE PELLETS
                        TOTAL MONTH:   0.0 INCH    5 = HAIL
                        GRTST 24HR     0.0         6 = FREEZING RAIN OR DRIZZLE
                        GRTST DEPTH:   0           7 = DUSTSTORM OR SANDSTORM:
                                                       VSBY 1/2 MILE OR LESS
                                                   8 = SMOKE OR HAZE
[NO. OF DAYS WITH]      [WEATHER - DAYS WITH]      9 = BLOWING SNOW
                                                   X = TORNADO
MAX 32 OR BELOW:   0    0.01 INCH OR MORE:   2
MAX 90 OR ABOVE:  24    0.10 INCH OR MORE:   2
MIN 32 OR BELOW:   0    0.50 INCH OR MORE:   1
MIN  0 OR BELOW:   0    1.00 INCH OR MORE:   0

[HDD (BASE 65) ]
TOTAL THIS MO.     0    CLEAR  (SCALE 0-3)  21
DPTR FM NORMAL     0    PTCLDY (SCALE 4-7)   6
TOTAL FM JUL 1     0    CLOUDY (SCALE 8-10)  0
DPTR FM NORMAL     0

[CDD (BASE 65) ]
TOTAL THIS MO.   538
DPTR FM NORMAL    -2    [PRESSURE DATA]
TOTAL FM JAN 1  1847    HIGHEST SLP M ON M
DPTR FM NORMAL   -70    LOWEST  SLP 29.68 ON 17

[REMARKS]




U.S. Dept. of Commerce
NOAA National Weather Service
1325 East West Highway
Silver Spring, MD 20910
E-mail: w-nws.webmaster@noaa.gov
Page last modified: May 16, 2007
NATIONAL WEATHER SERVICE: for Safety, for Work, for Fun - FOR LIFE