281
CXUS54 KCRP 231300
CF6RKP
PRELIMINARY LOCAL CLIMATOLOGICAL DATA (WS FORM: F-6)

                                          STATION:   ROCKPORT
                                          MONTH:     APRIL
                                          YEAR:      2014
                                          LATITUDE:   28  4 N
                                          LONGITUDE:  97  3 W

  TEMPERATURE IN F:       :PCPN:    SNOW:  WIND      :SUNSHINE: SKY     :PK WND
================================================================================
1   2   3   4   5  6A  6B    7    8   9   10  11  12  13   14  15   16   17  18
                                     12Z  AVG MX 2MIN
DY MAX MIN AVG DEP HDD CDD  WTR  SNW DPTH SPD SPD DIR MIN PSBL S-S WX    SPD DR
================================================================================

 1  80  69  75   6   0  10 0.00  0.0    0 14.0 22 140   M    M  10 1      28 140
 2  80  70  75   6   0  10 0.00  0.0    0 15.6 25 150   M    M   8 18     34 150
 3  77  71  74   4   0   9 0.00  0.0    0 12.3 20 160   M    M  10 18     27 150
 4  80  60  70   0   0   5    T  0.0    0 15.3 30  10   M    M   4 1      39  10
 5  69  63  66  -4   0   1    T  0.0    0 15.5 23  70   M    M  10 1      27  70
 6  76  55  66  -4   0   1 0.03  0.0    0 11.4 24 340   M    M   9 12     30 340
 7  73  50  62  -8   3   0    T  0.0    0  9.4 21 330   M    M   2 18     27 330
 8  82  58  70  -1   0   5 0.00  0.0    0 12.2 26 340   M    M   0        35 340
 9  78  54  66  -5   0   1 0.00  0.0    0 10.4 17 140   M    M   0        24 140
10  79  67  73   2   0   8 0.00  0.0    M 13.8 23 150   M    M   0        33 140
11  81  67  74   3   0   9 0.00  0.0    0 13.2 22 140   M    M   1        30 150
12  81  69  75   3   0  10 0.00  0.0    0 14.8 25 140   M    M   3 1      32 140
13  81  72  77   5   0  12 0.00  0.0    0 13.5 22 150   M    M   8 18     32 140
14  78  53  66  -6   0   1 0.08  0.0    0 17.6 38 350   M    M   8 18     46 350
15  67  47  57 -15   8   0 0.00  0.0    0 12.4 24 360   M    M   0        30 360
16  73  57  65  -7   0   0 0.00  0.0    0 13.6 20 150   M    M   2        24 140
17  73  64  69  -4   0   4    T  0.0    0 13.2 22  80   M    M   9 1      26  80
18  77  62  70  -3   0   5 0.00  0.0    0 10.1 16 120   M    M   5        20  20
19  77  55  66  -7   0   1 0.00  0.0    0  9.4 20 120   M    M   1 1      24 120
20  79  68  74   1   0   9 0.00  0.0    0 14.8 21 130   M    M   3        27 130
21  81  69  75   1   0  10 0.00  0.0    0 10.8 17 140   M    M   5        22 140
22  83  66  75   1   0  10    T  0.0    0  7.7 18 140   M    M   2 1      22 140
================================================================================
SM 1705 1366        11 121  0.11     0.0 280.9          M      100
================================================================================
AV 77.5 62.1                              12.8 FASTST   M    M   5    MAX(MPH)
                                 MISC ---->    38   M                 46    M
================================================================================
NOTES:
# LAST OF SEVERAL OCCURRENCES

COLUMN 17 PEAK WIND IN M.P.H.

PRELIMINARY LOCAL CLIMATOLOGICAL DATA (WS FORM: F-6) , PAGE 2

                                          STATION:  ROCKPORT
                                          MONTH:    APRIL
                                          YEAR:     2014
                                          LATITUDE:   28  4 N
                                          LONGITUDE:  97  3 W

[TEMPERATURE DATA]      [PRECIPITATION DATA]       SYMBOLS USED IN COLUMN 16

AVERAGE MONTHLY: 69.8   TOTAL FOR MONTH:   0.11    1 = FOG OR MIST
DPTR FM NORMAL:  -1.7   DPTR FM NORMAL:   -0.87    2 = FOG REDUCING VISIBILITY
HIGHEST:    83 ON 22    GRTST 24HR  0.08 ON 14-14      TO 1/4 MILE OR LESS
LOWEST:     47 ON 15                               3 = THUNDER
                        SNOW, ICE PELLETS, HAIL    4 = ICE PELLETS
                        TOTAL MONTH:   0.0 INCH    5 = HAIL
                        GRTST 24HR     0.0         6 = FREEZING RAIN OR DRIZZLE
                        GRTST DEPTH:   0           7 = DUSTSTORM OR SANDSTORM:
                                                       VSBY 1/2 MILE OR LESS
                                                   8 = SMOKE OR HAZE
[NO. OF DAYS WITH]      [WEATHER - DAYS WITH]      9 = BLOWING SNOW
                                                   X = TORNADO
MAX 32 OR BELOW:   0    0.01 INCH OR MORE:   2
MAX 90 OR ABOVE:   0    0.10 INCH OR MORE:   0
MIN 32 OR BELOW:   0    0.50 INCH OR MORE:   0
MIN  0 OR BELOW:   0    1.00 INCH OR MORE:   0

[HDD (BASE 65) ]
TOTAL THIS MO.    11    CLEAR  (SCALE 0-3)   9
DPTR FM NORMAL    -4    PTCLDY (SCALE 4-7)   6
TOTAL FM JUL 1  1241    CLOUDY (SCALE 8-10)  7
DPTR FM NORMAL   364

[CDD (BASE 65) ]
TOTAL THIS MO.   121
DPTR FM NORMAL   -34    [PRESSURE DATA]
TOTAL FM JAN 1   237    HIGHEST SLP M ON M
DPTR FM NORMAL   -67    LOWEST  SLP 29.58 ON 13

[REMARKS]




U.S. Dept. of Commerce
NOAA National Weather Service
1325 East West Highway
Silver Spring, MD 20910
E-mail: w-nws.webmaster@noaa.gov
Page last modified: May 16, 2007
NATIONAL WEATHER SERVICE: for Safety, for Work, for Fun - FOR LIFE