864
CXUS54 KCRP 211300
CF6RKP
PRELIMINARY LOCAL CLIMATOLOGICAL DATA (WS FORM: F-6)

                                          STATION:   ROCKPORT
                                          MONTH:     AUGUST
                                          YEAR:      2014
                                          LATITUDE:   28  4 N
                                          LONGITUDE:  97  3 W

  TEMPERATURE IN F:       :PCPN:    SNOW:  WIND      :SUNSHINE: SKY     :PK WND
================================================================================
1   2   3   4   5  6A  6B    7    8   9   10  11  12  13   14  15   16   17  18
                                     12Z  AVG MX 2MIN
DY MAX MIN AVG DEP HDD CDD  WTR  SNW DPTH SPD SPD DIR MIN PSBL S-S WX    SPD DR
================================================================================

 1  92  80  86   0   0  21 0.00  0.0    0  6.8 17 140   M    M   2        21 140
 2  87  75  81  -5   0  16 0.14  0.0    0  9.1 18  20   M    M   5 13     23  30
 3  93  72  83  -3   0  18 0.00  0.0    0  6.1 14 130   M    M   0        17 150
 4  95  74  85  -1   0  20 0.00  0.0    0  7.7 17 130   M    M   0        22 140
 5  93  74  84  -2   0  19 0.00  0.0    0  7.2 16 140   M    M   1        20 140
 6  93  80  87   1   0  22 0.00  0.0    0 10.7 21 140   M    M   1        29 150
 7  93  82  88   2   0  23 0.00  0.0    0 12.2 23 140   M    M   2        29 140
 8  93  82  88   2   0  23 0.00  0.0    0 10.8 20 140   M    M   3        24 140
 9  94  80  87   1   0  22 0.00  0.0    0  9.3 18 140   M    M   1        22 130
10  94  81  88   2   0  23 0.00  0.0    0 10.1 18 140   M    M   1        23 130
11  95  79  87   1   0  22 0.00  0.0    0  8.0 23  20   M    M   1        29  10
12  96  78  87   1   0  22 0.00  0.0    0  5.3 14 140   M    M   0 3      17 130
13  98  76  87   1   0  22    T  0.0    0  5.2 23  60   M    M   1 3      29  60
14  94  76  85  -1   0  20 0.00  0.0    0  7.7 18 140   M    M   0        23 130
15  94  81  88   2   0  23 0.00  0.0    0  9.8 20 140   M    M   1        25 140
16  93  83  88   2   0  23    T  0.0    0 13.0 23 150   M    M   2        31 150
17  93  83  88   2   0  23    T  0.0    0 12.9 22 150   M    M   1        30 140
18  94  82  88   2   0  23 0.00  0.0    0 11.1 22 150   M    M   2        30 140
19  93  83  88   2   0  23 0.00  0.0    0 13.0 22 150   M    M   1        29 150
20  94  83  89   3   0  24    T  0.0    0 13.1 22 150   M    M   1        31 140
================================================================================
SM 1871 1584         0 432  0.14     0.0 189.1          M       26
================================================================================
AV 93.6 79.2                               9.5 FASTST   M    M   1    MAX(MPH)
                                 MISC ---->    23   M               # 31  150
================================================================================
NOTES:
# LAST OF SEVERAL OCCURRENCES

COLUMN 17 PEAK WIND IN M.P.H.

PRELIMINARY LOCAL CLIMATOLOGICAL DATA (WS FORM: F-6) , PAGE 2

                                          STATION:  ROCKPORT
                                          MONTH:    AUGUST
                                          YEAR:     2014
                                          LATITUDE:   28  4 N
                                          LONGITUDE:  97  3 W

[TEMPERATURE DATA]      [PRECIPITATION DATA]       SYMBOLS USED IN COLUMN 16

AVERAGE MONTHLY: 86.4   TOTAL FOR MONTH:   0.14    1 = FOG OR MIST
DPTR FM NORMAL:   0.4   DPTR FM NORMAL:   -1.10    2 = FOG REDUCING VISIBILITY
HIGHEST:    98 ON 13    GRTST 24HR  0.14 ON  2- 2      TO 1/4 MILE OR LESS
LOWEST:     72 ON  3                               3 = THUNDER
                        SNOW, ICE PELLETS, HAIL    4 = ICE PELLETS
                        TOTAL MONTH:   0.0 INCH    5 = HAIL
                        GRTST 24HR     0.0         6 = FREEZING RAIN OR DRIZZLE
                        GRTST DEPTH:   0           7 = DUSTSTORM OR SANDSTORM:
                                                       VSBY 1/2 MILE OR LESS
                                                   8 = SMOKE OR HAZE
[NO. OF DAYS WITH]      [WEATHER - DAYS WITH]      9 = BLOWING SNOW
                                                   X = TORNADO
MAX 32 OR BELOW:   0    0.01 INCH OR MORE:   1
MAX 90 OR ABOVE:  19    0.10 INCH OR MORE:   1
MIN 32 OR BELOW:   0    0.50 INCH OR MORE:   0
MIN  0 OR BELOW:   0    1.00 INCH OR MORE:   0

[HDD (BASE 65) ]
TOTAL THIS MO.     0    CLEAR  (SCALE 0-3)  19
DPTR FM NORMAL     0    PTCLDY (SCALE 4-7)   1
TOTAL FM JUL 1     0    CLOUDY (SCALE 8-10)  0
DPTR FM NORMAL     0

[CDD (BASE 65) ]
TOTAL THIS MO.   432
DPTR FM NORMAL    13    [PRESSURE DATA]
TOTAL FM JAN 1  2360    HIGHEST SLP M ON M
DPTR FM NORMAL   -56    LOWEST  SLP 29.72 ON 19

[REMARKS]




U.S. Dept. of Commerce
NOAA National Weather Service
1325 East West Highway
Silver Spring, MD 20910
E-mail: w-nws.webmaster@noaa.gov
Page last modified: May 16, 2007
NATIONAL WEATHER SERVICE: for Safety, for Work, for Fun - FOR LIFE