204
CXUS55 KRIW 300901
CF6RIW
PRELIMINARY LOCAL CLIMATOLOGICAL DATA (WS FORM: F-6)

                                          STATION:   RIVERTON WY
                                          MONTH:     AUGUST
                                          YEAR:      2014
                                          LATITUDE:   43  2 N
                                          LONGITUDE: 108 27 W

  TEMPERATURE IN F:       :PCPN:    SNOW:  WIND      :SUNSHINE: SKY     :PK WND
================================================================================
1   2   3   4   5  6A  6B    7    8   9   10  11  12  13   14  15   16   17  18
                                     12Z  AVG MX 2MIN
DY MAX MIN AVG DEP HDD CDD  WTR  SNW DPTH SPD SPD DIR MIN PSBL S-S WX    SPD DR
================================================================================

 1  87  55  71  -2   0   6 0.00  0.0    0  7.7 22 350   M    M   1        26 340
 2  88  60  74   1   0   9 0.00  0.0    0  6.2 23 320   M    M   2        44 320
 3  89  56  73   0   0   8 0.00  0.0    0  9.1 17  30   M    M   0        24  60
 4  80  58  69  -4   0   4 0.08  0.0    0  7.4 21 210   M    M   6 13     25 200
 5  80  56  68  -4   0   3 0.58  0.0    0  5.7 21 230   M    M   3 123    28 230
 6  75  56  66  -6   0   1    T  0.0    0  5.4 20 170   M    M   3 3      23 140
 7  80  53  67  -5   0   2 0.02  0.0    0  8.4 23 270   M    M   2 3      26 270
 8  81  55  68  -4   0   3    T  0.0    0  8.7 30 310   M    M   2 3      38 310
 9  81  56  69  -3   0   4 0.00  0.0    0 10.2 20  10   M    M   1 3      26  30
10  83  54  69  -3   0   4 0.00  0.0    0  4.0 13 100   M    M   0        17 110
11  88  54  71   0   0   6 0.00  0.0    0  5.6 15 320   M    M   1        18 320
12  93  58  76   5   0  11 0.00  0.0    0  8.4 29 310   M    M   0        35 310
13  89  66  78   7   0  13 0.01  0.0    0 11.2 31 180   M    M   1        38 190
14  79  60  70  -1   0   5 0.12  0.0    0  6.6 16 310   M    M   5 3      22 200
15  87  54  71   1   0   6    T  0.0    0  6.9 18  10   M    M   0        22  10
16  88  56  72   2   0   7 0.00  0.0    0  8.2 17 300   M    M   0        20 300
17  90  59  75   5   0  10 0.00  0.0    0 11.5 25 320   M    M   0        32 310
18  87  54  71   1   0   6 0.00  0.0    0  6.8 21  10   M    M   0        29  10
19  84  54  69   0   0   4 0.00  0.0    0  9.3 22 310   M    M   1        29 190
20  83  55  69   0   0   4 0.00  0.0    0 12.4 25 330   M    M   3 3      32 330
21  78  56  67  -2   0   2 0.00  0.0    0  8.0 21 290   M    M   4        26 280
22  72  52  62  -6   3   0 0.16  0.0    0 10.4 29 230   M    M   5 13     37 230
23  65  45  55 -13  10   0 0.06  0.0    0  7.0 29 270   M    M   7 3      35 270
24  72  42  57 -11   8   0 0.00  0.0    0  6.2 18  20   M    M   2        22  20
25  68  46  57 -10   8   0 0.02  0.0    0  6.7 16 330   M    M   2 3      20 330
26  76  47  62  -5   3   0    T  0.0    0  7.7 16  40   M    M   2        21  40
27  62  54  58  -9   7   0 0.07  0.0    0  5.7 17  40   M    M   6 1      21  40
28  80  50  65  -1   0   0 0.00  0.0    0  6.9 16 110   M    M   1        21 100
29  81  53  67   1   0   2 0.00  0.0    0  7.4 23 300   M    M   0        30 300
================================================================================
SM 2346 1574        39 120  1.12     0.0 225.7          M       60
================================================================================
AV 80.9 54.3                               7.8 FASTST   M    M   2    MAX(MPH)
                                 MISC ---->  # 31 180                 44    M
================================================================================
NOTES:
# LAST OF SEVERAL OCCURRENCES

COLUMN 17 PEAK WIND IN M.P.H.

PRELIMINARY LOCAL CLIMATOLOGICAL DATA (WS FORM: F-6) , PAGE 2

                                          STATION:  RIVERTON WY
                                          MONTH:    AUGUST
                                          YEAR:     2014
                                          LATITUDE:   43  2 N
                                          LONGITUDE: 108 27 W

[TEMPERATURE DATA]      [PRECIPITATION DATA]       SYMBOLS USED IN COLUMN 16

AVERAGE MONTHLY: 67.6   TOTAL FOR MONTH:   1.12    1 = FOG OR MIST
DPTR FM NORMAL:  -2.5   DPTR FM NORMAL:    0.59    2 = FOG REDUCING VISIBILITY
HIGHEST:    93 ON 12    GRTST 24HR  0.58 ON  5- 5      TO 1/4 MILE OR LESS
LOWEST:     42 ON 24                               3 = THUNDER
                        SNOW, ICE PELLETS, HAIL    4 = ICE PELLETS
                        TOTAL MONTH:   0.0 INCH    5 = HAIL
                        GRTST 24HR     0.0         6 = FREEZING RAIN OR DRIZZLE
                        GRTST DEPTH:   0           7 = DUSTSTORM OR SANDSTORM:
                                                       VSBY 1/2 MILE OR LESS
                                                   8 = SMOKE OR HAZE
[NO. OF DAYS WITH]      [WEATHER - DAYS WITH]      9 = BLOWING SNOW
                                                   X = TORNADO
MAX 32 OR BELOW:   0    0.01 INCH OR MORE:   9
MAX 90 OR ABOVE:   2    0.10 INCH OR MORE:   3
MIN 32 OR BELOW:   0    0.50 INCH OR MORE:   1
MIN  0 OR BELOW:   0    1.00 INCH OR MORE:   0

[HDD (BASE 65) ]
TOTAL THIS MO.    39    CLEAR  (SCALE 0-3)  23
DPTR FM NORMAL    17    PTCLDY (SCALE 4-7)   6
TOTAL FM JUL 1    43    CLOUDY (SCALE 8-10)  0
DPTR FM NORMAL     9

[CDD (BASE 65) ]
TOTAL THIS MO.   120
DPTR FM NORMAL   -48    [PRESSURE DATA]
TOTAL FM JAN 1   396    HIGHEST SLP M ON M
DPTR FM NORMAL   -67    LOWEST  SLP 29.84 ON 20

[REMARKS]




U.S. Dept. of Commerce
NOAA National Weather Service
1325 East West Highway
Silver Spring, MD 20910
E-mail: w-nws.webmaster@noaa.gov
Page last modified: May 16, 2007
NATIONAL WEATHER SERVICE: for Safety, for Work, for Fun - FOR LIFE