412
CXUS55 KRIW 010901
CF6RIW
PRELIMINARY LOCAL CLIMATOLOGICAL DATA (WS FORM: F-6)

                                          STATION:   RIVERTON WY
                                          MONTH:     JANUARY
                                          YEAR:      2015
                                          LATITUDE:   43  2 N
                                          LONGITUDE: 108 27 W

  TEMPERATURE IN F:       :PCPN:    SNOW:  WIND      :SUNSHINE: SKY     :PK WND
================================================================================
1   2   3   4   5  6A  6B    7    8   9   10  11  12  13   14  15   16   17  18
                                     12Z  AVG MX 2MIN
DY MAX MIN AVG DEP HDD CDD  WTR  SNW DPTH SPD SPD DIR MIN PSBL S-S WX    SPD DR
================================================================================

 1   5 -17  -6 -25  71   0 0.00  0.0    3  1.7  7  70   M    M   5         7  60
 2  15  -3   6 -13  59   0 0.00  0.0    3  2.4 10 300   M    M   2        11 290
 3  19  -5   7 -12  58   0    T  0.1    3  4.7 17  20   M    M   5 18     21 300
 4   7  -7   0 -19  65   0 0.00  0.0    3  3.0 12 220   M    M   3 128    12 200
 5  42   0  21   2  44   0 0.00  0.0    3 10.2 29 250   M    M   0        42 260
 6  48  10  29   9  36   0 0.00  0.0    3  9.4 29  50   M    M   0        35  50
 7  18   9  14  -6  51   0 0.00  0.0    2  4.9 18  70   M    M   8        24  70
 8  29   6  18  -2  47   0 0.00  0.0    2  4.2 25  50   M    M   5 12     29  50
 9  20  10  15  -5  50   0 0.00  0.0    2  2.5  8  10   M    M   5         9 360
10  23  13  18  -2  47   0 0.00  0.0    2  2.5  9 230   M    M   0        10 240
11  35  14  25   5  40   0 0.03  0.3    2  5.1 12  50   M    M   8 1      14 330
12  28  22  25   5  40   0    T    T    2  3.7  8 290   M    M  10 1      10 290
13  26  21  24   4  41   0 0.00  0.0    2  4.4  9 250   M    M  10 1      10 260
14  23  12  18  -2  47   0 0.00  0.0    2  2.4  8 200   M    M   9 12     10 220
15  19  11  15  -5  50   0 0.00  0.0    2  3.0  8 240   M    M  10 128     9 250
16  42  11  27   7  38   0 0.00  0.0    2  7.9 28 280   M    M   2 1268   33 280
17  39  21  30  10  35   0 0.00  0.0    2 17.0 38 280   M    M   0        48 290
18  48  24  36  16  29   0 0.00  0.0    1 10.0 22 270   M    M   0        26 270
19  43  27  35  15  30   0 0.00  0.0    1 13.0 23 290   M    M   2        29 290
20  34  17  26   6  39   0 0.00  0.0    1  8.5 22 310   M    M   2        27 320
21  28   7  18  -2  47   0    T    T    1  5.0  9 280   M    M   4        10 320
22  21   2  12  -8  53   0    T    T    1  3.0  8 260   M    M   5 128     8 260
23  31  13  22   2  43   0 0.00  0.0    1  3.5 10 200   M    M   3 1      12 210
24  47  13  30  10  35   0 0.00  0.0    T  7.5 26 330   M    M   2 1      32 320
25  47  23  35  15  30   0 0.00  0.0    T  4.6 17 260   M    M   0        20 260
26  44  23  34  14  31   0 0.00  0.0    T  4.6 10 310   M    M   0        11 320
27  44  22  33  13  32   0 0.00  0.0    T  4.4 15 310   M    M   1        16 310
28  44  29  37  17  28   0    T    T    T  6.1 13 250   M    M   7        16 300
29  43  26  35  15  30   0 0.00  0.0    0  3.9  8 230   M    M   2        10 110
30  39  26  33  12  32   0 0.00  0.0    0  2.7  9 320   M    M   0        10 330
31  41  23  32  11  33   0 0.00  0.0    0  5.8 25  20   M    M   3 12     32  30
================================================================================
SM  992  403      1311   0  0.03     0.4 171.6          M      113
================================================================================
AV 32.0 13.0                               5.5 FASTST   M    M   4    MAX(MPH)
                                 MISC ---->  # 38 280               # 48  290
================================================================================
NOTES:
# LAST OF SEVERAL OCCURRENCES

COLUMN 17 PEAK WIND IN M.P.H.

PRELIMINARY LOCAL CLIMATOLOGICAL DATA (WS FORM: F-6) , PAGE 2

                                          STATION:  RIVERTON WY
                                          MONTH:    JANUARY
                                          YEAR:     2015
                                          LATITUDE:   43  2 N
                                          LONGITUDE: 108 27 W

[TEMPERATURE DATA]      [PRECIPITATION DATA]       SYMBOLS USED IN COLUMN 16

AVERAGE MONTHLY: 22.5   TOTAL FOR MONTH:   0.03    1 = FOG OR MIST
DPTR FM NORMAL:   2.6   DPTR FM NORMAL:   -0.21    2 = FOG REDUCING VISIBILITY
HIGHEST:    48 ON 18, 6 GRTST 24HR  0.03 ON 11-11      TO 1/4 MILE OR LESS
LOWEST:    -17 ON  1                               3 = THUNDER
                        SNOW, ICE PELLETS, HAIL    4 = ICE PELLETS
                        TOTAL MONTH:   0.4 INCH    5 = HAIL
                        GRTST 24HR   0.3 ON   M    6 = FREEZING RAIN OR DRIZZLE
                        GRTST DEPTH:   3 ON  6, 5  7 = DUSTSTORM OR SANDSTORM:
                                                       VSBY 1/2 MILE OR LESS
                                                   8 = SMOKE OR HAZE
[NO. OF DAYS WITH]      [WEATHER - DAYS WITH]      9 = BLOWING SNOW
                                                   X = TORNADO
MAX 32 OR BELOW:  15    0.01 INCH OR MORE:   1
MAX 90 OR ABOVE:   0    0.10 INCH OR MORE:   0
MIN 32 OR BELOW:  31    0.50 INCH OR MORE:   0
MIN  0 OR BELOW:   5    1.00 INCH OR MORE:   0

[HDD (BASE 65) ]
TOTAL THIS MO.  1311    CLEAR  (SCALE 0-3)  16
DPTR FM NORMAL   -87    PTCLDY (SCALE 4-7)  10
TOTAL FM JUL 1  4392    CLOUDY (SCALE 8-10)  5
DPTR FM NORMAL  -323

[CDD (BASE 65) ]
TOTAL THIS MO.     0
DPTR FM NORMAL     0    [PRESSURE DATA]
TOTAL FM JAN 1     0    HIGHEST SLP M ON M
DPTR FM NORMAL     0    LOWEST  SLP 30.00 ON 11

[REMARKS]
#FINAL-01-15#




U.S. Dept. of Commerce
NOAA National Weather Service
1325 East West Highway
Silver Spring, MD 20910
E-mail: w-nws.webmaster@noaa.gov
Page last modified: May 16, 2007
NATIONAL WEATHER SERVICE: for Safety, for Work, for Fun - FOR LIFE