312
CXUS55 KRIW 010902
CF6RIW
PRELIMINARY LOCAL CLIMATOLOGICAL DATA (WS FORM: F-6)

                                          STATION:   RIVERTON WY
                                          MONTH:     NOVEMBER
                                          YEAR:      2014
                                          LATITUDE:   43  2 N
                                          LONGITUDE: 108 27 W

  TEMPERATURE IN F:       :PCPN:    SNOW:  WIND      :SUNSHINE: SKY     :PK WND
================================================================================
1   2   3   4   5  6A  6B    7    8   9   10  11  12  13   14  15   16   17  18
                                     12Z  AVG MX 2MIN
DY MAX MIN AVG DEP HDD CDD  WTR  SNW DPTH SPD SPD DIR MIN PSBL S-S WX    SPD DR
================================================================================

 1  71  36  54  16  11   0    T  0.0    0 11.0 32 180   M    M   2        43 190
 2  56  33  45   7  20   0 0.00  0.0    0  9.4 17 320   M    M   2        21 330
 3  50  30  40   3  25   0    T    T    0  6.8 25 280   M    M   3        30 290
 4  50  25  38   1  27   0 0.00  0.0    0 11.6 35 280   M    M   0        42 280
 5  59  37  48  12  17   0 0.00  0.0    0 11.3 38 300   M    M   0        45 300
 6  55  30  43   7  22   0 0.00  0.0    0  6.0 13 230   M    M   0        15 330
 7  62  36  49  14  16   0 0.00  0.0    0 10.0 37 300   M    M   1        44 300
 8  57  26  42   8  23   0 0.00  0.0    0  7.7 21 250   M    M   0        26 290
 9  64  43  54  20  11   0 0.00  0.0    0 13.8 32 250   M    M   0        41 260
10  49  10  30  -3  35   0 0.17  1.9    T 14.1 39  10   M    M   9 128    50  20
11  10  -8   1 -32  64   0 0.10  0.6    2  8.0 18  70   M    M  10 18     22  80
12   3 -18  -7 -39  72   0 0.00  0.0    2  2.7 10 320   M    M   1 128    11 320
13   0 -21 -10 -42  75   0 0.00  0.0    2  3.9 10 310   M    M   4 128    11 310
14  14  -8   3 -28  62   0 0.04  0.8    3  3.4 10  60   M    M   2 18     12  80
15   9  -9   0 -31  65   0 0.02    T    3 11.4 25  20   M    M   5 1      31  10
16  20 -13   4 -26  61   0 0.00  0.0    3  4.7 13 250   M    M   2        15 260
17  23  -2  11 -19  54   0 0.00  0.0    3  4.1 12 260   M    M   0        14 250
18  27   0  14 -15  51   0 0.00  0.0    3  3.6 14 310   M    M   2        16 330
19  32   8  20  -8  45   0 0.00  0.0    2  2.7  9 230   M    M   1        13 270
20  28   7  18 -10  47   0 0.00  0.0    1  2.8 12 220   M    M   1        12 220
21  37  16  27   0  38   0 0.00  0.0    1  4.1 16 260   M    M   0        17 260
22  46  23  35   8  30   0 0.00  0.0    1 11.0 37 290   M    M   2        44 300
23  36  25  31   5  34   0 0.00  0.0    T 18.3 33 300   M    M   1        44 300
24  38  22  30   4  35   0 0.00  0.0    T 15.4 36 300   M    M   2        43 300
25  46  24  35  10  30   0 0.06  1.5    T 11.7 32 270   M    M   2 1      37 260
26  45  20  33   8  32   0 0.02  0.3    2  7.2 21 280   M    M   5 1      27 290
27  58  30  44  20  21   0 0.00  0.0    T  5.5 16 270   M    M   0        19 280
28  57  35  46  22  19   0 0.00  0.0    0 13.3 35 280   M    M   0        41 270
29  55  38  47  23  18   0 0.00  0.0    0 16.1 36 250   M    M   0        45 260
30  37  10  24   1  41   0 0.01  0.1    0  8.7 22 330   M    M   2 1      27 330
================================================================================
SM 1194  485      1101   0  0.42     5.2 260.3          M       59
================================================================================
AV 39.8 16.2                               8.7 FASTST   M    M   2    MAX(MPH)
                                 MISC ---->  # 39  10               # 50   20
================================================================================
NOTES:
# LAST OF SEVERAL OCCURRENCES

COLUMN 17 PEAK WIND IN M.P.H.

PRELIMINARY LOCAL CLIMATOLOGICAL DATA (WS FORM: F-6) , PAGE 2

                                          STATION:  RIVERTON WY
                                          MONTH:    NOVEMBER
                                          YEAR:     2014
                                          LATITUDE:   43  2 N
                                          LONGITUDE: 108 27 W

[TEMPERATURE DATA]      [PRECIPITATION DATA]       SYMBOLS USED IN COLUMN 16

AVERAGE MONTHLY: 28.0   TOTAL FOR MONTH:   0.42    1 = FOG OR MIST
DPTR FM NORMAL:  -2.4   DPTR FM NORMAL:   -0.08    2 = FOG REDUCING VISIBILITY
HIGHEST:    71 ON  1    GRTST 24HR  0.20 ON 10-11      TO 1/4 MILE OR LESS
LOWEST:    -21 ON 13                               3 = THUNDER
                        SNOW, ICE PELLETS, HAIL    4 = ICE PELLETS
                        TOTAL MONTH:   5.2 INCHES  5 = HAIL
                        GRTST 24HR   1.9 ON   M    6 = FREEZING RAIN OR DRIZZLE
                        GRTST DEPTH:   3 ON 18,17  7 = DUSTSTORM OR SANDSTORM:
                                                       VSBY 1/2 MILE OR LESS
                                                   8 = SMOKE OR HAZE
[NO. OF DAYS WITH]      [WEATHER - DAYS WITH]      9 = BLOWING SNOW
                                                   X = TORNADO
MAX 32 OR BELOW:  10    0.01 INCH OR MORE:   7
MAX 90 OR ABOVE:   0    0.10 INCH OR MORE:   2
MIN 32 OR BELOW:  23    0.50 INCH OR MORE:   0
MIN  0 OR BELOW:   8    1.00 INCH OR MORE:   0

[HDD (BASE 65) ]
TOTAL THIS MO.  1101    CLEAR  (SCALE 0-3)  24
DPTR FM NORMAL    65    PTCLDY (SCALE 4-7)   4
TOTAL FM JUL 1  1777    CLOUDY (SCALE 8-10)  2
DPTR FM NORMAL  -139

[CDD (BASE 65) ]
TOTAL THIS MO.     0
DPTR FM NORMAL     0    [PRESSURE DATA]
TOTAL FM JAN 1   431    HIGHEST SLP M ON M
DPTR FM NORMAL   -63    LOWEST  SLP 29.39 ON 29

[REMARKS]
#FINAL-11-14#




U.S. Dept. of Commerce
NOAA National Weather Service
1325 East West Highway
Silver Spring, MD 20910
E-mail: w-nws.webmaster@noaa.gov
Page last modified: May 16, 2007
NATIONAL WEATHER SERVICE: for Safety, for Work, for Fun - FOR LIFE