421
CXUS56 KSGX 011445
CF6RIV
PRELIMINARY LOCAL CLIMATOLOGICAL DATA (WS FORM: F-6)

                                          STATION:   RIVERSIDE/MARCH FIELD CA
                                          MONTH:     SEPTEMBER
                                          YEAR:      2014
                                          LATITUDE:   33 54 N
                                          LONGITUDE: 117 15 W

  TEMPERATURE IN F:       :PCPN:    SNOW:  WIND      :SUNSHINE: SKY     :PK WND
================================================================================
1   2   3   4   5  6A  6B    7    8   9   10  11  12  13   14  15   16   17  18
                                     12Z  AVG MX 2MIN
DY MAX MIN AVG DEP HDD CDD  WTR  SNW DPTH SPD SPD DIR MIN PSBL S-S WX    SPD DR
================================================================================

 1  98  59  79   M   0  14 0.00  0.0    0  3.7 12 170   M    M   1 8       M  M
 2  94  59  77   M   0  12 0.00  0.0    0  4.8 13 300   M    M   1 18      M  M
 3  91  62  77   M   0  12 0.00  0.0    0  5.0 15 310   M    M   2 18      M  M
 4  87  61  74   M   0   9 0.00  0.0    0  4.9 13 300   M    M   4 18      M  M
 5  97  59  78   M   0  13 0.00  0.0    0  5.2 14 300   M    M   0         M  M
 6 100  67  84   M   0  19 0.00  0.0    0  5.0 15 290   M    M   1        20 310
 7  97  71  84   M   0  19 0.00  0.0    0  4.4 24 120   M    M   4 37     30  90
 8  87  67  77   M   0  12 0.05  0.0    0  5.6 10 320   M    M   8         M  M
 9  91  64  78   M   0  13 0.00  0.0    0  5.4 15 300   M    M   2        23 310
10  98  59  79   M   0  14 0.00  0.0    0  4.2 15 310   M    M   0         M  M
11 100  62  81   M   0  16 0.00  0.0    0  4.8 17 300   M    M   0         M  M
12 101  64  83   M   0  18 0.00  0.0    0  4.5 15 310   M    M   0         M  M
13 105  64  85   M   0  20 0.00  0.0    0  4.5 17 300   M    M   0         M  M
14 106  68  87   M   0  22 0.00  0.0    0  3.9 12 300   M    M   1         M  M
15 106  71  89   M   0  24 0.00  0.0    0  4.4 20 290   M    M   0        24 290
16 104  73  89   M   0  24 0.00  0.0    0  4.9 14 130   M    M   1 37     33 170
17  98  73  86   M   0  21 0.00  0.0    0  5.9 16 320   M    M   0        24 310
18  86  65  76   M   0  11 0.00  0.0    0  7.3 17 310   M    M   1         M  M
19  84  65  75   M   0  10 0.00  0.0    0  4.7 12 290   M    M   4         M  M
20  82  60  71   M   0   6 0.00  0.0    0  5.0 12 300   M    M   1         M  M
21  84  60  72   M   0   7 0.00  0.0    0  4.2 13 300   M    M   3 1       M  M
22  92  56  74   M   0   9 0.00  0.0    0  4.9 13 300   M    M   0         M  M
23  96  55  76   M   0  11 0.00  0.0    0  4.3 13 290   M    M   0         M  M
24  98  61  80   M   0  15 0.00  0.0    0  4.7 13 280   M    M   0         M  M
25  96  66  81   M   0  16 0.00  0.0    0  5.1 17 290   M    M   0        23 290
26  89  62  76   M   0  11 0.00  0.0    0  5.6 15 330   M    M   0        20 290
27  76  54  65   M   0   0 0.00  0.0    0  6.9 14 310   M    M   2        22 300
28  77  56  67   M   0   2 0.00  0.0    0  5.1 12 310   M    M   3         M  M
29  82  55  69   M   0   4 0.00  0.0    0  4.8 12 320   M    M   1        17 330
30  88  53  71   M   0   6 0.00  0.0    0  3.9 14 310   M    M   0        17 300
================================================================================
SM 2790 1871         0 390  0.05     0.0 147.6          M       40
================================================================================
AV 93.0 62.4                               4.9 FASTST   M    M   1    MAX(MPH)
                                 MISC ---->    24   M                 33    M
================================================================================
NOTES:
# LAST OF SEVERAL OCCURRENCES

COLUMN 17 PEAK WIND IN M.P.H.

PRELIMINARY LOCAL CLIMATOLOGICAL DATA (WS FORM: F-6) , PAGE 2

                                          STATION:  RIVERSIDE/MARCH FIELD CA
                                          MONTH:    SEPTEMBER
                                          YEAR:     2014
                                          LATITUDE:   33 54 N
                                          LONGITUDE: 117 15 W

[TEMPERATURE DATA]      [PRECIPITATION DATA]       SYMBOLS USED IN COLUMN 16

AVERAGE MONTHLY: 77.7   TOTAL FOR MONTH:   0.05    1 = FOG OR MIST
DPTR FM NORMAL:     M   DPTR FM NORMAL:       M    2 = FOG REDUCING VISIBILITY
HIGHEST:   106 ON 15,14 GRTST 24HR  0.05 ON  8- 8      TO 1/4 MILE OR LESS
LOWEST:     53 ON 30                               3 = THUNDER
                        SNOW, ICE PELLETS, HAIL    4 = ICE PELLETS
                        TOTAL MONTH:   0.0 INCH    5 = HAIL
                        GRTST 24HR     0.0         6 = FREEZING RAIN OR DRIZZLE
                        GRTST DEPTH:   0           7 = DUSTSTORM OR SANDSTORM:
                                                       VSBY 1/2 MILE OR LESS
                                                   8 = SMOKE OR HAZE
[NO. OF DAYS WITH]      [WEATHER - DAYS WITH]      9 = BLOWING SNOW
                                                   X = TORNADO
MAX 32 OR BELOW:   0    0.01 INCH OR MORE:   1
MAX 90 OR ABOVE:  19    0.10 INCH OR MORE:   0
MIN 32 OR BELOW:   0    0.50 INCH OR MORE:   0
MIN  0 OR BELOW:   0    1.00 INCH OR MORE:   0

[HDD (BASE 65) ]
TOTAL THIS MO.     0    CLEAR  (SCALE 0-3)  25
DPTR FM NORMAL     M    PTCLDY (SCALE 4-7)   5
TOTAL FM JUL 1     0    CLOUDY (SCALE 8-10)  0
DPTR FM NORMAL     M

[CDD (BASE 65) ]
TOTAL THIS MO.   390
DPTR FM NORMAL     M    [PRESSURE DATA]
TOTAL FM JAN 1  1612    HIGHEST SLP M ON M
DPTR FM NORMAL     M    LOWEST  SLP M ON M

[REMARKS]
#FINAL-09-14#




U.S. Dept. of Commerce
NOAA National Weather Service
1325 East West Highway
Silver Spring, MD 20910
E-mail: w-nws.webmaster@noaa.gov
Page last modified: May 16, 2007
NATIONAL WEATHER SERVICE: for Safety, for Work, for Fun - FOR LIFE