388
CXUS56 KSGX 301445
CF6RIV
PRELIMINARY LOCAL CLIMATOLOGICAL DATA (WS FORM: F-6)

                                          STATION:   RIVERSIDE/MARCH FIELD CA
                                          MONTH:     AUGUST
                                          YEAR:      2014
                                          LATITUDE:   33 54 N
                                          LONGITUDE: 117 15 W

  TEMPERATURE IN F:       :PCPN:    SNOW:  WIND      :SUNSHINE: SKY     :PK WND
================================================================================
1   2   3   4   5  6A  6B    7    8   9   10  11  12  13   14  15   16   17  18
                                     12Z  AVG MX 2MIN
DY MAX MIN AVG DEP HDD CDD  WTR  SNW DPTH SPD SPD DIR MIN PSBL S-S WX    SPD DR
================================================================================

 1 101  65  83   M   0  18 0.00  0.0    0  4.9 16 310   M    M   0         M  M
 2  89  69  79   M   0  14 0.09  0.0    0  4.5 23 110   M    M   6         M  M
 3  86  69  78   M   0  13 0.19  0.0    0  8.1 18 330   M    M   7 13      M  M
 4  91  64  78   M   0  13 0.02  0.0    0  5.9 16 300   M    M   3 1      18 250
 5  92  56  74   M   0   9 0.00  0.0    0  4.6 17 310   M    M   0         M  M
 6  87  56  72   M   0   7 0.00  0.0    0  5.4 15 290   M    M   0 1       M  M
 7  87  56  72   M   0   7 0.00  0.0    0  5.4 14 300   M    M   1 1       M  M
 8  91  59  75   M   0  10 0.00  0.0    0  5.9 14 290   M    M   2 1       M  M
 9  93  60  77   M   0  12 0.00  0.0    0  6.3 15 290   M    M   0 1       M  M
10  95  60  78   M   0  13 0.00  0.0    0  6.2 17 310   M    M   1         M  M
11  95  66  81   M   0  16    T  0.0    0  5.9 16 310   M    M   2        21 290
12  94  66  80   M   0  15 0.00  0.0    0  7.2 16 330   M    M   1         M  M
13  92  63  78   M   0  13 0.00  0.0    0  5.9 16 300   M    M   0        20 310
14  96  60  78   M   0  13 0.00  0.0    0  5.5 15 300   M    M   0        18 300
15  97  61  79   M   0  14 0.00  0.0    0  5.2 15 310   M    M   0        17 310
16  98  64  81   M   0  16 0.00  0.0    0  5.8 17 300   M    M   0        20 310
17  98  64  81   M   0  16 0.00  0.0    0  5.8 16 290   M    M   0         M  M
18 100  65  83   M   0  18    T  0.0    0  6.5 17 320   M    M   1 7      21 110
19  87  62  75   M   0  10 0.00  0.0    0  5.3 15 290   M    M   2         M  M
20  80  62  71   M   0   6 0.27  0.0    0  2.5  7  99   M    M   5 3       M  M
21  90  60  75   M   0  10 0.00  0.0    0  4.5 14 290   M    M   1         M  M
22  89  63  76   M   0  11 0.00  0.0    0  5.2 13 300   M    M   0         M  M
23  90  56  73   M   0   8 0.00  0.0    0  4.5 14 310   M    M   0         M  M
24  90  56  73   M   0   8 0.00  0.0    0  3.9 14 300   M    M   2 1       M  M
25  88  62  75   M   0  10 0.00  0.0    0  5.0 13 300   M    M   4         M  M
26  92  63  78   M   0  13 0.00  0.0    0  4.9 16 310   M    M   1        24 310
27  95  63  79   M   0  14 0.00  0.0    0  5.4 16 310   M    M   0         M  M
28  99  63  81   M   0  16 0.00  0.0    0  5.6 18 310   M    M   0         M  M
29 100  62  81   M   0  16 0.00  0.0    0  5.0 14 310   M    M   0         M  M
================================================================================
SM 2682 1795         0 359  0.57     0.0 156.8          M       39
================================================================================
AV 92.5 61.9                               5.4 FASTST   M    M   1    MAX(MPH)
                                 MISC ---->  # 23 110                 24    M
================================================================================
NOTES:
# LAST OF SEVERAL OCCURRENCES

COLUMN 17 PEAK WIND IN M.P.H.

PRELIMINARY LOCAL CLIMATOLOGICAL DATA (WS FORM: F-6) , PAGE 2

                                          STATION:  RIVERSIDE/MARCH FIELD CA
                                          MONTH:    AUGUST
                                          YEAR:     2014
                                          LATITUDE:   33 54 N
                                          LONGITUDE: 117 15 W

[TEMPERATURE DATA]      [PRECIPITATION DATA]       SYMBOLS USED IN COLUMN 16

AVERAGE MONTHLY: 77.2   TOTAL FOR MONTH:   0.57    1 = FOG OR MIST
DPTR FM NORMAL:     M   DPTR FM NORMAL:       M    2 = FOG REDUCING VISIBILITY
HIGHEST:   101 ON  1    GRTST 24HR  0.27 ON 20-20      TO 1/4 MILE OR LESS
LOWEST:     56 ON 24,23                            3 = THUNDER
                        SNOW, ICE PELLETS, HAIL    4 = ICE PELLETS
                        TOTAL MONTH:   0.0 INCH    5 = HAIL
                        GRTST 24HR     0.0         6 = FREEZING RAIN OR DRIZZLE
                        GRTST DEPTH:   0           7 = DUSTSTORM OR SANDSTORM:
                                                       VSBY 1/2 MILE OR LESS
                                                   8 = SMOKE OR HAZE
[NO. OF DAYS WITH]      [WEATHER - DAYS WITH]      9 = BLOWING SNOW
                                                   X = TORNADO
MAX 32 OR BELOW:   0    0.01 INCH OR MORE:   4
MAX 90 OR ABOVE:  21    0.10 INCH OR MORE:   2
MIN 32 OR BELOW:   0    0.50 INCH OR MORE:   0
MIN  0 OR BELOW:   0    1.00 INCH OR MORE:   0

[HDD (BASE 65) ]
TOTAL THIS MO.     0    CLEAR  (SCALE 0-3)  25
DPTR FM NORMAL     M    PTCLDY (SCALE 4-7)   4
TOTAL FM JUL 1     0    CLOUDY (SCALE 8-10)  0
DPTR FM NORMAL     M

[CDD (BASE 65) ]
TOTAL THIS MO.   359
DPTR FM NORMAL     M    [PRESSURE DATA]
TOTAL FM JAN 1  1192    HIGHEST SLP M ON M
DPTR FM NORMAL     M    LOWEST  SLP M ON M

[REMARKS]




U.S. Dept. of Commerce
NOAA National Weather Service
1325 East West Highway
Silver Spring, MD 20910
E-mail: w-nws.webmaster@noaa.gov
Page last modified: May 16, 2007
NATIONAL WEATHER SERVICE: for Safety, for Work, for Fun - FOR LIFE