152
CXUS56 KSGX 281445
CF6RIV
PRELIMINARY LOCAL CLIMATOLOGICAL DATA (WS FORM: F-6)

                                          STATION:   RIVERSIDE/MARCH FIELD CA
                                          MONTH:     JULY
                                          YEAR:      2014
                                          LATITUDE:   33 54 N
                                          LONGITUDE: 117 15 W

  TEMPERATURE IN F:       :PCPN:    SNOW:  WIND      :SUNSHINE: SKY     :PK WND
================================================================================
1   2   3   4   5  6A  6B    7    8   9   10  11  12  13   14  15   16   17  18
                                     12Z  AVG MX 2MIN
DY MAX MIN AVG DEP HDD CDD  WTR  SNW DPTH SPD SPD DIR MIN PSBL S-S WX    SPD DR
================================================================================

 1  93  61  77   M   0  12 0.00  0.0    0  6.4 14 300   M    M   0 8      17 320
 2  93  61  77   M   0  12 0.00  0.0    0  6.2 14 300   M    M   0 1       M  M
 3 101  61  81   M   0  16 0.00  0.0    0  5.6 16 310   M    M   0         M  M
 4  98  68  83   M   0  18 0.00  0.0    0  6.8 14 310   M    M   1 3       M  M
 5  96  68  82   M   0  17 0.00  0.0    0  6.9 20 290   M    M   1         M  M
 6  96  66  81   M   0  16 0.00  0.0    0  6.6 17 300   M    M   0        24 290
 7  98  66  82   M   0  17 0.00  0.0    0  5.5 15 310   M    M   0         M  M
 8  96  65  81   M   0  16 0.00  0.0    0  5.7 15 310   M    M   0        18 320
 9  94  63  79   M   0  14 0.00  0.0    0  7.1 18 310   M    M   0        17 320
10  91  61  76   M   0  11 0.00  0.0    0  6.6 16 310   M    M   0         M  M
11  89  60  75   M   0  10 0.00  0.0    0  6.6 17 300   M    M   0        23 310
12  91  60  76   M   0  11 0.00  0.0    0  5.4 13 300   M    M   0         M  M
13  98  65  82   M   0  17 0.00  0.0    0  5.9 13 320   M    M   2         M  M
14  94  70  82   M   0  17    T  0.0    0  6.2 18 150   M    M   6        27 150
15  90  65  78   M   0  13 0.00  0.0    0  7.5 15 310   M    M   0         M  M
16  87  64  76   M   0  11 0.00  0.0    0  5.9 15 300   M    M   3        18 310
17  82  59  71   M   0   6 0.00  0.0    0  6.3 15 300   M    M   3         M  M
18  85  56  71   M   0   6 0.00  0.0    0  5.6 15 290   M    M   2         M  M
19  85  60  73   M   0   8    T  0.0    0  6.0 13 300   M    M   2         M  M
20  86  62  74   M   0   9 0.00  0.0    0  5.9 14 310   M    M   2         M  M
21  90  59  75   M   0  10 0.00  0.0    0  5.9 16 320   M    M   0         M  M
22  93  59  76   M   0  11 0.00  0.0    0  6.6 14 310   M    M   0        20 320
23  99  60  80   M   0  15 0.00  0.0    0  5.0 13 290   M    M   1        18 310
24 105  62  84   M   0  19 0.00  0.0    0  4.9 16 300   M    M   0         M  M
25  96  69  83   M   0  18 0.00  0.0    0  5.0 15 150   M    M   2         M  M
26  97  69  83   M   0  18 0.00  0.0    0  6.1 16 310   M    M   1         M  M
27  95  68  82   M   0  17 0.00  0.0    0  5.2 14 290   M    M   6         M  M
================================================================================
SM 2518 1707         0 365    T      0.0 163.4          M       32
================================================================================
AV 93.3 63.2                               6.1 FASTST   M    M   1    MAX(MPH)
                                 MISC ---->    20   M               # 27  150
================================================================================
NOTES:
# LAST OF SEVERAL OCCURRENCES

COLUMN 17 PEAK WIND IN M.P.H.

PRELIMINARY LOCAL CLIMATOLOGICAL DATA (WS FORM: F-6) , PAGE 2

                                          STATION:  RIVERSIDE/MARCH FIELD CA
                                          MONTH:    JULY
                                          YEAR:     2014
                                          LATITUDE:   33 54 N
                                          LONGITUDE: 117 15 W

[TEMPERATURE DATA]      [PRECIPITATION DATA]       SYMBOLS USED IN COLUMN 16

AVERAGE MONTHLY: 78.2   TOTAL FOR MONTH:      T    1 = FOG OR MIST
DPTR FM NORMAL:     M   DPTR FM NORMAL:       M    2 = FOG REDUCING VISIBILITY
HIGHEST:   105 ON 24    GRTST 24HR    T  ON 19-19      TO 1/4 MILE OR LESS
LOWEST:     56 ON 18                               3 = THUNDER
                        SNOW, ICE PELLETS, HAIL    4 = ICE PELLETS
                        TOTAL MONTH:   0.0 INCH    5 = HAIL
                        GRTST 24HR     0.0         6 = FREEZING RAIN OR DRIZZLE
                        GRTST DEPTH:   0           7 = DUSTSTORM OR SANDSTORM:
                                                       VSBY 1/2 MILE OR LESS
                                                   8 = SMOKE OR HAZE
[NO. OF DAYS WITH]      [WEATHER - DAYS WITH]      9 = BLOWING SNOW
                                                   X = TORNADO
MAX 32 OR BELOW:   0    0.01 INCH OR MORE:   0
MAX 90 OR ABOVE:  21    0.10 INCH OR MORE:   0
MIN 32 OR BELOW:   0    0.50 INCH OR MORE:   0
MIN  0 OR BELOW:   0    1.00 INCH OR MORE:   0

[HDD (BASE 65) ]
TOTAL THIS MO.     0    CLEAR  (SCALE 0-3)  24
DPTR FM NORMAL     M    PTCLDY (SCALE 4-7)   3
TOTAL FM JUL 1     0    CLOUDY (SCALE 8-10)  0
DPTR FM NORMAL     M

[CDD (BASE 65) ]
TOTAL THIS MO.   365
DPTR FM NORMAL     M    [PRESSURE DATA]
TOTAL FM JAN 1   762    HIGHEST SLP M ON M
DPTR FM NORMAL     M    LOWEST  SLP M ON M

[REMARKS]




U.S. Dept. of Commerce
NOAA National Weather Service
1325 East West Highway
Silver Spring, MD 20910
E-mail: w-nws.webmaster@noaa.gov
Page last modified: May 16, 2007
NATIONAL WEATHER SERVICE: for Safety, for Work, for Fun - FOR LIFE