718
CXUS55 KGJT 011000
CF6RIL
PRELIMINARY LOCAL CLIMATOLOGICAL DATA (WS FORM: F-6)

                                          STATION:   RIFLE CO
                                          MONTH:     SEPTEMBER
                                          YEAR:      2014
                                          LATITUDE:   39 31 N
                                          LONGITUDE: 107 43 W

  TEMPERATURE IN F:       :PCPN:    SNOW:  WIND      :SUNSHINE: SKY     :PK WND
================================================================================
1   2   3   4   5  6A  6B    7    8   9   10  11  12  13   14  15   16   17  18
                                     12Z  AVG MX 2MIN
DY MAX MIN AVG DEP HDD CDD  WTR  SNW DPTH SPD SPD DIR MIN PSBL S-S WX    SPD DR
================================================================================

 1  82  45  64  -2   1   0 0.00    M    M  6.5 25 260   M    M   1        31 270
 2  87  45  66   0   0   1 0.00    M    M  5.4 22 270   M    M   0        30 270
 3  89  49  69   3   0   4 0.00    M    M  5.2 23 270   M    M   0        28 270
 4  75  47  61  -5   4   0 0.00    M    M  7.1 31 150   M    M   0        40 150
 5  80  47  64  -1   1   0 0.00    M    M  4.4 26 320   M    M   0 3      42 280
 6  83  48  66   1   0   1 0.00    M    M  3.3 16 270   M    M   0        19 300
 7  82  45  64   0   1   0    T    M    M  4.3 16  10   M    M   0        21 360
 8  77  52  65   1   0   0 0.02    M    M  3.8 17 170   M    M   5        21 140
 9  63  54  59  -5   6   0 1.08    M    M  2.9 12 250   M    M   9 1      16 320
10  73  47  60  -3   5   0 0.01    M    M  4.7 23 280   M    M   2 13     27 270
11  78  44  61  -2   4   0 0.00    M    M  9.4 30 310   M    M   1        36 310
12  75  39  57  -6   8   0 0.00    M    M  3.4 16 300   M    M   0        19 310
13  80  40  60  -2   5   0 0.00    M    M  4.3 14 270   M    M   0        20 270
14  84  43  64   2   1   0 0.00    M    M  5.3 21 260   M    M   0        26 260
15  85  46  66   4   0   1 0.00    M    M  3.5 14 140   M    M   0        18 330
16  85  46  66   5   0   1 0.00    M    M  2.9 10 280   M    M   0        13 290
17  88  47  68   7   0   3 0.00    M    M  1.9 10 150   M    M   0        13 150
18  86  47  67   7   0   2 0.00    M    M  3.5 15 270   M    M   0        18 260
19  86  49  68   8   0   3 0.00    M    M  3.7 13 250   M    M   1        17 300
20  88  49  69   9   0   4    T    M    M  4.4 21 140   M    M   0        25 160
21  76  53  65   6   0   0 0.25    M    M  5.5 21 260   M    M   5 13     23 260
22  75  57  66   7   0   1 0.32    M    M  4.1 24 260   M    M   5 13     38 260
23  77  52  65   7   0   0    T    M    M  2.4 20 260   M    M   5        23 260
24  83  47  65   7   0   0 0.00    M    M  2.3 12 120   M    M   0        14 120
25  85  48  67   9   0   2 0.00    M    M  5.6 16 260   M    M   0        22 270
26  85  48  67  10   0   2 0.00    M    M  4.0 15 250   M    M   0        18 250
27  82  50  66   9   0   1 0.02    M    M  8.2 31  70   M    M   1 3      41  70
28  67  49  58   2   7   0 0.35    M    M  8.5 39 260   M    M   7 1      46 250
29  62  43  53  -3  12   0 0.11    M    M  5.0 40 230   M    M   3 13     49 220
30  60  41  51  -5  14   0 0.02    M    M  5.8 23 250   M    M   7 3      29 260
================================================================================
SM 2378 1417        69  26  2.18    M    141.3          M       52
================================================================================
AV 79.3 47.2                               4.7 FASTST   M    M   2    MAX(MPH)
                                 MISC ---->  # 40 230               # 49  220
================================================================================
NOTES:
# LAST OF SEVERAL OCCURRENCES

COLUMN 17 PEAK WIND IN M.P.H.

PRELIMINARY LOCAL CLIMATOLOGICAL DATA (WS FORM: F-6) , PAGE 2

                                          STATION:  RIFLE CO
                                          MONTH:    SEPTEMBER
                                          YEAR:     2014
                                          LATITUDE:   39 31 N
                                          LONGITUDE: 107 43 W

[TEMPERATURE DATA]      [PRECIPITATION DATA]       SYMBOLS USED IN COLUMN 16

AVERAGE MONTHLY: 63.2   TOTAL FOR MONTH:   2.18    1 = FOG OR MIST
DPTR FM NORMAL:   2.0   DPTR FM NORMAL:    0.68    2 = FOG REDUCING VISIBILITY
HIGHEST:    89 ON  3    GRTST 24HR  1.10 ON  8- 9      TO 1/4 MILE OR LESS
LOWEST:     39 ON 12                               3 = THUNDER
                        SNOW, ICE PELLETS, HAIL    4 = ICE PELLETS
                        TOTAL MONTH:    M          5 = HAIL
                        GRTST 24HR    M  ON   M    6 = FREEZING RAIN OR DRIZZLE
                        GRTST DEPTH:  M  ON   M    7 = DUSTSTORM OR SANDSTORM:
                                                       VSBY 1/2 MILE OR LESS
                                                   8 = SMOKE OR HAZE
[NO. OF DAYS WITH]      [WEATHER - DAYS WITH]      9 = BLOWING SNOW
                                                   X = TORNADO
MAX 32 OR BELOW:   0    0.01 INCH OR MORE:   9
MAX 90 OR ABOVE:   0    0.10 INCH OR MORE:   5
MIN 32 OR BELOW:   0    0.50 INCH OR MORE:   1
MIN  0 OR BELOW:   0    1.00 INCH OR MORE:   1

[HDD (BASE 65) ]
TOTAL THIS MO.    69    CLEAR  (SCALE 0-3)  22
DPTR FM NORMAL   -70    PTCLDY (SCALE 4-7)   7
TOTAL FM JUL 1    86    CLOUDY (SCALE 8-10)  1
DPTR FM NORMAL   -60

[CDD (BASE 65) ]
TOTAL THIS MO.    26
DPTR FM NORMAL     1    [PRESSURE DATA]
TOTAL FM JAN 1   555    HIGHEST SLP 30.26 ON 12
DPTR FM NORMAL    14    LOWEST  SLP 29.64 ON 27

[REMARKS]
#FINAL-09-14#




U.S. Dept. of Commerce
NOAA National Weather Service
1325 East West Highway
Silver Spring, MD 20910
E-mail: w-nws.webmaster@noaa.gov
Page last modified: May 16, 2007
NATIONAL WEATHER SERVICE: for Safety, for Work, for Fun - FOR LIFE