073
CXUS55 KGJT 211000
CF6RIL
PRELIMINARY LOCAL CLIMATOLOGICAL DATA (WS FORM: F-6)

                                          STATION:   RIFLE CO
                                          MONTH:     AUGUST
                                          YEAR:      2014
                                          LATITUDE:   39 31 N
                                          LONGITUDE: 107 43 W

  TEMPERATURE IN F:       :PCPN:    SNOW:  WIND      :SUNSHINE: SKY     :PK WND
================================================================================
1   2   3   4   5  6A  6B    7    8   9   10  11  12  13   14  15   16   17  18
                                     12Z  AVG MX 2MIN
DY MAX MIN AVG DEP HDD CDD  WTR  SNW DPTH SPD SPD DIR MIN PSBL S-S WX    SPD DR
================================================================================

 1  83  58  71  -2   0   6    T    M    M  5.4 23  90   M    M   2 3      29  90
 2  91  51  71  -2   0   6 0.00    M    M  4.8 13  60   M    M   0        16  50
 3  91  55  73   0   0   8    T    M    M  5.8 29 190   M    M   2        40 170
 4  77  57  67  -6   0   2 0.02    M    M  4.2 17 180   M    M   7 3      22 180
 5  83  57  70  -3   0   5 0.39    M    M  7.5 20 270   M    M   3 13     24 260
 6  88  57  73   1   0   8 0.01    M    M  6.8 26 330   M    M   2 3      34 330
 7  86  55  71  -1   0   6 0.01    M    M  7.3 30 320   M    M   1 3      39 340
 8  89  52  71  -1   0   6 0.00    M    M  8.5 29 250   M    M   0        37 270
 9  86  54  70  -2   0   5 0.01    M    M  6.0 29 320   M    M   1 3      36 320
10  89  49  69  -3   0   4    T    M    M  5.7 21  10   M    M   0 3      25  10
11  91  52  72   0   0   7 0.00    M    M  3.9 13 140   M    M   0        15 120
12  91  53  72   0   0   7 0.00    M    M  5.7 28 260   M    M   0        34 260
13  87  58  73   2   0   8 0.18    M    M  4.2 29 270   M    M   3 13     35 260
14  79  61  70  -1   0   5 0.22    M    M  3.7 15 260   M    M   6 1      18 250
15  83  55  69  -2   0   4    T    M    M  2.3 15 320   M    M   1 3      21 320
16  91  54  73   2   0   8 0.00    M    M  3.5 12 120   M    M   1        14 120
17  91  53  72   2   0   7 0.00    M    M  5.1 21 320   M    M   0        26 320
18  92  54  73   3   0   8 0.00    M    M  6.7 21 360   M    M   0 3      30  10
19  83  59  71   1   0   6 0.21    M    M  6.7 26 200   M    M   4 13     34 200
20  81  60  71   1   0   6    T    M    M  7.7 28 310   M    M   5        36 310
================================================================================
SM 1732 1104         0 122  1.05    M    111.5          M       38
================================================================================
AV 86.6 55.2                               5.6 FASTST   M    M   2    MAX(MPH)
                                 MISC ---->  # 30 320               # 40  170
================================================================================
NOTES:
# LAST OF SEVERAL OCCURRENCES

COLUMN 17 PEAK WIND IN M.P.H.

PRELIMINARY LOCAL CLIMATOLOGICAL DATA (WS FORM: F-6) , PAGE 2

                                          STATION:  RIFLE CO
                                          MONTH:    AUGUST
                                          YEAR:     2014
                                          LATITUDE:   39 31 N
                                          LONGITUDE: 107 43 W

[TEMPERATURE DATA]      [PRECIPITATION DATA]       SYMBOLS USED IN COLUMN 16

AVERAGE MONTHLY: 70.9   TOTAL FOR MONTH:   1.05    1 = FOG OR MIST
DPTR FM NORMAL:  -0.8   DPTR FM NORMAL:    0.16    2 = FOG REDUCING VISIBILITY
HIGHEST:    92 ON 18    GRTST 24HR  0.41 ON  4- 5      TO 1/4 MILE OR LESS
LOWEST:     49 ON 10                               3 = THUNDER
                        SNOW, ICE PELLETS, HAIL    4 = ICE PELLETS
                        TOTAL MONTH:    M          5 = HAIL
                        GRTST 24HR    M  ON   M    6 = FREEZING RAIN OR DRIZZLE
                        GRTST DEPTH:  M  ON   M    7 = DUSTSTORM OR SANDSTORM:
                                                       VSBY 1/2 MILE OR LESS
                                                   8 = SMOKE OR HAZE
[NO. OF DAYS WITH]      [WEATHER - DAYS WITH]      9 = BLOWING SNOW
                                                   X = TORNADO
MAX 32 OR BELOW:   0    0.01 INCH OR MORE:   8
MAX 90 OR ABOVE:   7    0.10 INCH OR MORE:   4
MIN 32 OR BELOW:   0    0.50 INCH OR MORE:   0
MIN  0 OR BELOW:   0    1.00 INCH OR MORE:   0

[HDD (BASE 65) ]
TOTAL THIS MO.     0    CLEAR  (SCALE 0-3)  14
DPTR FM NORMAL     0    PTCLDY (SCALE 4-7)   6
TOTAL FM JUL 1     0    CLOUDY (SCALE 8-10)  0
DPTR FM NORMAL    -1

[CDD (BASE 65) ]
TOTAL THIS MO.   122
DPTR FM NORMAL   -12    [PRESSURE DATA]
TOTAL FM JAN 1   515    HIGHEST SLP M ON M
DPTR FM NORMAL    38    LOWEST  SLP 29.69 ON 19

[REMARKS]




U.S. Dept. of Commerce
NOAA National Weather Service
1325 East West Highway
Silver Spring, MD 20910
E-mail: w-nws.webmaster@noaa.gov
Page last modified: May 16, 2007
NATIONAL WEATHER SERVICE: for Safety, for Work, for Fun - FOR LIFE