818
CXUS51 KAKQ 012029
CF6RIC
PRELIMINARY LOCAL CLIMATOLOGICAL DATA (WS FORM: F-6)

                                          STATION:   RICHMOND VA
                                          MONTH:     NOVEMBER
                                          YEAR:      2014
                                          LATITUDE:   37 30 N
                                          LONGITUDE:  77 20 W

  TEMPERATURE IN F:       :PCPN:    SNOW:  WIND      :SUNSHINE: SKY     :PK WND
================================================================================
1   2   3   4   5  6A  6B    7    8   9   10  11  12  13   14  15   16   17  18
                                     12Z  AVG MX 2MIN
DY MAX MIN AVG DEP HDD CDD  WTR  SNW DPTH SPD SPD DIR MIN PSBL S-S WX    SPD DR
================================================================================

 1  51  41  46  -9  19   0 0.05  0.0    0 14.0 30 350   M    M   7 1      39 360
 2  53  37  45 -10  20   0    T  0.0    0 16.4 32 340   M    M   5        46 340
 3  66  30  48  -6  17   0 0.00  0.0    0  5.8 12 220   M    M   3        15 220
 4  75  41  58   4   7   0 0.00  0.0    0  7.2 14 200   M    M   9        17 200
 5  70  50  60   6   5   0 0.00  0.0    0  5.1 13 210   M    M  10        15 210
 6  66  52  59   5   6   0 0.20  0.0    0  9.8 23 320   M    M   9 1      30 310
 7  63  37  50  -3  15   0 0.00  0.0    0  9.9 25 290   M    M   3        33 280
 8  56  29  43 -10  22   0 0.00  0.0    0  3.5 16 190   M    M   5        21 180
 9  62  41  52  -1  13   0 0.00  0.0    0  2.8  8 360   M    M   8        15 170
10  68  35  52   0  13   0 0.00  0.0    0  2.9 15 140   M    M   2 1      17 140
11  72  42  57   5   8   0 0.00  0.0    0  2.6  9 340   M    M   7 18     13 350
12  76  50  63  11   2   0 0.00  0.0    0  7.0 17  20   M    M   6 12     24 360
13  51  38  45  -6  20   0 0.01  0.0    0  9.1 17 360   M    M  10 1      22  10
14  46  30  38 -13  27   0 0.02  0.0    0 10.7 22 320   M    M   4 1      28 310
15  47  26  37 -14  28   0 0.00  0.0    0  3.5 17  10   M    M   2        22 360
16  52  31  42  -8  23   0 0.02  0.0    0  3.9 12 150   M    M   9 1      15 190
17  58  43  51   1  14   0 0.94  0.0    0  7.1 26 280   M    M  10 12     40 180
18  47  27  37 -13  28   0 0.00  0.0    0 11.8 22 290   M    M   4        29 300
19  41  18  30 -19  35   0 0.00  0.0    0  7.6 17 200   M    M   2        23 190
20  57  30  44  -5  21   0 0.00  0.0    0  9.9 25 240   M    M   2        32 250
21  43  26  35 -14  30   0 0.00  0.0    0  5.2 18 330   M    M   1        23 330
22  52  21  37 -11  28   0 0.00  0.0    0  5.1 20 210   M    M   4        25 210
23  61  34  48   0  17   0 0.23  0.0    0  5.7 22 140   M    M   8 1      28 140
24  75  61  68  20   0   3 0.09  0.0    0 17.1 30 200   M    M   6 1      37 190
25  68  50  59  12   6   0 0.02  0.0    0  5.8 18  20   M    M  10 1      21  20
26  50  37  44  -3  21   0 1.33    T    0 11.0 23 310   M    M  10 14     29 310
27  48  36  42  -5  23   0 0.04  0.0    0  4.1 20 330   M    M   9 1      24 340
28  44  28  36 -10  29   0 0.00  0.0    0  5.8 18 320   M    M   3        25 300
29  52  26  39  -7  26   0 0.00  0.0    0  6.8 16 180   M    M   6        20 180
30  70  36  53   7  12   0 0.00  0.0    0 10.3 22 240   M    M   3        30 250
================================================================================
SM 1740 1083       535   3  2.95    T    227.5          M      177
================================================================================
AV 58.0 36.1                               7.6 FASTST   M    M   6    MAX(MPH)
                                 MISC ---->  # 32 340               # 46  340
================================================================================
NOTES:
# LAST OF SEVERAL OCCURRENCES

COLUMN 17 PEAK WIND IN M.P.H.

PRELIMINARY LOCAL CLIMATOLOGICAL DATA (WS FORM: F-6) , PAGE 2

                                          STATION:  RICHMOND VA
                                          MONTH:    NOVEMBER
                                          YEAR:     2014
                                          LATITUDE:   37 30 N
                                          LONGITUDE:  77 20 W

[TEMPERATURE DATA]      [PRECIPITATION DATA]       SYMBOLS USED IN COLUMN 16

AVERAGE MONTHLY: 47.0   TOTAL FOR MONTH:   2.95    1 = FOG OR MIST
DPTR FM NORMAL:  -3.4   DPTR FM NORMAL:   -0.29    2 = FOG REDUCING VISIBILITY
HIGHEST:    76 ON 12    GRTST 24HR  1.35 ON 25-26      TO 1/4 MILE OR LESS
LOWEST:     18 ON 19                               3 = THUNDER
                        SNOW, ICE PELLETS, HAIL    4 = ICE PELLETS
                        TOTAL MONTH:    T          5 = HAIL
                        GRTST 24HR    T  ON 26-26  6 = FREEZING RAIN OR DRIZZLE
                        GRTST DEPTH:   0           7 = DUSTSTORM OR SANDSTORM:
                                                       VSBY 1/2 MILE OR LESS
                                                   8 = SMOKE OR HAZE
[NO. OF DAYS WITH]      [WEATHER - DAYS WITH]      9 = BLOWING SNOW
                                                   X = TORNADO
MAX 32 OR BELOW:   0    0.01 INCH OR MORE:  11
MAX 90 OR ABOVE:   0    0.10 INCH OR MORE:   4
MIN 32 OR BELOW:  12    0.50 INCH OR MORE:   2
MIN  0 OR BELOW:   0    1.00 INCH OR MORE:   1

[HDD (BASE 65) ]
TOTAL THIS MO.   535    CLEAR  (SCALE 0-3)   9
DPTR FM NORMAL    92    PTCLDY (SCALE 4-7)  12
TOTAL FM JUL 1   670    CLOUDY (SCALE 8-10)  9
DPTR FM NORMAL    -6

[CDD (BASE 65) ]
TOTAL THIS MO.     3
DPTR FM NORMAL    -2    [PRESSURE DATA]
TOTAL FM JAN 1  1679    HIGHEST SLP 30.59 ON 22
DPTR FM NORMAL   131    LOWEST  SLP 29.55 ON 17

[REMARKS]
#FINAL-11-14#




U.S. Dept. of Commerce
NOAA National Weather Service
1325 East West Highway
Silver Spring, MD 20910
E-mail: w-nws.webmaster@noaa.gov
Page last modified: May 16, 2007
NATIONAL WEATHER SERVICE: for Safety, for Work, for Fun - FOR LIFE