152
CXUS53 KGRB 220623
CF6RHI
PRELIMINARY LOCAL CLIMATOLOGICAL DATA (WS FORM: F-6)

                                          STATION:   RHINELANDER WI
                                          MONTH:     AUGUST
                                          YEAR:      2014
                                          LATITUDE:   45 37 N
                                          LONGITUDE:  89 27 W

  TEMPERATURE IN F:       :PCPN:    SNOW:  WIND      :SUNSHINE: SKY     :PK WND
================================================================================
1   2   3   4   5  6A  6B    7    8   9   10  11  12  13   14  15   16   17  18
                                     12Z  AVG MX 2MIN
DY MAX MIN AVG DEP HDD CDD  WTR  SNW DPTH SPD SPD DIR MIN PSBL S-S WX    SPD DR
================================================================================

 1  78  48  63  -4   2   0 0.00  0.0    0  2.0 10 320   M    M   3 12     13 320
 2  80  48  64  -2   1   0    T  0.0    0  2.0  6 260   M    M   2 12      M  M
 3  82  53  68   2   0   3 0.02  0.0    0  3.7 12 130   M    M   4 123    16  20
 4  74  56  65  -1   0   0 0.12  0.0    0  5.7 13 110   M    M   9 123    16 130
 5  78  52  65  -1   0   0 0.00  0.0    0  3.0  8 250   M    M   4 1      11 150
 6  78  47  63  -3   2   0 0.00  0.0    0  1.8  9  70   M    M   2 12     12  70
 7  79  48  64  -2   1   0 0.00  0.0    0  2.8 12 110   M    M   2 12     15 130
 8  80  49  65  -1   0   0 0.00  0.0    0  1.7 10 160   M    M   2 12     16 110
 9  79  48  64  -2   1   0 0.00  0.0    0  1.7  9 150   M    M   3 12     13 140
10  81  49  65  -1   0   0 0.00  0.0    0  2.6 10 160   M    M   2 12     14 180
11  65  55  60  -6   5   0 0.73  0.0    0  5.0 15  10   M    M   8 1      23  20
12  70  51  61  -5   4   0 0.00  0.0    0  8.0 17 310   M    M   4        26 320
13  72  43  58  -8   7   0 0.00  0.0    0  4.6 12  10   M    M   3        20 330
14  70  37  54 -12  11   0 0.00  0.0    0  2.9 10 310   M    M   0 12     14 300
15  78  38  58  -7   7   0 0.00  0.0    0  4.7 13 230   M    M   3 12     18 220
16  75  57  66   1   0   1 0.88  0.0    0  6.5 12 270   M    M   7 1      15 250
17  72  52  62  -3   3   0 0.00  0.0    0  6.0 10 110   M    M   6        14  60
18  67  56  62  -3   3   0 1.02  0.0    0  5.4 10 110   M    M  10 13     14 160
19  73  58  66   1   0   1    T  0.0    0  5.3 14 310   M    M   8 1      19 330
20  69  59  64  -1   1   0 0.00  0.0    0  2.5  8 270   M    M  10 1      12 320
21  69  57  63  -1   2   0 0.02  0.0    0  7.2 12 110   M    M  10 12      M  M
================================================================================
SM 1569 1061        50   5  2.79     0.0  85.1          M      102
================================================================================
AV 74.7 50.5                               4.1 FASTST   M    M   5    MAX(MPH)
                                 MISC ---->  # 17 310               # 26  320
================================================================================
NOTES:
# LAST OF SEVERAL OCCURRENCES

COLUMN 17 PEAK WIND IN M.P.H.

PRELIMINARY LOCAL CLIMATOLOGICAL DATA (WS FORM: F-6) , PAGE 2

                                          STATION:  RHINELANDER WI
                                          MONTH:    AUGUST
                                          YEAR:     2014
                                          LATITUDE:   45 37 N
                                          LONGITUDE:  89 27 W

[TEMPERATURE DATA]      [PRECIPITATION DATA]       SYMBOLS USED IN COLUMN 16

AVERAGE MONTHLY: 62.6   TOTAL FOR MONTH:   2.79    1 = FOG OR MIST
DPTR FM NORMAL:  -3.0   DPTR FM NORMAL:    0.57    2 = FOG REDUCING VISIBILITY
HIGHEST:    82 ON  3    GRTST 24HR  1.02 ON 18-18      TO 1/4 MILE OR LESS
LOWEST:     37 ON 14                               3 = THUNDER
                        SNOW, ICE PELLETS, HAIL    4 = ICE PELLETS
                        TOTAL MONTH:   0.0 INCH    5 = HAIL
                        GRTST 24HR     0.0         6 = FREEZING RAIN OR DRIZZLE
                        GRTST DEPTH:   0           7 = DUSTSTORM OR SANDSTORM:
                                                       VSBY 1/2 MILE OR LESS
                                                   8 = SMOKE OR HAZE
[NO. OF DAYS WITH]      [WEATHER - DAYS WITH]      9 = BLOWING SNOW
                                                   X = TORNADO
MAX 32 OR BELOW:   0    0.01 INCH OR MORE:   6
MAX 90 OR ABOVE:   0    0.10 INCH OR MORE:   4
MIN 32 OR BELOW:   0    0.50 INCH OR MORE:   3
MIN  0 OR BELOW:   0    1.00 INCH OR MORE:   1

[HDD (BASE 65) ]
TOTAL THIS MO.    50    CLEAR  (SCALE 0-3)   8
DPTR FM NORMAL     9    PTCLDY (SCALE 4-7)   8
TOTAL FM JUL 1   174    CLOUDY (SCALE 8-10)  5
DPTR FM NORMAL    82

[CDD (BASE 65) ]
TOTAL THIS MO.     5
DPTR FM NORMAL   -53    [PRESSURE DATA]
TOTAL FM JAN 1   123    HIGHEST SLP M ON M
DPTR FM NORMAL  -105    LOWEST  SLP 29.63 ON 19

[REMARKS]
SNOWFALL AND PRECIPITATION AMOUNTS, AND SNOWDEPTH DURING
MIXED OR ALL SNOW EVENTS PROVIDED BY WJFW-TV.




U.S. Dept. of Commerce
NOAA National Weather Service
1325 East West Highway
Silver Spring, MD 20910
E-mail: w-nws.webmaster@noaa.gov
Page last modified: May 16, 2007
NATIONAL WEATHER SERVICE: for Safety, for Work, for Fun - FOR LIFE