507
CXUS53 KGRB 310755
CF6RHI
PRELIMINARY LOCAL CLIMATOLOGICAL DATA (WS FORM: F-6)

                                          STATION:   RHINELANDER WI
                                          MONTH:     JULY
                                          YEAR:      2014
                                          LATITUDE:   45 37 N
                                          LONGITUDE:  89 27 W

  TEMPERATURE IN F:       :PCPN:    SNOW:  WIND      :SUNSHINE: SKY     :PK WND
================================================================================
1   2   3   4   5  6A  6B    7    8   9   10  11  12  13   14  15   16   17  18
                                     12Z  AVG MX 2MIN
DY MAX MIN AVG DEP HDD CDD  WTR  SNW DPTH SPD SPD DIR MIN PSBL S-S WX    SPD DR
================================================================================

 1  72  57  65  -1   0   0 0.03  0.0    0  9.3 18 260   M    M   8 1      25 270
 2  68  42  55 -11  10   0    T  0.0    0  6.4 14 300   M    M   5 1      19 340
 3  72  42  57  -9   8   0 0.00  0.0    0  4.6 14 260   M    M   3        22 280
 4  76  39  58  -8   7   0 0.00  0.0    0  4.7 15 220   M    M   0 1      22 220
 5  78  59  69   3   0   4 0.00  0.0    0 12.1 22 220   M    M   4        30 220
 6  76  61  69   2   0   4 1.74  0.0    0  8.7 25 340   M    M   8 13     40 330
 7  79  58  69   2   0   4 0.18  0.0    0  9.2 23 270   M    M   1 1      32 270
 8  66  48  57 -10   8   0 0.05  0.0    0  6.6 15 290   M    M   8 1      21 280
 9  66  42  54 -13  11   0 0.01  0.0    0  5.2 16 300   M    M   5 1      24 290
10  76  41  59  -8   6   0 0.00  0.0    0  4.7 13 180   M    M   1 1      19 180
11  75  61  68   1   0   3    T  0.0    0  9.4 24 210   M    M   7        31 200
12  77  60  69   2   0   4 0.89  0.0    0  6.5 30 260   M    M   5 123    36 260
13  71  51  61  -6   4   0 0.00  0.0    0  8.8 20 270   M    M   6        27 280
14  63  50  57 -10   8   0 0.17  0.0    0  4.7 23 280   M    M   7 1      30 280
15  62  44  53 -14  12   0 0.07  0.0    0  5.7 14 350   M    M   7 1      25 360
16  71  40  56 -11   9   0 0.00  0.0    0  3.9 12 300   M    M   5 1      16 340
17  75  42  59  -8   6   0 0.00  0.0    0  5.1 14 220   M    M   2 1      18 250
18  77  53  65  -2   0   0 0.00  0.0    0  6.9 16 200   M    M   4        21 210
19  75  59  67   0   0   2 0.00  0.0    0  8.0 20 200   M    M   9        25 180
20  80  62  71   4   0   6 0.00  0.0    0  9.3 17 220   M    M   5        22 230
21  84  67  76   9   0  11 0.00  0.0    0  8.4 14 190   M    M   6        20 190
22  80  56  68   1   0   3    T  0.0    0  9.3 26 290   M    M   6        33 280
23  73  48  61  -6   4   0 0.00  0.0    0  2.6 10 340   M    M   3 1      14 340
24  76  42  59  -8   6   0 0.00  0.0    0  2.8 12 180   M    M   3 12     15 200
25  68  58  63  -4   2   0 0.01  0.0    0  7.6 15 210   M    M   9 1      22 220
26  83  62  73   6   0   8 0.15  0.0    0  7.6 18 270   M    M   5 13     24 270
27  68  51  60  -7   5   0 0.61  0.0    0  6.8 14  20   M    M   5 13     22  10
28  69  47  58  -9   7   0 0.02  0.0    0  6.4 14 340   M    M   5 1      23 340
29  74  48  61  -6   4   0 0.06  0.0    0  5.3 16 270   M    M   4 1238   22 280
30  73  47  60  -7   5   0 0.00  0.0    0  4.0 14 260   M    M   4 12     18 270
================================================================================
SM 2203 1537       122  49  3.99     0.0 200.6          M      150
================================================================================
AV 73.4 51.2                               6.7 FASTST   M    M   5    MAX(MPH)
                                 MISC ---->  # 30 260               # 40  330
================================================================================
NOTES:
# LAST OF SEVERAL OCCURRENCES

COLUMN 17 PEAK WIND IN M.P.H.

PRELIMINARY LOCAL CLIMATOLOGICAL DATA (WS FORM: F-6) , PAGE 2

                                          STATION:  RHINELANDER WI
                                          MONTH:    JULY
                                          YEAR:     2014
                                          LATITUDE:   45 37 N
                                          LONGITUDE:  89 27 W

[TEMPERATURE DATA]      [PRECIPITATION DATA]       SYMBOLS USED IN COLUMN 16

AVERAGE MONTHLY: 62.3   TOTAL FOR MONTH:   3.99    1 = FOG OR MIST
DPTR FM NORMAL:  -4.5   DPTR FM NORMAL:    0.09    2 = FOG REDUCING VISIBILITY
HIGHEST:    84 ON 21    GRTST 24HR  1.74 ON  6- 6      TO 1/4 MILE OR LESS
LOWEST:     39 ON  4                               3 = THUNDER
                        SNOW, ICE PELLETS, HAIL    4 = ICE PELLETS
                        TOTAL MONTH:   0.0 INCH    5 = HAIL
                        GRTST 24HR     0.0         6 = FREEZING RAIN OR DRIZZLE
                        GRTST DEPTH:   0           7 = DUSTSTORM OR SANDSTORM:
                                                       VSBY 1/2 MILE OR LESS
                                                   8 = SMOKE OR HAZE
[NO. OF DAYS WITH]      [WEATHER - DAYS WITH]      9 = BLOWING SNOW
                                                   X = TORNADO
MAX 32 OR BELOW:   0    0.01 INCH OR MORE:  13
MAX 90 OR ABOVE:   0    0.10 INCH OR MORE:   6
MIN 32 OR BELOW:   0    0.50 INCH OR MORE:   3
MIN  0 OR BELOW:   0    1.00 INCH OR MORE:   1

[HDD (BASE 65) ]
TOTAL THIS MO.   122    CLEAR  (SCALE 0-3)   5
DPTR FM NORMAL    66    PTCLDY (SCALE 4-7)  23
TOTAL FM JUL 1   122    CLOUDY (SCALE 8-10)  2
DPTR FM NORMAL    66

[CDD (BASE 65) ]
TOTAL THIS MO.    49
DPTR FM NORMAL   -52    [PRESSURE DATA]
TOTAL FM JAN 1   118    HIGHEST SLP M ON M
DPTR FM NORMAL   -48    LOWEST  SLP 29.53 ON M

[REMARKS]
SNOWFALL AND PRECIPITATION AMOUNTS, AND SNOWDEPTH DURING
MIXED OR ALL SNOW EVENTS PROVIDED BY WJFW-TV.




U.S. Dept. of Commerce
NOAA National Weather Service
1325 East West Highway
Silver Spring, MD 20910
E-mail: w-nws.webmaster@noaa.gov
Page last modified: May 16, 2007
NATIONAL WEATHER SERVICE: for Safety, for Work, for Fun - FOR LIFE