553
CXUS53 KGRB 010720
CF6RHI
PRELIMINARY LOCAL CLIMATOLOGICAL DATA (WS FORM: F-6)

                                          STATION:   RHINELANDER WI
                                          MONTH:     NOVEMBER
                                          YEAR:      2014
                                          LATITUDE:   45 37 N
                                          LONGITUDE:  89 27 W

  TEMPERATURE IN F:       :PCPN:    SNOW:  WIND      :SUNSHINE: SKY     :PK WND
================================================================================
1   2   3   4   5  6A  6B    7    8   9   10  11  12  13   14  15   16   17  18
                                     12Z  AVG MX 2MIN
DY MAX MIN AVG DEP HDD CDD  WTR  SNW DPTH SPD SPD DIR MIN PSBL S-S WX    SPD DR
================================================================================

 1  38  13  26 -12  39   0 0.00  0.0    0  3.3 10 210   M    M   0 12     13 260
 2  48  29  39   2  26   0 0.00  0.0    0  9.3 17 200   M    M   2        23 180
 3  49  36  43   6  22   0 0.11  0.0    0  7.1 16 200   M    M   4 1      22 200
 4  47  36  42   6  23   0 0.08    T    0 11.5 26 270   M    M  10 14     40 270
 5  39  32  36   0  29   0 0.23  1.1    1  6.9 17 280   M    M   9 1      22 280
 6  33  31  32  -3  33   0 0.10  1.4    2  6.2 13 320   M    M  10 1      18 300
 7  34  25  30  -5  35   0 0.12  1.4    2  7.5 15 210   M    M  10 126    22 190
 8  34  25  30  -4  35   0 0.03  0.1    1 11.3 20 290   M    M   8 1      30 310
 9  33  16  25  -9  40   0 0.12  1.4    3  6.8 17 270   M    M   5 18     22 280
10  29  20  25  -8  40   0 0.72  5.7    8  9.7 17  60   M    M  10 126    24  40
11  29  21  25  -8  40   0 0.57  8.3   14 10.2 18  10   M    M  10 12     29 360
12  23  15  19 -13  46   0 0.03  1.1   13 10.1 17 280   M    M   9 1      24 280
13  23   9  16 -16  49   0 0.01  0.5   11  9.8 16 280   M    M   8 18     21 270
14  21   3  12 -19  53   0 0.01  0.7   11  7.1 14 280   M    M   6 18     16 270
15  19  -4   8 -23  57   0    T    T   10  7.2 14 260   M    M   2 1      17 270
16  21   7  14 -16  51   0 0.04  0.4   10 10.6 20 270   M    M   8 18     25 230
17  11   0   6 -24  59   0    T  0.1   10 13.4 22 280   M    M   8 18     30 280
18  10   4   7 -22  58   0    T    T   10 12.4 23 290   M    M   7 189    34 280
19  17   8  13 -15  52   0 0.07  1.4   10  9.7 21 280   M    M   9 18     28 280
20  11  -3   4 -24  61   0 0.01  0.3   10 11.9 22 270   M    M   4 18     29 270
21  25  -8   9 -18  56   0 0.00  0.0   10 10.9 22 210   M    M   2 8      28 210
22  34  25  30   3  35   0 0.00  0.0    9  9.5 18 220   M    M  10 1      27 210
23  44  34  39  13  26   0 0.18  0.0    5  5.5 13 190   M    M  10 12     20 190
24  39  20  30   4  35   0 0.75  5.9    9  8.2 16 340   M    M  10 12     28 330
25  20  -2   9 -16  56   0 0.05  0.6   10  5.9 13 290   M    M   7 18     20 320
26  23   5  14 -11  51   0 0.02  1.1   10  3.2  9 360   M    M  10 1      14 330
27  15 -11   2 -22  63   0    T  0.1   10  4.2 12 340   M    M   4 18     17 320
28  15  -6   5 -19  60   0 0.07  0.8   10  4.6 10 170   M    M  10 18     14 170
29  32  13  23   0  42   0 0.00  0.0    9  7.8 14 280   M    M  10 12     18 180
30  31  -1  15  -8  50   0    T    T    9  9.2 15 330   M    M   7 18     25 320
================================================================================
SM  847  392      1322   0  3.32    32.4 251.0          M      219
================================================================================
AV 28.2 13.1                               8.4 FASTST   M    M   7    MAX(MPH)
                                 MISC ---->  # 26 270               # 40  270
================================================================================
NOTES:
# LAST OF SEVERAL OCCURRENCES

COLUMN 17 PEAK WIND IN M.P.H.

PRELIMINARY LOCAL CLIMATOLOGICAL DATA (WS FORM: F-6) , PAGE 2

                                          STATION:  RHINELANDER WI
                                          MONTH:    NOVEMBER
                                          YEAR:     2014
                                          LATITUDE:   45 37 N
                                          LONGITUDE:  89 27 W

[TEMPERATURE DATA]      [PRECIPITATION DATA]       SYMBOLS USED IN COLUMN 16

AVERAGE MONTHLY: 20.6   TOTAL FOR MONTH:   3.32    1 = FOG OR MIST
DPTR FM NORMAL:  -9.6   DPTR FM NORMAL:    1.48    2 = FOG REDUCING VISIBILITY
HIGHEST:    49 ON  3    GRTST 24HR  0.75 ON 24-24      TO 1/4 MILE OR LESS
LOWEST:    -11 ON 27                               3 = THUNDER
                        SNOW, ICE PELLETS, HAIL    4 = ICE PELLETS
                        TOTAL MONTH:  32.4 INCHES  5 = HAIL
                        GRTST 24HR   8.3 ON   M    6 = FREEZING RAIN OR DRIZZLE
                        GRTST DEPTH:  14 ON 11     7 = DUSTSTORM OR SANDSTORM:
                                                       VSBY 1/2 MILE OR LESS
                                                   8 = SMOKE OR HAZE
[NO. OF DAYS WITH]      [WEATHER - DAYS WITH]      9 = BLOWING SNOW
                                                   X = TORNADO
MAX 32 OR BELOW:  18    0.01 INCH OR MORE:  20
MAX 90 OR ABOVE:   0    0.10 INCH OR MORE:   9
MIN 32 OR BELOW:  27    0.50 INCH OR MORE:   3
MIN  0 OR BELOW:   8    1.00 INCH OR MORE:   0

[HDD (BASE 65) ]
TOTAL THIS MO.  1322    CLEAR  (SCALE 0-3)   4
DPTR FM NORMAL   281    PTCLDY (SCALE 4-7)  11
TOTAL FM JUL 1  2521    CLOUDY (SCALE 8-10) 15
DPTR FM NORMAL   387

[CDD (BASE 65) ]
TOTAL THIS MO.     0
DPTR FM NORMAL     0    [PRESSURE DATA]
TOTAL FM JAN 1   148    HIGHEST SLP M ON M
DPTR FM NORMAL  -113    LOWEST  SLP 29.02 ON 24

[REMARKS]
#FINAL-11-14#
SNOWFALL AND PRECIPITATION AMOUNTS, AND SNOWDEPTH DURING
MIXED OR ALL SNOW EVENTS PROVIDED BY WJFW-TV.




U.S. Dept. of Commerce
NOAA National Weather Service
1325 East West Highway
Silver Spring, MD 20910
E-mail: w-nws.webmaster@noaa.gov
Page last modified: May 16, 2007
NATIONAL WEATHER SERVICE: for Safety, for Work, for Fun - FOR LIFE