913
CXUS53 KGRB 310648
CF6RHI
PRELIMINARY LOCAL CLIMATOLOGICAL DATA (WS FORM: F-6)

                                          STATION:   RHINELANDER WI
                                          MONTH:     JANUARY
                                          YEAR:      2015
                                          LATITUDE:   45 37 N
                                          LONGITUDE:  89 27 W

  TEMPERATURE IN F:       :PCPN:    SNOW:  WIND      :SUNSHINE: SKY     :PK WND
================================================================================
1   2   3   4   5  6A  6B    7    8   9   10  11  12  13   14  15   16   17  18
                                     12Z  AVG MX 2MIN
DY MAX MIN AVG DEP HDD CDD  WTR  SNW DPTH SPD SPD DIR MIN PSBL S-S WX    SPD DR
================================================================================

 1  21   0  11  -2  54   0 0.05  0.6   15  9.7 20 260   M    M   8 18     26 270
 2  17 -13   2 -11  63   0    T    T   15  5.6 13 230   M    M   7        17 220
 3  27  13  20   7  45   0 0.07  0.6   14  4.5 15 330   M    M  10 18     25 330
 4  21 -17   2 -11  63   0 0.14  1.7   15 11.9 20 310   M    M   7 189    33 320
 5  -3 -22 -12 -24  77   0 0.00  0.0   15  9.7 16 260   M    M   1        20 260
 6   3 -16  -6 -18  71   0    T    T   15 11.9 23 300   M    M   6 8      35 320
 7  -4 -13  -8 -20  73   0    T  0.1   15 14.1 21 270   M    M   3 8      30 300
 8   2 -11  -4 -16  69   0 0.12  1.6   16 10.2 20 300   M    M   6 18     26 300
 9   1 -11  -5 -17  70   0 0.00  0.0   16 14.5 23 270   M    M   3 8      31 280
10  10 -13  -1 -13  66   0    T    T   15  7.9 15 230   M    M   4        20 230
11  11  -8   2 -10  63   0 0.05  0.9   16  3.3  9 280   M    M   8 18     11 280
12   7 -19  -6 -18  71   0    T    T   16  4.4 14  30   M    M   2 18     19 360
13  12 -24  -6 -18  71   0 0.00  0.0   16  5.7 17 210   M    M   1 128    24 220
14  17   6  12   0  53   0    T  0.2   16  8.0 16 230   M    M  10 18     23 210
15  30  16  23  11  42   0    T  0.1   15 10.8 21 270   M    M   7 18     27 290
16  17   7  12   0  53   0 0.00  0.0   15  7.9 16 130   M    M   7        24 120
17  34  17  26  14  39   0    T    T   14 11.9 25 260   M    M  10 18     35 290
18  33  22  28  16  37   0 0.02    T   14  9.1 18 280   M    M  10 18     27 310
19  22  15  19   7  46   0 0.01  0.1   14  5.9 12 110   M    M  10 1      14 110
20  23  19  21   9  44   0 0.04  0.8   15  3.3  9  80   M    M  10 1      10  80
21  27  21  24  12  41   0    T    T   15  3.3 12 320   M    M  10 1      18 310
22  29  12  21   9  44   0    T    T   15  8.6 22 240   M    M   5        29 230
23  32  21  27  15  38   0 0.03  0.3   15 13.0 23 240   M    M  10 18     30 220
24  36  18  27  15  38   0 0.00  0.0   13  8.0 13  60   M    M  10        18  40
25  19   7  13   1  52   0    T    T   13  5.7 15  80   M    M   8        20  60
26  20  10  15   3  50   0 0.14  2.3   15  5.8 12 180   M    M   9 18     16 210
27  24  19  22  10  43   0    T    T   15  3.4  8 230   M    M  10 18     10 270
28  29  22  26  14  39   0    T    T   15  8.1 15 150   M    M   7 18     20 170
29  28  14  21   8  44   0 0.01  0.1   15 11.0 24 330   M    M  10 1      37 320
30  18   9  14   1  51   0    T    T   15  6.8 15 320   M    M   9        22 310
================================================================================
SM  563  101      1610   0  0.68     9.4 244.0          M      218
================================================================================
AV 18.8  3.4                               8.1 FASTST   M    M   7    MAX(MPH)
                                 MISC ---->  # 25 260               # 37  320
================================================================================
NOTES:
# LAST OF SEVERAL OCCURRENCES

COLUMN 17 PEAK WIND IN M.P.H.

PRELIMINARY LOCAL CLIMATOLOGICAL DATA (WS FORM: F-6) , PAGE 2

                                          STATION:  RHINELANDER WI
                                          MONTH:    JANUARY
                                          YEAR:     2015
                                          LATITUDE:   45 37 N
                                          LONGITUDE:  89 27 W

[TEMPERATURE DATA]      [PRECIPITATION DATA]       SYMBOLS USED IN COLUMN 16

AVERAGE MONTHLY: 11.1   TOTAL FOR MONTH:   0.68    1 = FOG OR MIST
DPTR FM NORMAL:  -1.1   DPTR FM NORMAL:   -0.40    2 = FOG REDUCING VISIBILITY
HIGHEST:    36 ON 24    GRTST 24HR  0.14 ON 26-26      TO 1/4 MILE OR LESS
LOWEST:    -24 ON 13                               3 = THUNDER
                        SNOW, ICE PELLETS, HAIL    4 = ICE PELLETS
                        TOTAL MONTH:   9.4 INCHES  5 = HAIL
                        GRTST 24HR   2.3 ON   M    6 = FREEZING RAIN OR DRIZZLE
                        GRTST DEPTH:  16 ON 14,13  7 = DUSTSTORM OR SANDSTORM:
                                                       VSBY 1/2 MILE OR LESS
                                                   8 = SMOKE OR HAZE
[NO. OF DAYS WITH]      [WEATHER - DAYS WITH]      9 = BLOWING SNOW
                                                   X = TORNADO
MAX 32 OR BELOW:  27    0.01 INCH OR MORE:  11
MAX 90 OR ABOVE:   0    0.10 INCH OR MORE:   3
MIN 32 OR BELOW:  30    0.50 INCH OR MORE:   0
MIN  0 OR BELOW:  12    1.00 INCH OR MORE:   0

[HDD (BASE 65) ]
TOTAL THIS MO.  1610    CLEAR  (SCALE 0-3)   3
DPTR FM NORMAL    27    PTCLDY (SCALE 4-7)  13
TOTAL FM JUL 1  5563    CLOUDY (SCALE 8-10) 14
DPTR FM NORMAL   354

[CDD (BASE 65) ]
TOTAL THIS MO.     0
DPTR FM NORMAL     0    [PRESSURE DATA]
TOTAL FM JAN 1     0    HIGHEST SLP M ON M
DPTR FM NORMAL     0    LOWEST  SLP 29.44 ON 17

[REMARKS]
SNOWFALL AND PRECIPITATION AMOUNTS, AND SNOWDEPTH DURING
MIXED OR ALL SNOW EVENTS PROVIDED BY WJFW-TV.




U.S. Dept. of Commerce
NOAA National Weather Service
1325 East West Highway
Silver Spring, MD 20910
E-mail: w-nws.webmaster@noaa.gov
Page last modified: May 16, 2007
NATIONAL WEATHER SERVICE: for Safety, for Work, for Fun - FOR LIFE