178
CXUS53 KGRB 190638
CF6RHI
PRELIMINARY LOCAL CLIMATOLOGICAL DATA (WS FORM: F-6)

                                          STATION:   RHINELANDER WI
                                          MONTH:     APRIL
                                          YEAR:      2014
                                          LATITUDE:   45 37 N
                                          LONGITUDE:  89 27 W

  TEMPERATURE IN F:       :PCPN:    SNOW:  WIND      :SUNSHINE: SKY     :PK WND
================================================================================
1   2   3   4   5  6A  6B    7    8   9   10  11  12  13   14  15   16   17  18
                                     12Z  AVG MX 2MIN
DY MAX MIN AVG DEP HDD CDD  WTR  SNW DPTH SPD SPD DIR MIN PSBL S-S WX    SPD DR
================================================================================

 1  47  20  34   0  31   0    T    T   18 14.0 29 260   M    M   9 16     36 260
 2  41  15  28  -7  37   0 0.00  0.0   18  4.8 15 340   M    M   1        23 360
 3  36  24  30  -6  35   0 0.47  2.3   19 12.7 23  90   M    M  10 126    27  90
 4  29  15  22 -14  43   0 0.72  7.3   25  9.2 18 320   M    M   9 126    31 310
 5  41   2  22 -15  43   0 0.00  0.0   21  7.6 17 230   M    M   1 12     23 230
 6  52  36  44   7  21   0 0.00  0.0   18  9.1 18 200   M    M   7        25 190
 7  56  31  44   6  21   0 0.00  0.0   15  3.2 13 310   M    M   7 128    18 320
 8  48  24  36  -2  29   0 0.00  0.0   14  5.7 15 310   M    M   4        23 310
 9  55  21  38  -1  27   0 0.00  0.0   12 11.0 23 230   M    M   1        32 220
10  54  27  41   2  24   0    T  0.0    7 12.1 28 270   M    M   2        41 280
11  53  23  38  -2  27   0 0.12  0.0    6  3.2 16 260   M    M   3 1      20 200
12  45  30  38  -2  27   0 0.24  0.0    6 10.6 25 120   M    M   9 1      36 110
13  47  30  39  -2  26   0 0.06  0.4    6  6.9 14 360   M    M   9 1      22  10
14  30   2  16 -25  49   0 0.38  4.5    8  9.9 17 350   M    M   8 1      33 340
15  28  -2  13 -29  52   0    T    T    7  6.3 20 280   M    M   3 18     27 270
16  30   9  20 -22  45   0 0.34  3.7    9 11.5 25 120   M    M   9 128    33 120
17  36  29  33  -9  32   0 0.67  7.5   15  8.9 20 110   M    M  10 12     24 100
18  42  17  30 -13  35   0 0.00  0.0   11  5.4 12 120   M    M   1        16 330
================================================================================
SM  770  353       604   0  3.00    25.7 152.1          M      103
================================================================================
AV 42.8 19.6                               8.4 FASTST   M    M   6    MAX(MPH)
                                 MISC ---->  # 29 260               # 41  280
================================================================================
NOTES:
# LAST OF SEVERAL OCCURRENCES

COLUMN 17 PEAK WIND IN M.P.H.

PRELIMINARY LOCAL CLIMATOLOGICAL DATA (WS FORM: F-6) , PAGE 2

                                          STATION:  RHINELANDER WI
                                          MONTH:    APRIL
                                          YEAR:     2014
                                          LATITUDE:   45 37 N
                                          LONGITUDE:  89 27 W

[TEMPERATURE DATA]      [PRECIPITATION DATA]       SYMBOLS USED IN COLUMN 16

AVERAGE MONTHLY: 31.2   TOTAL FOR MONTH:   3.00    1 = FOG OR MIST
DPTR FM NORMAL:  -7.7   DPTR FM NORMAL:    1.55    2 = FOG REDUCING VISIBILITY
HIGHEST:    56 ON  7    GRTST 24HR  0.74 ON  3- 4      TO 1/4 MILE OR LESS
LOWEST:     -2 ON 15                               3 = THUNDER
                        SNOW, ICE PELLETS, HAIL    4 = ICE PELLETS
                        TOTAL MONTH:  25.7 INCHES  5 = HAIL
                        GRTST 24HR   7.5 ON 17-17  6 = FREEZING RAIN OR DRIZZLE
                        GRTST DEPTH:  25 ON  4     7 = DUSTSTORM OR SANDSTORM:
                                                       VSBY 1/2 MILE OR LESS
                                                   8 = SMOKE OR HAZE
[NO. OF DAYS WITH]      [WEATHER - DAYS WITH]      9 = BLOWING SNOW
                                                   X = TORNADO
MAX 32 OR BELOW:   4    0.01 INCH OR MORE:   8
MAX 90 OR ABOVE:   0    0.10 INCH OR MORE:   7
MIN 32 OR BELOW:  17    0.50 INCH OR MORE:   2
MIN  0 OR BELOW:   1    1.00 INCH OR MORE:   0

[HDD (BASE 65) ]
TOTAL THIS MO.   604    CLEAR  (SCALE 0-3)   6
DPTR FM NORMAL   134    PTCLDY (SCALE 4-7)   5
TOTAL FM JUL 1  9672    CLOUDY (SCALE 8-10)  7
DPTR FM NORMAL  1407

[CDD (BASE 65) ]
TOTAL THIS MO.     0
DPTR FM NORMAL     0    [PRESSURE DATA]
TOTAL FM JAN 1     0    HIGHEST SLP M ON M
DPTR FM NORMAL     0    LOWEST  SLP 29.47 ON  4

[REMARKS]
SNOWFALL AND PRECIPITATION AMOUNTS, AND SNOWDEPTH DURING
MIXED OR ALL SNOW EVENTS PROVIDED BY WJFW-TV.




U.S. Dept. of Commerce
NOAA National Weather Service
1325 East West Highway
Silver Spring, MD 20910
E-mail: w-nws.webmaster@noaa.gov
Page last modified: May 16, 2007
NATIONAL WEATHER SERVICE: for Safety, for Work, for Fun - FOR LIFE