909
CXUS53 KMPX 011000
CF6RGK
PRELIMINARY LOCAL CLIMATOLOGICAL DATA (WS FORM: F-6)

                                          STATION:   RED_WING MN
                                          MONTH:     AUGUST
                                          YEAR:      2014
                                          LATITUDE:   44 34 N
                                          LONGITUDE:  92 29 W

  TEMPERATURE IN F:       :PCPN:    SNOW:  WIND      :SUNSHINE: SKY     :PK WND
================================================================================
1   2   3   4   5  6A  6B    7    8   9   10  11  12  13   14  15   16   17  18
                                     12Z  AVG MX 2MIN
DY MAX MIN AVG DEP HDD CDD  WTR  SNW DPTH SPD SPD DIR MIN PSBL S-S WX    SPD DR
================================================================================

 1  84  57  71   M   0   6 0.00    M    M  1.5  7 260   M    M   0         M  M
 2  88  59  74   M   0   9 0.00    M    M  3.0  8 260   M    M   1 1       M  M
 3  88  63  76   M   0  11 0.00    M    M  2.9 10  80   M    M   2         M  M
 4  84  63  74   M   0   9 0.00    M    M  2.6  8 140   M    M   2 18      M  M
 5  79  61  70   M   0   5 0.00    M    M  2.3  7 100   M    M   4 1       M  M
 6  84  55  70   M   0   5 0.00    M    M  2.4  7 160   M    M   1 12      M  M
 7  84  57  71   M   0   6 0.00    M    M  4.0 12 110   M    M   0        17 110
 8  82  63  73   M   0   8 0.00    M    M  5.3  9 120   M    M   1         M  M
 9  82  61  72   M   0   7 0.00    M    M  4.1 13 120   M    M   1 1      16 120
10  84  61  73   M   0   8 0.00    M    M  4.0  9 150   M    M   3         M  M
11  75  59  67   M   0   2 0.03    M    M  6.3 15  50   M    M   7 3      27  50
12  79  54  67   M   0   2 0.00    M    M  5.4 15 360   M    M   3 1      21 360
13  82  55  69   M   0   4 0.00    M    M  3.1  9  30   M    M   2         M  M
14  79  55  67   M   0   2 0.00    M    M  5.0 10 120   M    M   0         M  M
15  86  63  75   M   0  10 0.00    M    M  5.1  9 200   M    M   3         M  M
16  84  64  74   M   0   9 0.00    M    M  1.8  6 150   M    M   7 1       M  M
17  79  66  73   M   0   8 1.28    M    M  7.3 25 130   M    M   8 13     17 130
18  90  66  78   M   0  13 0.08    M    M  4.2 10 250   M    M   5 3       M  M
19  82  64  73   M   0   8 0.00    M    M  3.9  9 310   M    M   5 1       M  M
20  82  61  72   M   0   7 0.00    M    M  4.4 12  90   M    M   2 1       M  M
21  84  70  77   M   0  12 0.43    M    M  7.0 10 160   M    M   6 3      17 130
22  82  70  76   M   0  11 0.00    M    M  3.5  8 350   M    M   6 1       M  M
23  81  70  76   M   0  11 0.00    M    M  5.5 10 120   M    M   9 138     M  M
24  90  73  82   M   0  17 0.35    M    M  8.9 17 120   M    M   9 3      24 120
25  84  63  74   M   0   9 0.00    M    M  4.3 12 280   M    M   3 123     M  M
26  73  57  65   M   0   0 0.00    M    M  2.7  7 330   M    M   1         M  M
27  79  59  69   M   0   4 0.00    M    M  2.4  7 200   M    M   4         M  M
28  72  57  65   M   0   0 0.41    M    M  7.1 17 130   M    M   5        21 130
29  84  66  75   M   0  10 1.11    M    M  7.0 12 120   M    M   8 3      18 120
30  75  63  69   M   0   4 0.03    M    M  3.6  9 300   M    M   9         M  M
31  88  63  76   M   0  11 0.48    M    M  8.2 17 220   M    M   6 13     25 220
================================================================================
SM 2549 1918         0 228  4.20    M    138.8          M      123
================================================================================
AV 82.2 61.9                               4.5 FASTST   M    M   4    MAX(MPH)
                                 MISC ---->    25   M               # 27   50
================================================================================
NOTES:
# LAST OF SEVERAL OCCURRENCES

COLUMN 17 PEAK WIND IN M.P.H.

PRELIMINARY LOCAL CLIMATOLOGICAL DATA (WS FORM: F-6) , PAGE 2

                                          STATION:  RED_WING MN
                                          MONTH:    AUGUST
                                          YEAR:     2014
                                          LATITUDE:   44 34 N
                                          LONGITUDE:  92 29 W

[TEMPERATURE DATA]      [PRECIPITATION DATA]       SYMBOLS USED IN COLUMN 16

AVERAGE MONTHLY: 72.0   TOTAL FOR MONTH:   4.20    1 = FOG OR MIST
DPTR FM NORMAL:     M   DPTR FM NORMAL:       M    2 = FOG REDUCING VISIBILITY
HIGHEST:    90 ON 24,18 GRTST 24HR  1.28 ON 17-17      TO 1/4 MILE OR LESS
LOWEST:     54 ON 12                               3 = THUNDER
                        SNOW, ICE PELLETS, HAIL    4 = ICE PELLETS
                        TOTAL MONTH:    M          5 = HAIL
                        GRTST 24HR    M  ON   M    6 = FREEZING RAIN OR DRIZZLE
                        GRTST DEPTH:  M  ON   M    7 = DUSTSTORM OR SANDSTORM:
                                                       VSBY 1/2 MILE OR LESS
                                                   8 = SMOKE OR HAZE
[NO. OF DAYS WITH]      [WEATHER - DAYS WITH]      9 = BLOWING SNOW
                                                   X = TORNADO
MAX 32 OR BELOW:   0    0.01 INCH OR MORE:   9
MAX 90 OR ABOVE:   2    0.10 INCH OR MORE:   6
MIN 32 OR BELOW:   0    0.50 INCH OR MORE:   2
MIN  0 OR BELOW:   0    1.00 INCH OR MORE:   2

[HDD (BASE 65) ]
TOTAL THIS MO.     0    CLEAR  (SCALE 0-3)  14
DPTR FM NORMAL     M    PTCLDY (SCALE 4-7)  14
TOTAL FM JUL 1    12    CLOUDY (SCALE 8-10)  3
DPTR FM NORMAL     M

[CDD (BASE 65) ]
TOTAL THIS MO.   228
DPTR FM NORMAL     M    [PRESSURE DATA]
TOTAL FM JAN 1   589    HIGHEST SLP M ON M
DPTR FM NORMAL     M    LOWEST  SLP M ON M

[REMARKS]
#FINAL-08-14#




U.S. Dept. of Commerce
NOAA National Weather Service
1325 East West Highway
Silver Spring, MD 20910
E-mail: w-nws.webmaster@noaa.gov
Page last modified: May 16, 2007
NATIONAL WEATHER SERVICE: for Safety, for Work, for Fun - FOR LIFE