557
CXUS55 KLOT 310700
CF6RFD
PRELIMINARY LOCAL CLIMATOLOGICAL DATA (WS FORM: F-6)

                                          STATION:   ROCKFORD IL
                                          MONTH:     JULY
                                          YEAR:      2014
                                          LATITUDE:   42 12 N
                                          LONGITUDE:  89  6 W

  TEMPERATURE IN F:       :PCPN:    SNOW:  WIND      :SUNSHINE: SKY     :PK WND
================================================================================
1   2   3   4   5  6A  6B    7    8   9   10  11  12  13   14  15   16   17  18
                                     12Z  AVG MX 2MIN
DY MAX MIN AVG DEP HDD CDD  WTR  SNW DPTH SPD SPD DIR MIN PSBL S-S WX    SPD DR
================================================================================

 1  80  64  72  -2   0   7 0.00  0.0    0 12.0 21 260   M    M   7 1      27 260
 2  66  58  62 -12   3   0 0.09  0.0    0  7.5 15 280   M    M   7 18     20 270
 3  76  57  67  -7   0   2 0.00  0.0    0  5.6 15 330   M    M   4 1      22 350
 4  79  52  66  -8   0   1 0.00  0.0    0  4.2 10 190   M    M   3        12  30
 5  75  57  66  -8   0   1 0.00  0.0    0  9.8 21 200   M    M   8        25 200
 6  86  62  74   0   0   9 0.38  0.0    0 10.9 22 230   M    M   8 38     30 240
 7  85  71  78   4   0  13    T  0.0    0  6.3 14 250   M    M   6 1      18 290
 8  81  63  72  -2   0   7 0.44  0.0    0 11.5 23 290   M    M   6 13     29 290
 9  78  59  69  -5   0   4 0.00  0.0    0  6.9 17 330   M    M   3        23 320
10  80  54  67  -7   0   2 0.00  0.0    0  5.3 12 150   M    M   4        15 200
11  79  59  69  -5   0   4    T  0.0    0  7.4 15 170   M    M   7 8      20 190
12  81  68  75   1   0  10 1.35  0.0    0  7.4 39 290   M    M   9 138    49 280
13  84  63  74   0   0   9 0.01  0.0    0  7.5 15 290   M    M   5        21 280
14  79  57  68  -6   0   3 0.15  0.0    0  8.1 22 320   M    M   5 1      28 330
15  68  53  61 -13   4   0 0.02  0.0    0  8.5 18 310   M    M   6        24 320
16  75  50  63 -11   2   0 0.00  0.0    0  3.8 13 350   M    M   3 1      17 310
17  78  55  67  -7   0   2 0.00  0.0    0  2.9  9 290   M    M   6        13 290
18  79  57  68  -6   0   3 0.00  0.0    0  4.6 13 180   M    M   3        17 160
19  78  56  67  -7   0   2 0.00  0.0    0  3.6 12 200   M    M   4        15 160
20  80  58  69  -5   0   4 0.00  0.0    0  5.8 14 170   M    M   4        16 180
21  85  62  74   0   0   9 0.00  0.0    0  9.4 17 180   M    M   1 8      21 180
22  90  70  80   6   0  15 0.00  0.0    0 10.5 21  30   M    M   6        26  40
23  80  59  70  -4   0   5 0.00  0.0    0 12.3 21  40   M    M   3        26  10
24  78  55  67  -7   0   2 0.00  0.0    0  5.3 14 140   M    M   4        18 140
25  71  57  64 -10   1   0 0.02  0.0    0  9.2 29 140   M    M   9        38 140
26  84  67  76   2   0  11    T  0.0    0  5.7 14 330   M    M   9 8      18 330
27  82  65  74   1   0   9 0.00  0.0    0 13.8 29 290   M    M   5 1      35 290
28  74  57  66  -7   0   1 0.00  0.0    0 11.9 24  40   M    M   3        37  10
29  80  55  68  -5   0   3    T  0.0    0  6.9 20 280   M    M   5 8      26 300
30  80  57  69  -4   0   4    T  0.0    0  5.6 14 280   M    M   4 8      18 260
================================================================================
SM 2371 1777        10 142  2.46     0.0 230.2          M      157
================================================================================
AV 79.0 59.2                               7.7 FASTST   M    M   5    MAX(MPH)
                                 MISC ---->  # 39 290               # 49  280
================================================================================
NOTES:
# LAST OF SEVERAL OCCURRENCES

COLUMN 17 PEAK WIND IN M.P.H.

PRELIMINARY LOCAL CLIMATOLOGICAL DATA (WS FORM: F-6) , PAGE 2

                                          STATION:  ROCKFORD IL
                                          MONTH:    JULY
                                          YEAR:     2014
                                          LATITUDE:   42 12 N
                                          LONGITUDE:  89  6 W

[TEMPERATURE DATA]      [PRECIPITATION DATA]       SYMBOLS USED IN COLUMN 16

AVERAGE MONTHLY: 69.1   TOTAL FOR MONTH:   2.46    1 = FOG OR MIST
DPTR FM NORMAL:  -4.7   DPTR FM NORMAL:   -1.35    2 = FOG REDUCING VISIBILITY
HIGHEST:    90 ON 22    GRTST 24HR  1.35 ON 12-12      TO 1/4 MILE OR LESS
LOWEST:     50 ON 16                               3 = THUNDER
                        SNOW, ICE PELLETS, HAIL    4 = ICE PELLETS
                        TOTAL MONTH:   0.0 INCH    5 = HAIL
                        GRTST 24HR     0.0         6 = FREEZING RAIN OR DRIZZLE
                        GRTST DEPTH:   0           7 = DUSTSTORM OR SANDSTORM:
                                                       VSBY 1/2 MILE OR LESS
                                                   8 = SMOKE OR HAZE
[NO. OF DAYS WITH]      [WEATHER - DAYS WITH]      9 = BLOWING SNOW
                                                   X = TORNADO
MAX 32 OR BELOW:   0    0.01 INCH OR MORE:   8
MAX 90 OR ABOVE:   1    0.10 INCH OR MORE:   4
MIN 32 OR BELOW:   0    0.50 INCH OR MORE:   1
MIN  0 OR BELOW:   0    1.00 INCH OR MORE:   1

[HDD (BASE 65) ]
TOTAL THIS MO.    10    CLEAR  (SCALE 0-3)   3
DPTR FM NORMAL    10    PTCLDY (SCALE 4-7)  24
TOTAL FM JUL 1    10    CLOUDY (SCALE 8-10)  3
DPTR FM NORMAL    10

[CDD (BASE 65) ]
TOTAL THIS MO.   142
DPTR FM NORMAL  -124    [PRESSURE DATA]
TOTAL FM JAN 1   420    HIGHEST SLP M ON M
DPTR FM NORMAL   -76    LOWEST  SLP 29.61 ON  8

[REMARKS]




U.S. Dept. of Commerce
NOAA National Weather Service
1325 East West Highway
Silver Spring, MD 20910
E-mail: w-nws.webmaster@noaa.gov
Page last modified: May 16, 2007
NATIONAL WEATHER SERVICE: for Safety, for Work, for Fun - FOR LIFE