903
CXUS55 KLOT 300700
CF6RFD
PRELIMINARY LOCAL CLIMATOLOGICAL DATA (WS FORM: F-6)

                                          STATION:   ROCKFORD IL
                                          MONTH:     JANUARY
                                          YEAR:      2015
                                          LATITUDE:   42 12 N
                                          LONGITUDE:  89  6 W

  TEMPERATURE IN F:       :PCPN:    SNOW:  WIND      :SUNSHINE: SKY     :PK WND
================================================================================
1   2   3   4   5  6A  6B    7    8   9   10  11  12  13   14  15   16   17  18
                                     12Z  AVG MX 2MIN
DY MAX MIN AVG DEP HDD CDD  WTR  SNW DPTH SPD SPD DIR MIN PSBL S-S WX    SPD DR
================================================================================

 1  33  15  24   2  41   0 0.00  0.0    0 13.0 22 260   M    M   5        28 270
 2  34  12  23   1  42   0 0.00  0.0    0  3.2 10 140   M    M   6        13 140
 3  34  29  32  10  33   0 0.28  0.5    0  6.0 13  10   M    M  10 16     16 130
 4  32  -2  15  -7  50   0 0.27  2.6    3 14.1 25 330   M    M   6 1689   31 330
 5   5  -6   0 -22  65   0 0.16  2.4    3  7.4 14 270   M    M   6        18 270
 6   8  -3   3 -19  62   0 0.01  0.1    5 10.5 23 310   M    M   8 18     31 270
 7   5  -9  -2 -23  67   0 0.00  0.0    5 13.4 24 340   M    M   1        30 340
 8  19 -11   4 -17  61   0 0.08  1.5    5 16.6 31 290   M    M   8 9      37 300
 9  11  -1   5 -16  60   0    T    T    6 15.0 25 280   M    M   2 9      35 280
10  22  -9   7 -14  58   0 0.00  0.0    6 10.5 23 180   M    M   6        28 170
11  31  14  23   2  42   0 0.00  0.0    6  6.7 14 200   M    M   7 1      18 190
12  26   9  18  -3  47   0 0.00  0.0    5 14.8 21 360   M    M   4        26 360
13  20  -3   9 -12  56   0    T    T    5  5.3 16  20   M    M   5 1      19  10
14  20  -6   7 -14  58   0 0.00  0.0    4  5.8 10 210   M    M   9 18     11 220
15  34  18  26   5  39   0 0.00  0.0    4  6.9 15 230   M    M   5 8      19 240
16  33  15  24   3  41   0 0.00  0.0    3  8.0 18 130   M    M   4 18     21 130
17  42  27  35  14  30   0 0.00  0.0    2 13.2 21 210   M    M   8 18     26 210
18  42  25  34  13  31   0 0.00  0.0    1  8.1 17 320   M    M   5        22 280
19  39  19  29   8  36   0    T  0.0    0  4.2 12 140   M    M   6 1      19 140
20  35  26  31  10  34   0 0.01    T    0  6.7 15  50   M    M   9 1246   19  50
21  33  29  31  10  34   0 0.05  0.3    0  6.4 14  40   M    M  10 145    17  40
22  32  28  30   9  35   0    T    T    0  5.2 14 260   M    M  10 18     18 260
23  31  27  29   8  36   0 0.00  0.0    0 10.9 16 230   M    M   9        20 220
24  40  26  33  11  32   0 0.00  0.0    0  5.9 16 260   M    M   8 1      20 290
25  34  16  25   3  40   0 0.03  0.3    0 16.2 28  30   M    M   7 1      34  30
26  27  12  20  -2  45   0 0.04  0.4    0  5.6 13 160   M    M   9 16     15 150
27  31  22  27   5  38   0    T    T    0  5.0 14  20   M    M   9 18     17  20
28  35  20  28   6  37   0 0.00  0.0    0 13.1 24 160   M    M   9        33 140
29  36  28  32  10  33   0    T    T    0 13.4 23 340   M    M  10 8      31 340
================================================================================
SM  824  367      1283   0  0.93     8.1 271.1          M      201
================================================================================
AV 28.4 12.7                               9.3 FASTST   M    M   7    MAX(MPH)
                                 MISC ---->  # 31 290               # 37  300
================================================================================
NOTES:
# LAST OF SEVERAL OCCURRENCES

COLUMN 17 PEAK WIND IN M.P.H.

PRELIMINARY LOCAL CLIMATOLOGICAL DATA (WS FORM: F-6) , PAGE 2

                                          STATION:  ROCKFORD IL
                                          MONTH:    JANUARY
                                          YEAR:     2015
                                          LATITUDE:   42 12 N
                                          LONGITUDE:  89  6 W

[TEMPERATURE DATA]      [PRECIPITATION DATA]       SYMBOLS USED IN COLUMN 16

AVERAGE MONTHLY: 20.5   TOTAL FOR MONTH:   0.93    1 = FOG OR MIST
DPTR FM NORMAL:  -0.9   DPTR FM NORMAL:   -0.36    2 = FOG REDUCING VISIBILITY
HIGHEST:    42 ON 18,17 GRTST 24HR  0.38 ON  3- 4      TO 1/4 MILE OR LESS
LOWEST:    -11 ON  8                               3 = THUNDER
                        SNOW, ICE PELLETS, HAIL    4 = ICE PELLETS
                        TOTAL MONTH:   8.1 INCHES  5 = HAIL
                        GRTST 24HR   2.6 ON   M    6 = FREEZING RAIN OR DRIZZLE
                        GRTST DEPTH:   6 ON 10, 9  7 = DUSTSTORM OR SANDSTORM:
                                                       VSBY 1/2 MILE OR LESS
                                                   8 = SMOKE OR HAZE
[NO. OF DAYS WITH]      [WEATHER - DAYS WITH]      9 = BLOWING SNOW
                                                   X = TORNADO
MAX 32 OR BELOW:  15    0.01 INCH OR MORE:   9
MAX 90 OR ABOVE:   0    0.10 INCH OR MORE:   3
MIN 32 OR BELOW:  29    0.50 INCH OR MORE:   0
MIN  0 OR BELOW:   9    1.00 INCH OR MORE:   0

[HDD (BASE 65) ]
TOTAL THIS MO.  1283    CLEAR  (SCALE 0-3)   2
DPTR FM NORMAL    18    PTCLDY (SCALE 4-7)  15
TOTAL FM JUL 1  3893    CLOUDY (SCALE 8-10) 12
DPTR FM NORMAL    67

[CDD (BASE 65) ]
TOTAL THIS MO.     0
DPTR FM NORMAL     0    [PRESSURE DATA]
TOTAL FM JAN 1     0    HIGHEST SLP M ON M
DPTR FM NORMAL     0    LOWEST  SLP 29.59 ON 17

[REMARKS]




U.S. Dept. of Commerce
NOAA National Weather Service
1325 East West Highway
Silver Spring, MD 20910
E-mail: w-nws.webmaster@noaa.gov
Page last modified: May 16, 2007
NATIONAL WEATHER SERVICE: for Safety, for Work, for Fun - FOR LIFE