467
CXUS56 KBOI 011002
CF6REO
PRELIMINARY LOCAL CLIMATOLOGICAL DATA (WS FORM: F-6)

                                          STATION:   ROME OR
                                          MONTH:     NOVEMBER
                                          YEAR:      2014
                                          LATITUDE:   42 35 N
                                          LONGITUDE: 117 52 W

  TEMPERATURE IN F:       :PCPN:    SNOW:  WIND      :SUNSHINE: SKY     :PK WND
================================================================================
1   2   3   4   5  6A  6B    7    8   9   10  11  12  13   14  15   16   17  18
                                     12Z  AVG MX 2MIN
DY MAX MIN AVG DEP HDD CDD  WTR  SNW DPTH SPD SPD DIR MIN PSBL S-S WX    SPD DR
================================================================================

 1  43  33  38  -4  27   0 0.64    M    M  8.6 22 260   M    M   0        28 250
 2  47  31  39  -3  26   0 0.00    M    M  5.3 14 350   M    M   0        19 320
 3  53  35  44   2  21   0 0.00    M    M  9.1 18 130   M    M   0        22 140
 4  54  37  46   5  19   0 0.00    M    M 12.2 24 210   M    M   0        30 210
 5  64  40  52  11  13   0 0.00    M    M  7.1 14 150   M    M   0        17 140
 6  72  34  53  13  12   0 0.00    M    M  9.0 30 140   M    M   0        37 140
 7  59  33  46   6  19   0 0.00    M    M  5.6 14  60   M    M   0        16  50
 8  61  29  45   5  20   0 0.00    M    M  4.3 12 150   M    M   0        14 150
 9  71  34  53  14  12   0 0.00    M    M 10.7 25 220   M    M   0        33 220
10  49  23  36  -3  29   0 0.00    M    M  7.0 26 320   M    M   0        36 320
11  39  17  28 -10  37   0 0.00    M    M  6.6 15 350   M    M   0        17  20
12  34  11  23 -15  42   0 0.00    M    M  9.2 16 360   M    M   0        21  40
13  47  21  34  -4  31   0 0.04    M    M  7.7 23 200   M    M   0        29 210
14  54  25  40   3  25   0 0.15    M    M 17.1 32 240   M    M   0        44 240
15  29  12  21 -16  44   0 0.00    M    M  6.8 14  10   M    M   0        17  10
16  33   7  20 -16  45   0 0.00    M    M  4.2 12 140   M    M   0        14 170
17  35  11  23 -13  42   0 0.00    M    M  4.2  9  60   M    M   0        11  50
18  30  10  20 -15  45   0 0.00    M    M  5.5 10  20   M    M   0        14  20
19  36  16  26  -9  39   0 0.00    M    M  4.4  8  30   M    M   0        12  20
20  48  23  36   1  29   0 0.00    M    M  4.3 10  30   M    M   0        13  30
21  50  26  38   4  27   0 0.03    M    M  8.8 30 130   M    M   0        39 160
22  52  32  42   8  23   0 0.23    M    M 17.1 32 160   M    M   0        41 200
23  45  27  36   3  29   0 0.00    M    M 10.2 18 200   M    M   0        24 200
24  49  27  38   5  27   0 0.00    M    M 10.0 18 150   M    M   0        23 140
25  60  41  51  18  14   0 0.00    M    M 13.8 29 220   M    M   0        34 220
26  66  38  52  20  13   0 0.00    M    M 10.0 20 150   M    M   0        25 150
27  66  45  56  24   9   0 0.00    M    M 11.4 18 170   M    M   0        22 180
28  65  40  53  21  12   0 0.00    M    M 20.4 37 200   M    M   0        48 200
29  55  25  40   9  25   0 0.00    M    M 18.0 36 240   M    M   0        48 250
30  31  19  25  -6  40   0 0.00    M    M  4.4  9  10   M    M   0        12  20
================================================================================
SM 1497  802       796   0  1.09    M    273.0          M        0
================================================================================
AV 49.9 26.7                               9.1 FASTST   M    M   0    MAX(MPH)
                                 MISC ---->  # 37 200               # 48  200
================================================================================
NOTES:
# LAST OF SEVERAL OCCURRENCES

COLUMN 17 PEAK WIND IN M.P.H.

PRELIMINARY LOCAL CLIMATOLOGICAL DATA (WS FORM: F-6) , PAGE 2

                                          STATION:  ROME OR
                                          MONTH:    NOVEMBER
                                          YEAR:     2014
                                          LATITUDE:   42 35 N
                                          LONGITUDE: 117 52 W

[TEMPERATURE DATA]      [PRECIPITATION DATA]       SYMBOLS USED IN COLUMN 16

AVERAGE MONTHLY: 38.3   TOTAL FOR MONTH:   1.09    1 = FOG OR MIST
DPTR FM NORMAL:   1.8   DPTR FM NORMAL:    0.46    2 = FOG REDUCING VISIBILITY
HIGHEST:    72 ON  6    GRTST 24HR  0.64 ON  1- 1      TO 1/4 MILE OR LESS
LOWEST:      7 ON 16                               3 = THUNDER
                        SNOW, ICE PELLETS, HAIL    4 = ICE PELLETS
                        TOTAL MONTH:    M          5 = HAIL
                        GRTST 24HR    M  ON   M    6 = FREEZING RAIN OR DRIZZLE
                        GRTST DEPTH:  M  ON   M    7 = DUSTSTORM OR SANDSTORM:
                                                       VSBY 1/2 MILE OR LESS
                                                   8 = SMOKE OR HAZE
[NO. OF DAYS WITH]      [WEATHER - DAYS WITH]      9 = BLOWING SNOW
                                                   X = TORNADO
MAX 32 OR BELOW:   3    0.01 INCH OR MORE:   5
MAX 90 OR ABOVE:   0    0.10 INCH OR MORE:   3
MIN 32 OR BELOW:  19    0.50 INCH OR MORE:   1
MIN  0 OR BELOW:   0    1.00 INCH OR MORE:   0

[HDD (BASE 65) ]
TOTAL THIS MO.   796    CLEAR  (SCALE 0-3)  30
DPTR FM NORMAL   -60    PTCLDY (SCALE 4-7)   0
TOTAL FM JUL 1  1238    CLOUDY (SCALE 8-10)  0
DPTR FM NORMAL  -375

[CDD (BASE 65) ]
TOTAL THIS MO.     0
DPTR FM NORMAL     0    [PRESSURE DATA]
TOTAL FM JAN 1   690    HIGHEST SLP 30.75 ON 16
DPTR FM NORMAL   183    LOWEST  SLP 29.43 ON 29

[REMARKS]
#FINAL-11-14#




U.S. Dept. of Commerce
NOAA National Weather Service
1325 East West Highway
Silver Spring, MD 20910
E-mail: w-nws.webmaster@noaa.gov
Page last modified: May 16, 2007
NATIONAL WEATHER SERVICE: for Safety, for Work, for Fun - FOR LIFE