779
CXUS56 KBOI 301002
CF6REO
PRELIMINARY LOCAL CLIMATOLOGICAL DATA (WS FORM: F-6)

                                          STATION:   ROME OR
                                          MONTH:     SEPTEMBER
                                          YEAR:      2014
                                          LATITUDE:   42 35 N
                                          LONGITUDE: 117 52 W

  TEMPERATURE IN F:       :PCPN:    SNOW:  WIND      :SUNSHINE: SKY     :PK WND
================================================================================
1   2   3   4   5  6A  6B    7    8   9   10  11  12  13   14  15   16   17  18
                                     12Z  AVG MX 2MIN
DY MAX MIN AVG DEP HDD CDD  WTR  SNW DPTH SPD SPD DIR MIN PSBL S-S WX    SPD DR
================================================================================

 1  82  46  64  -2   1   0 0.00    M    M  5.8 15 270   M    M   0        17 280
 2  93  44  69   3   0   4 0.00    M    M  8.2 26 250   M    M   0        33 260
 3  75  47  61  -4   4   0 0.00    M    M  6.3 17 300   M    M   0        25 280
 4  75  35  55 -10  10   0 0.00    M    M  7.2 16 350   M    M   0        22  20
 5  83  34  59  -6   6   0 0.00    M    M  7.2 15 360   M    M   0        21  20
 6  89  38  64   0   1   0 0.00    M    M  7.0 18 350   M    M   0        22 350
 7  68  54  61  -3   4   0 0.00    M    M  7.8 17 210   M    M   0        30 230
 8  89  44  67   3   0   2 0.00    M    M  8.2 24 260   M    M   0        32 250
 9  83  48  66   3   0   1 0.00    M    M  9.9 23 310   M    M   0        28 300
10  81  39  60  -3   5   0 0.00    M    M  6.8 18  20   M    M   0        28 330
11  69  37  53  -9  12   0 0.00    M    M  7.3 16  10   M    M   0        21  30
12  83  36  60  -2   5   0 0.00    M    M  5.6 13 360   M    M   0        16 350
13  87  42  65   3   0   0 0.00    M    M  5.8 13  20   M    M   0        17  30
14  89  46  68   7   0   3 0.00    M    M  6.0 21 250   M    M   0        28 260
15  92  48  70   9   0   5 0.00    M    M  6.6 52 170   M    M   0        71 170
16  92  58  75  15   0  10 0.06    M    M  7.1 22 190   M    M   0        26 190
17  94  55  75  15   0  10 0.00    M    M  8.8 25 210   M    M   0        31 180
18  86  56  71  12   0   6 0.01    M    M 10.0 25 200   M    M   0        34 190
19  81  46  64   5   1   0 0.00    M    M  5.8 12 350   M    M   0        14  50
20  88  45  67   9   0   2 0.00    M    M  7.0 15 360   M    M   0        19 360
21  78  55  67   9   0   2 0.00    M    M  8.5 28 140   M    M   0        33 140
22  84  55  70  12   0   5 0.00    M    M  5.4 23 210   M    M   0        27 210
23  87  52  70  13   0   5 0.00    M    M  9.0 21 190   M    M   0        27 190
24  90  54  72  15   0   7 0.00    M    M 11.3 26 180   M    M   0        35 180
25  77  39  58   2   7   0 0.00    M    M 10.5 38 240   M    M   0        46 230
26  67  43  55  -1  10   0 0.00    M    M  7.5 18 220   M    M   0        22 240
27  60  50  55   0  10   0 0.31    M    M  8.8 17 350   M    M   0        23  10
28  67  48  58   3   7   0 0.08    M    M  7.1 21 130   M    M   0        26 130
29  59  52  56   2   9   0 0.64    M    M  7.8 20 140   M    M   0        24 140
================================================================================
SM 2348 1346        92  62  1.10    M    220.3          M        0
================================================================================
AV 81.0 46.4                               7.6 FASTST   M    M   0    MAX(MPH)
                                 MISC ---->  # 52 170               # 71  170
================================================================================
NOTES:
# LAST OF SEVERAL OCCURRENCES

COLUMN 17 PEAK WIND IN M.P.H.

PRELIMINARY LOCAL CLIMATOLOGICAL DATA (WS FORM: F-6) , PAGE 2

                                          STATION:  ROME OR
                                          MONTH:    SEPTEMBER
                                          YEAR:     2014
                                          LATITUDE:   42 35 N
                                          LONGITUDE: 117 52 W

[TEMPERATURE DATA]      [PRECIPITATION DATA]       SYMBOLS USED IN COLUMN 16

AVERAGE MONTHLY: 63.7   TOTAL FOR MONTH:   1.10    1 = FOG OR MIST
DPTR FM NORMAL:   3.2   DPTR FM NORMAL:    0.72    2 = FOG REDUCING VISIBILITY
HIGHEST:    94 ON 17    GRTST 24HR  0.64 ON 29-29      TO 1/4 MILE OR LESS
LOWEST:     34 ON  5                               3 = THUNDER
                        SNOW, ICE PELLETS, HAIL    4 = ICE PELLETS
                        TOTAL MONTH:    M          5 = HAIL
                        GRTST 24HR    M  ON   M    6 = FREEZING RAIN OR DRIZZLE
                        GRTST DEPTH:  M  ON   M    7 = DUSTSTORM OR SANDSTORM:
                                                       VSBY 1/2 MILE OR LESS
                                                   8 = SMOKE OR HAZE
[NO. OF DAYS WITH]      [WEATHER - DAYS WITH]      9 = BLOWING SNOW
                                                   X = TORNADO
MAX 32 OR BELOW:   0    0.01 INCH OR MORE:   5
MAX 90 OR ABOVE:   5    0.10 INCH OR MORE:   2
MIN 32 OR BELOW:   0    0.50 INCH OR MORE:   1
MIN  0 OR BELOW:   0    1.00 INCH OR MORE:   0

[HDD (BASE 65) ]
TOTAL THIS MO.    92    CLEAR  (SCALE 0-3)  29
DPTR FM NORMAL   -80    PTCLDY (SCALE 4-7)   0
TOTAL FM JUL 1   102    CLOUDY (SCALE 8-10)  0
DPTR FM NORMAL  -111

[CDD (BASE 65) ]
TOTAL THIS MO.    62
DPTR FM NORMAL    23    [PRESSURE DATA]
TOTAL FM JAN 1   688    HIGHEST SLP M ON M
DPTR FM NORMAL   183    LOWEST  SLP 29.58 ON M

[REMARKS]




U.S. Dept. of Commerce
NOAA National Weather Service
1325 East West Highway
Silver Spring, MD 20910
E-mail: w-nws.webmaster@noaa.gov
Page last modified: May 16, 2007
NATIONAL WEATHER SERVICE: for Safety, for Work, for Fun - FOR LIFE