402
CXUS56 KBOI 231002
CF6REO
PRELIMINARY LOCAL CLIMATOLOGICAL DATA (WS FORM: F-6)

                                          STATION:   ROME OR
                                          MONTH:     APRIL
                                          YEAR:      2014
                                          LATITUDE:   42 35 N
                                          LONGITUDE: 117 52 W

  TEMPERATURE IN F:       :PCPN:    SNOW:  WIND      :SUNSHINE: SKY     :PK WND
================================================================================
1   2   3   4   5  6A  6B    7    8   9   10  11  12  13   14  15   16   17  18
                                     12Z  AVG MX 2MIN
DY MAX MIN AVG DEP HDD CDD  WTR  SNW DPTH SPD SPD DIR MIN PSBL S-S WX    SPD DR
================================================================================

 1  40  30  35  -7  30   0 0.18    M    M 14.4 25 200   M    M   0        33 200
 2  50  27  39  -4  26   0 0.05    M    M  9.6 20 300   M    M   0        26 300
 3  55  22  39  -4  26   0 0.00    M    M  9.2 17 140   M    M   0        20 140
 4  57  34  46   3  19   0 0.00    M    M  8.5 20 180   M    M   0        25 210
 5  57  31  44   1  21   0 0.01    M    M  5.8 21 280   M    M   0        25 280
 6  65  38  52   9  13   0 0.00    M    M  9.3 25 300   M    M   0        33 310
 7  72  29  51   7  14   0 0.00    M    M  4.8 14 130   M    M   0        16 130
 8  78  38  58  14   7   0 0.00    M    M  8.0 23 200   M    M   0        31 200
 9  73  39  56  12   9   0 0.00    M    M  8.9 22 250   M    M   0        29 250
10  72  33  53   9  12   0 0.00    M    M  6.1 16 250   M    M   0        23 240
11  75  33  54  10  11   0 0.00    M    M  5.7 21 360   M    M   0        26  10
12  69  35  52   7  13   0 0.00    M    M 10.5 26 290   M    M   0        32 310
13  61  27  44  -1  21   0 0.00    M    M 11.9 24 340   M    M   0        30  10
14  70  22  46   1  19   0 0.00    M    M  5.8 16 140   M    M   0        21 130
15  62  43  53   8  12   0 0.00    M    M 12.0 24 290   M    M   0        33 290
16  63  34  49   3  16   0 0.00    M    M  6.1 14 130   M    M   0        19  10
17  80  33  57  11   8   0 0.03    M    M  7.3 36 220   M    M   0        46 220
18  66  36  51   5  14   0 0.00    M    M  6.5 16  10   M    M   0        20  10
19  77  30  54   8  11   0 0.00    M    M 11.6 30 250   M    M   0        40 250
20  67  38  53   6  12   0 0.00    M    M  6.8 13  90   M    M   0        15 230
21  73  32  53   6  12   0 0.00    M    M  7.4 28 220   M    M   0        37 200
22  56  31  44  -3  21   0 0.03    M    M 14.8 31 290   M    M   0        38 290
================================================================================
SM 1438  715       347   0  0.30    M    191.0          M        0
================================================================================
AV 65.4 32.5                               8.7 FASTST   M    M   0    MAX(MPH)
                                 MISC ---->  # 36 220               # 46  220
================================================================================
NOTES:
# LAST OF SEVERAL OCCURRENCES

COLUMN 17 PEAK WIND IN M.P.H.

PRELIMINARY LOCAL CLIMATOLOGICAL DATA (WS FORM: F-6) , PAGE 2

                                          STATION:  ROME OR
                                          MONTH:    APRIL
                                          YEAR:     2014
                                          LATITUDE:   42 35 N
                                          LONGITUDE: 117 52 W

[TEMPERATURE DATA]      [PRECIPITATION DATA]       SYMBOLS USED IN COLUMN 16

AVERAGE MONTHLY: 48.9   TOTAL FOR MONTH:   0.30    1 = FOG OR MIST
DPTR FM NORMAL:   4.3   DPTR FM NORMAL:   -0.40    2 = FOG REDUCING VISIBILITY
HIGHEST:    80 ON 17    GRTST 24HR  0.18 ON  1- 1      TO 1/4 MILE OR LESS
LOWEST:     22 ON 14, 3                            3 = THUNDER
                        SNOW, ICE PELLETS, HAIL    4 = ICE PELLETS
                        TOTAL MONTH:    M          5 = HAIL
                        GRTST 24HR    M  ON   M    6 = FREEZING RAIN OR DRIZZLE
                        GRTST DEPTH:  M  ON   M    7 = DUSTSTORM OR SANDSTORM:
                                                       VSBY 1/2 MILE OR LESS
                                                   8 = SMOKE OR HAZE
[NO. OF DAYS WITH]      [WEATHER - DAYS WITH]      9 = BLOWING SNOW
                                                   X = TORNADO
MAX 32 OR BELOW:   0    0.01 INCH OR MORE:   5
MAX 90 OR ABOVE:   0    0.10 INCH OR MORE:   1
MIN 32 OR BELOW:  10    0.50 INCH OR MORE:   0
MIN  0 OR BELOW:   0    1.00 INCH OR MORE:   0

[HDD (BASE 65) ]
TOTAL THIS MO.   347    CLEAR  (SCALE 0-3)  22
DPTR FM NORMAL  -100    PTCLDY (SCALE 4-7)   0
TOTAL FM JUL 1  5442    CLOUDY (SCALE 8-10)  0
DPTR FM NORMAL  -520

[CDD (BASE 65) ]
TOTAL THIS MO.     0
DPTR FM NORMAL     0    [PRESSURE DATA]
TOTAL FM JAN 1     0    HIGHEST SLP M ON M
DPTR FM NORMAL     0    LOWEST  SLP 29.59 ON 17

[REMARKS]




U.S. Dept. of Commerce
NOAA National Weather Service
1325 East West Highway
Silver Spring, MD 20910
E-mail: w-nws.webmaster@noaa.gov
Page last modified: May 16, 2007
NATIONAL WEATHER SERVICE: for Safety, for Work, for Fun - FOR LIFE