370
CXUS56 KBOI 291002
CF6REO
PRELIMINARY LOCAL CLIMATOLOGICAL DATA (WS FORM: F-6)

                                          STATION:   ROME OR
                                          MONTH:     JANUARY
                                          YEAR:      2015
                                          LATITUDE:   42 35 N
                                          LONGITUDE: 117 52 W

  TEMPERATURE IN F:       :PCPN:    SNOW:  WIND      :SUNSHINE: SKY     :PK WND
================================================================================
1   2   3   4   5  6A  6B    7    8   9   10  11  12  13   14  15   16   17  18
                                     12Z  AVG MX 2MIN
DY MAX MIN AVG DEP HDD CDD  WTR  SNW DPTH SPD SPD DIR MIN PSBL S-S WX    SPD DR
================================================================================

 1  20  -6   7 -21  58   0 0.00    M    M  4.0 10 160   M    M   0        12 160
 2  22  -3  10 -18  55   0 0.00    M    M  2.3  9 220   M    M   0        10 220
 3  34   7  21  -7  44   0 0.00    M    M  6.9 17 130   M    M   0        21 130
 4  40  18  29   1  36   0 0.00    M    M  4.9 18 150   M    M   0        23 150
 5  49  34  42  13  23   0 0.00    M    M 10.1 20 140   M    M   0        26 130
 6  49  30  40  11  25   0 0.00    M    M  4.2 12 150   M    M   0        14 150
 7  46  25  36   7  29   0 0.00    M    M  3.4 14  10   M    M   0        16  10
 8  33  26  30   1  35   0 0.00    M    M  2.4  9  10   M    M   0        12  30
 9  33  31  32   3  33   0 0.00    M    M  2.3  7  10   M    M   0         9  10
10  38  31  35   6  30   0 0.00    M    M  2.4  9  30   M    M   0        12  30
11  34  29  32   3  33   0 0.02    M    M  3.5 10  40   M    M   0        13  30
12  42  33  38   9  27   0 0.01    M    M  2.6  9 280   M    M   0        10 280
13  45  25  35   6  30   0 0.00    M    M  3.7 12 130   M    M   0        13 130
14  41  19  30   1  35   0 0.00    M    M  5.6 10  20   M    M   0        13  30
15  31  27  29   0  36   0 0.00    M    M  3.6 13 270   M    M   0        15 280
16  53  29  41  12  24   0 0.12    M    M  8.2 21 220   M    M   0        26 240
17  54  29  42  12  23   0 0.00    M    M  7.7 21 180   M    M   0        25 160
18  60  35  48  18  17   0 0.00    M    M 12.9 28 220   M    M   0        36 240
19  47  24  36   6  29   0 0.00    M    M  4.8 13 360   M    M   0        15 280
20  42  20  31   1  34   0 0.00    M    M  4.5 10  20   M    M   0        13 360
21  41  15  28  -2  37   0 0.00    M    M  3.2  9  70   M    M   0         9 130
22  30  20  25  -5  40   0 0.00    M    M  4.6  9  60   M    M   0        12  70
23  43  19  31   1  34   0 0.00    M    M  3.8  9 150   M    M   0        11 140
24  57  25  41  11  24   0 0.00    M    M  6.1 16 140   M    M   0        22 130
25  57  28  43  13  22   0 0.00    M    M  4.6 12 150   M    M   0        13 150
26  34  26  30   0  35   0 0.00    M    M  4.3  9  20   M    M   0        12  30
27  40  29  35   5  30   0 0.02    M    M  2.3  9 180   M    M   0        11 180
28  52  29  41  11  24   0 0.00    M    M  5.8 12  40   M    M   0        16  40
================================================================================
SM 1167  654       902   0  0.17    M    134.7          M        0
================================================================================
AV 41.7 23.4                               4.8 FASTST   M    M   0    MAX(MPH)
                                 MISC ---->  # 28 220               # 36  240
================================================================================
NOTES:
# LAST OF SEVERAL OCCURRENCES

COLUMN 17 PEAK WIND IN M.P.H.

PRELIMINARY LOCAL CLIMATOLOGICAL DATA (WS FORM: F-6) , PAGE 2

                                          STATION:  ROME OR
                                          MONTH:    JANUARY
                                          YEAR:     2015
                                          LATITUDE:   42 35 N
                                          LONGITUDE: 117 52 W

[TEMPERATURE DATA]      [PRECIPITATION DATA]       SYMBOLS USED IN COLUMN 16

AVERAGE MONTHLY: 32.5   TOTAL FOR MONTH:   0.17    1 = FOG OR MIST
DPTR FM NORMAL:   3.2   DPTR FM NORMAL:   -0.42    2 = FOG REDUCING VISIBILITY
HIGHEST:    60 ON 18    GRTST 24HR  0.12 ON 16-16      TO 1/4 MILE OR LESS
LOWEST:     -6 ON  1                               3 = THUNDER
                        SNOW, ICE PELLETS, HAIL    4 = ICE PELLETS
                        TOTAL MONTH:    M          5 = HAIL
                        GRTST 24HR    M  ON   M    6 = FREEZING RAIN OR DRIZZLE
                        GRTST DEPTH:  M  ON   M    7 = DUSTSTORM OR SANDSTORM:
                                                       VSBY 1/2 MILE OR LESS
                                                   8 = SMOKE OR HAZE
[NO. OF DAYS WITH]      [WEATHER - DAYS WITH]      9 = BLOWING SNOW
                                                   X = TORNADO
MAX 32 OR BELOW:   4    0.01 INCH OR MORE:   4
MAX 90 OR ABOVE:   0    0.10 INCH OR MORE:   1
MIN 32 OR BELOW:  25    0.50 INCH OR MORE:   0
MIN  0 OR BELOW:   2    1.00 INCH OR MORE:   0

[HDD (BASE 65) ]
TOTAL THIS MO.   902    CLEAR  (SCALE 0-3)  28
DPTR FM NORMAL   -98    PTCLDY (SCALE 4-7)   0
TOTAL FM JUL 1  3058    CLOUDY (SCALE 8-10)  0
DPTR FM NORMAL  -689

[CDD (BASE 65) ]
TOTAL THIS MO.     0
DPTR FM NORMAL     0    [PRESSURE DATA]
TOTAL FM JAN 1     0    HIGHEST SLP M ON M
DPTR FM NORMAL     0    LOWEST  SLP 30.09 ON 18

[REMARKS]




U.S. Dept. of Commerce
NOAA National Weather Service
1325 East West Highway
Silver Spring, MD 20910
E-mail: w-nws.webmaster@noaa.gov
Page last modified: May 16, 2007
NATIONAL WEATHER SERVICE: for Safety, for Work, for Fun - FOR LIFE