174
CXUS56 KBOI 011002
CF6REO
PRELIMINARY LOCAL CLIMATOLOGICAL DATA (WS FORM: F-6)

                                          STATION:   ROME OR
                                          MONTH:     JULY
                                          YEAR:      2014
                                          LATITUDE:   42 35 N
                                          LONGITUDE: 117 52 W

  TEMPERATURE IN F:       :PCPN:    SNOW:  WIND      :SUNSHINE: SKY     :PK WND
================================================================================
1   2   3   4   5  6A  6B    7    8   9   10  11  12  13   14  15   16   17  18
                                     12Z  AVG MX 2MIN
DY MAX MIN AVG DEP HDD CDD  WTR  SNW DPTH SPD SPD DIR MIN PSBL S-S WX    SPD DR
================================================================================

 1  96  47  72   3   0   7 0.00    M    M  6.8 16  20   M    M   0        20  10
 2 103  63  83  14   0  18 0.00    M    M  8.8 28 310   M    M   0        35 310
 3  96  58  77   8   0  12 0.00    M    M  4.9 25 190   M    M   0        31 190
 4 100  59  80  10   0  15 0.00    M    M 10.0 29 230   M    M   0        39 220
 5  97  56  77   7   0  12 0.00    M    M  6.2 18 270   M    M   0        25 330
 6 102  54  78   8   0  13 0.00    M    M  6.5 23 260   M    M   0        36 260
 7  99  57  78   8   0  13 0.00    M    M  5.8 14 360   M    M   0        18  10
 8 102  61  82  11   0  17 0.00    M    M  7.4 17 310   M    M   0        22 320
 9  89  66  78   7   0  13 0.01    M    M  6.1 22 270   M    M   0        27 270
10  96  59  78   7   0  13 0.00    M    M  5.1 23 260   M    M   0        30 340
11  94  60  77   6   0  12 0.01    M    M  7.9 28 200   M    M   0        36 200
12  96  56  76   4   0  11 0.00    M    M  5.9 29 160   M    M   0        37 160
13 104  58  81   9   0  16 0.00    M    M  6.7 23 340   M    M   0        30 340
14 102  63  83  11   0  18 0.00    M    M  8.8 23 300   M    M   0        27 260
15  98  60  79   7   0  14 0.00    M    M  7.5 20 350   M    M   0        34 320
16  97  58  78   6   0  13 0.00    M    M  8.1 18 340   M    M   0        24 350
17  97  56  77   5   0  12 0.00    M    M  7.0 17 230   M    M   0        31 280
18  98  55  77   5   0  12 0.00    M    M  7.2 23 280   M    M   0        27 290
19  96  54  75   3   0  10 0.00    M    M  7.2 18 310   M    M   0        26 320
20  98  57  78   6   0  13 0.00    M    M 10.9 33 140   M    M   0        44 190
21  83  57  70  -2   0   5 0.01    M    M  9.5 25 140   M    M   0        33 230
22  89  50  70  -3   0   5 0.00    M    M  5.9 25 190   M    M   0        33 200
23  92  55  74   1   0   9 0.00    M    M 12.5 32 220   M    M   0        43 200
24  78  52  65  -8   0   0 0.00    M    M  8.7 16  60   M    M   0        20  70
25  88  44  66  -7   0   1 0.00    M    M  5.5 17 360   M    M   0        23 350
26  96  49  73   0   0   8 0.00    M    M  7.1 16  40   M    M   0        20  40
27 102  58  80   7   0  15 0.00    M    M  6.2 15 320   M    M   0        29 310
28  97  60  79   7   0  14 0.00    M    M  7.3 21  90   M    M   0        25 100
29  95  63  79   7   0  14 0.00    M    M  8.3 30  60   M    M   0        37 100
30  96  59  78   6   0  13 0.00    M    M  8.0 28 300   M    M   0        39 300
31  95  57  76   4   0  11 0.00    M    M  6.9 29 320   M    M   0        36 320
================================================================================
SM 2971 1761         0 359  0.03    M    230.7          M        0
================================================================================
AV 95.8 56.8                               7.4 FASTST   M    M   0    MAX(MPH)
                                 MISC ---->  # 33 140               # 44  190
================================================================================
NOTES:
# LAST OF SEVERAL OCCURRENCES

COLUMN 17 PEAK WIND IN M.P.H.

PRELIMINARY LOCAL CLIMATOLOGICAL DATA (WS FORM: F-6) , PAGE 2

                                          STATION:  ROME OR
                                          MONTH:    JULY
                                          YEAR:     2014
                                          LATITUDE:   42 35 N
                                          LONGITUDE: 117 52 W

[TEMPERATURE DATA]      [PRECIPITATION DATA]       SYMBOLS USED IN COLUMN 16

AVERAGE MONTHLY: 76.3   TOTAL FOR MONTH:   0.03    1 = FOG OR MIST
DPTR FM NORMAL:   4.8   DPTR FM NORMAL:   -0.32    2 = FOG REDUCING VISIBILITY
HIGHEST:   104 ON 13    GRTST 24HR  0.01 ON 21-21      TO 1/4 MILE OR LESS
LOWEST:     44 ON 25                               3 = THUNDER
                        SNOW, ICE PELLETS, HAIL    4 = ICE PELLETS
                        TOTAL MONTH:    M          5 = HAIL
                        GRTST 24HR    M  ON   M    6 = FREEZING RAIN OR DRIZZLE
                        GRTST DEPTH:  M  ON   M    7 = DUSTSTORM OR SANDSTORM:
                                                       VSBY 1/2 MILE OR LESS
                                                   8 = SMOKE OR HAZE
[NO. OF DAYS WITH]      [WEATHER - DAYS WITH]      9 = BLOWING SNOW
                                                   X = TORNADO
MAX 32 OR BELOW:   0    0.01 INCH OR MORE:   3
MAX 90 OR ABOVE:  26    0.10 INCH OR MORE:   0
MIN 32 OR BELOW:   0    0.50 INCH OR MORE:   0
MIN  0 OR BELOW:   0    1.00 INCH OR MORE:   0

[HDD (BASE 65) ]
TOTAL THIS MO.     0    CLEAR  (SCALE 0-3)  31
DPTR FM NORMAL   -14    PTCLDY (SCALE 4-7)   0
TOTAL FM JUL 1     0    CLOUDY (SCALE 8-10)  0
DPTR FM NORMAL   -14

[CDD (BASE 65) ]
TOTAL THIS MO.   359
DPTR FM NORMAL   144    [PRESSURE DATA]
TOTAL FM JAN 1   419    HIGHEST SLP 30.16 ON 13
DPTR FM NORMAL   132    LOWEST  SLP 29.70 ON 20

[REMARKS]
#FINAL-07-14#




U.S. Dept. of Commerce
NOAA National Weather Service
1325 East West Highway
Silver Spring, MD 20910
E-mail: w-nws.webmaster@noaa.gov
Page last modified: May 16, 2007
NATIONAL WEATHER SERVICE: for Safety, for Work, for Fun - FOR LIFE