746
CXUS56 KBOI 291002
CF6REO
PRELIMINARY LOCAL CLIMATOLOGICAL DATA (WS FORM: F-6)

                                          STATION:   ROME OR
                                          MONTH:     AUGUST
                                          YEAR:      2014
                                          LATITUDE:   42 35 N
                                          LONGITUDE: 117 52 W

  TEMPERATURE IN F:       :PCPN:    SNOW:  WIND      :SUNSHINE: SKY     :PK WND
================================================================================
1   2   3   4   5  6A  6B    7    8   9   10  11  12  13   14  15   16   17  18
                                     12Z  AVG MX 2MIN
DY MAX MIN AVG DEP HDD CDD  WTR  SNW DPTH SPD SPD DIR MIN PSBL S-S WX    SPD DR
================================================================================

 1  94  60  77   5   0  12 0.00    M    M  7.7 32 230   M    M   0        42 230
 2  98  61  80   8   0  15 0.00    M    M  6.8 28 150   M    M   0        34 170
 3  97  62  80   8   0  15 0.00    M    M  8.2 36  80   M    M   0        41 100
 4  92  63  78   6   0  13 0.01    M    M  7.8 28 360   M    M   0        38  10
 5  87  62  75   3   0  10 0.00    M    M  9.6 29 130   M    M   0        34 130
 6  86  62  74   2   0   9 0.00    M    M 10.8 22 150   M    M   0        26 140
 7  89  53  71  -1   0   6 0.00    M    M  6.1 20 120   M    M   0        25 120
 8  93  55  74   2   0   9 0.00    M    M  6.4 21 270   M    M   0        27 260
 9  91  62  77   6   0  12 0.00    M    M  8.7 29 130   M    M   0        34 130
10  97  52  75   4   0  10 0.00    M    M  6.7 26 220   M    M   0        32 220
11  94  53  74   3   0   9 0.00    M    M  9.9 37 130   M    M   0        46 130
12  84  55  70  -1   0   5 0.08    M    M  7.8 40 250   M    M   0        49 250
13  87  51  69  -2   0   4 0.02    M    M  7.5 28  50   M    M   0        43  50
14  82  49  66  -5   0   1 0.00    M    M  5.2 17 330   M    M   0        22 350
15  88  53  71   1   0   6 0.00    M    M  8.4 20 260   M    M   0        24 210
16  93  53  73   3   0   8 0.00    M    M  5.2 18 260   M    M   0        23 260
17  94  57  76   6   0  11 0.00    M    M  7.5 38 150   M    M   0        46 150
18  95  50  73   3   0   8 0.00    M    M  6.1 20  40   M    M   0        24  40
19  93  53  73   3   0   8 0.00    M    M  7.7 29 330   M    M   0        37 330
20  87  51  69   0   0   4 0.00    M    M  7.6 24 220   M    M   0        30 230
21  87  54  71   2   0   6 0.00    M    M  7.2 20 260   M    M   0        25 260
22  80  53  67  -2   0   2 0.00    M    M  8.1 23 290   M    M   0        29 300
23  78  43  61  -8   4   0 0.00    M    M  8.3 18 300   M    M   0        26 330
24  82  45  64  -4   1   0 0.00    M    M  7.8 28 310   M    M   0        38 310
25  77  49  63  -5   2   0 0.00    M    M  6.2 16  30   M    M   0        22 360
26  83  45  64  -4   1   0 0.00    M    M  5.8 16  20   M    M   0        20  10
27  90  47  69   1   0   4 0.00    M    M  6.0 15 130   M    M   0        19 130
28  93  55  74   7   0   9 0.00    M    M  6.2 16 260   M    M   0        23 290
================================================================================
SM 2491 1508         8 196  0.11    M    207.3          M        0
================================================================================
AV 89.0 53.9                               7.4 FASTST   M    M   0    MAX(MPH)
                                 MISC ---->  # 40 250               # 49  250
================================================================================
NOTES:
# LAST OF SEVERAL OCCURRENCES

COLUMN 17 PEAK WIND IN M.P.H.

PRELIMINARY LOCAL CLIMATOLOGICAL DATA (WS FORM: F-6) , PAGE 2

                                          STATION:  ROME OR
                                          MONTH:    AUGUST
                                          YEAR:     2014
                                          LATITUDE:   42 35 N
                                          LONGITUDE: 117 52 W

[TEMPERATURE DATA]      [PRECIPITATION DATA]       SYMBOLS USED IN COLUMN 16

AVERAGE MONTHLY: 71.4   TOTAL FOR MONTH:   0.11    1 = FOG OR MIST
DPTR FM NORMAL:   1.2   DPTR FM NORMAL:   -0.21    2 = FOG REDUCING VISIBILITY
HIGHEST:    98 ON  2    GRTST 24HR  0.08 ON 12-12      TO 1/4 MILE OR LESS
LOWEST:     43 ON 23                               3 = THUNDER
                        SNOW, ICE PELLETS, HAIL    4 = ICE PELLETS
                        TOTAL MONTH:    M          5 = HAIL
                        GRTST 24HR    M  ON   M    6 = FREEZING RAIN OR DRIZZLE
                        GRTST DEPTH:  M  ON   M    7 = DUSTSTORM OR SANDSTORM:
                                                       VSBY 1/2 MILE OR LESS
                                                   8 = SMOKE OR HAZE
[NO. OF DAYS WITH]      [WEATHER - DAYS WITH]      9 = BLOWING SNOW
                                                   X = TORNADO
MAX 32 OR BELOW:   0    0.01 INCH OR MORE:   3
MAX 90 OR ABOVE:  14    0.10 INCH OR MORE:   0
MIN 32 OR BELOW:   0    0.50 INCH OR MORE:   0
MIN  0 OR BELOW:   0    1.00 INCH OR MORE:   0

[HDD (BASE 65) ]
TOTAL THIS MO.     8    CLEAR  (SCALE 0-3)  28
DPTR FM NORMAL   -14    PTCLDY (SCALE 4-7)   0
TOTAL FM JUL 1     8    CLOUDY (SCALE 8-10)  0
DPTR FM NORMAL   -28

[CDD (BASE 65) ]
TOTAL THIS MO.   196
DPTR FM NORMAL    31    [PRESSURE DATA]
TOTAL FM JAN 1   615    HIGHEST SLP M ON M
DPTR FM NORMAL   163    LOWEST  SLP 29.56 ON 19

[REMARKS]




U.S. Dept. of Commerce
NOAA National Weather Service
1325 East West Highway
Silver Spring, MD 20910
E-mail: w-nws.webmaster@noaa.gov
Page last modified: May 16, 2007
NATIONAL WEATHER SERVICE: for Safety, for Work, for Fun - FOR LIFE