654
CXUS52 KRAH 011345
CF6RDU
PRELIMINARY LOCAL CLIMATOLOGICAL DATA (WS FORM: F-6)

                                          STATION:   RALEIGH-DURHAM INTL AIRPORT NC
                                          MONTH:     NOVEMBER
                                          YEAR:      2014
                                          LATITUDE:   35 52 N
                                          LONGITUDE:  78 47 W

  TEMPERATURE IN F:       :PCPN:    SNOW:  WIND      :SUNSHINE: SKY     :PK WND
================================================================================
1   2   3   4   5  6A  6B    7    8   9   10  11  12  13   14  15   16   17  18
                                     12Z  AVG MX 2MIN
DY MAX MIN AVG DEP HDD CDD  WTR  SNW DPTH SPD SPD DIR MIN PSBL S-S WX    SPD DR
================================================================================

 1  51  45  48  -8  17   0 0.61  0.0    0  8.5 18  20   M    M   9 1      28  10
 2  53  37  45 -11  20   0 0.00  0.0    0  6.7 17 330   M    M   2        28 300
 3  64  29  47  -9  18   0 0.00  0.0    0  3.4 13 230   M    M   1        15 230
 4  66  40  53  -3  12   0 0.00  0.0    0  6.8 16 230   M    M   7        21 240
 5  71  47  59   4   6   0 0.00  0.0    0  6.0 13 240   M    M  10        16 250
 6  68  50  59   4   6   0 0.21  0.0    0 10.8 22 230   M    M   9 1      36 310
 7  60  38  49  -6  16   0 0.00  0.0    0  4.0 16 290   M    M   4        24 310
 8  60  31  46  -8  19   0 0.00  0.0    0  3.0 13 230   M    M   6        21 220
 9  60  40  50  -4  15   0 0.00  0.0    0  0.6  7  30   M    M   8 1      10 140
10  66  35  51  -3  14   0 0.00  0.0    0  2.5 13  90   M    M   3 1      16 100
11  72  45  59   5   6   0 0.00  0.0    0  3.7 13  40   M    M   5 128    16  40
12  76  50  63  10   2   0 0.00  0.0    0  3.2  9 300   M    M   7 12     13 300
13  59  44  52  -1  13   0 0.00  0.0    0  7.3 14  50   M    M   9        20  80
14  44  29  37 -16  28   0    T    T    0  5.3 14  40   M    M   6 1      20  20
15  46  25  36 -16  29   0 0.00  0.0    0  1.7  8  40   M    M   1        13  70
16  49  27  38 -14  27   0 0.04  0.0    0  1.8  7  90   M    M   9 1      12 130
17  67  43  55   3  10   0 0.43  0.0    0  9.3 25 210   M    M  10 1238   32 220
18  43  23  33 -19  32   0 0.00  0.0    0  5.5 14 270   M    M   4        21 310
19  43  19  31 -20  34   0 0.00  0.0    0  5.9 16 220   M    M   3        22 170
20  59  28  44  -7  21   0 0.00  0.0    0  7.3 21 240   M    M   2        30 250
21  48  26  37 -14  28   0 0.00  0.0    0  3.5 13 350   M    M   1        21  10
22  54  22  38 -12  27   0 0.00  0.0    0  1.8  9 220   M    M   3        16 210
23  66  34  50   0  15   0 0.64  0.0    0  4.7 22 170   M    M  10 1      30 160
24  72  60  66  16   0   1 0.01  0.0    0 13.1 25 230   M    M   7 3      33 230
25  65  48  57   8   8   0 0.10  0.0    0  5.4 16 220   M    M   9 18     21 220
26  50  35  43  -6  22   0 1.69  0.0    0  6.7 23  30   M    M   9 12     37  40
27  47  35  41  -8  24   0 0.05  0.0    0  4.3 12 320   M    M   7 1      18 310
28  45  26  36 -12  29   0 0.00  0.0    0  2.4 12 360   M    M   1        18 340
29  54  27  41  -7  24   0 0.00  0.0    0  5.8 16 220   M    M   5        20 210
30  66  36  51   3  14   0 0.00  0.0    0  8.8 23 230   M    M   3        31 240
================================================================================
SM 1744 1074       536   1  3.78    T    159.8          M      170
================================================================================
AV 58.1 35.8                               5.3 FASTST   M    M   6    MAX(MPH)
                                 MISC ---->  # 25 210               # 37   40
================================================================================
NOTES:
# LAST OF SEVERAL OCCURRENCES

COLUMN 17 PEAK WIND IN M.P.H.

PRELIMINARY LOCAL CLIMATOLOGICAL DATA (WS FORM: F-6) , PAGE 2

                                          STATION:  RALEIGH-DURHAM INTL AIRPORT NC
                                          MONTH:    NOVEMBER
                                          YEAR:     2014
                                          LATITUDE:   35 52 N
                                          LONGITUDE:  78 47 W

[TEMPERATURE DATA]      [PRECIPITATION DATA]       SYMBOLS USED IN COLUMN 16

AVERAGE MONTHLY: 47.0   TOTAL FOR MONTH:   3.78    1 = FOG OR MIST
DPTR FM NORMAL:  -5.2   DPTR FM NORMAL:    0.66    2 = FOG REDUCING VISIBILITY
HIGHEST:    76 ON 12    GRTST 24HR  1.78 ON 25-26      TO 1/4 MILE OR LESS
LOWEST:     19 ON 19                               3 = THUNDER
                        SNOW, ICE PELLETS, HAIL    4 = ICE PELLETS
                        TOTAL MONTH:    T          5 = HAIL
                        GRTST 24HR    T  ON 14-14  6 = FREEZING RAIN OR DRIZZLE
                        GRTST DEPTH:   0           7 = DUSTSTORM OR SANDSTORM:
                                                       VSBY 1/2 MILE OR LESS
                                                   8 = SMOKE OR HAZE
[NO. OF DAYS WITH]      [WEATHER - DAYS WITH]      9 = BLOWING SNOW
                                                   X = TORNADO
MAX 32 OR BELOW:   0    0.01 INCH OR MORE:   9
MAX 90 OR ABOVE:   0    0.10 INCH OR MORE:   6
MIN 32 OR BELOW:  12    0.50 INCH OR MORE:   3
MIN  0 OR BELOW:   0    1.00 INCH OR MORE:   1

[HDD (BASE 65) ]
TOTAL THIS MO.   536    CLEAR  (SCALE 0-3)   8
DPTR FM NORMAL   144    PTCLDY (SCALE 4-7)  13
TOTAL FM JUL 1   664    CLOUDY (SCALE 8-10)  9
DPTR FM NORMAL    83

[CDD (BASE 65) ]
TOTAL THIS MO.     1
DPTR FM NORMAL    -7    [PRESSURE DATA]
TOTAL FM JAN 1  1657    HIGHEST SLP M ON M
DPTR FM NORMAL   -71    LOWEST  SLP 29.58 ON 17

[REMARKS]
#FINAL-11-14#




U.S. Dept. of Commerce
NOAA National Weather Service
1325 East West Highway
Silver Spring, MD 20910
E-mail: w-nws.webmaster@noaa.gov
Page last modified: May 16, 2007
NATIONAL WEATHER SERVICE: for Safety, for Work, for Fun - FOR LIFE