585
CXUS52 KRAH 291345
CF6RDU
PRELIMINARY LOCAL CLIMATOLOGICAL DATA (WS FORM: F-6)

                                          STATION:   RALEIGH-DURHAM INTL AIRPORT NC
                                          MONTH:     JULY
                                          YEAR:      2014
                                          LATITUDE:   35 52 N
                                          LONGITUDE:  78 47 W

  TEMPERATURE IN F:       :PCPN:    SNOW:  WIND      :SUNSHINE: SKY     :PK WND
================================================================================
1   2   3   4   5  6A  6B    7    8   9   10  11  12  13   14  15   16   17  18
                                     12Z  AVG MX 2MIN
DY MAX MIN AVG DEP HDD CDD  WTR  SNW DPTH SPD SPD DIR MIN PSBL S-S WX    SPD DR
================================================================================

 1  93  74  84   4   0  19 0.00  0.0    0   M  16 170   M    M   6        21 190
 2  97  76  87   7   0  22 0.00  0.0    0  9.8 17 190   M    M   5        22 200
 3  90  74  82   2   0  17    T  0.0    0  6.9 29 150   M    M   8 1      37 150
 4  88  71  80   0   0  15    T  0.0    0  6.0 12 260   M    M   6        21 340
 5  83  61  72  -8   0   7 0.00  0.0    0  4.9 15  50   M    M   3        18  80
 6  90  61  76  -4   0  11 0.00  0.0    0  5.8 15 240   M    M   6         M  M
 7  96  67  82   2   0  17 0.00  0.0    0 10.5 20 230   M    M   5        30 230
 8  98  74  86   6   0  21 0.00  0.0    0 11.8 23 230   M    M   M        30 230
 9  96  74  85   5   0  20 0.02  0.0    0  6.9 24 240   M    M   7 13     32 220
10  88  71  80   0   0  15 0.66  0.0    0  5.2 17 120   M    M   9 138    21 110
11  86  69  78  -2   0  13 0.00  0.0    0  2.4  9 110   M    M   7 1      15 120
12  90  66  78  -2   0  13 0.00  0.0    0  3.3 10 160   M    M   4 18     16 200
13  94  71  83   3   0  18 0.00  0.0    0  7.1 15 180   M    M   5 1      20 190
14  98  75  87   7   0  22    T  0.0    0  9.6 15 190   M    M   6 3      21 210
15  94  70  82   2   0  17 4.21  0.0    0  7.7 17 230   M    M   8 13     24 330
16  80  64  72  -8   0   7 0.00  0.0    0  3.1 14  30   M    M   8 1      18  30
17  84  60  72  -8   0   7 0.00  0.0    0  2.2  8 350   M    M   5        14  40
18  86  64  75  -5   0  10 0.00  0.0    0  5.8 15 100   M    M   6        18 140
19  82  66  74  -6   0   9    T  0.0    0  4.2 14  50   M    M   8        17 120
20  81  68  75  -5   0  10 0.93  0.0    0  4.0  9 100   M    M  10 1      13 130
21  79  73  76  -4   0  11 1.16  0.0    0  2.7 12 120   M    M  10 13     17 140
22  85  72  79  -1   0  14    T  0.0    0  3.8  9  80   M    M   8 18     14 120
23  92  71  82   2   0  17 0.00  0.0    0  5.5 17 210   M    M   5 12     23 220
24  88  68  78  -2   0  13 1.45  0.0    0  5.4 22  10   M    M   7 123    31  10
25  83  66  75  -5   0  10 0.00  0.0    0  3.4  9  80   M    M   7 1      17 140
26  90  69  80   0   0  15 0.00  0.0    0  3.2 12 220   M    M   6 128    15 240
27  87  72  80   0   0  15 0.45  0.0    0  7.5 21 230   M    M   8 13     25 230
28  88  70  79  -1   0  14    T  0.0    0  6.5 18 270   M    M   6        26 270
================================================================================
SM 2486 1937         0 399  8.88     0.0 155.2          M      179
================================================================================
AV 88.8 69.2                               5.7 FASTST   M    M   7    MAX(MPH)
                                 MISC ---->  # 29 150               # 37  150
================================================================================
NOTES:
# LAST OF SEVERAL OCCURRENCES

COLUMN 17 PEAK WIND IN M.P.H.

PRELIMINARY LOCAL CLIMATOLOGICAL DATA (WS FORM: F-6) , PAGE 2

                                          STATION:  RALEIGH-DURHAM INTL AIRPORT NC
                                          MONTH:    JULY
                                          YEAR:     2014
                                          LATITUDE:   35 52 N
                                          LONGITUDE:  78 47 W

[TEMPERATURE DATA]      [PRECIPITATION DATA]       SYMBOLS USED IN COLUMN 16

AVERAGE MONTHLY: 79.0   TOTAL FOR MONTH:   8.88    1 = FOG OR MIST
DPTR FM NORMAL:  -1.0   DPTR FM NORMAL:    4.64    2 = FOG REDUCING VISIBILITY
HIGHEST:    98 ON 14, 8 GRTST 24HR  4.21 ON 15-15      TO 1/4 MILE OR LESS
LOWEST:     60 ON 17                               3 = THUNDER
                        SNOW, ICE PELLETS, HAIL    4 = ICE PELLETS
                        TOTAL MONTH:   0.0 INCH    5 = HAIL
                        GRTST 24HR     0.0         6 = FREEZING RAIN OR DRIZZLE
                        GRTST DEPTH:   0           7 = DUSTSTORM OR SANDSTORM:
                                                       VSBY 1/2 MILE OR LESS
                                                   8 = SMOKE OR HAZE
[NO. OF DAYS WITH]      [WEATHER - DAYS WITH]      9 = BLOWING SNOW
                                                   X = TORNADO
MAX 32 OR BELOW:   0    0.01 INCH OR MORE:   7
MAX 90 OR ABOVE:  13    0.10 INCH OR MORE:   6
MIN 32 OR BELOW:   0    0.50 INCH OR MORE:   5
MIN  0 OR BELOW:   0    1.00 INCH OR MORE:   3

[HDD (BASE 65) ]
TOTAL THIS MO.     0    CLEAR  (SCALE 0-3)   1
DPTR FM NORMAL     0    PTCLDY (SCALE 4-7)  22
TOTAL FM JUL 1     0    CLOUDY (SCALE 8-10)  4
DPTR FM NORMAL     0

[CDD (BASE 65) ]
TOTAL THIS MO.   399
DPTR FM NORMAL   -21    [PRESSURE DATA]
TOTAL FM JAN 1   989    HIGHEST SLP M ON M
DPTR FM NORMAL    13    LOWEST  SLP 29.74 ON M

[REMARKS]




U.S. Dept. of Commerce
NOAA National Weather Service
1325 East West Highway
Silver Spring, MD 20910
E-mail: w-nws.webmaster@noaa.gov
Page last modified: May 16, 2007
NATIONAL WEATHER SERVICE: for Safety, for Work, for Fun - FOR LIFE