200
CXUS52 KRAH 230845
CF6RDU
PRELIMINARY LOCAL CLIMATOLOGICAL DATA (WS FORM: F-6)

                                          STATION:   RALEIGH-DURHAM INTL AIRPORT NC
                                          MONTH:     APRIL
                                          YEAR:      2014
                                          LATITUDE:   35 52 N
                                          LONGITUDE:  78 47 W

  TEMPERATURE IN F:       :PCPN:    SNOW:  WIND      :SUNSHINE: SKY     :PK WND
================================================================================
1   2   3   4   5  6A  6B    7    8   9   10  11  12  13   14  15   16   17  18
                                     12Z  AVG MX 2MIN
DY MAX MIN AVG DEP HDD CDD  WTR  SNW DPTH SPD SPD DIR MIN PSBL S-S WX    SPD DR
================================================================================

 1  80  39  60   4   5   0 0.00  0.0    0  2.7 16 230   M    M   4        20 230
 2  86  52  69  12   0   4 0.00  0.0    0  6.2 18 230   M    M   2        23 230
 3  78  50  64   7   1   0    T  0.0    0  4.8 12 210   M    M   6 8      15 210
 4  82  57  70  13   0   5 0.00  0.0    0 11.7 32 230   M    M   7        37 230
 5  71  53  62   5   3   0 0.00  0.0    0  6.1 15 350   M    M   4        21 330
 6  60  44  52  -6  13   0    T    M    0  9.5 18  60   M    M   9        25  60
 7  64  43  54  -4  11   0 1.42    M    0  6.9 18 200   M    M  10 1      28 200
 8  67  55  61   3   4   0 0.01  0.0    0  6.6 22 220   M    M   9 1      28 230
 9  68  45  57  -2   8   0 0.07  0.0    0  3.3 13 340   M    M   6 1      21 330
10  74  40  57  -2   8   0 0.00  0.0    0  6.5 21 230   M    M   2 1      26 210
11  78  52  65   6   0   0 0.00  0.0    0 13.5 29 230   M    M   5        35 220
12  81  54  68   9   0   3 0.00  0.0    0  7.2 16  80   M    M   3        22 220
13  81  59  70  10   0   5 0.00  0.0    0 11.1 18 230   M    M   5        25 230
14  76  63  70  10   0   5 0.03  0.0    0 10.7 22 200   M    M   9 1      30 200
15  71  39  55  -5  10   0 1.32  0.0    0 10.6 25 280   M    M   9 13     37 270
16  54  33  44 -16  21   0 0.00  0.0    0  7.7 17  40   M    M   1        25  40
17  64  31  48 -13  17   0 0.00  0.0    0  7.9 18  50   M    M   4        22 130
18  63  38  51 -10  14   0 0.18  0.0    0  6.2 15  50   M    M   9 1      20  50
19  53  46  50 -11  15   0 0.56  0.0    0  9.0 16  40   M    M  10 18     22  40
20  68  49  59  -2   6   0 0.00  0.0    0 12.3 24  50   M    M   8        35  30
21  74  42  58  -4   7   0 0.00  0.0    0  3.6 12  40   M    M   3        15  50
22   M   M   M   M   M   M    M    M    M   M   M   M   M    M   M         M  M
================================================================================
SM 1493  984       143  22  3.59     0.0 164.1          M      125
================================================================================
AV 71.1 46.9                               7.8 FASTST   M    M   6    MAX(MPH)
                                 MISC ---->  # 32 230               # 37  230
================================================================================
NOTES:
# LAST OF SEVERAL OCCURRENCES

COLUMN 17 PEAK WIND IN M.P.H.

PRELIMINARY LOCAL CLIMATOLOGICAL DATA (WS FORM: F-6) , PAGE 2

                                          STATION:  RALEIGH-DURHAM INTL AIRPORT NC
                                          MONTH:    APRIL
                                          YEAR:     2014
                                          LATITUDE:   35 52 N
                                          LONGITUDE:  78 47 W

[TEMPERATURE DATA]      [PRECIPITATION DATA]       SYMBOLS USED IN COLUMN 16

AVERAGE MONTHLY: 59.0   TOTAL FOR MONTH:   3.59    1 = FOG OR MIST
DPTR FM NORMAL:  -0.2   DPTR FM NORMAL:    1.39    2 = FOG REDUCING VISIBILITY
HIGHEST:    86 ON  2    GRTST 24HR  1.42 ON  7- 7      TO 1/4 MILE OR LESS
LOWEST:     31 ON 17                               3 = THUNDER
                        SNOW, ICE PELLETS, HAIL    4 = ICE PELLETS
                        TOTAL MONTH:   0.0 INCH    5 = HAIL
                        GRTST 24HR     0.0         6 = FREEZING RAIN OR DRIZZLE
                        GRTST DEPTH:   0           7 = DUSTSTORM OR SANDSTORM:
                                                       VSBY 1/2 MILE OR LESS
                                                   8 = SMOKE OR HAZE
[NO. OF DAYS WITH]      [WEATHER - DAYS WITH]      9 = BLOWING SNOW
                                                   X = TORNADO
MAX 32 OR BELOW:   0    0.01 INCH OR MORE:   7
MAX 90 OR ABOVE:   0    0.10 INCH OR MORE:   4
MIN 32 OR BELOW:   1    0.50 INCH OR MORE:   3
MIN  0 OR BELOW:   0    1.00 INCH OR MORE:   2

[HDD (BASE 65) ]
TOTAL THIS MO.   143    CLEAR  (SCALE 0-3)   4
DPTR FM NORMAL   -14    PTCLDY (SCALE 4-7)   9
TOTAL FM JUL 1  3427    CLOUDY (SCALE 8-10)  8
DPTR FM NORMAL   274

[CDD (BASE 65) ]
TOTAL THIS MO.    22
DPTR FM NORMAL    -9    [PRESSURE DATA]
TOTAL FM JAN 1    22    HIGHEST SLP M ON M
DPTR FM NORMAL   -21    LOWEST  SLP 29.55 ON  8

[REMARKS]




U.S. Dept. of Commerce
NOAA National Weather Service
1325 East West Highway
Silver Spring, MD 20910
E-mail: w-nws.webmaster@noaa.gov
Page last modified: May 16, 2007
NATIONAL WEATHER SERVICE: for Safety, for Work, for Fun - FOR LIFE