817
CXUS56 KPDT 020532
CF6RDM
PRELIMINARY LOCAL CLIMATOLOGICAL DATA (WS FORM: F-6)

                                          STATION:   REDMOND OR
                                          MONTH:     AUGUST
                                          YEAR:      2014
                                          LATITUDE:   44 16 N
                                          LONGITUDE: 121  9 W

  TEMPERATURE IN F:       :PCPN:    SNOW:  WIND      :SUNSHINE: SKY     :PK WND
================================================================================
1   2   3   4   5  6A  6B    7    8   9   10  11  12  13   14  15   16   17  18
                                     12Z  AVG MX 2MIN
DY MAX MIN AVG DEP HDD CDD  WTR  SNW DPTH SPD SPD DIR MIN PSBL S-S WX    SPD DR
================================================================================

 1  95  56  76   9   0  11 0.05  0.0    0  6.1 15 300   M    M   1 3      19 300
 2  93  58  76   9   0  11 0.13  0.0    0  5.2 18  30   M    M   1 3      29 280
 3  88  54  71   4   0   6 0.00  0.0    0  6.9 17 340   M    M   0        22 330
 4  93  56  75   8   0  10 0.00  0.0    0  5.8 16 350   M    M   0        21 340
 5  90  57  74   7   0   9 0.00  0.0    0  6.5 16 300   M    M   0        21 330
 6  88  48  68   1   0   3 0.00  0.0    0  6.1 16  20   M    M   0        20 320
 7  90  46  68   1   0   3 0.00  0.0    0  6.4 18 360   M    M   0        23 330
 8  84  46  65  -2   0   0 0.00  0.0    0  5.7 16 340   M    M   0        20 350
 9  88  42  65  -2   0   0 0.00  0.0    0  6.3 18 330   M    M   0        24 330
10  96  49  73   7   0   8 0.01  0.0    0  8.1 26 230   M    M   1 3      34 230
11  96  59  78  12   0  13 0.06  0.0    0  5.0 24 290   M    M   1 3      30  80
12  80  55  68   2   0   3 0.37  0.0    0  7.2 24 190   M    M   3 13     35 190
13  77  51  64  -2   1   0 0.03  0.0    0  5.5 23 220   M    M   1 3      28 230
14  72  51  62  -4   3   0 0.25  0.0    0  4.3 12 290   M    M   8 1      13 290
15  79  51  65  -1   0   0    T  0.0    0  3.7 13 350   M    M   3 1      16 360
16  86  47  67   2   0   2 0.00  0.0    0  4.9 15 340   M    M   0        19 350
17  89  49  69   4   0   4    T  0.0    0  5.7 16 350   M    M   0 3      20 360
18  89  52  71   6   0   6 0.00  0.0    0  6.3 17 340   M    M   0        23 350
19  87  57  72   7   0   7 0.00  0.0    0  9.6 23 300   M    M   0        29 310
20  78  47  63  -1   2   0 0.00  0.0    0  8.9 22 290   M    M   0        27 290
21  81  42  62  -2   3   0 0.00  0.0    0  6.5 22 330   M    M   0        29 340
22  76  41  59  -5   6   0 0.00  0.0    0  6.9 18 340   M    M   2        24 350
23  78  43  61  -3   4   0 0.00  0.0    0  5.7 17 330   M    M   1        25 350
24  80  40  60  -3   5   0 0.04  0.0    0  5.9 24 320   M    M   2 3      38 310
25  80  41  61  -2   4   0 0.00  0.0    0  5.3 21 320   M    M   1        27 330
26  85  41  63   0   2   0 0.00  0.0    0  5.4 14 350   M    M   0        18 360
27  93  45  69   6   0   4 0.00  0.0    0  5.8 20 310   M    M   1        24 310
28  89  47  68   6   0   3 0.00  0.0    0  5.2 20 290   M    M   0 8      26 290
29  86  43  65   3   0   0 0.00  0.0    0  8.1 21 300   M    M   0        29 320
30  71  48  60  -2   5   0 0.02  0.0    0  7.1 23 280   M    M   5        29 310
31  72  42  57  -5   8   0 0.00  0.0    0  6.8 20 290   M    M   4        26 290
================================================================================
SM 2629 1504        43 103  0.96     0.0 192.9          M       35
================================================================================
AV 84.8 48.5                               6.2 FASTST   M    M   1    MAX(MPH)
                                 MISC ---->  # 26 230               # 38  310
================================================================================
NOTES:
# LAST OF SEVERAL OCCURRENCES

COLUMN 17 PEAK WIND IN M.P.H.

PRELIMINARY LOCAL CLIMATOLOGICAL DATA (WS FORM: F-6) , PAGE 2

                                          STATION:  REDMOND OR
                                          MONTH:    AUGUST
                                          YEAR:     2014
                                          LATITUDE:   44 16 N
                                          LONGITUDE: 121  9 W

[TEMPERATURE DATA]      [PRECIPITATION DATA]       SYMBOLS USED IN COLUMN 16

AVERAGE MONTHLY: 66.7   TOTAL FOR MONTH:   0.96    1 = FOG OR MIST
DPTR FM NORMAL:   1.7   DPTR FM NORMAL:    0.46    2 = FOG REDUCING VISIBILITY
HIGHEST:    96 ON 11,10 GRTST 24HR  0.43 ON 11-12      TO 1/4 MILE OR LESS
LOWEST:     40 ON 24                               3 = THUNDER
                        SNOW, ICE PELLETS, HAIL    4 = ICE PELLETS
                        TOTAL MONTH:   0.0 INCH    5 = HAIL
                        GRTST 24HR     0.0         6 = FREEZING RAIN OR DRIZZLE
                        GRTST DEPTH:   0           7 = DUSTSTORM OR SANDSTORM:
                                                       VSBY 1/2 MILE OR LESS
                                                   8 = SMOKE OR HAZE
[NO. OF DAYS WITH]      [WEATHER - DAYS WITH]      9 = BLOWING SNOW
                                                   X = TORNADO
MAX 32 OR BELOW:   0    0.01 INCH OR MORE:   9
MAX 90 OR ABOVE:   8    0.10 INCH OR MORE:   3
MIN 32 OR BELOW:   0    0.50 INCH OR MORE:   0
MIN  0 OR BELOW:   0    1.00 INCH OR MORE:   0

[HDD (BASE 65) ]
TOTAL THIS MO.    43    CLEAR  (SCALE 0-3)  28
DPTR FM NORMAL   -37    PTCLDY (SCALE 4-7)   3
TOTAL FM JUL 1    74    CLOUDY (SCALE 8-10)  0
DPTR FM NORMAL   -75

[CDD (BASE 65) ]
TOTAL THIS MO.   103
DPTR FM NORMAL    23    [PRESSURE DATA]
TOTAL FM JAN 1   297    HIGHEST SLP 30.14 ON 23
DPTR FM NORMAL    91    LOWEST  SLP 29.73 ON 19

[REMARKS]
#FINAL-08-14#




U.S. Dept. of Commerce
NOAA National Weather Service
1325 East West Highway
Silver Spring, MD 20910
E-mail: w-nws.webmaster@noaa.gov
Page last modified: May 16, 2007
NATIONAL WEATHER SERVICE: for Safety, for Work, for Fun - FOR LIFE