205
CXUS56 KPDT 020532
CF6RDM
PRELIMINARY LOCAL CLIMATOLOGICAL DATA (WS FORM: F-6)

                                          STATION:   REDMOND OR
                                          MONTH:     NOVEMBER
                                          YEAR:      2014
                                          LATITUDE:   44 16 N
                                          LONGITUDE: 121  9 W

  TEMPERATURE IN F:       :PCPN:    SNOW:  WIND      :SUNSHINE: SKY     :PK WND
================================================================================
1   2   3   4   5  6A  6B    7    8   9   10  11  12  13   14  15   16   17  18
                                     12Z  AVG MX 2MIN
DY MAX MIN AVG DEP HDD CDD  WTR  SNW DPTH SPD SPD DIR MIN PSBL S-S WX    SPD DR
================================================================================

 1  52  29  41  -1  24   0 0.00  0.0    0  7.5 24 270   M    M   4        30 290
 2  54  28  41  -1  24   0 0.07  0.0    0  6.7 17 290   M    M   3        23 290
 3  57  38  48   6  17   0    T  0.0    0  6.5 18 180   M    M   8        25 180
 4  60  40  50   9  15   0    T  0.0    0  8.8 18 180   M    M   7        24 180
 5  68  36  52  11  13   0 0.00  0.0    0  5.3 13 160   M    M   1        17 160
 6  67  38  53  13  12   0 0.00  0.0    0 10.2 26 200   M    M   3        42 230
 7  57  27  42   2  23   0 0.00  0.0    0  2.3 10 340   M    M   1        13 340
 8  70  23  47   7  18   0 0.00  0.0    0  2.9  9 140   M    M   0        12 160
 9  64  34  49   9  16   0 0.00  0.0    0 11.5 32 290   M    M   1        41 290
10  49  23  36  -3  29   0 0.00  0.0    0  5.0 14 350   M    M   2        17 340
11  38  14  26 -13  39   0 0.00  0.0    0  9.2 22 320   M    M   1        27 340
12  27   3  15 -23  50   0    T    T    0  7.6 13 320   M    M   3        17 320
13  21  16  19 -19  46   0 0.71    M    M  5.0 10 320   M    M  10 126    12 320
14  22  -4   9 -29  56   0 0.67    M    M  5.8 10 320   M    M  10 126    13 330
15  18 -17   1 -37  64   0 0.00  0.0    M  1.7  8 170   M    M   6 128     9 170
16  22 -19   2 -35  63   0 0.00  0.0    M  2.2  7 310   M    M   0 1      10 330
17  27 -11   8 -29  57   0 0.00  0.0    6  3.2  7 160   M    M   0         8 150
18  37  -7  15 -21  50   0 0.00  0.0    6  2.4  9 280   M    M   0 18      9 280
19  29  12  21 -15  44   0    T  0.0    5  2.3 10 310   M    M   5 6      11 310
20  47  15  31  -5  34   0    T  0.0    4  2.4  8  40   M    M   7 1       9  30
21  46  30  38   2  27   0 0.30  0.0    4 12.3 29 180   M    M   5 1      38 180
22  44  30  37   2  28   0 0.11  0.0    0  9.3 30 280   M    M   6 1      36 280
23  49  23  36   1  29   0 0.00  0.0    0  3.8 23 310   M    M   2        28 310
24  48  27  38   4  27   0 0.00  0.0    0  6.5 14 220   M    M   3        17 220
25  59  36  48  14  17   0 0.00  0.0    0 10.3 31 270   M    M   3        44 270
26  57  29  43   9  22   0 0.00  0.0    0  4.8 17 180   M    M   0        21 180
27  55  48  52  18  13   0 0.04  0.0    0 16.2 30 200   M    M   4        42 200
28  51  41  46  13  19   0 0.08  0.0    0 15.5 28 200   M    M   6 1      39 210
29  44  18  31  -2  34   0 0.06  0.0    M  7.4 25 320   M    M   3 1      35 330
30  26  17  22 -11  43   0 0.00  0.0    0  4.3 13 330   M    M   7 2      16 320
================================================================================
SM 1365  617       953   0  2.04    T    198.9          M      111
================================================================================
AV 45.5 20.6                               6.6 FASTST   M    M   4    MAX(MPH)
                                 MISC ---->  # 32 290               # 44  270
================================================================================
NOTES:
# LAST OF SEVERAL OCCURRENCES

COLUMN 17 PEAK WIND IN M.P.H.

PRELIMINARY LOCAL CLIMATOLOGICAL DATA (WS FORM: F-6) , PAGE 2

                                          STATION:  REDMOND OR
                                          MONTH:    NOVEMBER
                                          YEAR:     2014
                                          LATITUDE:   44 16 N
                                          LONGITUDE: 121  9 W

[TEMPERATURE DATA]      [PRECIPITATION DATA]       SYMBOLS USED IN COLUMN 16

AVERAGE MONTHLY: 33.0   TOTAL FOR MONTH:   2.04    1 = FOG OR MIST
DPTR FM NORMAL:  -4.4   DPTR FM NORMAL:    1.08    2 = FOG REDUCING VISIBILITY
HIGHEST:    70 ON  8    GRTST 24HR  0.98 ON 13-14      TO 1/4 MILE OR LESS
LOWEST:    -19 ON 16                               3 = THUNDER
                        SNOW, ICE PELLETS, HAIL    4 = ICE PELLETS
                        TOTAL MONTH:    T          5 = HAIL
                        GRTST 24HR    T  ON 12-12  6 = FREEZING RAIN OR DRIZZLE
                        GRTST DEPTH:   6 ON 18,17  7 = DUSTSTORM OR SANDSTORM:
                                                       VSBY 1/2 MILE OR LESS
                                                   8 = SMOKE OR HAZE
[NO. OF DAYS WITH]      [WEATHER - DAYS WITH]      9 = BLOWING SNOW
                                                   X = TORNADO
MAX 32 OR BELOW:   8    0.01 INCH OR MORE:   8
MAX 90 OR ABOVE:   0    0.10 INCH OR MORE:   4
MIN 32 OR BELOW:  22    0.50 INCH OR MORE:   2
MIN  0 OR BELOW:   5    1.00 INCH OR MORE:   0

[HDD (BASE 65) ]
TOTAL THIS MO.   953    CLEAR  (SCALE 0-3)  14
DPTR FM NORMAL   124    PTCLDY (SCALE 4-7)  14
TOTAL FM JUL 1  1587    CLOUDY (SCALE 8-10)  2
DPTR FM NORMAL  -187

[CDD (BASE 65) ]
TOTAL THIS MO.     0
DPTR FM NORMAL     0    [PRESSURE DATA]
TOTAL FM JAN 1   311    HIGHEST SLP 30.77 ON 16
DPTR FM NORMAL    89    LOWEST  SLP 29.48 ON 28

[REMARKS]
#FINAL-11-14#




U.S. Dept. of Commerce
NOAA National Weather Service
1325 East West Highway
Silver Spring, MD 20910
E-mail: w-nws.webmaster@noaa.gov
Page last modified: May 16, 2007
NATIONAL WEATHER SERVICE: for Safety, for Work, for Fun - FOR LIFE