341
CXUS56 KPDT 240532
CF6RDM
PRELIMINARY LOCAL CLIMATOLOGICAL DATA (WS FORM: F-6)

                                          STATION:   REDMOND OR
                                          MONTH:     APRIL
                                          YEAR:      2014
                                          LATITUDE:   44 16 N
                                          LONGITUDE: 121  9 W

  TEMPERATURE IN F:       :PCPN:    SNOW:  WIND      :SUNSHINE: SKY     :PK WND
================================================================================
1   2   3   4   5  6A  6B    7    8   9   10  11  12  13   14  15   16   17  18
                                     12Z  AVG MX 2MIN
DY MAX MIN AVG DEP HDD CDD  WTR  SNW DPTH SPD SPD DIR MIN PSBL S-S WX    SPD DR
================================================================================

 1  38  31  35  -7  30   0 0.29    M    0  5.6 18 280   M    M  10 1      24 290
 2  54  28  41  -1  24   0 0.00  0.0    0  6.0 16 290   M    M   2        21 270
 3  55  26  41  -1  24   0    T  0.0    0  6.7 21 190   M    M   4        25 190
 4  55  33  44   1  21   0 0.00  0.0    0  7.7 22 310   M    M   7        28 300
 5  56  32  44   1  21   0    T  0.0    0  3.2 15 330   M    M   9        18 320
 6  63  37  50   7  15   0 0.00  0.0    0  8.3 22 320   M    M   3        27 310
 7  76  28  52   9  13   0 0.00  0.0    0  4.9 14 340   M    M   0        17 180
 8  75  35  55  12  10   0 0.00  0.0    0  9.0 18 300   M    M   0        24 320
 9  62  34  48   5  17   0 0.00  0.0    0  5.8 21 310   M    M   3        25 290
10  66  22  44   1  21   0 0.00  0.0    0  5.7 15 360   M    M   0 8      20 360
11  70  26  48   5  17   0 0.00  0.0    0  3.7 15 360   M    M   0        20 360
12  62  24  43  -1  22   0 0.00  0.0    0  6.0 17  10   M    M   0        23 360
13  61  25  43  -1  22   0 0.00  0.0    0  6.4 18 330   M    M   0        23 340
14  71  21  46   2  19   0 0.00  0.0    0  7.2 18 310   M    M   0        24 300
15  57  39  48   4  17   0 0.00  0.0    0  8.4 21 320   M    M   3        27 320
16  61  28  45   1  20   0 0.00  0.0    0  4.9 16 320   M    M   4        20 290
17  51  40  46   2  19   0 0.05  0.0    0  4.6 13 300   M    M   7        17 270
18  60  27  44   0  21   0 0.00  0.0    0  4.6 14 310   M    M   0        16 310
19  65  26  46   1  19   0 0.00  0.0    0  9.6 28 240   M    M   3        34 240
20  68  25  47   2  18   0 0.00  0.0    0  5.0 12 150   M    M   0        17 150
21  68  34  51   6  14   0 0.11  0.0    0  8.5 26 190   M    M   6 1      33 200
22  52  36  44  -1  21   0 0.02  0.0    0 11.8 25 290   M    M   5        33 300
================================================================================
SM 1346  657       425   0  0.47     0.0 143.6          M       66
================================================================================
AV 61.2 29.9                               6.5 FASTST   M    M   3    MAX(MPH)
                                 MISC ---->  # 28 240               # 34  240
================================================================================
NOTES:
# LAST OF SEVERAL OCCURRENCES

COLUMN 17 PEAK WIND IN M.P.H.

PRELIMINARY LOCAL CLIMATOLOGICAL DATA (WS FORM: F-6) , PAGE 2

                                          STATION:  REDMOND OR
                                          MONTH:    APRIL
                                          YEAR:     2014
                                          LATITUDE:   44 16 N
                                          LONGITUDE: 121  9 W

[TEMPERATURE DATA]      [PRECIPITATION DATA]       SYMBOLS USED IN COLUMN 16

AVERAGE MONTHLY: 45.5   TOTAL FOR MONTH:   0.47    1 = FOG OR MIST
DPTR FM NORMAL:   2.0   DPTR FM NORMAL:   -0.05    2 = FOG REDUCING VISIBILITY
HIGHEST:    76 ON  7    GRTST 24HR  0.29 ON  1- 1      TO 1/4 MILE OR LESS
LOWEST:     21 ON 14                               3 = THUNDER
                        SNOW, ICE PELLETS, HAIL    4 = ICE PELLETS
                        TOTAL MONTH:   0.0 INCH    5 = HAIL
                        GRTST 24HR     0.0         6 = FREEZING RAIN OR DRIZZLE
                        GRTST DEPTH:   0           7 = DUSTSTORM OR SANDSTORM:
                                                       VSBY 1/2 MILE OR LESS
                                                   8 = SMOKE OR HAZE
[NO. OF DAYS WITH]      [WEATHER - DAYS WITH]      9 = BLOWING SNOW
                                                   X = TORNADO
MAX 32 OR BELOW:   0    0.01 INCH OR MORE:   4
MAX 90 OR ABOVE:   0    0.10 INCH OR MORE:   2
MIN 32 OR BELOW:  14    0.50 INCH OR MORE:   0
MIN  0 OR BELOW:   0    1.00 INCH OR MORE:   0

[HDD (BASE 65) ]
TOTAL THIS MO.   425    CLEAR  (SCALE 0-3)  14
DPTR FM NORMAL   -46    PTCLDY (SCALE 4-7)   6
TOTAL FM JUL 1  5939    CLOUDY (SCALE 8-10)  2
DPTR FM NORMAL    17

[CDD (BASE 65) ]
TOTAL THIS MO.     0
DPTR FM NORMAL     0    [PRESSURE DATA]
TOTAL FM JAN 1     0    HIGHEST SLP M ON M
DPTR FM NORMAL     0    LOWEST  SLP 29.69 ON  1

[REMARKS]




U.S. Dept. of Commerce
NOAA National Weather Service
1325 East West Highway
Silver Spring, MD 20910
E-mail: w-nws.webmaster@noaa.gov
Page last modified: May 16, 2007
NATIONAL WEATHER SERVICE: for Safety, for Work, for Fun - FOR LIFE