029
CXUS56 KPDT 301832
CF6RDM
PRELIMINARY LOCAL CLIMATOLOGICAL DATA (WS FORM: F-6)

                                          STATION:   REDMOND OR
                                          MONTH:     JULY
                                          YEAR:      2014
                                          LATITUDE:   44 16 N
                                          LONGITUDE: 121  9 W

  TEMPERATURE IN F:       :PCPN:    SNOW:  WIND      :SUNSHINE: SKY     :PK WND
================================================================================
1   2   3   4   5  6A  6B    7    8   9   10  11  12  13   14  15   16   17  18
                                     12Z  AVG MX 2MIN
DY MAX MIN AVG DEP HDD CDD  WTR  SNW DPTH SPD SPD DIR MIN PSBL S-S WX    SPD DR
================================================================================

 1  93  44  69   6   0   4 0.00  0.0    0  8.0 20 340   M    M   0        26 310
 2  91  58  75  12   0  10 0.06  0.0    0  8.7 21 240   M    M   0 3      32 240
 3  87  48  68   5   0   3 0.00  0.0    0  6.4 20 340   M    M   0        25 340
 4  89  47  68   4   0   3 0.00  0.0    0  5.9 20 350   M    M   0        26 360
 5  92  45  69   5   0   4 0.00  0.0    0  7.7 17 360   M    M   0        23 340
 6  91  49  70   6   0   5 0.00  0.0    0  6.8 20 350   M    M   0        24 350
 7  93  51  72   8   0   7 0.00  0.0    0  6.7 15 350   M    M   0        18 350
 8  96  55  76  11   0  11 0.00  0.0    0  4.7 22 190   M    M   0        28 170
 9  97  56  77  12   0  12    T  0.0    0  7.3 21 350   M    M   0        27 350
10  96  49  73   8   0   8 0.00  0.0    0  7.1 18 350   M    M   0        24  30
11  91  52  72   7   0   7    T  0.0    0  4.2 17 300   M    M   1        23 200
12  98  51  75   9   0  10 0.00  0.0    0  5.7 17  10   M    M   0        25  10
13  92  59  76  10   0  11 0.01  0.0    0  9.0 24 330   M    M   1 3      30 310
14  95  52  74   8   0   9 0.00  0.0    0  6.8 20 350   M    M   0        25 360
15  96  52  74   8   0   9 0.00  0.0    0  5.2 16 330   M    M   0        21 320
16 100  52  76  10   0  11 0.00  0.0    0  7.3 22 290   M    M   0 8      27 270
17  92  52  72   5   0   7 0.00  0.0    0  8.8 23 320   M    M   1 8      29 310
18  90  46  68   1   0   3 0.00  0.0    0  7.0 22 350   M    M   3 8      28 350
19  90  52  71   4   0   6 0.00  0.0    0  7.6 16 310   M    M   0 8      22 360
20  88  46  67   0   0   2 0.00  0.0    0  9.5 23 290   M    M   0        29 290
21  80  47  64  -3   1   0 0.00  0.0    0  5.8 17 330   M    M   2        23 330
22  80  54  67   0   0   2 0.04  0.0    0  7.2 17 300   M    M   5 3      22 220
23  66  38  52 -15  13   0 0.18  0.0    0  7.0 22 300   M    M   5 1      28 300
24  73  33  53 -14  12   0 0.00  0.0    0  5.5 16 350   M    M   0        21  20
25  82  38  60  -8   5   0 0.00  0.0    0  6.1 15 340   M    M   0        21 350
26  88  44  66  -2   0   1 0.00  0.0    0  5.3 16 360   M    M   0        19 350
27  86  51  69   1   0   4 0.00  0.0    0  4.9 21 290   M    M   0        25 290
28  98  46  72   4   0   7 0.00  0.0    0  6.6 24 250   M    M   0        32 300
29 100  58  79  11   0  14    T  0.0    0  6.5 28 240   M    M   0        36 210
================================================================================
SM 2610 1425        31 170  0.29     0.0 195.3          M       18
================================================================================
AV 90.0 49.1                               6.7 FASTST   M    M   1    MAX(MPH)
                                 MISC ---->  # 28 240               # 36  210
================================================================================
NOTES:
# LAST OF SEVERAL OCCURRENCES

COLUMN 17 PEAK WIND IN M.P.H.

PRELIMINARY LOCAL CLIMATOLOGICAL DATA (WS FORM: F-6) , PAGE 2

                                          STATION:  REDMOND OR
                                          MONTH:    JULY
                                          YEAR:     2014
                                          LATITUDE:   44 16 N
                                          LONGITUDE: 121  9 W

[TEMPERATURE DATA]      [PRECIPITATION DATA]       SYMBOLS USED IN COLUMN 16

AVERAGE MONTHLY: 69.6   TOTAL FOR MONTH:   0.29    1 = FOG OR MIST
DPTR FM NORMAL:   3.7   DPTR FM NORMAL:   -0.22    2 = FOG REDUCING VISIBILITY
HIGHEST:   100 ON 29,16 GRTST 24HR  0.21 ON 22-23      TO 1/4 MILE OR LESS
LOWEST:     33 ON 24                               3 = THUNDER
                        SNOW, ICE PELLETS, HAIL    4 = ICE PELLETS
                        TOTAL MONTH:   0.0 INCH    5 = HAIL
                        GRTST 24HR     0.0         6 = FREEZING RAIN OR DRIZZLE
                        GRTST DEPTH:   0           7 = DUSTSTORM OR SANDSTORM:
                                                       VSBY 1/2 MILE OR LESS
                                                   8 = SMOKE OR HAZE
[NO. OF DAYS WITH]      [WEATHER - DAYS WITH]      9 = BLOWING SNOW
                                                   X = TORNADO
MAX 32 OR BELOW:   0    0.01 INCH OR MORE:   4
MAX 90 OR ABOVE:  19    0.10 INCH OR MORE:   1
MIN 32 OR BELOW:   0    0.50 INCH OR MORE:   0
MIN  0 OR BELOW:   0    1.00 INCH OR MORE:   0

[HDD (BASE 65) ]
TOTAL THIS MO.    31    CLEAR  (SCALE 0-3)  27
DPTR FM NORMAL   -35    PTCLDY (SCALE 4-7)   2
TOTAL FM JUL 1    31    CLOUDY (SCALE 8-10)  0
DPTR FM NORMAL   -35

[CDD (BASE 65) ]
TOTAL THIS MO.   170
DPTR FM NORMAL    78    [PRESSURE DATA]
TOTAL FM JAN 1   171    HIGHEST SLP 30.08 ON  7
DPTR FM NORMAL    50    LOWEST  SLP 29.70 ON  9

[REMARKS]




U.S. Dept. of Commerce
NOAA National Weather Service
1325 East West Highway
Silver Spring, MD 20910
E-mail: w-nws.webmaster@noaa.gov
Page last modified: May 16, 2007
NATIONAL WEATHER SERVICE: for Safety, for Work, for Fun - FOR LIFE