507
CXUS51 KPHI 280800
CF6RDG
PRELIMINARY LOCAL CLIMATOLOGICAL DATA (WS FORM: F-6)

                                          STATION:   READING PA
                                          MONTH:     AUGUST
                                          YEAR:      2014
                                          LATITUDE:   40 22 N
                                          LONGITUDE:  75 58 W

  TEMPERATURE IN F:       :PCPN:    SNOW:  WIND      :SUNSHINE: SKY     :PK WND
================================================================================
1   2   3   4   5  6A  6B    7    8   9   10  11  12  13   14  15   16   17  18
                                     12Z  AVG MX 2MIN
DY MAX MIN AVG DEP HDD CDD  WTR  SNW DPTH SPD SPD DIR MIN PSBL S-S WX    SPD DR
================================================================================

 1  85  65  75   1   0  10 0.01    M    M  3.5 18 200   M    M   5 18     24 190
 2  78  67  73  -1   0   8    T    M    M  4.2 12  70   M    M   8 18     14  60
 3  75  68  72  -2   0   7 0.04    M    M  4.0  9 130   M    M   8 1      12 130
 4  84  66  75   1   0  10 0.00    M    M  3.0 10 300   M    M   5 12     14  10
 5  89  63  76   2   0  11 0.00    M    M  3.6 20 350   M    M   0 1      26 340
 6  83  63  73  -1   0   8    T    M    M  4.7 14 320   M    M   3        18 320
 7  84  59  72  -2   0   7 0.00    M    M  5.4 18 340   M    M   2        29 310
 8  82  56  69  -5   0   4 0.00    M    M  3.1 13 350   M    M   0 1      20 360
 9  85  58  72  -2   0   7 0.00    M    M  2.6  9  10   M    M   0        13  10
10  88  60  74   0   0   9 0.00    M    M  1.4  9 190   M    M   2        12 270
11  86  61  74   0   0   9 0.00    M    M  5.8 16 180   M    M   1 1      23 140
12  73  69  71  -3   0   6 1.28    M    M  7.8 20 130   M    M  10 1      26 160
13  83  65  74   0   0   9 0.20    M    M  9.6 22 300   M    M   6 18     27 270
14  79  57  68  -5   0   3 0.01    M    M  6.6 15 250   M    M   2        20 210
15  76  52  64  -9   1   0 0.00    M    M  6.1 17 310   M    M   3        22 280
16  79  53  66  -7   0   1 0.00    M    M  3.4 14 210   M    M   0        17 190
17  83  61  72  -1   0   7 0.03    M    M  5.1 17 330   M    M   4 1      24 300
18  83  57  70  -3   0   5 0.00    M    M  3.1 10 270   M    M   2 1      15 280
19  85  61  73   0   0   8 0.00    M    M  2.1  9 200   M    M   4        15 140
20  85  67  76   3   0  11 0.00    M    M  4.8 13 160   M    M   6        19 240
21  84  65  75   2   0  10    T    M    M  3.1 15 210   M    M   5 3      19 250
22  79  68  74   2   0   9 0.06    M    M  3.9 13 140   M    M  10 1      17 150
23  71  64  68  -4   0   3 0.90    M    M  3.3 10  60   M    M  10 1      14  80
24  81  62  72   0   0   7 0.00    M    M  3.5 10  20   M    M   4 12     14  10
25  85  59  72   0   0   7 0.00    M    M  1.8 12 210   M    M   2        15 190
26  87  60  74   2   0   9 0.00    M    M  2.3  9 330   M    M   0 8      11 240
27  89  63  76   4   0  11    T    M    M  3.5 12 360   M    M   1 1      15  10
================================================================================
SM 2221 1669         1 196  2.53    M    111.3          M      103
================================================================================
AV 82.3 61.8                               4.1 FASTST   M    M   4    MAX(MPH)
                                 MISC ---->  # 22 300               # 29  310
================================================================================
NOTES:
# LAST OF SEVERAL OCCURRENCES

COLUMN 17 PEAK WIND IN M.P.H.

PRELIMINARY LOCAL CLIMATOLOGICAL DATA (WS FORM: F-6) , PAGE 2

                                          STATION:  READING PA
                                          MONTH:    AUGUST
                                          YEAR:     2014
                                          LATITUDE:   40 22 N
                                          LONGITUDE:  75 58 W

[TEMPERATURE DATA]      [PRECIPITATION DATA]       SYMBOLS USED IN COLUMN 16

AVERAGE MONTHLY: 72.0   TOTAL FOR MONTH:   2.53    1 = FOG OR MIST
DPTR FM NORMAL:  -1.2   DPTR FM NORMAL:   -0.67    2 = FOG REDUCING VISIBILITY
HIGHEST:    89 ON 27, 5 GRTST 24HR  1.41 ON 12-13      TO 1/4 MILE OR LESS
LOWEST:     52 ON 15                               3 = THUNDER
                        SNOW, ICE PELLETS, HAIL    4 = ICE PELLETS
                        TOTAL MONTH:    M          5 = HAIL
                        GRTST 24HR    M  ON   M    6 = FREEZING RAIN OR DRIZZLE
                        GRTST DEPTH:  M  ON   M    7 = DUSTSTORM OR SANDSTORM:
                                                       VSBY 1/2 MILE OR LESS
                                                   8 = SMOKE OR HAZE
[NO. OF DAYS WITH]      [WEATHER - DAYS WITH]      9 = BLOWING SNOW
                                                   X = TORNADO
MAX 32 OR BELOW:   0    0.01 INCH OR MORE:   8
MAX 90 OR ABOVE:   0    0.10 INCH OR MORE:   3
MIN 32 OR BELOW:   0    0.50 INCH OR MORE:   2
MIN  0 OR BELOW:   0    1.00 INCH OR MORE:   1

[HDD (BASE 65) ]
TOTAL THIS MO.     1    CLEAR  (SCALE 0-3)  13
DPTR FM NORMAL     1    PTCLDY (SCALE 4-7)  11
TOTAL FM JUL 1     1    CLOUDY (SCALE 8-10)  3
DPTR FM NORMAL     0

[CDD (BASE 65) ]
TOTAL THIS MO.   196
DPTR FM NORMAL   -29    [PRESSURE DATA]
TOTAL FM JAN 1   795    HIGHEST SLP M ON M
DPTR FM NORMAL    18    LOWEST  SLP 29.69 ON 13

[REMARKS]




U.S. Dept. of Commerce
NOAA National Weather Service
1325 East West Highway
Silver Spring, MD 20910
E-mail: w-nws.webmaster@noaa.gov
Page last modified: May 16, 2007
NATIONAL WEATHER SERVICE: for Safety, for Work, for Fun - FOR LIFE