112
CXUS51 KPHI 011227
CF6RDG
PRELIMINARY LOCAL CLIMATOLOGICAL DATA (WS FORM: F-6)

                                          STATION:   READING PA
                                          MONTH:     NOVEMBER
                                          YEAR:      2014
                                          LATITUDE:   40 22 N
                                          LONGITUDE:  75 58 W

  TEMPERATURE IN F:       :PCPN:    SNOW:  WIND      :SUNSHINE: SKY     :PK WND
================================================================================
1   2   3   4   5  6A  6B    7    8   9   10  11  12  13   14  15   16   17  18
                                     12Z  AVG MX 2MIN
DY MAX MIN AVG DEP HDD CDD  WTR  SNW DPTH SPD SPD DIR MIN PSBL S-S WX    SPD DR
================================================================================

 1  52  42  47  -2  18   0 0.07    M    M 11.7 24 350   M    M   8        34 330
 2  48  39  44  -5  21   0    T    M    M 17.7 32 340   M    M   5        43 330
 3  61  36  49   1  16   0 0.00    M    M  9.7 23 290   M    M   2        28 290
 4  71  46  59  11   6   0 0.00    M    M  3.4 18 220   M    M   2        23 220
 5  60  48  54   6  11   0 0.00    M    M  2.9 13 290   M    M   1        15 290
 6  50  47  49   2  16   0 0.40    M    M  2.8  9 290   M    M  10 1      12 290
 7  52  34  43  -4  22   0 0.01    M    M 13.6 32 300   M    M   7        42 300
 8  49  29  39  -8  26   0 0.00    M    M  5.4 15 230   M    M   1        20 220
 9  56  35  46   0  19   0 0.00    M    M  2.8 15 280   M    M   1        20 290
10  63  32  48   2  17   0 0.00    M    M  3.2 13 150   M    M   0        15 170
11  62  37  50   4  15   0 0.00    M    M  1.9  8 160   M    M   7 1      10 160
12  63  38  51   6  14   0 0.00    M    M  8.1 24 310   M    M   5 18     28 310
13  43  31  37  -8  28   0 0.09    M    M  2.5 13 250   M    M   7 1      15 260
14  41  30  36  -9  29   0 0.00    M    M 11.3 21 290   M    M   7        26 300
15  43  26  35  -9  30   0 0.00    M    M  6.2 18 300   M    M   2        22 310
16  44  26  35  -9  30   0 0.10    M    M  4.8 16 220   M    M   8 1      20 210
17  45  37  41  -3  24   0 0.56    M    M  5.4 25 300   M    M  10 1      33 300
18  37  21  29 -14  36   0 0.00    M    M 16.4 33 280   M    M   1        44 290
19  31  17  24 -19  41   0 0.00    M    M  7.6 17 300   M    M   1        24 300
20  45  23  34  -8  31   0 0.00    M    M  8.8 20 290   M    M   4        29 310
21  36  22  29 -13  36   0 0.00    M    M 10.9 24 310   M    M   0        32 290
22  43  18  31 -11  34   0    T    M    M  4.4 15 210   M    M   4        20 200
23  61  36  49   8  16   0 0.01    M    M  4.3 14 150   M    M   4        19 150
24  71  51  61  20   4   0 0.41    M    M 13.7 28 200   M    M   5 1      36 200
25  62  38  50   9  15   0 0.00    M    M  6.3 17 250   M    M   0        22 260
26  44  34  39  -1  26   0 0.57    M    M  6.7 15 350   M    M   9 1      20  20
27  38  27  33  -7  32   0 0.02    M    M  5.5 13 310   M    M   7 1      17 320
28  36  26  31  -9  34   0    T    M    M  8.2 23 320   M    M   4 1      28 320
29  35  22  29 -10  36   0 0.00    M    M  3.2  9 140   M    M   6        14 140
30  42  30  36  -3  29   0 0.00    M    M  2.5  8 150   M    M   M        10 150
================================================================================
SM 1484  978       712   0  2.24    M    211.9          M      128
================================================================================
AV 49.5 32.6                               7.1 FASTST   M    M   4    MAX(MPH)
                                 MISC ---->  # 33 280               # 44  290
================================================================================
NOTES:
# LAST OF SEVERAL OCCURRENCES

COLUMN 17 PEAK WIND IN M.P.H.

PRELIMINARY LOCAL CLIMATOLOGICAL DATA (WS FORM: F-6) , PAGE 2

                                          STATION:  READING PA
                                          MONTH:    NOVEMBER
                                          YEAR:     2014
                                          LATITUDE:   40 22 N
                                          LONGITUDE:  75 58 W

[TEMPERATURE DATA]      [PRECIPITATION DATA]       SYMBOLS USED IN COLUMN 16

AVERAGE MONTHLY: 41.0   TOTAL FOR MONTH:   2.24    1 = FOG OR MIST
DPTR FM NORMAL:  -3.1   DPTR FM NORMAL:   -1.22    2 = FOG REDUCING VISIBILITY
HIGHEST:    71 ON 24, 4 GRTST 24HR  0.66 ON 16-17      TO 1/4 MILE OR LESS
LOWEST:     17 ON 19                               3 = THUNDER
                        SNOW, ICE PELLETS, HAIL    4 = ICE PELLETS
                        TOTAL MONTH:    M          5 = HAIL
                        GRTST 24HR    M  ON   M    6 = FREEZING RAIN OR DRIZZLE
                        GRTST DEPTH:  M  ON   M    7 = DUSTSTORM OR SANDSTORM:
                                                       VSBY 1/2 MILE OR LESS
                                                   8 = SMOKE OR HAZE
[NO. OF DAYS WITH]      [WEATHER - DAYS WITH]      9 = BLOWING SNOW
                                                   X = TORNADO
MAX 32 OR BELOW:   1    0.01 INCH OR MORE:  10
MAX 90 OR ABOVE:   0    0.10 INCH OR MORE:   5
MIN 32 OR BELOW:  15    0.50 INCH OR MORE:   2
MIN  0 OR BELOW:   0    1.00 INCH OR MORE:   0

[HDD (BASE 65) ]
TOTAL THIS MO.   712    CLEAR  (SCALE 0-3)  11
DPTR FM NORMAL    83    PTCLDY (SCALE 4-7)  14
TOTAL FM JUL 1  1015    CLOUDY (SCALE 8-10)  5
DPTR FM NORMAL   -52

[CDD (BASE 65) ]
TOTAL THIS MO.     0
DPTR FM NORMAL     0    [PRESSURE DATA]
TOTAL FM JAN 1   962    HIGHEST SLP 30.54 ON 22
DPTR FM NORMAL    66    LOWEST  SLP 29.54 ON 24

[REMARKS]
#FINAL-11-14#




U.S. Dept. of Commerce
NOAA National Weather Service
1325 East West Highway
Silver Spring, MD 20910
E-mail: w-nws.webmaster@noaa.gov
Page last modified: May 16, 2007
NATIONAL WEATHER SERVICE: for Safety, for Work, for Fun - FOR LIFE