613
CXUS56 KSTO 291355
CF6RDD
PRELIMINARY LOCAL CLIMATOLOGICAL DATA (WS FORM: F-6)

                                          STATION:   REDDING AIRPORT CA
                                          MONTH:     AUGUST
                                          YEAR:      2014
                                          LATITUDE:   40 30 N
                                          LONGITUDE: 122 18 W

  TEMPERATURE IN F:       :PCPN:    SNOW:  WIND      :SUNSHINE: SKY     :PK WND
================================================================================
1   2   3   4   5  6A  6B    7    8   9   10  11  12  13   14  15   16   17  18
                                     12Z  AVG MX 2MIN
DY MAX MIN AVG DEP HDD CDD  WTR  SNW DPTH SPD SPD DIR MIN PSBL S-S WX    SPD DR
================================================================================

 1 108  68  88   6   0  23 0.00  0.0    0  5.9 17 160   M    M   0        22 170
 2 104  68  86   4   0  21 0.00  0.0    0  5.7 18 170   M    M   0        26 220
 3  97  63  80  -2   0  15 0.00  0.0    0  6.2 21 180   M    M   0        27 180
 4  89  67  78  -4   0  13 0.05  0.0    0  4.9 17  20   M    M   3        22  20
 5  76  67  72 -10   0   7 0.07  0.0    0  3.2 13  60   M    M   4        17 290
 6  94  65  80  -2   0  15 0.00  0.0    0  4.3 16 150   M    M   0 8      18 150
 7 102  68  85   4   0  20 0.00  0.0    0  4.3 14 170   M    M   0 8      17 170
 8 100  70  85   4   0  20 0.00  0.0    0  5.3 16 150   M    M   0 8      20 170
 9 100  69  85   4   0  20 0.00  0.0    0  5.7 17 180   M    M   0        22 190
10 100  64  82   1   0  17 0.00  0.0    0  4.7 13 160   M    M   0        17 130
11  98  66  82   1   0  17    T  0.0    0  5.2 20 140   M    M   0        22 140
12  89  65  77  -3   0  12 0.00  0.0    0  5.9 17 160   M    M   0 8      22 160
13  88  63  76  -4   0  11 0.00  0.0    0  6.9 21 180   M    M   1        25 150
14  95  63  79  -1   0  14 0.00  0.0    0  4.7 18 180   M    M   0        21 170
15  98  63  81   1   0  16 0.00  0.0    0  4.8 16 160   M    M   0        21 160
16 101  64  83   3   0  18 0.00  0.0    0  5.4 17 150   M    M   0        21 160
17 100  61  81   1   0  16 0.00  0.0    0  4.3 16 160   M    M   0        20 160
18 100  60  80   0   0  15 0.00  0.0    0  3.8 15 140   M    M   0        21 190
19  98  61  80   1   0  15 0.00  0.0    0  4.7 18 180   M    M   0        23 160
20  91  64  78  -1   0  13 0.00  0.0    0  7.3 21 180   M    M   0        25 190
21  96  63  80   1   0  15 0.00  0.0    0  5.5 18 150   M    M   0        24 160
22  92  63  78  -1   0  13 0.00  0.0    0  1.0  5 330   M    M   0         M  M
23  98  63  81   2   0  16 0.00    M    M   M   M   M   M    M   M         M  M
24  97  60  79   1   0  14 0.00  0.0    M  5.8  7 130   M    M   0         M  M
25  90  67  79   1   0  14 0.00  0.0    M  6.1 16 170   M    M   0        23 170
26 100  59  80   2   0  15 0.00  0.0    M  4.4 15 160   M    M   0        18 170
27  98  65  82   4   0  17 0.00  0.0    0  4.6 15 160   M    M   0        19 160
28   M   M   M   M   M   M    M    M    M   M   M   M   M    M   M         M  M
================================================================================
SM 2599 1739         0 422  0.12     0.0 130.6          M        8
================================================================================
AV 96.3 64.4                               5.0 FASTST   M    M   0    MAX(MPH)
                                 MISC ---->  # 21 180               # 27  180
================================================================================
NOTES:
# LAST OF SEVERAL OCCURRENCES

COLUMN 17 PEAK WIND IN M.P.H.

PRELIMINARY LOCAL CLIMATOLOGICAL DATA (WS FORM: F-6) , PAGE 2

                                          STATION:  REDDING AIRPORT CA
                                          MONTH:    AUGUST
                                          YEAR:     2014
                                          LATITUDE:   40 30 N
                                          LONGITUDE: 122 18 W

[TEMPERATURE DATA]      [PRECIPITATION DATA]       SYMBOLS USED IN COLUMN 16

AVERAGE MONTHLY: 80.3   TOTAL FOR MONTH:   0.12    1 = FOG OR MIST
DPTR FM NORMAL:   0.3   DPTR FM NORMAL:   -0.03    2 = FOG REDUCING VISIBILITY
HIGHEST:   108 ON  1    GRTST 24HR  0.12 ON  4- 5      TO 1/4 MILE OR LESS
LOWEST:     59 ON 26                               3 = THUNDER
                        SNOW, ICE PELLETS, HAIL    4 = ICE PELLETS
                        TOTAL MONTH:   0.0 INCH    5 = HAIL
                        GRTST 24HR     0.0         6 = FREEZING RAIN OR DRIZZLE
                        GRTST DEPTH:   0           7 = DUSTSTORM OR SANDSTORM:
                                                       VSBY 1/2 MILE OR LESS
                                                   8 = SMOKE OR HAZE
[NO. OF DAYS WITH]      [WEATHER - DAYS WITH]      9 = BLOWING SNOW
                                                   X = TORNADO
MAX 32 OR BELOW:   0    0.01 INCH OR MORE:   2
MAX 90 OR ABOVE:  23    0.10 INCH OR MORE:   0
MIN 32 OR BELOW:   0    0.50 INCH OR MORE:   0
MIN  0 OR BELOW:   0    1.00 INCH OR MORE:   0

[HDD (BASE 65) ]
TOTAL THIS MO.     0    CLEAR  (SCALE 0-3)  25
DPTR FM NORMAL     0    PTCLDY (SCALE 4-7)   1
TOTAL FM JUL 1     0    CLOUDY (SCALE 8-10)  0
DPTR FM NORMAL     0

[CDD (BASE 65) ]
TOTAL THIS MO.   422
DPTR FM NORMAL     0    [PRESSURE DATA]
TOTAL FM JAN 1  1661    HIGHEST SLP M ON M
DPTR FM NORMAL   203    LOWEST  SLP 29.62 ON 19

[REMARKS]




U.S. Dept. of Commerce
NOAA National Weather Service
1325 East West Highway
Silver Spring, MD 20910
E-mail: w-nws.webmaster@noaa.gov
Page last modified: May 16, 2007
NATIONAL WEATHER SERVICE: for Safety, for Work, for Fun - FOR LIFE