355
CXUS56 KSTO 011455
CF6RDD
PRELIMINARY LOCAL CLIMATOLOGICAL DATA (WS FORM: F-6)

                                          STATION:   REDDING AIRPORT CA
                                          MONTH:     NOVEMBER
                                          YEAR:      2014
                                          LATITUDE:   40 30 N
                                          LONGITUDE: 122 18 W

  TEMPERATURE IN F:       :PCPN:    SNOW:  WIND      :SUNSHINE: SKY     :PK WND
================================================================================
1   2   3   4   5  6A  6B    7    8   9   10  11  12  13   14  15   16   17  18
                                     12Z  AVG MX 2MIN
DY MAX MIN AVG DEP HDD CDD  WTR  SNW DPTH SPD SPD DIR MIN PSBL S-S WX    SPD DR
================================================================================

 1  62  46  54  -3  11   0    T    M    0  3.4 12 170   M    M   6 12     13 170
 2  66  42  54  -2  11   0 0.00  0.0    0  7.0 21  30   M    M   0 18     27  10
 3  72  43  58   2   7   0 0.00  0.0    0  2.6 12  40   M    M   0        15  30
 4  72  48  60   4   5   0 0.00  0.0    0  2.0  7 300   M    M   2         9 330
 5  82  47  65  10   0   0 0.00  0.0    0  3.0 15 170   M    M   0        16 180
 6  72  47  60   5   5   0 0.00  0.0    0  1.4  8 150   M    M   0 1      10 120
 7  80  46  63   9   2   0 0.00  0.0    0  2.9 10  10   M    M   0        13  10
 8  75  47  61   7   4   0 0.00  0.0    0  0.4  6  80   M    M   0         8 330
 9  75  47  61   7   4   0 0.00  0.0    0  0.8  8  10   M    M   0 12      8 160
10  73  44  59   6   6   0 0.00  0.0    0  6.0 26  10   M    M   0 1      31  20
11  65  39  52  -1  13   0 0.00  0.0    0  1.6  8 170   M    M   2        11 180
12  63  51  57   4   8   0 0.02  0.0    0  2.0  9 180   M    M   8 1      12 180
13  59  53  56   4   9   0 0.14  0.0    0  5.0  9 140   M    M   7 1      12 210
14  64  49  57   5   8   0 0.00  0.0    0  4.7 15 170   M    M   8 12     18 170
15  64  46  55   3  10   0 0.00  0.0    0  5.6 21  10   M    M   4 12     26  20
16  63  34  49  -2  16   0 0.00  0.0    0  8.9 18 360   M    M   0        25 350
17  66  29  48  -3  17   0 0.00  0.0    0  1.8 14  10   M    M   0        17  10
18  62  31  47  -4  18   0 0.00  0.0    0  0.8  6  20   M    M   1         8 360
19  50  44  47  -3  18   0 0.63    M    0  1.4  9 240   M    M   9 1      11 200
20  52  50  51   1  14   0 0.27  0.0    0  1.2  7 210   M    M  10 1       8 210
21  55  49  52   2  13   0 0.54    M    0  2.8 12 200   M    M  10 1      16 210
22  63  42  53   3  12   0 0.95    M    0  9.8 24 180   M    M   5 1      31 180
23  60  39  50   1  15   0 0.00  0.0    0  5.3 15  20   M    M   1        18  10
24  68  36  52   3  13   0 0.00  0.0    0  2.9 10  10   M    M   0        13 340
25  65  37  51   2  14   0 0.00  0.0    0  1.1  6  20   M    M   0         8  30
26  61  37  49   1  16   0 0.00  0.0    0  0.1  5  40   M    M   0 1       6  10
27  58  43  51   3  14   0 0.00  0.0    0  0.3 16 230   M    M   0 12     37 210
28  52  42  47  -1  18   0 0.44    M    0  1.9  9 290   M    M   7 1      12 300
29  55  50  53   5  12   0 0.32  0.0    0  6.4 13 170   M    M  10 1      16 230
30  56  51  54   6  11   0 0.40  0.0    0  3.8 14 120   M    M  10 1      17 120
================================================================================
SM 1930 1309       324   0  3.71     0.0  96.9          M      100
================================================================================
AV 64.3 43.6                               3.2 FASTST   M    M   3    MAX(MPH)
                                 MISC ---->  # 26  10               # 37  210
================================================================================
NOTES:
# LAST OF SEVERAL OCCURRENCES

COLUMN 17 PEAK WIND IN M.P.H.

PRELIMINARY LOCAL CLIMATOLOGICAL DATA (WS FORM: F-6) , PAGE 2

                                          STATION:  REDDING AIRPORT CA
                                          MONTH:    NOVEMBER
                                          YEAR:     2014
                                          LATITUDE:   40 30 N
                                          LONGITUDE: 122 18 W

[TEMPERATURE DATA]      [PRECIPITATION DATA]       SYMBOLS USED IN COLUMN 16

AVERAGE MONTHLY: 54.0   TOTAL FOR MONTH:   3.71    1 = FOG OR MIST
DPTR FM NORMAL:   2.3   DPTR FM NORMAL:   -0.77    2 = FOG REDUCING VISIBILITY
HIGHEST:    82 ON  5    GRTST 24HR  1.49 ON 21-22      TO 1/4 MILE OR LESS
LOWEST:     29 ON 17                               3 = THUNDER
                        SNOW, ICE PELLETS, HAIL    4 = ICE PELLETS
                        TOTAL MONTH:   0.0 INCH    5 = HAIL
                        GRTST 24HR     0.0         6 = FREEZING RAIN OR DRIZZLE
                        GRTST DEPTH:   0           7 = DUSTSTORM OR SANDSTORM:
                                                       VSBY 1/2 MILE OR LESS
                                                   8 = SMOKE OR HAZE
[NO. OF DAYS WITH]      [WEATHER - DAYS WITH]      9 = BLOWING SNOW
                                                   X = TORNADO
MAX 32 OR BELOW:   0    0.01 INCH OR MORE:   9
MAX 90 OR ABOVE:   0    0.10 INCH OR MORE:   8
MIN 32 OR BELOW:   2    0.50 INCH OR MORE:   3
MIN  0 OR BELOW:   0    1.00 INCH OR MORE:   0

[HDD (BASE 65) ]
TOTAL THIS MO.   324    CLEAR  (SCALE 0-3)  18
DPTR FM NORMAL   -76    PTCLDY (SCALE 4-7)   6
TOTAL FM JUL 1   394    CLOUDY (SCALE 8-10)  6
DPTR FM NORMAL  -128

[CDD (BASE 65) ]
TOTAL THIS MO.     0
DPTR FM NORMAL    -1    [PRESSURE DATA]
TOTAL FM JAN 1  2175    HIGHEST SLP 30.50 ON 25
DPTR FM NORMAL   328    LOWEST  SLP 29.66 ON  1

[REMARKS]
#FINAL-11-14#




U.S. Dept. of Commerce
NOAA National Weather Service
1325 East West Highway
Silver Spring, MD 20910
E-mail: w-nws.webmaster@noaa.gov
Page last modified: May 16, 2007
NATIONAL WEATHER SERVICE: for Safety, for Work, for Fun - FOR LIFE