526
CXUS56 KSTO 011455
CF6RDD
PRELIMINARY LOCAL CLIMATOLOGICAL DATA (WS FORM: F-6)

                                          STATION:   REDDING AIRPORT CA
                                          MONTH:     JULY
                                          YEAR:      2014
                                          LATITUDE:   40 30 N
                                          LONGITUDE: 122 18 W

  TEMPERATURE IN F:       :PCPN:    SNOW:  WIND      :SUNSHINE: SKY     :PK WND
================================================================================
1   2   3   4   5  6A  6B    7    8   9   10  11  12  13   14  15   16   17  18
                                     12Z  AVG MX 2MIN
DY MAX MIN AVG DEP HDD CDD  WTR  SNW DPTH SPD SPD DIR MIN PSBL S-S WX    SPD DR
================================================================================

 1 104  71  88   8   0  23 0.00  0.0    0  5.6 20 160   M    M   0        23 150
 2 102  66  84   4   0  19 0.00  0.0    0  5.2 18 180   M    M   0        25 180
 3 101  68  85   4   0  20 0.00  0.0    0  5.0 17 160   M    M   0        23 150
 4 101  68  85   4   0  20 0.00  0.0    0  7.1 23 160   M    M   0        29 180
 5 101  60  81   0   0  16 0.00  0.0    0  4.0 17 160   M    M   0        22 160
 6 106  63  85   4   0  20 0.00  0.0    0  4.5 13 170   M    M   0 8      16 170
 7 106  67  87   5   0  22 0.00  0.0    0  6.5 24 170   M    M   0        27 170
 8  96  76  86   4   0  21 0.00  0.0    0  3.4 20 160   M    M   1        25 160
 9 103  77  90   8   0  25 0.00  0.0    0  5.8 18 150   M    M   0        22 140
10 100  66  83   1   0  18 0.00  0.0    0  5.5 17 160   M    M   0        24 160
11  96  68  82   0   0  17 0.01  0.0    0  5.8 14 160   M    M   2        17 170
12 104  64  84   2   0  19 0.00  0.0    0  5.3 18 140   M    M   0        22 140
13 105  70  88   6   0  23 0.00  0.0    0  4.6 17 160   M    M   0        21 150
14 111  70  91   8   0  26 0.00  0.0    0  5.0 18 150   M    M   0        23 150
15  98  72  85   2   0  20 0.00  0.0    0  5.7 22 180   M    M   0 8      26 190
16  97  71  84   1   0  19 0.00  0.0    0  5.1 18 150   M    M   0 8      23 150
17  94  68  81  -2   0  16 0.05  0.0    0  5.8 16 150   M    M   0        20 150
18  97  67  82  -1   0  17 0.00  0.0    0  6.5 18 160   M    M   0        22 150
19 100  67  84   1   0  19 0.00  0.0    0  5.9 20 170   M    M   0        24 170
20  97  72  85   2   0  20 0.00  0.0    0  8.9 29 180   M    M   1        35 170
21  87  67  77  -6   0  12 0.03  0.0    0  5.1 24 160   M    M   2        29 170
22  93  62  78  -5   0  13 0.00  0.0    0  6.5 21 170   M    M   0        25 170
23  88  62  75  -8   0  10 0.00  0.0    0  6.2 20 170   M    M   0        31 210
24  98  62  80  -3   0  15 0.00  0.0    0  7.4 20  20   M    M   0        24  20
25 102  73  88   5   0  23 0.00  0.0    0  6.6 15 360   M    M   0        19 360
26 105  64  85   2   0  20 0.00  0.0    0  4.5 15 160   M    M   0        19 150
27 105  72  89   6   0  24 0.00  0.0    0  4.2 10 160   M    M   0        14 250
28 105  66  86   3   0  21 0.00  0.0    0  7.5 20 170   M    M   0        26 160
29 104  67  86   3   0  21 0.00  0.0    0  4.6 20 170   M    M   0        26 150
30 106  70  88   6   0  23 0.00  0.0    0  6.6 18 170   M    M   0        25 160
31 108  72  90   8   0  25 0.00  0.0    0  5.1 20 180   M    M   0        23 180
================================================================================
SM 3120 2108         0 607  0.09     0.0 175.5          M        6
================================================================================
AV100.6 68.0                               5.7 FASTST   M    M   0    MAX(MPH)
                                 MISC ---->  # 29 180               # 35  170
================================================================================
NOTES:
# LAST OF SEVERAL OCCURRENCES

COLUMN 17 PEAK WIND IN M.P.H.

PRELIMINARY LOCAL CLIMATOLOGICAL DATA (WS FORM: F-6) , PAGE 2

                                          STATION:  REDDING AIRPORT CA
                                          MONTH:    JULY
                                          YEAR:     2014
                                          LATITUDE:   40 30 N
                                          LONGITUDE: 122 18 W

[TEMPERATURE DATA]      [PRECIPITATION DATA]       SYMBOLS USED IN COLUMN 16

AVERAGE MONTHLY: 84.3   TOTAL FOR MONTH:   0.09    1 = FOG OR MIST
DPTR FM NORMAL:   2.1   DPTR FM NORMAL:    0.00    2 = FOG REDUCING VISIBILITY
HIGHEST:   111 ON 14    GRTST 24HR  0.05 ON 17-17      TO 1/4 MILE OR LESS
LOWEST:     60 ON  5                               3 = THUNDER
                        SNOW, ICE PELLETS, HAIL    4 = ICE PELLETS
                        TOTAL MONTH:   0.0 INCH    5 = HAIL
                        GRTST 24HR     0.0         6 = FREEZING RAIN OR DRIZZLE
                        GRTST DEPTH:   0           7 = DUSTSTORM OR SANDSTORM:
                                                       VSBY 1/2 MILE OR LESS
                                                   8 = SMOKE OR HAZE
[NO. OF DAYS WITH]      [WEATHER - DAYS WITH]      9 = BLOWING SNOW
                                                   X = TORNADO
MAX 32 OR BELOW:   0    0.01 INCH OR MORE:   3
MAX 90 OR ABOVE:  29    0.10 INCH OR MORE:   0
MIN 32 OR BELOW:   0    0.50 INCH OR MORE:   0
MIN  0 OR BELOW:   0    1.00 INCH OR MORE:   0

[HDD (BASE 65) ]
TOTAL THIS MO.     0    CLEAR  (SCALE 0-3)  31
DPTR FM NORMAL     0    PTCLDY (SCALE 4-7)   0
TOTAL FM JUL 1     0    CLOUDY (SCALE 8-10)  0
DPTR FM NORMAL     0

[CDD (BASE 65) ]
TOTAL THIS MO.   607
DPTR FM NORMAL    74    [PRESSURE DATA]
TOTAL FM JAN 1  1239    HIGHEST SLP M ON M
DPTR FM NORMAL   203    LOWEST  SLP 29.63 ON  1

[REMARKS]
#FINAL-07-14#




U.S. Dept. of Commerce
NOAA National Weather Service
1325 East West Highway
Silver Spring, MD 20910
E-mail: w-nws.webmaster@noaa.gov
Page last modified: May 16, 2007
NATIONAL WEATHER SERVICE: for Safety, for Work, for Fun - FOR LIFE