566
CXUS56 KSTO 011455
CF6RDD
PRELIMINARY LOCAL CLIMATOLOGICAL DATA (WS FORM: F-6)

                                          STATION:   REDDING AIRPORT CA
                                          MONTH:     SEPTEMBER
                                          YEAR:      2014
                                          LATITUDE:   40 30 N
                                          LONGITUDE: 122 18 W

  TEMPERATURE IN F:       :PCPN:    SNOW:  WIND      :SUNSHINE: SKY     :PK WND
================================================================================
1   2   3   4   5  6A  6B    7    8   9   10  11  12  13   14  15   16   17  18
                                     12Z  AVG MX 2MIN
DY MAX MIN AVG DEP HDD CDD  WTR  SNW DPTH SPD SPD DIR MIN PSBL S-S WX    SPD DR
================================================================================

 1 104  72  88  11   0  23 0.00  0.0    0  7.1 17 360   M    M   1        24 340
 2 100  62  81   4   0  16 0.00  0.0    0  4.9 17 180   M    M   0        21 170
 3 100  62  81   4   0  16 0.00  0.0    0 11.0 29  20   M    M   0 8      39  10
 4 101  65  83   6   0  18 0.00  0.0    0  8.9 24  20   M    M   0        30  20
 5 100  55  78   2   0  13 0.00  0.0    0  3.5 13 150   M    M   0        16 170
 6  97  61  79   3   0  14 0.00  0.0    0  4.1 20 160   M    M   0        23 150
 7  97  58  78   2   0  13 0.00  0.0    0  3.9 18 190   M    M   0        26 170
 8  94  58  76   0   0  11 0.00  0.0    0  4.5 17 160   M    M   0        20 170
 9  94  56  75  -1   0  10 0.00  0.0    0  3.1 13 150   M    M   1 8      16 140
10 101  58  80   4   0  15 0.00  0.0    0  5.9 18 350   M    M   1 8      24 350
11 100  58  79   4   0  14 0.00  0.0    0  2.4 13 150   M    M   0        15 160
12 101  60  81   6   0  16 0.00  0.0    0  3.6 14 160   M    M   0 8      17 190
13 100  63  82   7   0  17 0.00  0.0    0  4.6 15 150   M    M   0        20 160
14 101  63  82   7   0  17 0.00  0.0    0  5.1 18 160   M    M   0        31  90
15  98  62  80   6   0  15 0.00  0.0    0  8.7 26 160   M    M   0 8      33 170
16  92  59  76   2   0  11 0.00  0.0    0  2.2 10 180   M    M   0        15  30
17  92  59  76   2   0  11 0.00  0.0    0 10.0 24 160   M    M   0        30 160
18  84  65  75   1   0  10 0.00  0.0    0  6.9 18 180   M    M   4        24 230
19 101  60  81   7   0  16 0.00  0.0    0  7.2 21 160   M    M   0        24 170
20  95  61  78   5   0  13 0.00  0.0    0  4.1 18 150   M    M   0        23 160
21  87  62  75   2   0  10 0.00  0.0    0  5.6 15 160   M    M   0 8      19 150
22  89  60  75   2   0  10 0.00  0.0    0  2.6 13 170   M    M   0        17 150
23  88  60  74   2   0   9 0.00  0.0    0  4.0 17 170   M    M   0 8      24 180
24  81  60  71  -1   0   6 0.78  0.0    0  5.5 16 310   M    M   4 1      23 220
25  70  56  63  -9   2   0 2.45  0.0    0  7.1 23  50   M    M  10 138    26  40
26  79  54  67  -5   0   2 0.00  0.0    0  4.3 15  90   M    M   2 3      19  90
27  84  54  69  -2   0   4    T  0.0    0  6.1 25  50   M    M   3        32  60
28  72  58  65  -6   0   0 0.00  0.0    0  4.7 13 160   M    M   6        15 160
29  79  53  66  -4   0   1 0.00  0.0    0  2.9 12 150   M    M   0        19 160
30  83  56  70   0   0   5 0.00  0.0    0  8.2 21  20   M    M   0        32 360
================================================================================
SM 2764 1790         2 336  3.23     0.0 162.7          M       32
================================================================================
AV 92.1 59.7                               5.4 FASTST   M    M   1    MAX(MPH)
                                 MISC ---->  # 29  20               # 39   10
================================================================================
NOTES:
# LAST OF SEVERAL OCCURRENCES

COLUMN 17 PEAK WIND IN M.P.H.

PRELIMINARY LOCAL CLIMATOLOGICAL DATA (WS FORM: F-6) , PAGE 2

                                          STATION:  REDDING AIRPORT CA
                                          MONTH:    SEPTEMBER
                                          YEAR:     2014
                                          LATITUDE:   40 30 N
                                          LONGITUDE: 122 18 W

[TEMPERATURE DATA]      [PRECIPITATION DATA]       SYMBOLS USED IN COLUMN 16

AVERAGE MONTHLY: 75.9   TOTAL FOR MONTH:   3.23    1 = FOG OR MIST
DPTR FM NORMAL:   1.8   DPTR FM NORMAL:    2.59    2 = FOG REDUCING VISIBILITY
HIGHEST:   104 ON  1    GRTST 24HR  3.21 ON 24-25      TO 1/4 MILE OR LESS
LOWEST:     53 ON 29                               3 = THUNDER
                        SNOW, ICE PELLETS, HAIL    4 = ICE PELLETS
                        TOTAL MONTH:   0.0 INCH    5 = HAIL
                        GRTST 24HR     0.0         6 = FREEZING RAIN OR DRIZZLE
                        GRTST DEPTH:   0           7 = DUSTSTORM OR SANDSTORM:
                                                       VSBY 1/2 MILE OR LESS
                                                   8 = SMOKE OR HAZE
[NO. OF DAYS WITH]      [WEATHER - DAYS WITH]      9 = BLOWING SNOW
                                                   X = TORNADO
MAX 32 OR BELOW:   0    0.01 INCH OR MORE:   2
MAX 90 OR ABOVE:  19    0.10 INCH OR MORE:   2
MIN 32 OR BELOW:   0    0.50 INCH OR MORE:   2
MIN  0 OR BELOW:   0    1.00 INCH OR MORE:   1

[HDD (BASE 65) ]
TOTAL THIS MO.     2    CLEAR  (SCALE 0-3)  26
DPTR FM NORMAL    -6    PTCLDY (SCALE 4-7)   3
TOTAL FM JUL 1     2    CLOUDY (SCALE 8-10)  1
DPTR FM NORMAL    -6

[CDD (BASE 65) ]
TOTAL THIS MO.   336
DPTR FM NORMAL    56    [PRESSURE DATA]
TOTAL FM JAN 1  2063    HIGHEST SLP 30.00 ON 26
DPTR FM NORMAL   288    LOWEST  SLP 29.60 ON 17

[REMARKS]
#FINAL-09-14#




U.S. Dept. of Commerce
NOAA National Weather Service
1325 East West Highway
Silver Spring, MD 20910
E-mail: w-nws.webmaster@noaa.gov
Page last modified: May 16, 2007
NATIONAL WEATHER SERVICE: for Safety, for Work, for Fun - FOR LIFE