748
CXUS56 KSTO 301455
CF6RDD
PRELIMINARY LOCAL CLIMATOLOGICAL DATA (WS FORM: F-6)

                                          STATION:   REDDING AIRPORT CA
                                          MONTH:     JANUARY
                                          YEAR:      2015
                                          LATITUDE:   40 30 N
                                          LONGITUDE: 122 18 W

  TEMPERATURE IN F:       :PCPN:    SNOW:  WIND      :SUNSHINE: SKY     :PK WND
================================================================================
1   2   3   4   5  6A  6B    7    8   9   10  11  12  13   14  15   16   17  18
                                     12Z  AVG MX 2MIN
DY MAX MIN AVG DEP HDD CDD  WTR  SNW DPTH SPD SPD DIR MIN PSBL S-S WX    SPD DR
================================================================================

 1  62  32  47   2  18   0 0.00  0.0    0  7.5 22  10   M    M   0        28 350
 2  54  27  41  -4  24   0 0.00  0.0    0  0.8  6 330   M    M   0 18      7 100
 3  54  28  41  -4  24   0 0.00  0.0    0  0.6  6  20   M    M   0 1       8 240
 4  59  33  46   1  19   0 0.00  0.0    0  1.5  8 100   M    M   1 1      22 340
 5  66  32  49   4  16   0 0.00  0.0    0  0.7  5 240   M    M   0         9 260
 6  68  34  51   6  14   0 0.00  0.0    0  1.3  8  10   M    M   0 1      14 230
 7  71  34  53   8  12   0 0.00  0.0    0  0.4  9 310   M    M   0 1      11 310
 8  66  34  50   5  15   0 0.00  0.0    0  2.0  8 340   M    M   0 18     11 310
 9  61  40  51   6  14   0 0.00  0.0    0  1.1  7  10   M    M   0 1       8 140
10  56  41  49   4  16   0    T    M    0  0.6  6 280   M    M   3 18      6 280
11  62  35  49   4  16   0 0.00  0.0    0  0.8  6 310   M    M   1 12      7 310
12  67  40  54   9  11   0 0.00  0.0    0  3.9 13 350   M    M   5 1      17 350
13  65  51  58  13   7   0 0.00  0.0    0 10.8 23  20   M    M   0        31 320
14  62  32  47   1  18   0 0.00  0.0    0  1.6  9 360   M    M   2 128    11 360
15  54  37  46   0  19   0    T    M    0  1.0  7 130   M    M   4         8 100
16  51  46  49   3  16   0 0.15    M    0  3.3  7  20   M    M  10 1       8  20
17  56  49  53   7  12   0 0.00  0.0    0  2.6 14 180   M    M  10 1      20  90
18  55  46  51   5  14   0 0.11    M    0  3.3 14 160   M    M   8 128    15 170
19  66  40  53   7  12   0 0.00  0.0    0  5.7 14 350   M    M   1 12     17 340
20  68  36  52   6  13   0 0.00  0.0    0  6.7 16  20   M    M   0        20 350
21  69  43  56  10   9   0 0.00  0.0    0  8.4 16 350   M    M   0        28 340
22  64  40  52   6  13   0 0.00  0.0    0  1.2  7  20   M    M   2 8      10  30
23  75  38  57  11   8   0 0.00  0.0    0  5.5 17  10   M    M   0        22  20
24  80  46  63  17   2   0 0.00  0.0    0  7.0 17 360   M    M   0        34 330
25  69  42  56  10   9   0 0.00  0.0    0  2.4 10 160   M    M   0 18     12  90
26  68  37  53   6  12   0 0.00  0.0    0  1.9  7 140   M    M   1 12     11 270
27  57  45  51   4  14   0 0.00  0.0    0  1.9  8 170   M    M   0 1      11 180
28  74  38  56   9   9   0 0.00  0.0    0  2.6 10 150   M    M   0 12     11 340
29  74  37  56   9   9   0 0.00  0.0    0  2.1 10  30   M    M   0        14  20
================================================================================
SM 1853 1113       395   0  0.26     0.0  89.2          M       48
================================================================================
AV 63.9 38.4                               3.1 FASTST   M    M   2    MAX(MPH)
                                 MISC ---->  # 23  20               # 34  330
================================================================================
NOTES:
# LAST OF SEVERAL OCCURRENCES

COLUMN 17 PEAK WIND IN M.P.H.

PRELIMINARY LOCAL CLIMATOLOGICAL DATA (WS FORM: F-6) , PAGE 2

                                          STATION:  REDDING AIRPORT CA
                                          MONTH:    JANUARY
                                          YEAR:     2015
                                          LATITUDE:   40 30 N
                                          LONGITUDE: 122 18 W

[TEMPERATURE DATA]      [PRECIPITATION DATA]       SYMBOLS USED IN COLUMN 16

AVERAGE MONTHLY: 51.1   TOTAL FOR MONTH:   0.26    1 = FOG OR MIST
DPTR FM NORMAL:   5.4   DPTR FM NORMAL:   -5.34    2 = FOG REDUCING VISIBILITY
HIGHEST:    80 ON 24    GRTST 24HR  0.15 ON 16-16      TO 1/4 MILE OR LESS
LOWEST:     27 ON  2                               3 = THUNDER
                        SNOW, ICE PELLETS, HAIL    4 = ICE PELLETS
                        TOTAL MONTH:   0.0 INCH    5 = HAIL
                        GRTST 24HR     0.0         6 = FREEZING RAIN OR DRIZZLE
                        GRTST DEPTH:   0           7 = DUSTSTORM OR SANDSTORM:
                                                       VSBY 1/2 MILE OR LESS
                                                   8 = SMOKE OR HAZE
[NO. OF DAYS WITH]      [WEATHER - DAYS WITH]      9 = BLOWING SNOW
                                                   X = TORNADO
MAX 32 OR BELOW:   0    0.01 INCH OR MORE:   2
MAX 90 OR ABOVE:   0    0.10 INCH OR MORE:   2
MIN 32 OR BELOW:   5    0.50 INCH OR MORE:   0
MIN  0 OR BELOW:   0    1.00 INCH OR MORE:   0

[HDD (BASE 65) ]
TOTAL THIS MO.   395    CLEAR  (SCALE 0-3)  24
DPTR FM NORMAL  -165    PTCLDY (SCALE 4-7)   2
TOTAL FM JUL 1  1227    CLOUDY (SCALE 8-10)  3
DPTR FM NORMAL  -463

[CDD (BASE 65) ]
TOTAL THIS MO.     0
DPTR FM NORMAL     0    [PRESSURE DATA]
TOTAL FM JAN 1     0    HIGHEST SLP M ON M
DPTR FM NORMAL     0    LOWEST  SLP 29.93 ON 26

[REMARKS]




U.S. Dept. of Commerce
NOAA National Weather Service
1325 East West Highway
Silver Spring, MD 20910
E-mail: w-nws.webmaster@noaa.gov
Page last modified: May 16, 2007
NATIONAL WEATHER SERVICE: for Safety, for Work, for Fun - FOR LIFE