022
CXUS56 KSTO 311455
CF6RBL
PRELIMINARY LOCAL CLIMATOLOGICAL DATA (WS FORM: F-6)

                                          STATION:   RED BLUFF AIRPORT CA
                                          MONTH:     JULY
                                          YEAR:      2014
                                          LATITUDE:   40  9 N
                                          LONGITUDE: 122 15 W

  TEMPERATURE IN F:       :PCPN:    SNOW:  WIND      :SUNSHINE: SKY     :PK WND
================================================================================
1   2   3   4   5  6A  6B    7    8   9   10  11  12  13   14  15   16   17  18
                                     12Z  AVG MX 2MIN
DY MAX MIN AVG DEP HDD CDD  WTR  SNW DPTH SPD SPD DIR MIN PSBL S-S WX    SPD DR
================================================================================

 1 104  72  88   8   0  23 0.00  0.0    0  7.4 21 170   M    M   0        25 150
 2 101  69  85   5   0  20 0.00  0.0    0  6.1 17 190   M    M   0        22 160
 3 101  70  86   6   0  21 0.00  0.0    0  6.7 21 130   M    M   0        25 140
 4 102  69  86   6   0  21 0.00  0.0    0  8.5 22 150   M    M   0        28 170
 5 102  59  81   1   0  16 0.00  0.0    0  6.3 16 150   M    M   0        24 150
 6 107  65  86   5   0  21 0.00  0.0    0  6.8 15 170   M    M   0        19 150
 7 101  69  85   4   0  20 0.00  0.0    0  7.8 25 160   M    M   0        30 160
 8  99  78  89   8   0  24 0.00  0.0    0  6.2 14 120   M    M   0        17 130
 9 101  73  87   6   0  22 0.00  0.0    0  8.9 18 170   M    M   0        23 180
10  97  67  82   1   0  17 0.00  0.0    0  7.9 18 170   M    M   0        22 160
11  96  70  83   2   0  18 0.01  0.0    0  7.2 17 160   M    M   0 3      21 160
12 101  63  82   0   0  17 0.00  0.0    0  5.9 17 150   M    M   0        22 170
13 103  70  87   5   0  22 0.00  0.0    0  6.1 15 170   M    M   0        20 180
14 111  73  92  10   0  27 0.00  0.0    0  7.5 18 170   M    M   0        26 160
15 101  75  88   6   0  23 0.00  0.0    0  7.9 21 160   M    M   0        24 170
16  95  74  85   3   0  20 0.00  0.0    0  8.2 16 170   M    M   0        20 170
17  93  68  81  -1   0  16 0.00  0.0    0  8.9 18 180   M    M   0        22 170
18  95  66  81  -1   0  16 0.00  0.0    0  8.0 16 170   M    M   0        21 180
19  98  68  83   1   0  18 0.00  0.0    0  7.1 20 170   M    M   0        24 170
20  94  70  82   0   0  17 0.00  0.0    0 11.3 28 150   M    M   1        35 150
21  85  69  77  -5   0  12    T  0.0    0  7.6 21 160   M    M   1        27 150
22  92  62  77  -5   0  12 0.00  0.0    0  9.4 22 150   M    M   0        27 160
23  89  62  76  -6   0  11 0.00  0.0    0  6.4 20 140   M    M   0        24 130
24  99  64  82   0   0  17 0.00  0.0    0  9.4 23 360   M    M   0        30 350
25 102  62  82   0   0  17 0.00  0.0    0  5.4 13 130   M    M   0        17  10
26 105  67  86   4   0  21 0.00  0.0    0  6.2 15 130   M    M   0        20 150
27 106  74  90   8   0  25 0.00  0.0    0  4.7 12 150   M    M   0        15 150
28 103  69  86   4   0  21 0.00  0.0    0  8.9 18 150   M    M   0        24 150
29 103  67  85   3   0  20 0.00  0.0    0  5.8 16 160   M    M   0        23 150
30 105  72  89   7   0  24 0.00  0.0    0  7.2 18 140   M    M   0        23 160
================================================================================
SM 2991 2056         0 579  0.01     0.0 221.7          M        2
================================================================================
AV 99.7 68.5                               7.4 FASTST   M    M   0    MAX(MPH)
                                 MISC ---->  # 28 150               # 35  150
================================================================================
NOTES:
# LAST OF SEVERAL OCCURRENCES

COLUMN 17 PEAK WIND IN M.P.H.

PRELIMINARY LOCAL CLIMATOLOGICAL DATA (WS FORM: F-6) , PAGE 2

                                          STATION:  RED BLUFF AIRPORT CA
                                          MONTH:    JULY
                                          YEAR:     2014
                                          LATITUDE:   40  9 N
                                          LONGITUDE: 122 15 W

[TEMPERATURE DATA]      [PRECIPITATION DATA]       SYMBOLS USED IN COLUMN 16

AVERAGE MONTHLY: 84.1   TOTAL FOR MONTH:   0.01    1 = FOG OR MIST
DPTR FM NORMAL:   2.7   DPTR FM NORMAL:   -0.10    2 = FOG REDUCING VISIBILITY
HIGHEST:   111 ON 14    GRTST 24HR  0.01 ON 11-11      TO 1/4 MILE OR LESS
LOWEST:     59 ON  5                               3 = THUNDER
                        SNOW, ICE PELLETS, HAIL    4 = ICE PELLETS
                        TOTAL MONTH:   0.0 INCH    5 = HAIL
                        GRTST 24HR     0.0         6 = FREEZING RAIN OR DRIZZLE
                        GRTST DEPTH:   0           7 = DUSTSTORM OR SANDSTORM:
                                                       VSBY 1/2 MILE OR LESS
                                                   8 = SMOKE OR HAZE
[NO. OF DAYS WITH]      [WEATHER - DAYS WITH]      9 = BLOWING SNOW
                                                   X = TORNADO
MAX 32 OR BELOW:   0    0.01 INCH OR MORE:   1
MAX 90 OR ABOVE:  28    0.10 INCH OR MORE:   0
MIN 32 OR BELOW:   0    0.50 INCH OR MORE:   0
MIN  0 OR BELOW:   0    1.00 INCH OR MORE:   0

[HDD (BASE 65) ]
TOTAL THIS MO.     0    CLEAR  (SCALE 0-3)  30
DPTR FM NORMAL     0    PTCLDY (SCALE 4-7)   0
TOTAL FM JUL 1     0    CLOUDY (SCALE 8-10)  0
DPTR FM NORMAL     0

[CDD (BASE 65) ]
TOTAL THIS MO.   579
DPTR FM NORMAL    84    [PRESSURE DATA]
TOTAL FM JAN 1  1285    HIGHEST SLP M ON M
DPTR FM NORMAL   285    LOWEST  SLP 29.63 ON  1

[REMARKS]




U.S. Dept. of Commerce
NOAA National Weather Service
1325 East West Highway
Silver Spring, MD 20910
E-mail: w-nws.webmaster@noaa.gov
Page last modified: May 16, 2007
NATIONAL WEATHER SERVICE: for Safety, for Work, for Fun - FOR LIFE