560
CXUS56 KSTO 211455
CF6RBL
PRELIMINARY LOCAL CLIMATOLOGICAL DATA (WS FORM: F-6)

                                          STATION:   RED BLUFF AIRPORT CA
                                          MONTH:     AUGUST
                                          YEAR:      2014
                                          LATITUDE:   40  9 N
                                          LONGITUDE: 122 15 W

  TEMPERATURE IN F:       :PCPN:    SNOW:  WIND      :SUNSHINE: SKY     :PK WND
================================================================================
1   2   3   4   5  6A  6B    7    8   9   10  11  12  13   14  15   16   17  18
                                     12Z  AVG MX 2MIN
DY MAX MIN AVG DEP HDD CDD  WTR  SNW DPTH SPD SPD DIR MIN PSBL S-S WX    SPD DR
================================================================================

 1 108  68  88   7   0  23 0.00  0.0    0  7.2 17 160   M    M   0 8      22 160
 2 104  70  87   6   0  22 0.00  0.0    0  6.6 18 150   M    M   0        23 130
 3  96  65  81   0   0  16 0.00  0.0    0  6.9 23 150   M    M   0        26 150
 4  90  68  79  -2   0  14    T  0.0    0  5.0 17 140   M    M   1        20 140
 5  78  69  74  -7   0   9 0.11  0.0    0  3.5 13 320   M    M   7        18  20
 6  91  68  80  -1   0  15 0.02  0.0    0  4.6 12 150   M    M   0        15 330
 7 101  68  85   4   0  20 0.00  0.0    0  6.4 16 160   M    M   0        19 170
 8  99  71  85   5   0  20 0.00  0.0    0  5.2 16 170   M    M   0        18 170
 9  99  68  84   4   0  19 0.00  0.0    0  6.0 17 150   M    M   0        25 170
10  97  65  81   1   0  16 0.00  0.0    0  4.9 13 170   M    M   0        18 160
11  98  66  82   2   0  17 0.00  0.0    0  6.4 16 130   M    M   0        19 150
12  90  67  79  -1   0  14 0.00  0.0    0  9.9 21 150   M    M   0        26 140
13  88  64  76  -4   0  11 0.00  0.0    0  7.8 20 150   M    M   0        28 160
14  94  64  79  -1   0  14 0.00  0.0    0  6.0 16 150   M    M   0        22 140
15  98  63  81   1   0  16 0.00  0.0    0  5.0 17 170   M    M   0        26 150
16 100  63  82   3   0  17 0.00  0.0    0  5.8 15 160   M    M   0        23 160
17 100  61  81   2   0  16 0.00  0.0    0  5.7 15 160   M    M   0        19 130
18  98  61  80   1   0  15 0.00  0.0    0  5.7 15 170   M    M   0        22 160
19  96  63  80   1   0  15 0.00  0.0    0  7.6 18 160   M    M   0        23 160
20  89  64  77  -2   0  12 0.00  0.0    0  8.5 20 170   M    M   0        26 190
================================================================================
SM 1914 1316         0 321  0.13     0.0 124.7          M        8
================================================================================
AV 95.7 65.8                               6.2 FASTST   M    M   0    MAX(MPH)
                                 MISC ---->  # 23 150               # 28  160
================================================================================
NOTES:
# LAST OF SEVERAL OCCURRENCES

COLUMN 17 PEAK WIND IN M.P.H.

PRELIMINARY LOCAL CLIMATOLOGICAL DATA (WS FORM: F-6) , PAGE 2

                                          STATION:  RED BLUFF AIRPORT CA
                                          MONTH:    AUGUST
                                          YEAR:     2014
                                          LATITUDE:   40  9 N
                                          LONGITUDE: 122 15 W

[TEMPERATURE DATA]      [PRECIPITATION DATA]       SYMBOLS USED IN COLUMN 16

AVERAGE MONTHLY: 80.8   TOTAL FOR MONTH:   0.13    1 = FOG OR MIST
DPTR FM NORMAL:   0.7   DPTR FM NORMAL:    0.06    2 = FOG REDUCING VISIBILITY
HIGHEST:   108 ON  1    GRTST 24HR  0.13 ON  5- 6      TO 1/4 MILE OR LESS
LOWEST:     61 ON 18,17                            3 = THUNDER
                        SNOW, ICE PELLETS, HAIL    4 = ICE PELLETS
                        TOTAL MONTH:   0.0 INCH    5 = HAIL
                        GRTST 24HR     0.0         6 = FREEZING RAIN OR DRIZZLE
                        GRTST DEPTH:   0           7 = DUSTSTORM OR SANDSTORM:
                                                       VSBY 1/2 MILE OR LESS
                                                   8 = SMOKE OR HAZE
[NO. OF DAYS WITH]      [WEATHER - DAYS WITH]      9 = BLOWING SNOW
                                                   X = TORNADO
MAX 32 OR BELOW:   0    0.01 INCH OR MORE:   2
MAX 90 OR ABOVE:  17    0.10 INCH OR MORE:   1
MIN 32 OR BELOW:   0    0.50 INCH OR MORE:   0
MIN  0 OR BELOW:   0    1.00 INCH OR MORE:   0

[HDD (BASE 65) ]
TOTAL THIS MO.     0    CLEAR  (SCALE 0-3)  19
DPTR FM NORMAL     0    PTCLDY (SCALE 4-7)   1
TOTAL FM JUL 1     0    CLOUDY (SCALE 8-10)  0
DPTR FM NORMAL     0

[CDD (BASE 65) ]
TOTAL THIS MO.   321
DPTR FM NORMAL    18    [PRESSURE DATA]
TOTAL FM JAN 1  1631    HIGHEST SLP M ON M
DPTR FM NORMAL   315    LOWEST  SLP 29.62 ON 19

[REMARKS]




U.S. Dept. of Commerce
NOAA National Weather Service
1325 East West Highway
Silver Spring, MD 20910
E-mail: w-nws.webmaster@noaa.gov
Page last modified: May 16, 2007
NATIONAL WEATHER SERVICE: for Safety, for Work, for Fun - FOR LIFE