352
CXUS56 KSTO 011455
CF6RBL
PRELIMINARY LOCAL CLIMATOLOGICAL DATA (WS FORM: F-6)

                                          STATION:   RED BLUFF AIRPORT CA
                                          MONTH:     NOVEMBER
                                          YEAR:      2014
                                          LATITUDE:   40  9 N
                                          LONGITUDE: 122 15 W

  TEMPERATURE IN F:       :PCPN:    SNOW:  WIND      :SUNSHINE: SKY     :PK WND
================================================================================
1   2   3   4   5  6A  6B    7    8   9   10  11  12  13   14  15   16   17  18
                                     12Z  AVG MX 2MIN
DY MAX MIN AVG DEP HDD CDD  WTR  SNW DPTH SPD SPD DIR MIN PSBL S-S WX    SPD DR
================================================================================

 1  63  47  55  -3  10   0 0.22    M    0  4.6 20  30   M    M   6 13     24  10
 2  67  44  56  -2   9   0 0.00  0.0    0  9.7 21  10   M    M   0        28  10
 3  71  45  58   1   7   0 0.00  0.0    0  5.0 12 350   M    M   0        14 350
 4  72  46  59   2   6   0 0.00  0.0    0  5.0  9 320   M    M   1        12 320
 5  79  47  63   7   2   0 0.00  0.0    0  4.3 10 160   M    M   0        12  10
 6  72  49  61   5   4   0 0.00  0.0    0  3.3  8 300   M    M   0        10 290
 7  79  50  65  10   0   0 0.00  0.0    0  7.0 12 340   M    M   0        14 330
 8  76  47  62   7   3   0 0.00  0.0    0  3.7  9 280   M    M   0        10 360
 9  76  47  62   7   3   0 0.00  0.0    0  4.3  8 290   M    M   0        13 340
10  75  46  61   7   4   0 0.00  0.0    0  8.1 18  10   M    M   0        24  10
11  65  41  53  -1  12   0 0.00  0.0    0  4.7  9 120   M    M   2        19 190
12  64  50  57   3   8   0 0.02  0.0    0  4.3 13 160   M    M   7 18     16 170
13  59  53  56   3   9   0 0.31  0.0    0  5.4 14 180   M    M   8 12     18 190
14  64  50  57   4   8   0 0.00  0.0    0  4.4 12 180   M    M   6 12     15 190
15  65  45  55   3  10   0 0.00  0.0    0  4.6 16 340   M    M   3 1      21 340
16  63  34  49  -3  16   0 0.00  0.0    0  8.2 17  10   M    M   0        21 340
17  64  33  49  -3  16   0 0.00  0.0    0  7.2 13 340   M    M   0        16 350
18  61  34  48  -3  17   0 0.00    M    0  5.8 13 360   M    M   1        17 350
19  50  45  48  -3  17   0 0.59    M    0  3.7  9  20   M    M   9 1      10 100
20  52  50  51   0  14   0 0.42  0.0    0  3.8 12 200   M    M  10 1      13 200
21  56  48  52   2  13   0 0.02    M    0  7.0 22 160   M    M   9 1      31 160
22  63  45  54   4  11   0 0.40    M    0 11.8 32 150   M    M   6 1      43 150
23  58  38  48  -2  17   0 0.00  0.0    0  7.6 17 350   M    M   0        20 350
24  67  36  52   2  13   0 0.00  0.0    0  5.9 12  10   M    M   0 8      13 330
25  66  38  52   3  13   0 0.00  0.0    0  5.0  9 340   M    M   0        20 330
26  62  39  51   2  14   0 0.00  0.0    0  2.8  8 300   M    M   0        16 150
27  60  43  52   3  13   0 0.00  0.0    0  3.5  9 340   M    M   0        21 220
28  52  40  46  -2  19   0 0.26    M    0  3.8 10 180   M    M   7 1      15 180
29  56  51  54   6  11   0 0.22  0.0    0  9.9 21 160   M    M   8 1      27 160
30  58  52  55   7  10   0 0.41  0.0    0  2.6 14 130   M    M  10 1      17 140
================================================================================
SM 1935 1333       309   0  2.87     0.0 167.0          M       93
================================================================================
AV 64.5 44.4                               5.6 FASTST   M    M   3    MAX(MPH)
                                 MISC ---->  # 32 150               # 43  150
================================================================================
NOTES:
# LAST OF SEVERAL OCCURRENCES

COLUMN 17 PEAK WIND IN M.P.H.

PRELIMINARY LOCAL CLIMATOLOGICAL DATA (WS FORM: F-6) , PAGE 2

                                          STATION:  RED BLUFF AIRPORT CA
                                          MONTH:    NOVEMBER
                                          YEAR:     2014
                                          LATITUDE:   40  9 N
                                          LONGITUDE: 122 15 W

[TEMPERATURE DATA]      [PRECIPITATION DATA]       SYMBOLS USED IN COLUMN 16

AVERAGE MONTHLY: 54.5   TOTAL FOR MONTH:   2.87    1 = FOG OR MIST
DPTR FM NORMAL:   2.0   DPTR FM NORMAL:    0.02    2 = FOG REDUCING VISIBILITY
HIGHEST:    79 ON  7, 5 GRTST 24HR  0.59 ON 19-19      TO 1/4 MILE OR LESS
LOWEST:     33 ON 17                               3 = THUNDER
                        SNOW, ICE PELLETS, HAIL    4 = ICE PELLETS
                        TOTAL MONTH:   0.0 INCH    5 = HAIL
                        GRTST 24HR     0.0         6 = FREEZING RAIN OR DRIZZLE
                        GRTST DEPTH:   0           7 = DUSTSTORM OR SANDSTORM:
                                                       VSBY 1/2 MILE OR LESS
                                                   8 = SMOKE OR HAZE
[NO. OF DAYS WITH]      [WEATHER - DAYS WITH]      9 = BLOWING SNOW
                                                   X = TORNADO
MAX 32 OR BELOW:   0    0.01 INCH OR MORE:  10
MAX 90 OR ABOVE:   0    0.10 INCH OR MORE:   8
MIN 32 OR BELOW:   0    0.50 INCH OR MORE:   1
MIN  0 OR BELOW:   0    1.00 INCH OR MORE:   0

[HDD (BASE 65) ]
TOTAL THIS MO.   309    CLEAR  (SCALE 0-3)  19
DPTR FM NORMAL   -67    PTCLDY (SCALE 4-7)   5
TOTAL FM JUL 1   366    CLOUDY (SCALE 8-10)  6
DPTR FM NORMAL  -109

[CDD (BASE 65) ]
TOTAL THIS MO.     0
DPTR FM NORMAL    -1    [PRESSURE DATA]
TOTAL FM JAN 1  2273    HIGHEST SLP 30.52 ON 25
DPTR FM NORMAL   444    LOWEST  SLP 29.67 ON  1

[REMARKS]
#FINAL-11-14#




U.S. Dept. of Commerce
NOAA National Weather Service
1325 East West Highway
Silver Spring, MD 20910
E-mail: w-nws.webmaster@noaa.gov
Page last modified: May 16, 2007
NATIONAL WEATHER SERVICE: for Safety, for Work, for Fun - FOR LIFE