716
CXUS56 KSTO 251455
CF6RBL
PRELIMINARY LOCAL CLIMATOLOGICAL DATA (WS FORM: F-6)

                                          STATION:   RED BLUFF AIRPORT CA
                                          MONTH:     JANUARY
                                          YEAR:      2015
                                          LATITUDE:   40  9 N
                                          LONGITUDE: 122 15 W

  TEMPERATURE IN F:       :PCPN:    SNOW:  WIND      :SUNSHINE: SKY     :PK WND
================================================================================
1   2   3   4   5  6A  6B    7    8   9   10  11  12  13   14  15   16   17  18
                                     12Z  AVG MX 2MIN
DY MAX MIN AVG DEP HDD CDD  WTR  SNW DPTH SPD SPD DIR MIN PSBL S-S WX    SPD DR
================================================================================

 1  53  31  42  -3  23   0 0.00  0.0    0  6.0 15 330   M    M   0 1      20 340
 2  53  28  41  -4  24   0 0.00  0.0    0  3.9  9 350   M    M   0 1      11 350
 3  53  29  41  -4  24   0 0.00  0.0    0  4.5  7 340   M    M   0         9 310
 4  59  34  47   2  18   0 0.00  0.0    0  5.0 14 320   M    M   0        18 320
 5  66  35  51   6  14   0 0.00  0.0    0  4.5 12 330   M    M   0        13 150
 6  68  36  52   6  13   0 0.00  0.0    0  5.8  9 310   M    M   0 1      11 320
 7  72  38  55   9  10   0 0.00  0.0    0  5.3 13 340   M    M   0        15 330
 8  64  35  50   4  15   0 0.00  0.0    0  5.5 12 290   M    M   0        13 290
 9  63  42  53   7  12   0 0.00  0.0    0  3.8 10 340   M    M   0        13 320
10  58  42  50   4  15   0 0.00  0.0    0  3.7  8  40   M    M   1         8 320
11  62  39  51   5  14   0 0.00  0.0    0  3.8 10 340   M    M   2        13 330
12  67  42  55   9  10   0 0.00  0.0    0  6.8 16 330   M    M   3        22 330
13  67  44  56  10   9   0 0.00  0.0    0  8.1 16 350   M    M   0        21 360
14  61  37  49   3  16   0 0.00  0.0    0  3.7  9 290   M    M   3 12     12 350
15  54  38  46   0  19   0    T    M    0  4.2  8 280   M    M   3        10 310
16  52  46  49   3  16   0 0.04    M    0  4.8 10 360   M    M   9 1      12 300
17  57  47  52   6  13   0 0.00  0.0    0  3.8 13 170   M    M   9 1      15 170
18  56  49  53   7  12   0    T    M    0  4.9 16 160   M    M   8 128    19 170
19  66  39  53   6  12   0 0.00  0.0    0  6.2 14 360   M    M   1 1      16 360
20  60  37  49   2  16   0    T    M    0  2.3  7 210   M    M   4 12      M  M
21  69  38  54   7  11   0 0.00  0.0    0  6.8 16 360   M    M   0 18     20  10
22  65  38  52   5  13   0 0.00  0.0    0  4.6 12 310   M    M   2 18     14 310
23  74  41  58  11   7   0 0.00  0.0    0  8.2 16 360   M    M   0        20 350
24  79  44  62  15   3   0 0.00  0.0    0  7.9 16  10   M    M   0        21 350
================================================================================
SM 1498  929       339   0  0.04     0.0 124.1          M       45
================================================================================
AV 62.4 38.7                               5.2 FASTST   M    M   2    MAX(MPH)
                                 MISC ---->  # 16 330               # 22  330
================================================================================
NOTES:
# LAST OF SEVERAL OCCURRENCES

COLUMN 17 PEAK WIND IN M.P.H.

PRELIMINARY LOCAL CLIMATOLOGICAL DATA (WS FORM: F-6) , PAGE 2

                                          STATION:  RED BLUFF AIRPORT CA
                                          MONTH:    JANUARY
                                          YEAR:     2015
                                          LATITUDE:   40  9 N
                                          LONGITUDE: 122 15 W

[TEMPERATURE DATA]      [PRECIPITATION DATA]       SYMBOLS USED IN COLUMN 16

AVERAGE MONTHLY: 50.6   TOTAL FOR MONTH:   0.04    1 = FOG OR MIST
DPTR FM NORMAL:   4.5   DPTR FM NORMAL:   -3.91    2 = FOG REDUCING VISIBILITY
HIGHEST:    79 ON 24    GRTST 24HR  0.04 ON 16-16      TO 1/4 MILE OR LESS
LOWEST:     28 ON  2                               3 = THUNDER
                        SNOW, ICE PELLETS, HAIL    4 = ICE PELLETS
                        TOTAL MONTH:   0.0 INCH    5 = HAIL
                        GRTST 24HR     0.0         6 = FREEZING RAIN OR DRIZZLE
                        GRTST DEPTH:   0           7 = DUSTSTORM OR SANDSTORM:
                                                       VSBY 1/2 MILE OR LESS
                                                   8 = SMOKE OR HAZE
[NO. OF DAYS WITH]      [WEATHER - DAYS WITH]      9 = BLOWING SNOW
                                                   X = TORNADO
MAX 32 OR BELOW:   0    0.01 INCH OR MORE:   1
MAX 90 OR ABOVE:   0    0.10 INCH OR MORE:   0
MIN 32 OR BELOW:   3    0.50 INCH OR MORE:   0
MIN  0 OR BELOW:   0    1.00 INCH OR MORE:   0

[HDD (BASE 65) ]
TOTAL THIS MO.   339    CLEAR  (SCALE 0-3)  20
DPTR FM NORMAL  -117    PTCLDY (SCALE 4-7)   2
TOTAL FM JUL 1  1099    CLOUDY (SCALE 8-10)  2
DPTR FM NORMAL  -424

[CDD (BASE 65) ]
TOTAL THIS MO.     0
DPTR FM NORMAL     0    [PRESSURE DATA]
TOTAL FM JAN 1     0    HIGHEST SLP M ON M
DPTR FM NORMAL     0    LOWEST  SLP 29.96 ON M

[REMARKS]




U.S. Dept. of Commerce
NOAA National Weather Service
1325 East West Highway
Silver Spring, MD 20910
E-mail: w-nws.webmaster@noaa.gov
Page last modified: May 16, 2007
NATIONAL WEATHER SERVICE: for Safety, for Work, for Fun - FOR LIFE