737
CXUS56 KSTO 241455
CF6RBL
PRELIMINARY LOCAL CLIMATOLOGICAL DATA (WS FORM: F-6)

                                          STATION:   RED BLUFF AIRPORT CA
                                          MONTH:     APRIL
                                          YEAR:      2014
                                          LATITUDE:   40  9 N
                                          LONGITUDE: 122 15 W

  TEMPERATURE IN F:       :PCPN:    SNOW:  WIND      :SUNSHINE: SKY     :PK WND
================================================================================
1   2   3   4   5  6A  6B    7    8   9   10  11  12  13   14  15   16   17  18
                                     12Z  AVG MX 2MIN
DY MAX MIN AVG DEP HDD CDD  WTR  SNW DPTH SPD SPD DIR MIN PSBL S-S WX    SPD DR
================================================================================

 1  52  44  48  -8  17   0 0.12    M    0 11.5 26 170   M    M  10 18     33 170
 2  63  39  51  -5  14   0 0.00  0.0    0  3.7 10 180   M    M   2        13 330
 3  62  43  53  -3  12   0 0.00  0.0    0  6.0 18 180   M    M   5        21 180
 4  58  45  52  -4  13   0 0.01    M    0  2.3 10  90   M    M   7        16 160
 5  74  41  58   1   7   0 0.00  0.0    0  6.9 14 320   M    M   0        22  20
 6  80  48  64   7   1   0 0.00  0.0    0  8.9 17 360   M    M   0        22 340
 7  79  50  65   8   0   0 0.00  0.0    0  6.2 13 330   M    M   0        15 340
 8  82  51  67  10   0   2 0.00  0.0    0  4.1  9 180   M    M   0        11 180
 9  81  52  67  10   0   2 0.00  0.0    0  5.9 13 180   M    M   0        15 180
10  82  52  67   9   0   2 0.00  0.0    0  4.8  8 280   M    M   0        11 330
11  83  50  67   9   0   2 0.00  0.0    0  4.9 12 330   M    M   0        13 330
12  80  51  66   8   0   1 0.00  0.0    0  6.2 15 170   M    M   0        22 120
13  82  51  67   9   0   2 0.00  0.0    0 10.0 23 350   M    M   0        29 340
14  82  49  66   8   0   1 0.00  0.0    0  6.5 13 180   M    M   0        15 350
15  84  50  67   8   0   2 0.00  0.0    0  6.3 14  30   M    M   0        17 310
16  84  56  70  11   0   5 0.00  0.0    0 11.7 25 360   M    M   0        30 360
17  83  51  67   8   0   2    T  0.0    0 10.2 26 320   M    M   2        39 320
18  84  53  69   9   0   4 0.00  0.0    0  9.1 23 350   M    M   0        28 340
19  78  47  63   3   2   0 0.00  0.0    0  6.9 15 150   M    M   0        20 180
20  87  50  69   9   0   4 0.00  0.0    0  6.1 18 350   M    M   0 8      26 340
21  74  51  63   3   2   0    T  0.0    0  7.4  M   M   M    M   2         M  M
22  69  51  60  -1   5   0 0.01  0.0    0 11.6 21 310   M    M   2        27 310
23  72  42  57  -4   8   0 0.00  0.0    0  5.4 13 330   M    M   3        17 330
================================================================================
SM 1755 1117        81  29  0.14     0.0 162.6          M       33
================================================================================
AV 76.3 48.6                               7.1 FASTST   M    M   1    MAX(MPH)
                                 MISC ---->  # 26 170               # 39  320
================================================================================
NOTES:
# LAST OF SEVERAL OCCURRENCES

COLUMN 17 PEAK WIND IN M.P.H.

PRELIMINARY LOCAL CLIMATOLOGICAL DATA (WS FORM: F-6) , PAGE 2

                                          STATION:  RED BLUFF AIRPORT CA
                                          MONTH:    APRIL
                                          YEAR:     2014
                                          LATITUDE:   40  9 N
                                          LONGITUDE: 122 15 W

[TEMPERATURE DATA]      [PRECIPITATION DATA]       SYMBOLS USED IN COLUMN 16

AVERAGE MONTHLY: 62.4   TOTAL FOR MONTH:   0.14    1 = FOG OR MIST
DPTR FM NORMAL:   4.3   DPTR FM NORMAL:   -1.06    2 = FOG REDUCING VISIBILITY
HIGHEST:    87 ON 20    GRTST 24HR  0.34 ON 31- 1      TO 1/4 MILE OR LESS
LOWEST:     39 ON  2                               3 = THUNDER
                        SNOW, ICE PELLETS, HAIL    4 = ICE PELLETS
                        TOTAL MONTH:   0.0 INCH    5 = HAIL
                        GRTST 24HR     0.0         6 = FREEZING RAIN OR DRIZZLE
                        GRTST DEPTH:   0           7 = DUSTSTORM OR SANDSTORM:
                                                       VSBY 1/2 MILE OR LESS
                                                   8 = SMOKE OR HAZE
[NO. OF DAYS WITH]      [WEATHER - DAYS WITH]      9 = BLOWING SNOW
                                                   X = TORNADO
MAX 32 OR BELOW:   0    0.01 INCH OR MORE:   3
MAX 90 OR ABOVE:   0    0.10 INCH OR MORE:   1
MIN 32 OR BELOW:   0    0.50 INCH OR MORE:   0
MIN  0 OR BELOW:   0    1.00 INCH OR MORE:   0

[HDD (BASE 65) ]
TOTAL THIS MO.    81    CLEAR  (SCALE 0-3)  20
DPTR FM NORMAL   -90    PTCLDY (SCALE 4-7)   2
TOTAL FM JUL 1  1900    CLOUDY (SCALE 8-10)  1
DPTR FM NORMAL  -661

[CDD (BASE 65) ]
TOTAL THIS MO.    29
DPTR FM NORMAL    11    [PRESSURE DATA]
TOTAL FM JAN 1    29    HIGHEST SLP M ON M
DPTR FM NORMAL     8    LOWEST  SLP 29.71 ON 12

[REMARKS]




U.S. Dept. of Commerce
NOAA National Weather Service
1325 East West Highway
Silver Spring, MD 20910
E-mail: w-nws.webmaster@noaa.gov
Page last modified: May 16, 2007
NATIONAL WEATHER SERVICE: for Safety, for Work, for Fun - FOR LIFE