512
CXUS56 KMFR 011000
CF6RBG
PRELIMINARY LOCAL CLIMATOLOGICAL DATA (WS FORM: F-6)

                                          STATION:   ROSEBURG OR
                                          MONTH:     SEPTEMBER
                                          YEAR:      2014
                                          LATITUDE:   43 13 N
                                          LONGITUDE: 123 22 W

  TEMPERATURE IN F:       :PCPN:    SNOW:  WIND      :SUNSHINE: SKY     :PK WND
================================================================================
1   2   3   4   5  6A  6B    7    8   9   10  11  12  13   14  15   16   17  18
                                     12Z  AVG MX 2MIN
DY MAX MIN AVG DEP HDD CDD  WTR  SNW DPTH SPD SPD DIR MIN PSBL S-S WX    SPD DR
================================================================================

 1  89  53  71   3   0   6 0.00    M    M  4.1 17  10   M    M   0        23  20
 2  83  57  70   2   0   5 0.00    M    M  5.8 17 320   M    M   2        26 330
 3  79  53  66  -2   0   1 0.00    M    M  5.6 22  10   M    M   0        26  10
 4  88  48  68   0   0   3 0.00    M    M  5.3 18  10   M    M   0        25  10
 5  99  52  76   9   0  11 0.00    M    M  2.5 14 360   M    M   0        19 360
 6  96  53  75   8   0  10 0.00    M    M  2.4 16 330   M    M   2        21 330
 7  91  53  72   5   0   7 0.00    M    M  3.5 16  10   M    M   0 8      19  10
 8  89  53  71   4   0   6 0.00    M    M  3.2 15 330   M    M   0 8      19 320
 9  80  58  69   2   0   4 0.00    M    M  4.6 16  20   M    M   4        20  20
10  87  50  69   3   0   4 0.00    M    M  4.0 18  10   M    M   0 8      24  10
11  93  52  73   7   0   8 0.00    M    M  3.6 17  10   M    M   0        20  10
12  95  51  73   7   0   8 0.00    M    M  2.6 15 360   M    M   0        18  10
13  96  52  74   8   0   9 0.00    M    M  2.4 14 310   M    M   0 8      20 330
14  97  51  74   8   0   9 0.00    M    M  2.3 13 330   M    M   1 8      16 330
15  94  57  76  11   0  11 0.00    M    M  4.4 17 340   M    M   0        21 320
16  85  54  70   5   0   5 0.00    M    M  3.0 10  10   M    M   0 8      14 330
17  73  59  66   1   0   1    T    M    M  1.4 16  50   M    M   1        20  60
18  79  57  68   4   0   3 0.09    M    M  1.7  8  60   M    M   7 18     10 330
19  88  57  73   9   0   8 0.00    M    M  4.3 20  10   M    M   1 1      24 350
20  98  56  77  13   0  12 0.00    M    M  2.2  9  20   M    M   0        11 330
21  90  60  75  11   0  10 0.00    M    M  4.6 16 360   M    M   0        21 360
22  73  59  66   3   0   1 0.00    M    M  2.8 10  20   M    M   4        13  10
23  84  56  70   7   0   5    T    M    M  3.8 15 230   M    M   7        23 230
24  67  58  63   0   2   0 1.37    M    M  0.7  8  40   M    M   8 1       9  40
25  73  55  64   2   1   0 0.01    M    M  2.5 17 130   M    M   6 1      22 130
26  75  51  63   1   2   0 0.00    M    M  3.0 12 320   M    M   3 12     21 360
27  69  57  63   1   2   0 0.00    M    M  4.7 15  10   M    M   9        20 360
28  75  55  65   3   0   0 0.00    M    M  2.8  9 330   M    M   4        14 350
29  74  51  63   2   2   0 0.05    M    M  3.0 13 330   M    M   7 128    18 320
30  69  52  61   0   4   0    T    M    M  3.3 18 360   M    M   6 12     22 360
================================================================================
SM 2528 1630        13 147  1.52    M    100.1          M       72
================================================================================
AV 84.3 54.3                               3.3 FASTST   M    M   2    MAX(MPH)
                                 MISC ---->  # 22  10               # 26  330
================================================================================
NOTES:
# LAST OF SEVERAL OCCURRENCES

COLUMN 17 PEAK WIND IN M.P.H.

PRELIMINARY LOCAL CLIMATOLOGICAL DATA (WS FORM: F-6) , PAGE 2

                                          STATION:  ROSEBURG OR
                                          MONTH:    SEPTEMBER
                                          YEAR:     2014
                                          LATITUDE:   43 13 N
                                          LONGITUDE: 123 22 W

[TEMPERATURE DATA]      [PRECIPITATION DATA]       SYMBOLS USED IN COLUMN 16

AVERAGE MONTHLY: 69.3   TOTAL FOR MONTH:   1.52    1 = FOG OR MIST
DPTR FM NORMAL:   4.4   DPTR FM NORMAL:    0.56    2 = FOG REDUCING VISIBILITY
HIGHEST:    99 ON  5    GRTST 24HR  1.37 ON 24-24      TO 1/4 MILE OR LESS
LOWEST:     48 ON  4                               3 = THUNDER
                        SNOW, ICE PELLETS, HAIL    4 = ICE PELLETS
                        TOTAL MONTH:    M          5 = HAIL
                        GRTST 24HR    M  ON   M    6 = FREEZING RAIN OR DRIZZLE
                        GRTST DEPTH:  M  ON   M    7 = DUSTSTORM OR SANDSTORM:
                                                       VSBY 1/2 MILE OR LESS
                                                   8 = SMOKE OR HAZE
[NO. OF DAYS WITH]      [WEATHER - DAYS WITH]      9 = BLOWING SNOW
                                                   X = TORNADO
MAX 32 OR BELOW:   0    0.01 INCH OR MORE:   4
MAX 90 OR ABOVE:  10    0.10 INCH OR MORE:   1
MIN 32 OR BELOW:   0    0.50 INCH OR MORE:   1
MIN  0 OR BELOW:   0    1.00 INCH OR MORE:   1

[HDD (BASE 65) ]
TOTAL THIS MO.    13    CLEAR  (SCALE 0-3)  20
DPTR FM NORMAL   -55    PTCLDY (SCALE 4-7)   9
TOTAL FM JUL 1    20    CLOUDY (SCALE 8-10)  1
DPTR FM NORMAL   -69

[CDD (BASE 65) ]
TOTAL THIS MO.   147
DPTR FM NORMAL    82    [PRESSURE DATA]
TOTAL FM JAN 1   880    HIGHEST SLP M ON M
DPTR FM NORMAL   404    LOWEST  SLP  0.00 ON 17

[REMARKS]
#FINAL-09-14#




U.S. Dept. of Commerce
NOAA National Weather Service
1325 East West Highway
Silver Spring, MD 20910
E-mail: w-nws.webmaster@noaa.gov
Page last modified: May 16, 2007
NATIONAL WEATHER SERVICE: for Safety, for Work, for Fun - FOR LIFE