329
CXUS56 KMFR 011000
CF6RBG
PRELIMINARY LOCAL CLIMATOLOGICAL DATA (WS FORM: F-6)

                                          STATION:   ROSEBURG OR
                                          MONTH:     AUGUST
                                          YEAR:      2014
                                          LATITUDE:   43 13 N
                                          LONGITUDE: 123 22 W

  TEMPERATURE IN F:       :PCPN:    SNOW:  WIND      :SUNSHINE: SKY     :PK WND
================================================================================
1   2   3   4   5  6A  6B    7    8   9   10  11  12  13   14  15   16   17  18
                                     12Z  AVG MX 2MIN
DY MAX MIN AVG DEP HDD CDD  WTR  SNW DPTH SPD SPD DIR MIN PSBL S-S WX    SPD DR
================================================================================

 1  95  65  80   8   0  15 0.00    M    M  4.7 15 360   M    M   0        20 320
 2  92  61  77   5   0  12 0.00    M    M  4.2 18  10   M    M   0        23  10
 3  88  60  74   3   0   9 0.00    M    M  3.1 12 320   M    M   0        20  20
 4  90  64  77   6   0  12 0.00    M    M  4.3 15 330   M    M   0        20 330
 5  89  61  75   4   0  10 0.00    M    M  4.7 13 330   M    M   0        17  10
 6  91  57  74   3   0   9 0.00    M    M  4.3 16 360   M    M   0        21  40
 7  91  61  76   5   0  11 0.00    M    M  4.9 17 330   M    M   0        22 320
 8  87  57  72   1   0   7 0.00    M    M  6.0 20  10   M    M   0        24  10
 9  89  57  73   2   0   8 0.00    M    M  6.1 20  20   M    M   0        25  20
10  97  60  79   8   0  14 0.00    M    M  3.8 14  10   M    M   0        16 360
11 104  66  85  14   0  20 0.00    M    M  3.8 13 300   M    M   0        18 330
12  89  63  76   5   0  11 0.03    M    M  6.0 15 340   M    M   3 3      20 320
13  76  60  68  -3   0   3    T    M    M  4.9 15  10   M    M   8 18     19  10
14  80  63  72   2   0   7 0.00    M    M  3.7 13 330   M    M   8        18 330
15  86  65  76   6   0  11 0.00    M    M  5.0 14  10   M    M   5        19  20
16  92  58  75   5   0  10 0.00    M    M  3.4 13  10   M    M   2        17  20
17  93  61  77   7   0  12 0.00    M    M  6.1 21  10   M    M   0        24  10
18  94  64  79   9   0  14 0.00    M    M  5.3 14 290   M    M   0        19 280
19  90  64  77   7   0  12 0.00    M    M  4.5 17 330   M    M   0        23 310
20  83  62  73   3   0   8 0.00    M    M  5.0 17  10   M    M   4        21  10
21  88  54  71   1   0   6 0.00    M    M  3.6 15 360   M    M   0        21 320
22  84  63  74   4   0   9 0.00    M    M  5.8 18  10   M    M   4        22  10
23  90  56  73   4   0   8 0.00    M    M  4.9 21 360   M    M   0        26 360
24  89  59  74   5   0   9 0.00    M    M  5.2 15 340   M    M   0        21 300
25  92  57  75   6   0  10 0.00    M    M  4.6 18  10   M    M   0        21  20
26  97  61  79  10   0  14 0.00    M    M  2.6 17 320   M    M   0        22 330
27  98  61  80  11   0  15 0.00    M    M  3.1 16 330   M    M   0        20 330
28  93  61  77   8   0  12 0.00    M    M  3.6 15 320   M    M   0        20 310
29  86  58  72   4   0   7 0.00    M    M  4.7 20  10   M    M   0        25  20
30  77  57  67  -1   0   2    T    M    M  3.4 16 330   M    M   5        23 330
31  82  52  67  -1   0   2 0.00    M    M  4.0 13 330   M    M   2        19 350
================================================================================
SM 2772 1868         0 309  0.03    M    139.3          M       41
================================================================================
AV 89.4 60.3                               4.5 FASTST   M    M   1    MAX(MPH)
                                 MISC ---->  # 21  10               # 26  360
================================================================================
NOTES:
# LAST OF SEVERAL OCCURRENCES

COLUMN 17 PEAK WIND IN M.P.H.

PRELIMINARY LOCAL CLIMATOLOGICAL DATA (WS FORM: F-6) , PAGE 2

                                          STATION:  ROSEBURG OR
                                          MONTH:    AUGUST
                                          YEAR:     2014
                                          LATITUDE:   43 13 N
                                          LONGITUDE: 123 22 W

[TEMPERATURE DATA]      [PRECIPITATION DATA]       SYMBOLS USED IN COLUMN 16

AVERAGE MONTHLY: 74.8   TOTAL FOR MONTH:   0.03    1 = FOG OR MIST
DPTR FM NORMAL:   4.7   DPTR FM NORMAL:   -0.44    2 = FOG REDUCING VISIBILITY
HIGHEST:   104 ON 11    GRTST 24HR  0.03 ON 12-12      TO 1/4 MILE OR LESS
LOWEST:     52 ON 31                               3 = THUNDER
                        SNOW, ICE PELLETS, HAIL    4 = ICE PELLETS
                        TOTAL MONTH:    M          5 = HAIL
                        GRTST 24HR    M  ON   M    6 = FREEZING RAIN OR DRIZZLE
                        GRTST DEPTH:  M  ON   M    7 = DUSTSTORM OR SANDSTORM:
                                                       VSBY 1/2 MILE OR LESS
                                                   8 = SMOKE OR HAZE
[NO. OF DAYS WITH]      [WEATHER - DAYS WITH]      9 = BLOWING SNOW
                                                   X = TORNADO
MAX 32 OR BELOW:   0    0.01 INCH OR MORE:   1
MAX 90 OR ABOVE:  16    0.10 INCH OR MORE:   0
MIN 32 OR BELOW:   0    0.50 INCH OR MORE:   0
MIN  0 OR BELOW:   0    1.00 INCH OR MORE:   0

[HDD (BASE 65) ]
TOTAL THIS MO.     0    CLEAR  (SCALE 0-3)  25
DPTR FM NORMAL   -10    PTCLDY (SCALE 4-7)   6
TOTAL FM JUL 1     7    CLOUDY (SCALE 8-10)  0
DPTR FM NORMAL   -14

[CDD (BASE 65) ]
TOTAL THIS MO.   309
DPTR FM NORMAL   141    [PRESSURE DATA]
TOTAL FM JAN 1   733    HIGHEST SLP M ON M
DPTR FM NORMAL   322    LOWEST  SLP  0.00 ON 19

[REMARKS]
#FINAL-08-14#




U.S. Dept. of Commerce
NOAA National Weather Service
1325 East West Highway
Silver Spring, MD 20910
E-mail: w-nws.webmaster@noaa.gov
Page last modified: May 16, 2007
NATIONAL WEATHER SERVICE: for Safety, for Work, for Fun - FOR LIFE