852
CXUS56 KMFR 011000
CF6RBG
PRELIMINARY LOCAL CLIMATOLOGICAL DATA (WS FORM: F-6)

                                          STATION:   ROSEBURG OR
                                          MONTH:     JULY
                                          YEAR:      2014
                                          LATITUDE:   43 13 N
                                          LONGITUDE: 123 22 W

  TEMPERATURE IN F:       :PCPN:    SNOW:  WIND      :SUNSHINE: SKY     :PK WND
================================================================================
1   2   3   4   5  6A  6B    7    8   9   10  11  12  13   14  15   16   17  18
                                     12Z  AVG MX 2MIN
DY MAX MIN AVG DEP HDD CDD  WTR  SNW DPTH SPD SPD DIR MIN PSBL S-S WX    SPD DR
================================================================================

 1  97  60  79  11   0  14 0.00    M    M  4.4 15 330   M    M   0        22 290
 2  86  62  74   6   0   9 0.00    M    M  6.6 17 360   M    M   0        23  10
 3  71  58  65  -3   0   0 0.00    M    M  3.7 12 330   M    M   6        15  10
 4  85  56  71   3   0   6 0.00    M    M  4.3 13  10   M    M   3        17 340
 5  93  56  75   7   0  10 0.00    M    M  4.1 17 330   M    M   0        20 330
 6  93  56  75   6   0  10 0.00    M    M  4.5 16  10   M    M   0        21  30
 7  96  61  79  10   0  14 0.00    M    M  6.4 17  10   M    M   0        24  10
 8  91  65  78   9   0  13 0.00    M    M  5.3 18  10   M    M   1        22  10
 9  94  64  79  10   0  14 0.00    M    M  7.2 18  10   M    M   0        25  10
10  94  60  77   7   0  12 0.00    M    M  4.1 15  10   M    M   0        20  10
11  83  61  72   2   0   7    T    M    M  3.6 15  20   M    M   1        19  30
12  94  62  78   8   0  13 0.00    M    M  5.9 14 330   M    M   0        18  10
13  82  61  72   2   0   7 0.00    M    M  8.7 15 330   M    M   3 8      22 320
14  93  60  77   7   0  12 0.00    M    M  6.4 20  10   M    M   5        26  10
15  99  63  81  11   0  16 0.00    M    M  5.3 18  10   M    M   0        23  20
16  98  68  83  12   0  18 0.00    M    M  5.1 15 350   M    M   0        21  10
17  93  59  76   5   0  11 0.00    M    M  7.0 20  10   M    M   0        24  20
18  91  58  75   4   0  10 0.00    M    M  6.1 22  10   M    M   0        28  10
19  95  63  79   8   0  14 0.00    M    M  8.6 23 360   M    M   0        31  10
20  83  63  73   2   0   8 0.00    M    M  6.2 20  20   M    M   0        24  10
21  68  59  64  -7   1   0 0.02    M    M  2.1  8 360   M    M   5         9  10
22  79  62  71   0   0   6    T    M    M  4.1 10 330   M    M   5        16 320
23  67  52  60 -11   5   0 0.18    M    M  3.5 15 300   M    M   7 1      22 300
24  77  50  64  -8   1   0 0.00    M    M  5.1 18  10   M    M   3        25  10
25  86  55  71  -1   0   6 0.00    M    M  4.0 16 360   M    M   3        20  20
26  90  55  73   1   0   8 0.00    M    M  5.5 18  10   M    M   0        23  10
27  90  59  75   3   0  10 0.00    M    M  3.8 14  10   M    M   0        19  10
28 100  61  81   9   0  16 0.00    M    M  4.4 14 310   M    M   0        18 330
29  97  64  81   9   0  16 0.00    M    M  5.3 15 330   M    M   0        21 310
30  96  62  79   7   0  14 0.00    M    M  5.7 18  10   M    M   0        23  10
31  93  65  79   7   0  14 0.00    M    M  5.6 18  10   M    M   0 3      22  10
================================================================================
SM 2754 1860         7 308  0.20    M    162.6          M       42
================================================================================
AV 88.8 60.0                               5.2 FASTST   M    M   1    MAX(MPH)
                                 MISC ---->  # 23 360               # 31   10
================================================================================
NOTES:
# LAST OF SEVERAL OCCURRENCES

COLUMN 17 PEAK WIND IN M.P.H.

PRELIMINARY LOCAL CLIMATOLOGICAL DATA (WS FORM: F-6) , PAGE 2

                                          STATION:  ROSEBURG OR
                                          MONTH:    JULY
                                          YEAR:     2014
                                          LATITUDE:   43 13 N
                                          LONGITUDE: 123 22 W

[TEMPERATURE DATA]      [PRECIPITATION DATA]       SYMBOLS USED IN COLUMN 16

AVERAGE MONTHLY: 74.4   TOTAL FOR MONTH:   0.20    1 = FOG OR MIST
DPTR FM NORMAL:   4.1   DPTR FM NORMAL:   -0.22    2 = FOG REDUCING VISIBILITY
HIGHEST:   100 ON 28    GRTST 24HR  0.18 ON 23-23      TO 1/4 MILE OR LESS
LOWEST:     50 ON 24                               3 = THUNDER
                        SNOW, ICE PELLETS, HAIL    4 = ICE PELLETS
                        TOTAL MONTH:    M          5 = HAIL
                        GRTST 24HR    M  ON   M    6 = FREEZING RAIN OR DRIZZLE
                        GRTST DEPTH:  M  ON   M    7 = DUSTSTORM OR SANDSTORM:
                                                       VSBY 1/2 MILE OR LESS
                                                   8 = SMOKE OR HAZE
[NO. OF DAYS WITH]      [WEATHER - DAYS WITH]      9 = BLOWING SNOW
                                                   X = TORNADO
MAX 32 OR BELOW:   0    0.01 INCH OR MORE:   2
MAX 90 OR ABOVE:  20    0.10 INCH OR MORE:   1
MIN 32 OR BELOW:   0    0.50 INCH OR MORE:   0
MIN  0 OR BELOW:   0    1.00 INCH OR MORE:   0

[HDD (BASE 65) ]
TOTAL THIS MO.     7    CLEAR  (SCALE 0-3)  24
DPTR FM NORMAL    -4    PTCLDY (SCALE 4-7)   7
TOTAL FM JUL 1     7    CLOUDY (SCALE 8-10)  0
DPTR FM NORMAL    -4

[CDD (BASE 65) ]
TOTAL THIS MO.   308
DPTR FM NORMAL   135    [PRESSURE DATA]
TOTAL FM JAN 1   424    HIGHEST SLP M ON M
DPTR FM NORMAL   181    LOWEST  SLP  0.00 ON  1

[REMARKS]
#FINAL-07-14#




U.S. Dept. of Commerce
NOAA National Weather Service
1325 East West Highway
Silver Spring, MD 20910
E-mail: w-nws.webmaster@noaa.gov
Page last modified: May 16, 2007
NATIONAL WEATHER SERVICE: for Safety, for Work, for Fun - FOR LIFE