643
CXUS56 KMFR 011000
CF6RBG
PRELIMINARY LOCAL CLIMATOLOGICAL DATA (WS FORM: F-6)

                                          STATION:   ROSEBURG OR
                                          MONTH:     NOVEMBER
                                          YEAR:      2014
                                          LATITUDE:   43 13 N
                                          LONGITUDE: 123 22 W

  TEMPERATURE IN F:       :PCPN:    SNOW:  WIND      :SUNSHINE: SKY     :PK WND
================================================================================
1   2   3   4   5  6A  6B    7    8   9   10  11  12  13   14  15   16   17  18
                                     12Z  AVG MX 2MIN
DY MAX MIN AVG DEP HDD CDD  WTR  SNW DPTH SPD SPD DIR MIN PSBL S-S WX    SPD DR
================================================================================

 1  57  46  52   1  13   0 0.10    M    M  1.1  7 360   M    M  10 128    10  20
 2  60  44  52   2  13   0 0.00    M    M  1.3  7 130   M    M   7 12      9 130
 3  62  50  56   6   9   0 0.06    M    M  1.3  7 150   M    M   8 1       9 360
 4  64  53  59   9   6   0 0.07    M    M  2.1  7  10   M    M  10 1       8 360
 5  72  51  62  12   3   0 0.00    M    M  0.0  6 130   M    M   5 12      7 320
 6  62  49  56   7   9   0 0.11    M    M  1.2  9 310   M    M   8 128    13 270
 7  55  49  52   3  13   0 0.00    M    M  4.3 10 360   M    M  10 128    12 360
 8  64  47  56   7   9   0 0.00    M    M  1.2 10 360   M    M   6 12     12  10
 9  57  44  51   3  14   0    T    M    M  2.3 10 360   M    M   9 128    13  10
10  56  43  50   2  15   0 0.00    M    M  3.5 14 350   M    M   8 12     18 350
11  58  41  50   2  15   0 0.00    M    M  3.8 10  10   M    M   4         M  M
12  47  34  41  -7  24   0 0.01    M    M  2.9  9  10   0    0   0        10 320
13  63  38  51   4  14   0 0.62    M    M  2.1 13 160   M    M   M 1      19 210
14  57  41  49   2  16   0 0.77    M    M  6.0 17  10   M    M   M 1      20 360
15  44  39  42  -5  23   0 0.00    M    M  6.5 10 360   M    M   M 1      13 350
16  50  33  42  -5  23   0 0.00    M    M  3.4 10 360   M    M   M 12     12 360
17  48  33  41  -5  24   0 0.00    M    M  1.4  8 360   M    M   M        11  20
18  47  34  41  -5  24   0    T    M    M  1.4  7 230   M    M   M         9 240
19  52  38  45  -1  20   0 0.17    M    M  0.9  6  10   M    M  10 128     7  10
20  55  48  52   6  13   0 0.03    M    M  0.8  9 240   M    M   9 128    12 240
21  60  45  53   7  12   0 0.41    M    M  4.3 15 170   M    M  10 12     24 180
22  57  42  50   5  15   0 0.49    M    M  3.3 13 260   M    M   8 1      19 260
23  56  39  48   3  17   0 0.00    M    M  0.8  8 230   M    M   4 12     11 210
24  58  36  47   2  18   0 0.00    M    M  1.2  8 150   M    M   8 12      9 150
25  61  47  54   9  11   0 0.01    M    M  0.4  6 160   M    M   9 18      7 160
26  59  46  53   9  12   0 0.00    M    M  1.0 10 160   M    M   4 12     12 160
27  54  49  52   8  13   0 1.10    M    M  1.6 13 130   M    M   9 1      17 130
28  58  50  54  10  11   0 0.81    M    M  2.9 16 320   M    M   7 1      23 320
29  50  33  42  -2  23   0 0.05    M    M  3.2 13 330   M    M   8 12     18 340
30  47  32  40  -4  25   0 0.00    M    M  3.5  9 360   M    M   8 12     11 360
================================================================================
SM 1690 1274       457   0  4.81    M     69.7            0    179
================================================================================
AV 56.3 42.5                               2.3 FASTST    0   0   7    MAX(MPH)
                                 MISC ---->    17   M               # 24  180
================================================================================
NOTES:
# LAST OF SEVERAL OCCURRENCES

COLUMN 17 PEAK WIND IN M.P.H.

PRELIMINARY LOCAL CLIMATOLOGICAL DATA (WS FORM: F-6) , PAGE 2

                                          STATION:  ROSEBURG OR
                                          MONTH:    NOVEMBER
                                          YEAR:     2014
                                          LATITUDE:   43 13 N
                                          LONGITUDE: 123 22 W

[TEMPERATURE DATA]      [PRECIPITATION DATA]       SYMBOLS USED IN COLUMN 16

AVERAGE MONTHLY: 49.4   TOTAL FOR MONTH:   4.81    1 = FOG OR MIST
DPTR FM NORMAL:   2.5   DPTR FM NORMAL:   -1.65    2 = FOG REDUCING VISIBILITY
HIGHEST:    72 ON  5    GRTST 24HR  1.16 ON 27-28      TO 1/4 MILE OR LESS
LOWEST:     32 ON 30                               3 = THUNDER
                        SNOW, ICE PELLETS, HAIL    4 = ICE PELLETS
                        TOTAL MONTH:    M          5 = HAIL
                        GRTST 24HR    M  ON   M    6 = FREEZING RAIN OR DRIZZLE
                        GRTST DEPTH:  M  ON   M    7 = DUSTSTORM OR SANDSTORM:
                                                       VSBY 1/2 MILE OR LESS
                                                   8 = SMOKE OR HAZE
[NO. OF DAYS WITH]      [WEATHER - DAYS WITH]      9 = BLOWING SNOW
                                                   X = TORNADO
MAX 32 OR BELOW:   0    0.01 INCH OR MORE:  15
MAX 90 OR ABOVE:   0    0.10 INCH OR MORE:   9
MIN 32 OR BELOW:   1    0.50 INCH OR MORE:   4
MIN  0 OR BELOW:   0    1.00 INCH OR MORE:   1

[HDD (BASE 65) ]
TOTAL THIS MO.   457    CLEAR  (SCALE 0-3)   1
DPTR FM NORMAL   -86    PTCLDY (SCALE 4-7)  12
TOTAL FM JUL 1   590    CLOUDY (SCALE 8-10) 11
DPTR FM NORMAL  -339

[CDD (BASE 65) ]
TOTAL THIS MO.     0
DPTR FM NORMAL     0    [PRESSURE DATA]
TOTAL FM JAN 1   914    HIGHEST SLP M ON M
DPTR FM NORMAL   434    LOWEST  SLP  0.00 ON 29

[REMARKS]
#FINAL-11-14#




U.S. Dept. of Commerce
NOAA National Weather Service
1325 East West Highway
Silver Spring, MD 20910
E-mail: w-nws.webmaster@noaa.gov
Page last modified: May 16, 2007
NATIONAL WEATHER SERVICE: for Safety, for Work, for Fun - FOR LIFE