188
CXUS54 KFWD 022025
CF6RBD
PRELIMINARY LOCAL CLIMATOLOGICAL DATA (WS FORM: F-6)

                                          STATION:   DALLAS EXECUTIVE
                                          MONTH:     NOVEMBER
                                          YEAR:      2014
                                          LATITUDE:   32 40 N
                                          LONGITUDE:  96 52 W

  TEMPERATURE IN F:       :PCPN:    SNOW:  WIND      :SUNSHINE: SKY     :PK WND
================================================================================
1   2   3   4   5  6A  6B    7    8   9   10  11  12  13   14  15   16   17  18
                                     12Z  AVG MX 2MIN
DY MAX MIN AVG DEP HDD CDD  WTR  SNW DPTH SPD SPD DIR MIN PSBL S-S WX    SPD DR
================================================================================

 1  63  41  52 -10  13   0 0.00  0.0    0  8.5 20 100   M    M   0        23 110
 2  69  43  56  -6   9   0 0.00  0.0    0 11.3 18 150   M    M   1        26 180
 3  77  53  65   3   0   0 0.00  0.0    0 11.4 18 170   M    M   8        29 170
 4  71  55  63   2   2   0 0.88  0.0    0 11.1 24  10   M    M  10 1      31  20
 5  58  53  56  -5   9   0 0.18  0.0    0  5.6 14 340   M    M   8 1      17 340
 6  74  46  60   0   5   0 0.00  0.0    0  6.9 17  30   M    M   0 18     22  40
 7  68  41  55  -5  10   0 0.00  0.0    0  5.5 16 140   M    M   0        22 150
 8  71  48  60   0   5   0 0.00  0.0    0 10.4 22  10   M    M   0        27 360
 9  75  41  58  -1   7   0 0.00  0.0    0  6.0 14 180   M    M   0        21 180
10  80  52  66   7   0   1 0.00  0.0    0 10.7 22 180   M    M   0        35 170
11  68  39  54  -4  11   0 0.00  0.0    0 16.0 31 320   M    M   4        37 310
12  44  33  39 -19  26   0    T    M    0 15.2 23 340   M    M   3 4      31 360
13  40  28  34 -24  31   0 0.00  0.0    0 12.8 22 350   M    M   6        28 350
14  41  28  35 -22  30   0 0.00  0.0    0  5.1  8 130   M    M   8        12 140
15  47  39  43 -14  22   0 0.00  0.0    0 11.7 21 150   M    M  10 18     28 130
16  42  29  36 -20  29   0 0.01    M    0 12.9 23 320   M    M  10 1      30 310
17  46  25  36 -20  29   0 0.00  0.0    M 10.5 22 330   M    M   1        28 340
18  58  27  43 -13  22   0 0.00  0.0    0  5.9 15 250   M    M   0        22 260
19  67  41  54  -1  11   0 0.00  0.0    0  6.1 13 240   M    M   0        23 180
20  74  44  59   4   6   0 0.00  0.0    0  7.4 16 160   M    M   2        24 160
21  69  60  65  11   0   0 0.01  0.0    0 10.6 20 140   M    M  10 1238   25 140
22  64  57  61   7   4   0 0.45  0.0    0 10.4 22 150   M    M   9 138    31 150
23  80  50  65  11   0   0 0.00  0.0    0 11.9 31 310   M    M   2 1      40 320
24  62  43  53   0  12   0 0.00  0.0    0  8.0 16 320   M    M   0        20 280
25  65  36  51  -2  14   0 0.00  0.0    0  5.9 17 290   M    M   0        23 280
26  68  46  57   5   8   0 0.00  0.0    0  7.9 18 290   M    M   0        23 280
27  61  40  51  -1  14   0 0.00  0.0    0  5.3 13  50   M    M   0        17  40
28  71  44  58   6   7   0 0.00  0.0    0  9.2 17 180   M    M   0        30 190
29  79  57  68  17   0   3 0.00  0.0    0 11.4 20 180   M    M   0        34 180
30  81  66  74  23   0   9 0.00  0.0    0 10.2 21 200   M    M   2        34 210
================================================================================
SM 1933 1305       336  13  1.53     0.0 281.8          M       94
================================================================================
AV 64.4 43.5                               9.4 FASTST   M    M   3    MAX(MPH)
                                 MISC ---->  # 31 320               # 40  320
================================================================================
NOTES:
# LAST OF SEVERAL OCCURRENCES

COLUMN 17 PEAK WIND IN M.P.H.

PRELIMINARY LOCAL CLIMATOLOGICAL DATA (WS FORM: F-6) , PAGE 2

                                          STATION:  DALLAS EXECUTIVE
                                          MONTH:    NOVEMBER
                                          YEAR:     2014
                                          LATITUDE:   32 40 N
                                          LONGITUDE:  96 52 W

[TEMPERATURE DATA]      [PRECIPITATION DATA]       SYMBOLS USED IN COLUMN 16

AVERAGE MONTHLY: 54.0   TOTAL FOR MONTH:   1.53    1 = FOG OR MIST
DPTR FM NORMAL:  -2.6   DPTR FM NORMAL:   -1.45    2 = FOG REDUCING VISIBILITY
HIGHEST:    81 ON 30    GRTST 24HR  0.95 ON  4- 5      TO 1/4 MILE OR LESS
LOWEST:     25 ON 17                               3 = THUNDER
                        SNOW, ICE PELLETS, HAIL    4 = ICE PELLETS
                        TOTAL MONTH:   0.0 INCH    5 = HAIL
                        GRTST 24HR     0.0         6 = FREEZING RAIN OR DRIZZLE
                        GRTST DEPTH:   0           7 = DUSTSTORM OR SANDSTORM:
                                                       VSBY 1/2 MILE OR LESS
                                                   8 = SMOKE OR HAZE
[NO. OF DAYS WITH]      [WEATHER - DAYS WITH]      9 = BLOWING SNOW
                                                   X = TORNADO
MAX 32 OR BELOW:   0    0.01 INCH OR MORE:   5
MAX 90 OR ABOVE:   0    0.10 INCH OR MORE:   3
MIN 32 OR BELOW:   5    0.50 INCH OR MORE:   1
MIN  0 OR BELOW:   0    1.00 INCH OR MORE:   0

[HDD (BASE 65) ]
TOTAL THIS MO.   336    CLEAR  (SCALE 0-3)  19
DPTR FM NORMAL    60    PTCLDY (SCALE 4-7)   5
TOTAL FM JUL 1   349    CLOUDY (SCALE 8-10)  6
DPTR FM NORMAL    -3

[CDD (BASE 65) ]
TOTAL THIS MO.    13
DPTR FM NORMAL   -13    [PRESSURE DATA]
TOTAL FM JAN 1  2977    HIGHEST SLP 30.60 ON 13
DPTR FM NORMAL   411    LOWEST  SLP 29.37 ON 23

[REMARKS]
#FINAL-11-14#




U.S. Dept. of Commerce
NOAA National Weather Service
1325 East West Highway
Silver Spring, MD 20910
E-mail: w-nws.webmaster@noaa.gov
Page last modified: May 16, 2007
NATIONAL WEATHER SERVICE: for Safety, for Work, for Fun - FOR LIFE