333
CXUS54 KFWD 310730
CF6RBD
PRELIMINARY LOCAL CLIMATOLOGICAL DATA (WS FORM: F-6)

                                          STATION:   DALLAS EXECUTIVE
                                          MONTH:     JANUARY
                                          YEAR:      2015
                                          LATITUDE:   32 40 N
                                          LONGITUDE:  96 52 W

  TEMPERATURE IN F:       :PCPN:    SNOW:  WIND      :SUNSHINE: SKY     :PK WND
================================================================================
1   2   3   4   5  6A  6B    7    8   9   10  11  12  13   14  15   16   17  18
                                     12Z  AVG MX 2MIN
DY MAX MIN AVG DEP HDD CDD  WTR  SNW DPTH SPD SPD DIR MIN PSBL S-S WX    SPD DR
================================================================================

 1  38  34  36 -10  29   0 0.54    M    0  5.2  9  80   M    M  10 18     11  80
 2  43  38  41  -5  24   0 0.32    M    0  7.0 14 310   M    M  10 13     18 320
 3  55  40  48   2  17   0 0.50    M    0  6.6 15 300   M    M   5 13     19 300
 4  44  30  37  -9  28   0 0.00  0.0    0 12.7 26 320   M    M   1        33 310
 5  48  26  37  -9  28   0 0.00  0.0    0  6.4 13 180   M    M   0        20 170
 6  62  30  46   0  19   0 0.00  0.0    0  4.8 12 340   M    M   0        15 190
 7  43  24  34 -12  31   0 0.00  0.0    0 15.1 28  20   M    M   0        37  20
 8  39  17  28 -18  37   0 0.00  0.0    0  7.3 15 170   M    M   0        23 180
 9  40  30  35 -11  30   0 0.00  0.0    0  8.6 20 350   M    M   9        23  10
10  39  32  36 -10  29   0 0.12  0.0    0  6.4 12  50   M    M   9 1      15  60
11  43  34  39  -7  26   0 0.91  0.0    0  5.6 13 130   M    M  10 1      18 140
12  46  37  42  -4  23   0 0.00  0.0    0 11.2 20 350   M    M  10 128    26 350
13  41  33  37  -9  28   0 0.00  0.0    0  8.8 15 350   M    M  10 18     19 350
14  43  38  41  -6  24   0 0.00  0.0    0  6.2 10 340   M    M  10        13 340
15  57  31  44  -3  21   0 0.00  0.0    0  7.2 14 310   M    M   3        17 320
16  65  37  51   4  14   0 0.00  0.0    0  5.4 12 180   M    M   0        18 180
17  71  42  57  10   8   0 0.00  0.0    0  9.3 22 330   M    M   0        30 310
18  71  41  56   9   9   0 0.00  0.0    0  6.6 14 250   M    M   0        20 220
19  71  40  56   9   9   0 0.00  0.0    0  4.7 13 210   M    M   0        23 210
20  66  39  53   6  12   0 0.00  0.0    0  5.1 17  30   M    M   0 18     22  30
21  63  46  55   8  10   0 0.22  0.0    0 10.6 17  70   M    M   5 1      22 110
22  49  40  45  -2  20   0 1.34  0.0    0 15.3 25  50   M    M  10 18     35  50
23  54  38  46  -1  19   0 0.00  0.0    0 10.7 23 320   M    M   4        29 310
24  61  36  49   2  16   0 0.00  0.0    0  7.5 13 320   M    M   0        18 300
25  68  46  57  10   8   0 0.00  0.0    0 13.1 31 320   M    M   0        39 330
26  74  36  55   8  10   0 0.00  0.0    0  6.5 12 260   M    M   0        17 240
27  81  51  66  19   0   1 0.00  0.0    0  5.0 13 310   M    M   0        16 270
28  83  53  68  20   0   3 0.00  0.0    0  8.3 17 170   M    M   0        26 170
29  72  51  62  14   3   0 0.00  0.0    0 12.0 22 350   M    M   1        28  10
30  59  44  52   4  13   0 0.00  0.0    0  9.0 18  30   M    M   2        24  30
================================================================================
SM 1689 1114       545   4  3.95     0.0 248.2          M      109
================================================================================
AV 56.3 37.1                               8.3 FASTST   M    M   4    MAX(MPH)
                                 MISC ---->  # 31 320               # 39  330
================================================================================
NOTES:
# LAST OF SEVERAL OCCURRENCES

COLUMN 17 PEAK WIND IN M.P.H.

PRELIMINARY LOCAL CLIMATOLOGICAL DATA (WS FORM: F-6) , PAGE 2

                                          STATION:  DALLAS EXECUTIVE
                                          MONTH:    JANUARY
                                          YEAR:     2015
                                          LATITUDE:   32 40 N
                                          LONGITUDE:  96 52 W

[TEMPERATURE DATA]      [PRECIPITATION DATA]       SYMBOLS USED IN COLUMN 16

AVERAGE MONTHLY: 46.7   TOTAL FOR MONTH:   3.95    1 = FOG OR MIST
DPTR FM NORMAL:   0.0   DPTR FM NORMAL:    1.43    2 = FOG REDUCING VISIBILITY
HIGHEST:    83 ON 28    GRTST 24HR  1.55 ON 21-22      TO 1/4 MILE OR LESS
LOWEST:     17 ON  8                               3 = THUNDER
                        SNOW, ICE PELLETS, HAIL    4 = ICE PELLETS
                        TOTAL MONTH:   0.0 INCH    5 = HAIL
                        GRTST 24HR     0.0         6 = FREEZING RAIN OR DRIZZLE
                        GRTST DEPTH:   0           7 = DUSTSTORM OR SANDSTORM:
                                                       VSBY 1/2 MILE OR LESS
                                                   8 = SMOKE OR HAZE
[NO. OF DAYS WITH]      [WEATHER - DAYS WITH]      9 = BLOWING SNOW
                                                   X = TORNADO
MAX 32 OR BELOW:   0    0.01 INCH OR MORE:   7
MAX 90 OR ABOVE:   0    0.10 INCH OR MORE:   7
MIN 32 OR BELOW:   8    0.50 INCH OR MORE:   4
MIN  0 OR BELOW:   0    1.00 INCH OR MORE:   1

[HDD (BASE 65) ]
TOTAL THIS MO.   545    CLEAR  (SCALE 0-3)  18
DPTR FM NORMAL    -6    PTCLDY (SCALE 4-7)   3
TOTAL FM JUL 1  1284    CLOUDY (SCALE 8-10)  9
DPTR FM NORMAL  -165

[CDD (BASE 65) ]
TOTAL THIS MO.     4
DPTR FM NORMAL     4    [PRESSURE DATA]
TOTAL FM JAN 1     4    HIGHEST SLP M ON M
DPTR FM NORMAL     4    LOWEST  SLP 29.84 ON  3

[REMARKS]




U.S. Dept. of Commerce
NOAA National Weather Service
1325 East West Highway
Silver Spring, MD 20910
E-mail: w-nws.webmaster@noaa.gov
Page last modified: May 16, 2007
NATIONAL WEATHER SERVICE: for Safety, for Work, for Fun - FOR LIFE