991
CXUS54 KFWD 260730
CF6RBD
PRELIMINARY LOCAL CLIMATOLOGICAL DATA (WS FORM: F-6)

                                          STATION:   DALLAS EXECUTIVE
                                          MONTH:     JULY
                                          YEAR:      2014
                                          LATITUDE:   32 40 N
                                          LONGITUDE:  96 52 W

  TEMPERATURE IN F:       :PCPN:    SNOW:  WIND      :SUNSHINE: SKY     :PK WND
================================================================================
1   2   3   4   5  6A  6B    7    8   9   10  11  12  13   14  15   16   17  18
                                     12Z  AVG MX 2MIN
DY MAX MIN AVG DEP HDD CDD  WTR  SNW DPTH SPD SPD DIR MIN PSBL S-S WX    SPD DR
================================================================================

 1  92  74  83   1   0  18 0.00  0.0    0  6.7 15 160   M    M   1        24 170
 2  94  77  86   3   0  21 0.00  0.0    0  5.1 14  70   M    M   1        18  70
 3  89  73  81  -2   0  16    T  0.0    0  6.8 16 340   M    M   2 3      20  50
 4  93  73  83   0   0  18 0.00  0.0    0  5.0 14 100   M    M   1        18 120
 5  94  74  84   1   0  19 0.00  0.0    0  8.1 15 140   M    M   2 1      18 140
 6  94  74  84   1   0  19 0.00  0.0    0  5.8 13 170   M    M   0        20 170
 7  97  75  86   3   0  21 0.00  0.0    0  7.0 15 160   M    M   1        23 160
 8  97  78  88   5   0  23 0.00  0.0    0  6.1 13 160   M    M   1        20 190
 9  98  78  88   4   0  23    T  0.0    0  5.3 12 160   M    M   0        16 150
10  97  79  88   4   0  23 0.00  0.0    0  7.9 15 150   M    M   0        22 180
11  96  74  85   1   0  20 0.00  0.0    0  6.9 16 160   M    M   0        24 160
12  98  76  87   3   0  22 0.00  0.0    0  6.6 16 150   M    M   0        22 150
13 100  79  90   6   0  25 0.00  0.0    0  4.5 12 160   M    M   1        17 160
14 103  75  89   5   0  24 1.24  0.0    0  5.8 31 310   M    M   2 13     40 310
15  94  75  85   1   0  20 0.00  0.0    0  7.8 18  70   M    M   2 1      23  70
16  92  71  82  -2   0  17 0.02  0.0    0  7.3 15 140   M    M   2        20 120
17  79  70  75  -9   0  10 0.25  0.0    0  8.5 15  30   M    M   9 1      20 150
18  79  66  73 -11   0   8 0.01  0.0    0  7.8 13 350   M    M  10 1      15 340
19  79  67  73 -11   0   8 0.00  0.0    0  4.3 12  80   M    M   9 18     15  90
20  93  66  80  -5   0  15 0.00  0.0    0  6.4 13 100   M    M   2 18     18 140
21  98  73  86   1   0  21 0.00  0.0    0  6.6 15 140   M    M   3 18     18 140
22  98  76  87   2   0  22 0.00  0.0    0  6.3 13 100   M    M   0 18     22  80
23  97  73  85   0   0  20 0.01  0.0    0  3.9 24 100   M    M   0 138    32  90
24  96  72  84  -1   0  19 0.00  0.0    0  5.6 12  90   M    M   1        16 110
25 100  73  87   2   0  22 0.00  0.0    0  5.9 14 160   M    M   0 18     21 160
================================================================================
SM 2347 1841         0 474  1.53     0.0 158.0          M       50
================================================================================
AV 93.9 73.6                               6.3 FASTST   M    M   2    MAX(MPH)
                                 MISC ---->  # 31 310               # 40  310
================================================================================
NOTES:
# LAST OF SEVERAL OCCURRENCES

COLUMN 17 PEAK WIND IN M.P.H.

PRELIMINARY LOCAL CLIMATOLOGICAL DATA (WS FORM: F-6) , PAGE 2

                                          STATION:  DALLAS EXECUTIVE
                                          MONTH:    JULY
                                          YEAR:     2014
                                          LATITUDE:   32 40 N
                                          LONGITUDE:  96 52 W

[TEMPERATURE DATA]      [PRECIPITATION DATA]       SYMBOLS USED IN COLUMN 16

AVERAGE MONTHLY: 83.8   TOTAL FOR MONTH:   1.53    1 = FOG OR MIST
DPTR FM NORMAL:  -0.1   DPTR FM NORMAL:   -0.66    2 = FOG REDUCING VISIBILITY
HIGHEST:   103 ON 14    GRTST 24HR  1.24 ON 14-14      TO 1/4 MILE OR LESS
LOWEST:     66 ON 20,18                            3 = THUNDER
                        SNOW, ICE PELLETS, HAIL    4 = ICE PELLETS
                        TOTAL MONTH:   0.0 INCH    5 = HAIL
                        GRTST 24HR     0.0         6 = FREEZING RAIN OR DRIZZLE
                        GRTST DEPTH:   0           7 = DUSTSTORM OR SANDSTORM:
                                                       VSBY 1/2 MILE OR LESS
                                                   8 = SMOKE OR HAZE
[NO. OF DAYS WITH]      [WEATHER - DAYS WITH]      9 = BLOWING SNOW
                                                   X = TORNADO
MAX 32 OR BELOW:   0    0.01 INCH OR MORE:   5
MAX 90 OR ABOVE:  21    0.10 INCH OR MORE:   2
MIN 32 OR BELOW:   0    0.50 INCH OR MORE:   1
MIN  0 OR BELOW:   0    1.00 INCH OR MORE:   1

[HDD (BASE 65) ]
TOTAL THIS MO.     0    CLEAR  (SCALE 0-3)  21
DPTR FM NORMAL     0    PTCLDY (SCALE 4-7)   1
TOTAL FM JUL 1     0    CLOUDY (SCALE 8-10)  3
DPTR FM NORMAL     0

[CDD (BASE 65) ]
TOTAL THIS MO.   474
DPTR FM NORMAL     2    [PRESSURE DATA]
TOTAL FM JAN 1  1433    HIGHEST SLP M ON M
DPTR FM NORMAL   124    LOWEST  SLP 29.80 ON  1

[REMARKS]




U.S. Dept. of Commerce
NOAA National Weather Service
1325 East West Highway
Silver Spring, MD 20910
E-mail: w-nws.webmaster@noaa.gov
Page last modified: May 16, 2007
NATIONAL WEATHER SERVICE: for Safety, for Work, for Fun - FOR LIFE