411
CXUS53 KUNR 270945
CF6RAP
PRELIMINARY LOCAL CLIMATOLOGICAL DATA (WS FORM: F-6)

                                          STATION:   RAPID CITY AIRPORT SD
                                          MONTH:     AUGUST
                                          YEAR:      2014
                                          LATITUDE:   44  2 N
                                          LONGITUDE: 103  4 W

  TEMPERATURE IN F:       :PCPN:    SNOW:  WIND      :SUNSHINE: SKY     :PK WND
================================================================================
1   2   3   4   5  6A  6B    7    8   9   10  11  12  13   14  15   16   17  18
                                     12Z  AVG MX 2MIN
DY MAX MIN AVG DEP HDD CDD  WTR  SNW DPTH SPD SPD DIR MIN PSBL S-S WX    SPD DR
================================================================================

 1  89  54  72  -2   0   7    T  0.0    0  6.7 25  60   M    M   0 3      40  60
 2  88  59  74   0   0   9 0.00  0.0    0  9.2 18 350   M    M   0        23 340
 3  86  57  72  -2   0   7    T  0.0    0  6.9 18 120   M    M   1 3      23 110
 4  85  60  73  -1   0   8    T  0.0    0  7.1 16  90   M    M   2        21 120
 5  77  63  70  -4   0   5 1.75  0.0    0  7.7 24 330   M    M   8 13     28 330
 6  74  63  69  -5   0   4 0.01  0.0    0  4.9 10 120   M    M   9 1      13 130
 7  84  64  74   1   0   9 0.00  0.0    0  5.0 13 160   M    M   4 12     14 140
 8  76  59  68  -5   0   3 0.32  0.0    0  5.5 17 130   M    M   3 13     21 140
 9  84  57  71  -2   0   6 0.62  0.0    0  7.8 44 310   M    M   5 123    54 310
10  80  54  67  -6   0   2 0.00  0.0    0 10.3 18 360   M    M   4        25 360
11  79  53  66  -7   0   1 0.00  0.0    0  5.3 13 130   M    M   2        17 130
12  85  57  71  -2   0   6 0.00  0.0    0 10.1 18 170   M    M   0        25 150
13  89  61  75   3   0  10    T  0.0    0  7.5 16 130   M    M   0        21 130
14  89  65  77   5   0  12 0.09  0.0    0  7.9 23 260   M    M   2 13     30 270
15  84  63  74   2   0   9 0.07  0.0    0 11.9 20 350   M    M   2 1      26 350
16  87  60  74   2   0   9 0.00  0.0    0  8.1 21 320   M    M   0        26 330
17  81  61  71  -1   0   6 0.13  0.0    0  6.1 17 330   M    M   2 13     21  10
18  82  56  69  -3   0   4 0.00  0.0    0 12.7 29 340   M    M   0        37 350
19  85  56  71   0   0   6    T  0.0    0  5.7 14 140   M    M   0        17 140
20  89  63  76   5   0  11    T  0.0    0  8.3 23 330   M    M   2        29 340
21  81  61  71   0   0   6 0.02  0.0    0  6.3 20  20   M    M   3 3      24  20
22  77  61  69  -1   0   4    T  0.0    0  7.7 26 340   M    M   6 1      32 340
23  76  58  67  -3   0   2 0.05  0.0    0  5.9 14  90   M    M   5 1      18 120
24  75  46  61  -9   4   0 0.00  0.0    0 10.4 22 260   M    M   1        28 260
25  72  44  58 -12   7   0 0.00  0.0    0  4.9 14  30   M    M   2        16  40
26  77  52  65  -4   0   0    T  0.0    0  7.4 18 120   M    M   4        23 120
================================================================================
SM 2131 1507        11 146  3.06     0.0 197.3          M       67
================================================================================
AV 82.0 58.0                               7.6 FASTST   M    M   3    MAX(MPH)
                                 MISC ---->  # 44 310               # 54  310
================================================================================
NOTES:
# LAST OF SEVERAL OCCURRENCES

COLUMN 17 PEAK WIND IN M.P.H.

PRELIMINARY LOCAL CLIMATOLOGICAL DATA (WS FORM: F-6) , PAGE 2

                                          STATION:  RAPID CITY AIRPORT SD
                                          MONTH:    AUGUST
                                          YEAR:     2014
                                          LATITUDE:   44  2 N
                                          LONGITUDE: 103  4 W

[TEMPERATURE DATA]      [PRECIPITATION DATA]       SYMBOLS USED IN COLUMN 16

AVERAGE MONTHLY: 70.0   TOTAL FOR MONTH:   3.06    1 = FOG OR MIST
DPTR FM NORMAL:  -2.2   DPTR FM NORMAL:    1.71    2 = FOG REDUCING VISIBILITY
HIGHEST:    89 ON 20,14 GRTST 24HR  1.75 ON  5- 5      TO 1/4 MILE OR LESS
LOWEST:     44 ON 25                               3 = THUNDER
                        SNOW, ICE PELLETS, HAIL    4 = ICE PELLETS
                        TOTAL MONTH:   0.0 INCH    5 = HAIL
                        GRTST 24HR     0.0         6 = FREEZING RAIN OR DRIZZLE
                        GRTST DEPTH:   0           7 = DUSTSTORM OR SANDSTORM:
                                                       VSBY 1/2 MILE OR LESS
                                                   8 = SMOKE OR HAZE
[NO. OF DAYS WITH]      [WEATHER - DAYS WITH]      9 = BLOWING SNOW
                                                   X = TORNADO
MAX 32 OR BELOW:   0    0.01 INCH OR MORE:   9
MAX 90 OR ABOVE:   0    0.10 INCH OR MORE:   4
MIN 32 OR BELOW:   0    0.50 INCH OR MORE:   2
MIN  0 OR BELOW:   0    1.00 INCH OR MORE:   1

[HDD (BASE 65) ]
TOTAL THIS MO.    11    CLEAR  (SCALE 0-3)  17
DPTR FM NORMAL     1    PTCLDY (SCALE 4-7)   7
TOTAL FM JUL 1    33    CLOUDY (SCALE 8-10)  2
DPTR FM NORMAL     8

[CDD (BASE 65) ]
TOTAL THIS MO.   146
DPTR FM NORMAL   -54    [PRESSURE DATA]
TOTAL FM JAN 1   355    HIGHEST SLP M ON M
DPTR FM NORMAL  -194    LOWEST  SLP 29.60 ON 20

[REMARKS]




U.S. Dept. of Commerce
NOAA National Weather Service
1325 East West Highway
Silver Spring, MD 20910
E-mail: w-nws.webmaster@noaa.gov
Page last modified: May 16, 2007
NATIONAL WEATHER SERVICE: for Safety, for Work, for Fun - FOR LIFE