804
CXUS53 KUNR 300945
CF6RAP
PRELIMINARY LOCAL CLIMATOLOGICAL DATA (WS FORM: F-6)

                                          STATION:   RAPID CITY AIRPORT SD
                                          MONTH:     JANUARY
                                          YEAR:      2015
                                          LATITUDE:   44  2 N
                                          LONGITUDE: 103  4 W

  TEMPERATURE IN F:       :PCPN:    SNOW:  WIND      :SUNSHINE: SKY     :PK WND
================================================================================
1   2   3   4   5  6A  6B    7    8   9   10  11  12  13   14  15   16   17  18
                                     12Z  AVG MX 2MIN
DY MAX MIN AVG DEP HDD CDD  WTR  SNW DPTH SPD SPD DIR MIN PSBL S-S WX    SPD DR
================================================================================

 1  36   7  22  -2  43   0 0.00  0.0    3  2.4  9 200   M    M   4        13 350
 2  39  18  29   5  36   0 0.00  0.0    3  4.4 17 170   M    M   6        22 170
 3  37  -1  18  -6  47   0 0.01  0.4    2 25.2 46 340   M    M   8 19     55 350
 4   6  -4   1 -24  64   0 0.05  1.2    2 10.6 17 350   M    M   9        20 330
 5  39   4  22  -3  43   0 0.04  0.1    3 20.0 41 350   M    M   9 19     50 310
 6  18   7  13 -12  52   0 0.03  0.5    T 13.2 30 350   M    M  10 189    36 340
 7  21  -4   9 -16  56   0 0.00  0.0    1 14.7 29 170   M    M   2        34 170
 8  44   5  25   0  40   0    T  0.2    T 31.7 54 340   M    M   2 9      65 340
 9  15  -7   4 -21  61   0 0.00  0.0    T  5.0 17 350   M    M   0        19 350
10  34   4  19  -6  46   0 0.00  0.0    T  5.2 20 360   M    M   0        23 350
11  19   8  14 -11  51   0 0.00  0.0    T 11.8 21 360   M    M   6        25  10
12  22   5  14 -11  51   0    T    T    T 13.2 26 170   M    M   7        29 170
13  33  11  22  -3  43   0    T    T    T 10.7 30 350   M    M   4 1      36 350
14  36  11  24  -1  41   0 0.00  0.0    T  5.4 14 320   M    M   0        14 320
15  44  23  34   9  31   0 0.00  0.0    0  4.1 13  10   M    M   0        14 290
16  53  25  39  14  26   0    T  0.0    0  7.1 25 330   M    M   1        30 330
17  48  28  38  13  27   0 0.00  0.0    0 15.9 40 310   M    M   1        48 320
18  52  24  38  13  27   0 0.00  0.0    0  5.5 24 350   M    M   3        32 350
19  50  25  38  13  27   0 0.00  0.0    0 13.3 31 320   M    M   2        37 320
20  42  23  33   8  32   0 0.00  0.0    0 15.0 26 310   M    M   1        32 310
21  35  15  25   0  40   0    T    T    0 15.5 30 340   M    M   6 1      37 350
22  45  12  29   4  36   0 0.00  0.0    0  4.0 10 130   M    M   0        12 130
23  51  28  40  15  25   0 0.00  0.0    0 13.3 29 340   M    M   2        35 340
24  57  28  43  18  22   0    T  0.0    0 21.0 47 310   M    M   3        58 310
25  50  29  40  15  25   0 0.00  0.0    0  8.8 24 330   M    M   2        31 310
26  68  33  51  26  14   0 0.00  0.0    0  9.2 25 330   M    M   0        31 310
27  73  34  54  29  11   0 0.00  0.0    0  6.7 15 300   M    M   0        18 310
28  58  31  45  20  20   0 0.00  0.0    0 21.4 39 330   M    M   3        49 340
29  47  20  34   9  31   0 0.00  0.0    0  7.8 30 340   M    M   1        35 340
================================================================================
SM 1172  442      1068   0  0.13     2.4 342.1          M       92
================================================================================
AV 40.4 15.2                              11.8 FASTST   M    M   3    MAX(MPH)
                                 MISC ---->  # 54 340               # 65  340
================================================================================
NOTES:
# LAST OF SEVERAL OCCURRENCES

COLUMN 17 PEAK WIND IN M.P.H.

PRELIMINARY LOCAL CLIMATOLOGICAL DATA (WS FORM: F-6) , PAGE 2

                                          STATION:  RAPID CITY AIRPORT SD
                                          MONTH:    JANUARY
                                          YEAR:     2015
                                          LATITUDE:   44  2 N
                                          LONGITUDE: 103  4 W

[TEMPERATURE DATA]      [PRECIPITATION DATA]       SYMBOLS USED IN COLUMN 16

AVERAGE MONTHLY: 27.8   TOTAL FOR MONTH:   0.13    1 = FOG OR MIST
DPTR FM NORMAL:   2.9   DPTR FM NORMAL:   -0.15    2 = FOG REDUCING VISIBILITY
HIGHEST:    73 ON 27    GRTST 24HR  0.06 ON  4- 5      TO 1/4 MILE OR LESS
LOWEST:     -7 ON  9                               3 = THUNDER
                        SNOW, ICE PELLETS, HAIL    4 = ICE PELLETS
                        TOTAL MONTH:   2.4 INCHES  5 = HAIL
                        GRTST 24HR   1.2 ON   M    6 = FREEZING RAIN OR DRIZZLE
                        GRTST DEPTH:   3 ON  5, 2  7 = DUSTSTORM OR SANDSTORM:
                                                       VSBY 1/2 MILE OR LESS
                                                   8 = SMOKE OR HAZE
[NO. OF DAYS WITH]      [WEATHER - DAYS WITH]      9 = BLOWING SNOW
                                                   X = TORNADO
MAX 32 OR BELOW:   6    0.01 INCH OR MORE:   4
MAX 90 OR ABOVE:   0    0.10 INCH OR MORE:   0
MIN 32 OR BELOW:  27    0.50 INCH OR MORE:   0
MIN  0 OR BELOW:   4    1.00 INCH OR MORE:   0

[HDD (BASE 65) ]
TOTAL THIS MO.  1068    CLEAR  (SCALE 0-3)  18
DPTR FM NORMAL   -94    PTCLDY (SCALE 4-7)   8
TOTAL FM JUL 1  4006    CLOUDY (SCALE 8-10)  3
DPTR FM NORMAL   -72

[CDD (BASE 65) ]
TOTAL THIS MO.     0
DPTR FM NORMAL     0    [PRESSURE DATA]
TOTAL FM JAN 1     0    HIGHEST SLP M ON M
DPTR FM NORMAL     0    LOWEST  SLP 29.70 ON 16

[REMARKS]




U.S. Dept. of Commerce
NOAA National Weather Service
1325 East West Highway
Silver Spring, MD 20910
E-mail: w-nws.webmaster@noaa.gov
Page last modified: May 16, 2007
NATIONAL WEATHER SERVICE: for Safety, for Work, for Fun - FOR LIFE