548
CXUS53 KUNR 230945
CF6RAP
PRELIMINARY LOCAL CLIMATOLOGICAL DATA (WS FORM: F-6)

                                          STATION:   RAPID CITY AIRPORT SD
                                          MONTH:     APRIL
                                          YEAR:      2014
                                          LATITUDE:   44  2 N
                                          LONGITUDE: 103  4 W

  TEMPERATURE IN F:       :PCPN:    SNOW:  WIND      :SUNSHINE: SKY     :PK WND
================================================================================
1   2   3   4   5  6A  6B    7    8   9   10  11  12  13   14  15   16   17  18
                                     12Z  AVG MX 2MIN
DY MAX MIN AVG DEP HDD CDD  WTR  SNW DPTH SPD SPD DIR MIN PSBL S-S WX    SPD DR
================================================================================

 1  25  13  19 -21  46   0 0.13  1.7    1  8.6 16 130   M    M   9 12     18 140
 2  27  22  25 -16  40   0 0.35  4.2    3  9.4 21 130   M    M  10 12     23 130
 3  35  11  23 -18  42   0 0.00  0.0    5 14.3 32 340   M    M   4 12     37 350
 4  50  14  32  -9  33   0 0.00  0.0    2  6.8 23 120   M    M   0 1      26 130
 5  61  25  43   1  22   0 0.00  0.0    0 10.3 23  10   M    M   1        29 350
 6  57  32  45   3  20   0 0.03  0.0    0  6.6 23 300   M    M   6        29 300
 7  55  31  43   1  22   0 0.00  0.0    0 19.9 38 330   M    M   3        45 340
 8  66  25  46   4  19   0 0.00  0.0    0  4.6 12 250   M    M   0        15 150
 9  79  40  60  17   5   0 0.00  0.0    0 13.4 40 360   M    M   2        48 360
10  62  34  48   5  17   0    T  0.0    0  5.6 16 140   M    M   2        24 230
11  73  34  54  10  11   0 0.00  0.0    0 10.7 29 180   M    M   0        38 170
12  63  36  50   6  15   0    T  0.0    0 18.2 30 350   M    M   4        36 330
13  38  19  29 -15  36   0 0.01  0.1    T 21.9 31  10   M    M   8 1      39 350
14  45  16  31 -13  34   0 0.00  0.0    0 13.2 31 340   M    M   2        39 350
15  65  18  42  -3  23   0 0.02  0.0    0  8.7 33 340   M    M   3        40 340
16  47  31  39  -6  26   0    T    T    0 16.7 39 340   M    M   7 1      46 340
17  54  28  41  -5  24   0 0.00  0.0    0 14.9 25 160   M    M   5        32 150
18  77  31  54   8  11   0 0.00  0.0    0 15.0 40 340   M    M   0        51 350
19  66  39  53   7  12   0 0.00  0.0    0 10.0 40 340   M    M   0        49 340
20  74  36  55   9  10   0 0.00  0.0    0 11.6 38 330   M    M   0        45 330
21  68  41  55   8  10   0 0.00  0.0    0  6.8 13 140   M    M   0        18 130
22  76  34  55   8  10   0 0.00  0.0    0 11.4 23 180   M    M   0        26 180
================================================================================
SM 1263  610       488   0  0.54     6.0 258.6          M       66
================================================================================
AV 57.4 27.7                              11.8 FASTST   M    M   3    MAX(MPH)
                                 MISC ---->  # 40 360               # 51  350
================================================================================
NOTES:
# LAST OF SEVERAL OCCURRENCES

COLUMN 17 PEAK WIND IN M.P.H.

PRELIMINARY LOCAL CLIMATOLOGICAL DATA (WS FORM: F-6) , PAGE 2

                                          STATION:  RAPID CITY AIRPORT SD
                                          MONTH:    APRIL
                                          YEAR:     2014
                                          LATITUDE:   44  2 N
                                          LONGITUDE: 103  4 W

[TEMPERATURE DATA]      [PRECIPITATION DATA]       SYMBOLS USED IN COLUMN 16

AVERAGE MONTHLY: 42.6   TOTAL FOR MONTH:   0.54    1 = FOG OR MIST
DPTR FM NORMAL:  -1.1   DPTR FM NORMAL:   -0.61    2 = FOG REDUCING VISIBILITY
HIGHEST:    79 ON  9    GRTST 24HR  0.43 ON  1- 2      TO 1/4 MILE OR LESS
LOWEST:     11 ON  3                               3 = THUNDER
                        SNOW, ICE PELLETS, HAIL    4 = ICE PELLETS
                        TOTAL MONTH:   6.0 INCHES  5 = HAIL
                        GRTST 24HR   4.2 ON   M    6 = FREEZING RAIN OR DRIZZLE
                        GRTST DEPTH:   5 ON  3     7 = DUSTSTORM OR SANDSTORM:
                                                       VSBY 1/2 MILE OR LESS
                                                   8 = SMOKE OR HAZE
[NO. OF DAYS WITH]      [WEATHER - DAYS WITH]      9 = BLOWING SNOW
                                                   X = TORNADO
MAX 32 OR BELOW:   2    0.01 INCH OR MORE:   5
MAX 90 OR ABOVE:   0    0.10 INCH OR MORE:   2
MIN 32 OR BELOW:  14    0.50 INCH OR MORE:   0
MIN  0 OR BELOW:   0    1.00 INCH OR MORE:   0

[HDD (BASE 65) ]
TOTAL THIS MO.   488    CLEAR  (SCALE 0-3)  14
DPTR FM NORMAL    18    PTCLDY (SCALE 4-7)   6
TOTAL FM JUL 1  7138    CLOUDY (SCALE 8-10)  2
DPTR FM NORMAL   540

[CDD (BASE 65) ]
TOTAL THIS MO.     0
DPTR FM NORMAL     0    [PRESSURE DATA]
TOTAL FM JAN 1     0    HIGHEST SLP M ON M
DPTR FM NORMAL     0    LOWEST  SLP 29.48 ON 22

[REMARKS]




U.S. Dept. of Commerce
NOAA National Weather Service
1325 East West Highway
Silver Spring, MD 20910
E-mail: w-nws.webmaster@noaa.gov
Page last modified: May 16, 2007
NATIONAL WEATHER SERVICE: for Safety, for Work, for Fun - FOR LIFE