897
CXUS56 KSGX 241445
CF6RAL
PRELIMINARY LOCAL CLIMATOLOGICAL DATA (WS FORM: F-6)

                                          STATION:   RIVERSIDE MUNI AIRPORT CA
                                          MONTH:     NOVEMBER
                                          YEAR:      2014
                                          LATITUDE:   33 57 N
                                          LONGITUDE: 117 27 W

  TEMPERATURE IN F:       :PCPN:    SNOW:  WIND      :SUNSHINE: SKY     :PK WND
================================================================================
1   2   3   4   5  6A  6B    7    8   9   10  11  12  13   14  15   16   17  18
                                     12Z  AVG MX 2MIN
DY MAX MIN AVG DEP HDD CDD  WTR  SNW DPTH SPD SPD DIR MIN PSBL S-S WX    SPD DR
================================================================================

 1  64  51  58  -6   7   0 0.26  0.0    0  7.8 21 250   M    M   5 18     27 250
 2  68  47  58  -6   7   0 0.00  0.0    0  3.3 13 260   M    M   0        16 250
 3  73  46  60  -4   5   0 0.00  0.0    0  7.1 16 360   M    M   0        32 360
 4  80  57  69   5   0   4 0.00  0.0    0  8.6 17  40   M    M   0        28  40
 5  88  50  69   6   0   4 0.00  0.0    0  7.2 16  30   M    M   0        27  30
 6  92  56  74  11   0   9 0.00  0.0    0  3.4  9  40   M    M   0        12  40
 7  91  54  73  10   0   8 0.00  0.0    0  4.3 10 280   M    M   0        13 270
 8  91  54  73  11   0   8 0.00  0.0    0  3.7  8 260   M    M   0        12  50
 9  86  52  69   7   0   4 0.00  0.0    0  3.7 13 280   M    M   0 18     16 280
10  73  57  65   3   0   0 0.00  0.0    0  2.3 10 270   M    M   5 18     14 250
11  66  58  62   0   3   0 0.00  0.0    0  2.4  9 270   M    M  10 8      13 280
12  70  59  65   4   0   0 0.00  0.0    0  3.5 10 250   M    M   8        13 250
13  70  57  64   3   1   0 0.00  0.0    0  2.3 10 280   M    M   9        13 280
14  71  59  65   4   0   0    T  0.0    0  2.3  9 260   M    M   7 8      13 290
15  72  57  65   5   0   0 0.00  0.0    0  3.1 13 280   M    M   8 1      19 250
16  70  56  63   3   2   0 0.00  0.0    0  9.3 25  20   M    M   2 18     39 360
17  76  51  64   4   1   0 0.00  0.0    0  5.6 13  30   M    M   1        21 360
18  79  48  64   4   1   0 0.00  0.0    0  4.8 10  50   M    M   3        14  70
19  74  47  61   2   4   0 0.00  0.0    0  3.8 12 280   M    M   1        17 260
20  69  46  58  -1   7   0 0.00  0.0    0  4.2 12 260   M    M   3        16 260
21  72  54  63   4   2   0 0.02  0.0    0  2.6 13 250   M    M   4 13     17 250
22  73  47  60   2   5   0 0.00  0.0    0  3.1  9 270   M    M   1        12 280
23  76  49  63   5   2   0 0.00  0.0    0  8.1 21 360   M    M   2        34 350
================================================================================
SM 1744 1212        47  37  0.28     0.0 106.5          M       69
================================================================================
AV 75.8 52.7                               4.6 FASTST   M    M   3    MAX(MPH)
                                 MISC ---->  # 25  20               # 39  360
================================================================================
NOTES:
# LAST OF SEVERAL OCCURRENCES

COLUMN 17 PEAK WIND IN M.P.H.

PRELIMINARY LOCAL CLIMATOLOGICAL DATA (WS FORM: F-6) , PAGE 2

                                          STATION:  RIVERSIDE MUNI AIRPORT CA
                                          MONTH:    NOVEMBER
                                          YEAR:     2014
                                          LATITUDE:   33 57 N
                                          LONGITUDE: 117 27 W

[TEMPERATURE DATA]      [PRECIPITATION DATA]       SYMBOLS USED IN COLUMN 16

AVERAGE MONTHLY: 64.3   TOTAL FOR MONTH:   0.28    1 = FOG OR MIST
DPTR FM NORMAL:   3.0   DPTR FM NORMAL:   -0.47    2 = FOG REDUCING VISIBILITY
HIGHEST:    92 ON  6    GRTST 24HR  0.26 ON  1- 1      TO 1/4 MILE OR LESS
LOWEST:     46 ON 20, 3                            3 = THUNDER
                        SNOW, ICE PELLETS, HAIL    4 = ICE PELLETS
                        TOTAL MONTH:   0.0 INCH    5 = HAIL
                        GRTST 24HR     0.0         6 = FREEZING RAIN OR DRIZZLE
                        GRTST DEPTH:   0           7 = DUSTSTORM OR SANDSTORM:
                                                       VSBY 1/2 MILE OR LESS
                                                   8 = SMOKE OR HAZE
[NO. OF DAYS WITH]      [WEATHER - DAYS WITH]      9 = BLOWING SNOW
                                                   X = TORNADO
MAX 32 OR BELOW:   0    0.01 INCH OR MORE:   2
MAX 90 OR ABOVE:   3    0.10 INCH OR MORE:   1
MIN 32 OR BELOW:   0    0.50 INCH OR MORE:   0
MIN  0 OR BELOW:   0    1.00 INCH OR MORE:   0

[HDD (BASE 65) ]
TOTAL THIS MO.    47    CLEAR  (SCALE 0-3)  15
DPTR FM NORMAL   -62    PTCLDY (SCALE 4-7)   6
TOTAL FM JUL 1    48    CLOUDY (SCALE 8-10)  2
DPTR FM NORMAL   -96

[CDD (BASE 65) ]
TOTAL THIS MO.    37
DPTR FM NORMAL    13    [PRESSURE DATA]
TOTAL FM JAN 1  2332    HIGHEST SLP M ON M
DPTR FM NORMAL   579    LOWEST  SLP 29.80 ON  9

[REMARKS]




U.S. Dept. of Commerce
NOAA National Weather Service
1325 East West Highway
Silver Spring, MD 20910
E-mail: w-nws.webmaster@noaa.gov
Page last modified: May 16, 2007
NATIONAL WEATHER SERVICE: for Safety, for Work, for Fun - FOR LIFE