207
CXUS56 KSGX 231445
CF6RAL
PRELIMINARY LOCAL CLIMATOLOGICAL DATA (WS FORM: F-6)

                                          STATION:   RIVERSIDE MUNI AIRPORT CA
                                          MONTH:     APRIL
                                          YEAR:      2014
                                          LATITUDE:   33 57 N
                                          LONGITUDE: 117 27 W

  TEMPERATURE IN F:       :PCPN:    SNOW:  WIND      :SUNSHINE: SKY     :PK WND
================================================================================
1   2   3   4   5  6A  6B    7    8   9   10  11  12  13   14  15   16   17  18
                                     12Z  AVG MX 2MIN
DY MAX MIN AVG DEP HDD CDD  WTR  SNW DPTH SPD SPD DIR MIN PSBL S-S WX    SPD DR
================================================================================

 1  64  49  57  -3   8   0 0.07  0.0    0  9.0 21 230   M    M   6        27 250
 2  62  46  54  -7  11   0 0.07  0.0    0  6.0 22 250   M    M   6 13     29 240
 3  71  43  57  -4   8   0 0.00  0.0    0  4.4 16 280   M    M   0        21 250
 4  66  49  58  -3   7   0 0.00  0.0    0  4.3 16 260   M    M   3        22 250
 5  70  45  58  -3   7   0 0.00  0.0    0  4.6 21 250   M    M   2 8      27 250
 6  85  46  66   5   0   1 0.00  0.0    0  6.8 20  30   M    M   0        30  10
 7  93  50  72  11   0   7 0.00  0.0    0  5.7 18 280   M    M   0        24 280
 8  94  56  75  13   0  10 0.00  0.0    0  4.9 14 240   M    M   3        19 270
 9  94  56  75  13   0  10 0.00  0.0    0  5.0 17 250   M    M   3        21 250
10  91  52  72  10   0   7 0.00  0.0    0  4.7 14 280   M    M   0        19 270
11  87  55  71   9   0   6 0.00  0.0    0  5.8 21 280   M    M   0        27 280
12  72  52  62   0   3   0 0.00  0.0    0  5.6 16 270   M    M   4 1      30 300
13  72  55  64   2   1   0 0.00  0.0    0  5.9 15 270   M    M   5        20 250
14  90  50  70   8   0   5 0.00  0.0    0  4.4 15 270   M    M   0        20 280
15  85  54  70   7   0   5 0.00  0.0    0  5.6 16 280   M    M   0        22 280
16  81  51  66   3   0   1 0.00  0.0    0  4.6 15 280   M    M   2 18     20 280
17  78  53  66   3   0   1 0.00  0.0    0  5.5 16 270   M    M   4 18     22 270
18  74  59  67   4   0   2 0.00  0.0    0  4.8 16 260   M    M   5        22 280
19  80  53  67   4   0   2 0.00  0.0    0  4.1 14 270   M    M   0        20 250
20  85  54  70   6   0   5 0.00  0.0    0  4.6 17 280   M    M   0        23 260
21  89  55  72   8   0   7 0.00  0.0    0  5.5 18 280   M    M   0        24 280
22  74  56  65   1   0   0 0.00  0.0    0  4.6 17 280   M    M   4 18     24 280
================================================================================
SM 1757 1139        45  69  0.14     0.0 116.4          M       47
================================================================================
AV 79.9 51.8                               5.3 FASTST   M    M   2    MAX(MPH)
                                 MISC ---->  # 22 250               # 30   10
================================================================================
NOTES:
# LAST OF SEVERAL OCCURRENCES

COLUMN 17 PEAK WIND IN M.P.H.

PRELIMINARY LOCAL CLIMATOLOGICAL DATA (WS FORM: F-6) , PAGE 2

                                          STATION:  RIVERSIDE MUNI AIRPORT CA
                                          MONTH:    APRIL
                                          YEAR:     2014
                                          LATITUDE:   33 57 N
                                          LONGITUDE: 117 27 W

[TEMPERATURE DATA]      [PRECIPITATION DATA]       SYMBOLS USED IN COLUMN 16

AVERAGE MONTHLY: 65.8   TOTAL FOR MONTH:   0.14    1 = FOG OR MIST
DPTR FM NORMAL:   3.7   DPTR FM NORMAL:   -0.43    2 = FOG REDUCING VISIBILITY
HIGHEST:    94 ON  9, 8 GRTST 24HR  0.14 ON  1- 2      TO 1/4 MILE OR LESS
LOWEST:     43 ON  3                               3 = THUNDER
                        SNOW, ICE PELLETS, HAIL    4 = ICE PELLETS
                        TOTAL MONTH:   0.0 INCH    5 = HAIL
                        GRTST 24HR     0.0         6 = FREEZING RAIN OR DRIZZLE
                        GRTST DEPTH:   0           7 = DUSTSTORM OR SANDSTORM:
                                                       VSBY 1/2 MILE OR LESS
                                                   8 = SMOKE OR HAZE
[NO. OF DAYS WITH]      [WEATHER - DAYS WITH]      9 = BLOWING SNOW
                                                   X = TORNADO
MAX 32 OR BELOW:   0    0.01 INCH OR MORE:   2
MAX 90 OR ABOVE:   5    0.10 INCH OR MORE:   0
MIN 32 OR BELOW:   0    0.50 INCH OR MORE:   0
MIN  0 OR BELOW:   0    1.00 INCH OR MORE:   0

[HDD (BASE 65) ]
TOTAL THIS MO.    45    CLEAR  (SCALE 0-3)  15
DPTR FM NORMAL   -43    PTCLDY (SCALE 4-7)   7
TOTAL FM JUL 1   782    CLOUDY (SCALE 8-10)  0
DPTR FM NORMAL  -619

[CDD (BASE 65) ]
TOTAL THIS MO.    69
DPTR FM NORMAL    43    [PRESSURE DATA]
TOTAL FM JAN 1   128    HIGHEST SLP M ON M
DPTR FM NORMAL    81    LOWEST  SLP 29.78 ON 16

[REMARKS]




U.S. Dept. of Commerce
NOAA National Weather Service
1325 East West Highway
Silver Spring, MD 20910
E-mail: w-nws.webmaster@noaa.gov
Page last modified: May 16, 2007
NATIONAL WEATHER SERVICE: for Safety, for Work, for Fun - FOR LIFE