383
CXUS56 KSGX 301445
CF6RAL
PRELIMINARY LOCAL CLIMATOLOGICAL DATA (WS FORM: F-6)

                                          STATION:   RIVERSIDE MUNI AIRPORT CA
                                          MONTH:     AUGUST
                                          YEAR:      2014
                                          LATITUDE:   33 57 N
                                          LONGITUDE: 117 27 W

  TEMPERATURE IN F:       :PCPN:    SNOW:  WIND      :SUNSHINE: SKY     :PK WND
================================================================================
1   2   3   4   5  6A  6B    7    8   9   10  11  12  13   14  15   16   17  18
                                     12Z  AVG MX 2MIN
DY MAX MIN AVG DEP HDD CDD  WTR  SNW DPTH SPD SPD DIR MIN PSBL S-S WX    SPD DR
================================================================================

 1 100  67  84   4   0  19 0.00  0.0    0  4.7 17 260   M    M   0        21 270
 2  86  69  78  -2   0  13 0.03  0.0    0  3.6 18 110   M    M   4 18     25 100
 3  92  73  83   3   0  18 0.02  0.0    0  5.0 20 280   M    M   8 138    26  30
 4  92  68  80   0   0  15    T  0.0    0  3.5 17 280   M    M   2 18     22 280
 5  93  61  77  -3   0  12 0.00  0.0    0  5.0 17 260   M    M   0        24 280
 6  88  61  75  -5   0  10 0.00  0.0    0  5.4 16 270   M    M   1 18     24 280
 7  87  61  74  -6   0   9 0.00  0.0    0  4.8 15 270   M    M   1 18     21 250
 8  90  62  76  -4   0  11 0.00  0.0    0  5.6 16 270   M    M   3 18     23 270
 9  92  63  78  -2   0  13 0.00  0.0    0  5.2 18 280   M    M   0 18     25 280
10  95  64  80   0   0  15 0.00  0.0    0  4.1 16 280   M    M   0 18     25 270
11  97  68  83   3   0  18 0.00  0.0    0  4.9 16 260   M    M   2        21 280
12  94  68  81   1   0  16 0.00  0.0    0  5.5 17 270   M    M   2        25 280
13  93  64  79  -1   0  14 0.00  0.0    0  5.5 16 270   M    M   0        21 270
14  96  64  80   0   0  15 0.00  0.0    0  4.4 17 280   M    M   0        24 270
15  98  66  82   2   0  17 0.00  0.0    0  4.8 20 250   M    M   0        24 250
16  99  67  83   3   0  18 0.00  0.0    0  4.1 16 260   M    M   0        23 280
17  98  68  83   3   0  18 0.00  0.0    0  3.6 15 280   M    M   0        21 270
18  99  67  83   4   0  18 0.00  0.0    0  6.1 17 270   M    M   1        24 280
19  87  65  76  -3   0  11 0.00  0.0    0  5.2 17 270   M    M   3        24 280
20  84  63  74  -5   0   9 0.09  0.0    0  3.0 13 100   M    M   4 38     18  80
21  92  64  78  -1   0  13 0.00  0.0    0  3.8 17 270   M    M   1        24 280
22  89  67  78  -1   0  13 0.00  0.0    0  4.8 15 280   M    M   0        22 280
23  90  62  76  -3   0  11 0.00  0.0    0  3.9 15 270   M    M   0 18     21 280
24  91  63  77  -2   0  12 0.00  0.0    0  4.8 17 270   M    M   2 18     23 270
25  88  64  76  -3   0  11 0.00  0.0    0  4.4 15 280   M    M   2        20 280
26  93  65  79   0   0  14 0.00  0.0    0  4.2 17 280   M    M   1        25 280
27  97  67  82   3   0  17 0.00  0.0    0  4.1 18 260   M    M   0        23 250
28  99  67  83   4   0  18 0.00  0.0    0  5.3 23 250   M    M   0        30 250
29 100  67  84   5   0  19 0.00  0.0    0  3.7 16 270   M    M   0        21 270
================================================================================
SM 2699 1895         0 417  0.14     0.0 133.0          M       37
================================================================================
AV 93.1 65.3                               4.6 FASTST   M    M   1    MAX(MPH)
                                 MISC ---->  # 23 250               # 30  250
================================================================================
NOTES:
# LAST OF SEVERAL OCCURRENCES

COLUMN 17 PEAK WIND IN M.P.H.

PRELIMINARY LOCAL CLIMATOLOGICAL DATA (WS FORM: F-6) , PAGE 2

                                          STATION:  RIVERSIDE MUNI AIRPORT CA
                                          MONTH:    AUGUST
                                          YEAR:     2014
                                          LATITUDE:   33 57 N
                                          LONGITUDE: 117 27 W

[TEMPERATURE DATA]      [PRECIPITATION DATA]       SYMBOLS USED IN COLUMN 16

AVERAGE MONTHLY: 79.2   TOTAL FOR MONTH:   0.14    1 = FOG OR MIST
DPTR FM NORMAL:  -0.4   DPTR FM NORMAL:    0.06    2 = FOG REDUCING VISIBILITY
HIGHEST:   100 ON 29, 1 GRTST 24HR  0.09 ON 20-20      TO 1/4 MILE OR LESS
LOWEST:     61 ON  7, 6                            3 = THUNDER
                        SNOW, ICE PELLETS, HAIL    4 = ICE PELLETS
                        TOTAL MONTH:   0.0 INCH    5 = HAIL
                        GRTST 24HR     0.0         6 = FREEZING RAIN OR DRIZZLE
                        GRTST DEPTH:   0           7 = DUSTSTORM OR SANDSTORM:
                                                       VSBY 1/2 MILE OR LESS
                                                   8 = SMOKE OR HAZE
[NO. OF DAYS WITH]      [WEATHER - DAYS WITH]      9 = BLOWING SNOW
                                                   X = TORNADO
MAX 32 OR BELOW:   0    0.01 INCH OR MORE:   3
MAX 90 OR ABOVE:  22    0.10 INCH OR MORE:   0
MIN 32 OR BELOW:   0    0.50 INCH OR MORE:   0
MIN  0 OR BELOW:   0    1.00 INCH OR MORE:   0

[HDD (BASE 65) ]
TOTAL THIS MO.     0    CLEAR  (SCALE 0-3)  25
DPTR FM NORMAL     0    PTCLDY (SCALE 4-7)   4
TOTAL FM JUL 1     0    CLOUDY (SCALE 8-10)  0
DPTR FM NORMAL     0

[CDD (BASE 65) ]
TOTAL THIS MO.   417
DPTR FM NORMAL    -4    [PRESSURE DATA]
TOTAL FM JAN 1  1558    HIGHEST SLP M ON M
DPTR FM NORMAL   325    LOWEST  SLP 29.77 ON 18

[REMARKS]




U.S. Dept. of Commerce
NOAA National Weather Service
1325 East West Highway
Silver Spring, MD 20910
E-mail: w-nws.webmaster@noaa.gov
Page last modified: May 16, 2007
NATIONAL WEATHER SERVICE: for Safety, for Work, for Fun - FOR LIFE