425
CXUS56 KSGX 011445
CF6RAL
PRELIMINARY LOCAL CLIMATOLOGICAL DATA (WS FORM: F-6)

                                          STATION:   RIVERSIDE MUNI AIRPORT CA
                                          MONTH:     SEPTEMBER
                                          YEAR:      2014
                                          LATITUDE:   33 57 N
                                          LONGITUDE: 117 27 W

  TEMPERATURE IN F:       :PCPN:    SNOW:  WIND      :SUNSHINE: SKY     :PK WND
================================================================================
1   2   3   4   5  6A  6B    7    8   9   10  11  12  13   14  15   16   17  18
                                     12Z  AVG MX 2MIN
DY MAX MIN AVG DEP HDD CDD  WTR  SNW DPTH SPD SPD DIR MIN PSBL S-S WX    SPD DR
================================================================================

 1  96  64  80   1   0  15 0.00  0.0    0  3.9 15 270   M    M   0 8      22 250
 2  94  64  79   1   0  14 0.00  0.0    0  5.1 16 260   M    M   2 18     26 250
 3  90  66  78   0   0  13 0.00  0.0    0  5.3 16 280   M    M   3 18     22 270
 4  88  65  77  -1   0  12 0.00  0.0    0  3.9 15 270   M    M   4 8      21 280
 5  96  62  79   1   0  14 0.00  0.0    0  4.6 17 250   M    M   0 18     22 250
 6 101  68  85   7   0  20 0.00  0.0    0  4.3 18 260   M    M   0        23 270
 7  99  71  85   7   0  20 0.22  0.0    0  4.5 26  80   M    M   2 3      40  80
 8  86  69  78   0   0  13 0.01  0.0    0  3.0  9 140   M    M   9        13 270
 9  92  68  80   2   0  15 0.00  0.0    0  4.3 16 250   M    M   2        22 270
10  99  62  81   4   0  16 0.00  0.0    0  3.5 17 260   M    M   0        24 270
11  99  66  83   6   0  18 0.00  0.0    0  4.2 20 250   M    M   0        26 250
12 102  68  85   8   0  20 0.00  0.0    0  3.6 16 260   M    M   0        23 280
13 105  69  87  10   0  22 0.00  0.0    0  4.6 20 260   M    M   0        25 250
14 108  72  90  13   0  25 0.00  0.0    0  5.4 21 260   M    M   0        25 270
15 108  74  91  15   0  26 0.00  0.0    0  5.4 21 250   M    M   0        26 250
16 108  75  92  16   0  27 0.00  0.0    0  4.1 26 150   M    M   1 3      34 160
17 100  75  88  12   0  23 0.00  0.0    0  6.0 20 260   M    M   0        27 250
18  86  68  77   1   0  12 0.00  0.0    0  5.8 16 280   M    M   0        23 280
19  85  68  77   1   0  12 0.00  0.0    0  4.4 15 250   M    M   4        19 280
20  82  64  73  -2   0   8 0.00  0.0    0  4.8 14 270   M    M   2        19 250
21  85  64  75   0   0  10 0.00  0.0    0  3.5 13 250   M    M   4        17 300
22  90  61  76   1   0  11 0.00  0.0    0  3.6 16 260   M    M   0        20 260
23  97  62  80   5   0  15 0.00  0.0    0  3.5 14 280   M    M   0        19 280
24 100  65  83   9   0  18 0.00  0.0    0  3.9 15 250   M    M   0        20 250
25  96  67  82   8   0  17 0.00  0.0    0  4.0 17 260   M    M   0        24 250
26  88  65  77   3   0  12 0.00  0.0    0  5.3 20 280   M    M   1        28 280
27  79  59  69  -5   0   4 0.00  0.0    0  4.9 17 240   M    M   2        23 260
28  79  58  69  -4   0   4 0.00  0.0    0  4.0 16 280   M    M   2        22 280
29  84  58  71  -2   0   6 0.00  0.0    0  3.7 13 240   M    M   1        17 250
30  90  59  75   2   0  10 0.00  0.0    0  4.1 17 250   M    M   0        22 250
================================================================================
SM 2812 1976         0 452  0.23     0.0 131.2          M       39
================================================================================
AV 93.7 65.9                               4.4 FASTST   M    M   1    MAX(MPH)
                                 MISC ---->  # 26  80               # 40   80
================================================================================
NOTES:
# LAST OF SEVERAL OCCURRENCES

COLUMN 17 PEAK WIND IN M.P.H.

PRELIMINARY LOCAL CLIMATOLOGICAL DATA (WS FORM: F-6) , PAGE 2

                                          STATION:  RIVERSIDE MUNI AIRPORT CA
                                          MONTH:    SEPTEMBER
                                          YEAR:     2014
                                          LATITUDE:   33 57 N
                                          LONGITUDE: 117 27 W

[TEMPERATURE DATA]      [PRECIPITATION DATA]       SYMBOLS USED IN COLUMN 16

AVERAGE MONTHLY: 79.8   TOTAL FOR MONTH:   0.23    1 = FOG OR MIST
DPTR FM NORMAL:   3.7   DPTR FM NORMAL:   -0.02    2 = FOG REDUCING VISIBILITY
HIGHEST:   108 ON 16,15 GRTST 24HR  0.23 ON  7- 8      TO 1/4 MILE OR LESS
LOWEST:     58 ON 29,28                            3 = THUNDER
                        SNOW, ICE PELLETS, HAIL    4 = ICE PELLETS
                        TOTAL MONTH:   0.0 INCH    5 = HAIL
                        GRTST 24HR     0.0         6 = FREEZING RAIN OR DRIZZLE
                        GRTST DEPTH:   0           7 = DUSTSTORM OR SANDSTORM:
                                                       VSBY 1/2 MILE OR LESS
                                                   8 = SMOKE OR HAZE
[NO. OF DAYS WITH]      [WEATHER - DAYS WITH]      9 = BLOWING SNOW
                                                   X = TORNADO
MAX 32 OR BELOW:   0    0.01 INCH OR MORE:   2
MAX 90 OR ABOVE:  20    0.10 INCH OR MORE:   1
MIN 32 OR BELOW:   0    0.50 INCH OR MORE:   0
MIN  0 OR BELOW:   0    1.00 INCH OR MORE:   0

[HDD (BASE 65) ]
TOTAL THIS MO.     0    CLEAR  (SCALE 0-3)  26
DPTR FM NORMAL    -2    PTCLDY (SCALE 4-7)   3
TOTAL FM JUL 1     0    CLOUDY (SCALE 8-10)  1
DPTR FM NORMAL    -2

[CDD (BASE 65) ]
TOTAL THIS MO.   452
DPTR FM NORMAL   118    [PRESSURE DATA]
TOTAL FM JAN 1  2043    HIGHEST SLP 29.98 ON 21
DPTR FM NORMAL   451    LOWEST  SLP 29.63 ON 16

[REMARKS]
#FINAL-09-14#




U.S. Dept. of Commerce
NOAA National Weather Service
1325 East West Highway
Silver Spring, MD 20910
E-mail: w-nws.webmaster@noaa.gov
Page last modified: May 16, 2007
NATIONAL WEATHER SERVICE: for Safety, for Work, for Fun - FOR LIFE