121
CXUS53 KMKX 220658
CF6RAC
PRELIMINARY LOCAL CLIMATOLOGICAL DATA (WS FORM: F-6)

                                          STATION:   RACINE WI
                                          MONTH:     SEPTEMBER
                                          YEAR:      2014
                                          LATITUDE:   42 45 N
                                          LONGITUDE:  87 49 W

  TEMPERATURE IN F:       :PCPN:    SNOW:  WIND      :SUNSHINE: SKY     :PK WND
================================================================================
1   2   3   4   5  6A  6B    7    8   9   10  11  12  13   14  15   16   17  18
                                     12Z  AVG MX 2MIN
DY MAX MIN AVG DEP HDD CDD  WTR  SNW DPTH SPD SPD DIR MIN PSBL S-S WX    SPD DR
================================================================================

 1  83  67  75   7   0  10 0.24  0.0    0  9.3 20 320   M    M   4 138    29 310
 2  81  61  71   4   0   6 0.00  0.0    0  5.0 15 280   M    M   1        22 250
 3  80  60  70   3   0   5 0.00  0.0    0  8.3 17 150   M    M   0        22 150
 4  85  69  77  10   0  12 0.92  0.0    0 11.5 24 210   M    M   3 138    36 210
 5  84  63  74   8   0   9 0.05  0.0    0  8.8 17 210   M    M   4 3      23 210
 6  74  57  66   0   0   1 0.00  0.0    0  6.8 14  20   M    M   1        17 350
 7  76  54  65  -1   0   0 0.00  0.0    0  5.2 14 150   M    M   0 8      16 140
 8  77  56  67   1   0   2 0.00    M    M  7.9 17 160   M    M   0        22 140
 9  76  60  68   3   0   3 0.00    M    M  7.8 18 170   M    M   1        23 160
10  80  52  66   1   0   1 0.62    M    M 13.1 23 310   M    M  10 1      33 180
11  52  47  50 -14  15   0 0.00  0.0    0  9.3 16 330   M    M  10        23 330
12  51  42  47 -17  18   0 0.20  0.0    0 10.4 18 360   M    M  10 1      24  10
13  57  40  49 -15  16   0 0.00  0.0    0  5.9 15 340   M    M   4        21 340
14  64  47  56  -7   9   0 0.00  0.0    0  6.6 16 220   M    M   5        21 260
15  63  47  55  -8  10   0 0.07    M    0  6.0 16 360   M    M   6 1      22 360
16  63  44  54  -9  11   0 0.00  0.0    0  5.8 10 100   M    M   0        20 230
17  69  47  58  -4   7   0 0.00  0.0    0  5.9 13 160   M    M   1 1      16 140
18  60  50  55  -7  10   0 0.00    M    M  8.8 16  30   M    M   8 1      22 360
19  70  50  60  -1   5   0 0.00    M    M 10.9 21 160   M    M   0 12     29 160
20  79  63  71  10   0   6 0.49    M    M 11.3 24 300   M    M   1 13     33 290
21  64  48  56  -5   9   0 0.02    M    M 11.4 23  10   M    M   5 1      30 320
================================================================================
SM 1488 1124       110  55  2.61     0.0 176.0          M       74
================================================================================
AV 70.9 53.5                               8.4 FASTST   M    M   4    MAX(MPH)
                                 MISC ---->  # 24 210               # 36  210
================================================================================
NOTES:
# LAST OF SEVERAL OCCURRENCES

COLUMN 17 PEAK WIND IN M.P.H.

PRELIMINARY LOCAL CLIMATOLOGICAL DATA (WS FORM: F-6) , PAGE 2

                                          STATION:  RACINE WI
                                          MONTH:    SEPTEMBER
                                          YEAR:     2014
                                          LATITUDE:   42 45 N
                                          LONGITUDE:  87 49 W

[TEMPERATURE DATA]      [PRECIPITATION DATA]       SYMBOLS USED IN COLUMN 16

AVERAGE MONTHLY: 62.2   TOTAL FOR MONTH:   2.61    1 = FOG OR MIST
DPTR FM NORMAL:  -2.1   DPTR FM NORMAL:    0.07    2 = FOG REDUCING VISIBILITY
HIGHEST:    85 ON  4    GRTST 24HR  0.92 ON  4- 4      TO 1/4 MILE OR LESS
LOWEST:     40 ON 13                               3 = THUNDER
                        SNOW, ICE PELLETS, HAIL    4 = ICE PELLETS
                        TOTAL MONTH:   0.0 INCH    5 = HAIL
                        GRTST 24HR     0.0         6 = FREEZING RAIN OR DRIZZLE
                        GRTST DEPTH:   0           7 = DUSTSTORM OR SANDSTORM:
                                                       VSBY 1/2 MILE OR LESS
                                                   8 = SMOKE OR HAZE
[NO. OF DAYS WITH]      [WEATHER - DAYS WITH]      9 = BLOWING SNOW
                                                   X = TORNADO
MAX 32 OR BELOW:   0    0.01 INCH OR MORE:   8
MAX 90 OR ABOVE:   0    0.10 INCH OR MORE:   5
MIN 32 OR BELOW:   0    0.50 INCH OR MORE:   2
MIN  0 OR BELOW:   0    1.00 INCH OR MORE:   0

[HDD (BASE 65) ]
TOTAL THIS MO.   110    CLEAR  (SCALE 0-3)  11
DPTR FM NORMAL    50    PTCLDY (SCALE 4-7)   7
TOTAL FM JUL 1   137    CLOUDY (SCALE 8-10)  3
DPTR FM NORMAL    56

[CDD (BASE 65) ]
TOTAL THIS MO.    55
DPTR FM NORMAL     9    [PRESSURE DATA]
TOTAL FM JAN 1   425    HIGHEST SLP M ON M
DPTR FM NORMAL  -141    LOWEST  SLP 29.46 ON 10

[REMARKS]




U.S. Dept. of Commerce
NOAA National Weather Service
1325 East West Highway
Silver Spring, MD 20910
E-mail: w-nws.webmaster@noaa.gov
Page last modified: May 16, 2007
NATIONAL WEATHER SERVICE: for Safety, for Work, for Fun - FOR LIFE