159
CXUS53 KMKX 240649
CF6RAC
PRELIMINARY LOCAL CLIMATOLOGICAL DATA (WS FORM: F-6)

                                          STATION:   RACINE WI
                                          MONTH:     APRIL
                                          YEAR:      2014
                                          LATITUDE:   42 45 N
                                          LONGITUDE:  87 49 W

  TEMPERATURE IN F:       :PCPN:    SNOW:  WIND      :SUNSHINE: SKY     :PK WND
================================================================================
1   2   3   4   5  6A  6B    7    8   9   10  11  12  13   14  15   16   17  18
                                     12Z  AVG MX 2MIN
DY MAX MIN AVG DEP HDD CDD  WTR  SNW DPTH SPD SPD DIR MIN PSBL S-S WX    SPD DR
================================================================================

 1  52  31  42   2  23   0 0.00    M    M 12.7 25 260   M    M   4        38 220
 2  40  26  33  -7  32   0 0.00    M    M  9.9 18  30   M    M   2        23  40
 3  38  34  36  -5  29   0    T    M    M 14.8 24  70   M    M  10        31  80
 4  43  32  38  -3  27   0 0.01    M    M 13.7 25 290   M    M   9 12     35 290
 5  45  29  37  -5  28   0 0.00    M    M  9.1 18 150   M    M   1        22 150
 6  52  31  42   0  23   0 0.00    M    M 10.3 20 160   M    M   2        24 170
 7  54  31  43   1  22   0 0.00  0.0    0  4.4 12  50   M    M   4        18  60
 8  59  37  48   6  17   0 0.11    M    0  7.0 13  40   M    M   6 18     16  30
 9  57  29  43   0  22   0 0.00  0.0    0  8.3 20 220   M    M   1        27 210
10  66  44  55  12  10   0 0.00    M    M 11.9 23 220   M    M   1        33 230
11  66  34  50   7  15   0 0.00    M    M  7.7 20 150   M    M   2        28 290
12  57  38  48   4  17   0 0.31    M    M  6.6 24  10   M    M   4 13     33  10
13  54  37  46   2  19   0 0.91    M    M 10.9 30  10   M    M   7 13     39  10
14  40  29  35  -9  30   0 0.28    M    M 14.2 31 350   M    M  10 1      44 350
15  33  22  28 -17  37   0    T    M    M  8.2 16  60   M    M   4        21 340
16  44  24  34 -11  31   0 0.00  0.0    0 13.7 25 150   M    M   1        34 160
17  57  38  48   3  17   0 0.00  0.0    0 10.5 21 250   M    M   4        30 210
18  45  34  40  -6  25   0 0.00  0.0    0 10.7 20  10   M    M   1        26  10
19  52  34  43  -3  22   0 0.00  0.0    0 10.6 17 170   M    M   0        24 170
20  66  44  55   9  10   0 0.00  0.0    0 11.1 20 170   M    M   0 8      25 170
21  73  55  64  17   1   0 0.05    M    M  7.3 16 270   M    M   5 18     21 290
22  57  34  46  -1  19   0 0.00    M    M 11.9 23 350   M    M   1        28 340
23  46  32  39  -8  26   0 0.01    M    M  8.3 15  30   M    M   1        19  30
================================================================================
SM 1196  779       502   0  1.68     0.0 233.8          M       80
================================================================================
AV 52.0 33.9                              10.2 FASTST   M    M   3    MAX(MPH)
                                 MISC ---->  # 31 350               # 44  350
================================================================================
NOTES:
# LAST OF SEVERAL OCCURRENCES

COLUMN 17 PEAK WIND IN M.P.H.

PRELIMINARY LOCAL CLIMATOLOGICAL DATA (WS FORM: F-6) , PAGE 2

                                          STATION:  RACINE WI
                                          MONTH:    APRIL
                                          YEAR:     2014
                                          LATITUDE:   42 45 N
                                          LONGITUDE:  87 49 W

[TEMPERATURE DATA]      [PRECIPITATION DATA]       SYMBOLS USED IN COLUMN 16

AVERAGE MONTHLY: 42.9   TOTAL FOR MONTH:   1.68    1 = FOG OR MIST
DPTR FM NORMAL:  -0.8   DPTR FM NORMAL:   -0.90    2 = FOG REDUCING VISIBILITY
HIGHEST:    73 ON 21    GRTST 24HR  1.01 ON 13-14      TO 1/4 MILE OR LESS
LOWEST:     22 ON 15                               3 = THUNDER
                        SNOW, ICE PELLETS, HAIL    4 = ICE PELLETS
                        TOTAL MONTH:   0.0 INCH    5 = HAIL
                        GRTST 24HR     0.0         6 = FREEZING RAIN OR DRIZZLE
                        GRTST DEPTH:   0           7 = DUSTSTORM OR SANDSTORM:
                                                       VSBY 1/2 MILE OR LESS
                                                   8 = SMOKE OR HAZE
[NO. OF DAYS WITH]      [WEATHER - DAYS WITH]      9 = BLOWING SNOW
                                                   X = TORNADO
MAX 32 OR BELOW:   0    0.01 INCH OR MORE:   7
MAX 90 OR ABOVE:   0    0.10 INCH OR MORE:   4
MIN 32 OR BELOW:  11    0.50 INCH OR MORE:   1
MIN  0 OR BELOW:   0    1.00 INCH OR MORE:   0

[HDD (BASE 65) ]
TOTAL THIS MO.   502    CLEAR  (SCALE 0-3)  12
DPTR FM NORMAL    11    PTCLDY (SCALE 4-7)   8
TOTAL FM JUL 1  7336    CLOUDY (SCALE 8-10)  3
DPTR FM NORMAL   970

[CDD (BASE 65) ]
TOTAL THIS MO.     0
DPTR FM NORMAL     0    [PRESSURE DATA]
TOTAL FM JAN 1     0    HIGHEST SLP M ON M
DPTR FM NORMAL     0    LOWEST  SLP 29.47 ON  4

[REMARKS]




U.S. Dept. of Commerce
NOAA National Weather Service
1325 East West Highway
Silver Spring, MD 20910
E-mail: w-nws.webmaster@noaa.gov
Page last modified: May 16, 2007
NATIONAL WEATHER SERVICE: for Safety, for Work, for Fun - FOR LIFE