785
CXUS53 KMKX 280705
CF6RAC
PRELIMINARY LOCAL CLIMATOLOGICAL DATA (WS FORM: F-6)

                                          STATION:   RACINE WI
                                          MONTH:     JULY
                                          YEAR:      2014
                                          LATITUDE:   42 45 N
                                          LONGITUDE:  87 49 W

  TEMPERATURE IN F:       :PCPN:    SNOW:  WIND      :SUNSHINE: SKY     :PK WND
================================================================================
1   2   3   4   5  6A  6B    7    8   9   10  11  12  13   14  15   16   17  18
                                     12Z  AVG MX 2MIN
DY MAX MIN AVG DEP HDD CDD  WTR  SNW DPTH SPD SPD DIR MIN PSBL S-S WX    SPD DR
================================================================================

 1  79  64  72   1   0   7 0.23  0.0    0 10.9 20 280   M    M   4 1      30 230
 2  65  54  60 -11   5   0 0.16  0.0    0  8.0 22  10   M    M   7 1      28  20
 3  73  57  65  -6   0   0 0.00  0.0    0  6.1 12  60   M    M   6        15  30
 4  72  53  63  -8   2   0 0.00    M    M  5.0 10 120   M    M   0 8      13 120
 5  78  55  67  -4   0   2 0.00    M    M  7.8 20 220   M    M   4 8      24 240
 6  82  61  72   0   0   7 0.01    M    M  9.0 17 220   M    M   4        25 230
 7  85  72  79   7   0  14    T  0.0    0  8.4 16 240   M    M   1 1      25 240
 8  80  65  73   1   0   8 0.42  0.0    0  9.2 17 310   M    M   5 13     27 280
 9  76  56  66  -6   0   1 0.00  0.0    0  5.9 18 110   M    M   3 1      22 110
10  71  54  63  -9   2   0 0.00  0.0    0  5.8 14 160   M    M   1        17 110
11  78  59  69  -3   0   4    T  0.0    0  6.9 15 160   M    M   2        18 160
12  79  67  73   1   0   8 1.84  0.0    0  5.8 21 330   M    M   8 138    25 340
13  84  65  75   3   0  10    T  0.0    0  7.8 17 270   M    M   3        24 240
14  79  56  68  -4   0   3 0.03    M    M  5.8 17 330   M    M   5 3      23 320
15  69  54  62 -10   3   0 0.18    M    M  8.3 18 300   M    M   7 18     27 330
16  71  54  63  -9   2   0 0.00    M    M  5.6 13  30   M    M   5        18 340
17  73  56  65  -7   0   0 0.00  0.0    0  6.1 13 160   M    M   0        15 170
18  75  57  66  -6   0   1 0.00  0.0    0  5.5 16 150   M    M   0        22 140
19  77  57  67  -5   0   2 0.00  0.0    0  4.6 13 120   M    M   0 1      17 150
20  79  58  69  -3   0   4 0.00  0.0    0  5.6 16 170   M    M   1 1      20 170
21  81  61  71  -1   0   6 0.00    M    M  7.5 17 160   M    M   0 1      21 160
22  89  65  77   5   0  12    T    M    M 11.4 24  30   M    M   3 3      31  30
23  69  56  63  -9   2   0 0.00  0.0    0 13.2 22  10   M    M   1        30  30
24  70  53  62 -10   3   0 0.00  0.0    0  6.4 12  20   M    M   0        15  30
25  75  57  66  -6   0   1    T  0.0    0  8.1 18 200   M    M   4        25 220
26  78  60  69  -3   0   4 0.00  0.0    0  2.7 14 150   M    M   3 1      15 160
27  84  62  73   1   0   8 0.01    M    M 10.3 26 350   M    M   5 13     35 350
================================================================================
SM 2071 1588        19 102  2.88     0.0 197.7          M       82
================================================================================
AV 76.7 58.8                               7.3 FASTST   M    M   3    MAX(MPH)
                                 MISC ---->  # 26 350               # 35  350
================================================================================
NOTES:
# LAST OF SEVERAL OCCURRENCES

COLUMN 17 PEAK WIND IN M.P.H.

PRELIMINARY LOCAL CLIMATOLOGICAL DATA (WS FORM: F-6) , PAGE 2

                                          STATION:  RACINE WI
                                          MONTH:    JULY
                                          YEAR:     2014
                                          LATITUDE:   42 45 N
                                          LONGITUDE:  87 49 W

[TEMPERATURE DATA]      [PRECIPITATION DATA]       SYMBOLS USED IN COLUMN 16

AVERAGE MONTHLY: 67.8   TOTAL FOR MONTH:   2.88    1 = FOG OR MIST
DPTR FM NORMAL:  -4.1   DPTR FM NORMAL:   -0.34    2 = FOG REDUCING VISIBILITY
HIGHEST:    89 ON 22    GRTST 24HR  1.84 ON 12-12      TO 1/4 MILE OR LESS
LOWEST:     53 ON 24, 4                            3 = THUNDER
                        SNOW, ICE PELLETS, HAIL    4 = ICE PELLETS
                        TOTAL MONTH:   0.0 INCH    5 = HAIL
                        GRTST 24HR     0.0         6 = FREEZING RAIN OR DRIZZLE
                        GRTST DEPTH:   0           7 = DUSTSTORM OR SANDSTORM:
                                                       VSBY 1/2 MILE OR LESS
                                                   8 = SMOKE OR HAZE
[NO. OF DAYS WITH]      [WEATHER - DAYS WITH]      9 = BLOWING SNOW
                                                   X = TORNADO
MAX 32 OR BELOW:   0    0.01 INCH OR MORE:   8
MAX 90 OR ABOVE:   0    0.10 INCH OR MORE:   5
MIN 32 OR BELOW:   0    0.50 INCH OR MORE:   1
MIN  0 OR BELOW:   0    1.00 INCH OR MORE:   1

[HDD (BASE 65) ]
TOTAL THIS MO.    19    CLEAR  (SCALE 0-3)  14
DPTR FM NORMAL    17    PTCLDY (SCALE 4-7)  13
TOTAL FM JUL 1    19    CLOUDY (SCALE 8-10)  0
DPTR FM NORMAL    17

[CDD (BASE 65) ]
TOTAL THIS MO.   102
DPTR FM NORMAL   -84    [PRESSURE DATA]
TOTAL FM JAN 1   189    HIGHEST SLP M ON M
DPTR FM NORMAL  -120    LOWEST  SLP 29.58 ON  7

[REMARKS]




U.S. Dept. of Commerce
NOAA National Weather Service
1325 East West Highway
Silver Spring, MD 20910
E-mail: w-nws.webmaster@noaa.gov
Page last modified: May 16, 2007
NATIONAL WEATHER SERVICE: for Safety, for Work, for Fun - FOR LIFE