024
CXUS51 KGYX 211000
CF6PWM
PRELIMINARY LOCAL CLIMATOLOGICAL DATA (WS FORM: F-6)

                                          STATION:   PORTLAND ME
                                          MONTH:     SEPTEMBER
                                          YEAR:      2014
                                          LATITUDE:   43 39 N
                                          LONGITUDE:  70 19 W

  TEMPERATURE IN F:       :PCPN:    SNOW:  WIND      :SUNSHINE: SKY     :PK WND
================================================================================
1   2   3   4   5  6A  6B    7    8   9   10  11  12  13   14  15   16   17  18
                                     12Z  AVG MX 2MIN
DY MAX MIN AVG DEP HDD CDD  WTR  SNW DPTH SPD SPD DIR MIN PSBL S-S WX    SPD DR
================================================================================

 1  83  65  74   9   0   9 0.00  0.0    0  3.5 13 180   M    M   5 128    16 160
 2  79  62  71   6   0   6 0.00  0.0    0  5.1 13 160   M    M   5 128    16 140
 3  82  60  71   6   0   6 0.01  0.0    0  8.4 17 300   M    M   3        24 300
 4  78  56  67   3   0   2 0.00  0.0    0  6.4 14 200   M    M   2        19 170
 5  83  60  72   8   0   7 0.00  0.0    0  5.6 16 190   M    M   2        20 180
 6  87  65  76  12   0  11 0.22  0.0    0  7.2 26 310   M    M   4 13     33 300
 7  75  56  66   3   0   1 0.07  0.0    0  4.3 14 310   M    M   3 1      19 350
 8  69  50  60  -3   5   0 0.00  0.0    0  5.0 13 140   M    M   1        17 130
 9  64  49  57  -6   8   0 0.00  0.0    0  6.7 14  90   M    M   4        17  90
10  67  55  61  -1   4   0 0.00  0.0    0  4.8 12  90   M    M   7 1      15 110
11  68  58  63   1   2   0 0.05  0.0    0  8.2 20 180   M    M   8 1      29 170
12  67  47  57  -5   8   0 0.00  0.0    0  8.1 17 330   M    M   3        21 350
13  61  43  52  -9  13   0 0.09  0.0    0  7.2 15  90   M    M   7 1      29 120
14  64  45  55  -6  10   0 0.00  0.0    0  7.2 18 350   M    M   3 1      24 350
15  64  41  53  -7  12   0 0.00  0.0    0  4.9 13 160   M    M   3        16 160
16  61  46  54  -6  11   0 0.09    M    0  3.4  8 160   M    M   7 12     12 320
17  66  43  55  -5  10   0 0.00  0.0    0  3.3 14 140   M    M   2 1      19 140
18  71  43  57  -2   8   0    T  0.0    0  6.2 16 330   M    M   2 1      22 330
19  57  36  47 -12  18   0 0.00  0.0    0  6.4 14  50   M    M   1        17 360
20  64  36  50  -9  15   0 0.00  0.0    0  8.3 20 190   M    M   6        27 190
================================================================================
SM 1410 1016       124  42  0.53     0.0 120.2          M       78
================================================================================
AV 70.5 50.8                               6.0 FASTST   M    M   4    MAX(MPH)
                                 MISC ---->  # 26 310               # 33  300
================================================================================
NOTES:
# LAST OF SEVERAL OCCURRENCES

COLUMN 17 PEAK WIND IN M.P.H.

PRELIMINARY LOCAL CLIMATOLOGICAL DATA (WS FORM: F-6) , PAGE 2

                                          STATION:  PORTLAND ME
                                          MONTH:    SEPTEMBER
                                          YEAR:     2014
                                          LATITUDE:   43 39 N
                                          LONGITUDE:  70 19 W

[TEMPERATURE DATA]      [PRECIPITATION DATA]       SYMBOLS USED IN COLUMN 16

AVERAGE MONTHLY: 60.7   TOTAL FOR MONTH:   0.53    1 = FOG OR MIST
DPTR FM NORMAL:  -1.4   DPTR FM NORMAL:   -1.77    2 = FOG REDUCING VISIBILITY
HIGHEST:    87 ON  6    GRTST 24HR  1.29 ON 31- 1      TO 1/4 MILE OR LESS
LOWEST:     36 ON 20,19                            3 = THUNDER
                        SNOW, ICE PELLETS, HAIL    4 = ICE PELLETS
                        TOTAL MONTH:   0.0 INCH    5 = HAIL
                        GRTST 24HR     0.0         6 = FREEZING RAIN OR DRIZZLE
                        GRTST DEPTH:   0           7 = DUSTSTORM OR SANDSTORM:
                                                       VSBY 1/2 MILE OR LESS
                                                   8 = SMOKE OR HAZE
[NO. OF DAYS WITH]      [WEATHER - DAYS WITH]      9 = BLOWING SNOW
                                                   X = TORNADO
MAX 32 OR BELOW:   0    0.01 INCH OR MORE:   6
MAX 90 OR ABOVE:   0    0.10 INCH OR MORE:   1
MIN 32 OR BELOW:   0    0.50 INCH OR MORE:   0
MIN  0 OR BELOW:   0    1.00 INCH OR MORE:   0

[HDD (BASE 65) ]
TOTAL THIS MO.   124    CLEAR  (SCALE 0-3)  10
DPTR FM NORMAL    39    PTCLDY (SCALE 4-7)   9
TOTAL FM JUL 1   148    CLOUDY (SCALE 8-10)  1
DPTR FM NORMAL    18

[CDD (BASE 65) ]
TOTAL THIS MO.    42
DPTR FM NORMAL    15    [PRESSURE DATA]
TOTAL FM JAN 1   340    HIGHEST SLP M ON M
DPTR FM NORMAL   -15    LOWEST  SLP 29.69 ON  2

[REMARKS]




U.S. Dept. of Commerce
NOAA National Weather Service
1325 East West Highway
Silver Spring, MD 20910
E-mail: w-nws.webmaster@noaa.gov
Page last modified: May 16, 2007
NATIONAL WEATHER SERVICE: for Safety, for Work, for Fun - FOR LIFE