132
CXUS51 KGYX 301644
CF6PWM
PRELIMINARY LOCAL CLIMATOLOGICAL DATA (WS FORM: F-6)

                                          STATION:   PORTLAND ME
                                          MONTH:     JANUARY
                                          YEAR:      2015
                                          LATITUDE:   43 39 N
                                          LONGITUDE:  70 19 W

  TEMPERATURE IN F:       :PCPN:    SNOW:  WIND      :SUNSHINE: SKY     :PK WND
================================================================================
1   2   3   4   5  6A  6B    7    8   9   10  11  12  13   14  15   16   17  18
                                     12Z  AVG MX 2MIN
DY MAX MIN AVG DEP HDD CDD  WTR  SNW DPTH SPD SPD DIR MIN PSBL S-S WX    SPD DR
================================================================================

 1  32  18  25   1  40   0 0.00  0.0    0  8.1 20 230   M    M   4        27 220
 2  38  22  30   6  35   0 0.00  0.0    0 11.4 29 290   M    M   3        38 280
 3  34  14  24   1  41   0 0.41  3.1    0  6.6 17 130   M    M   6 14     23 130
 4  35  23  29   6  36   0 0.47  1.3    4  6.6 15 340   M    M  10 1246   19 350
 5  41   9  25   2  40   0    T    T    4 20.7 39 290   M    M   2 1      51 280
 6  17   3  10 -13  55   0 0.00  0.0    4  3.9 15 300   M    M   6        19 300
 7  25   1  13 -10  52   0    T    T    4  9.6 26 310   M    M   4 8      32 300
 8  17  -9   4 -18  61   0    T    T    3  6.6 16 240   M    M   1        25 240
 9  29  17  23   1  42   0 0.05  0.4    3 10.8 23 200   M    M   6 18     33 210
10  24  10  17  -5  48   0 0.00  0.0    3  8.2 22 290   M    M   1        28 290
11  26   7  17  -5  48   0 0.00  0.0    3  6.0 12 220   M    M   6        15 220
12  33  24  29   7  36   0 0.21  2.8    4  2.7 10 330   M    M  10 18     15 350
13  31  -1  15  -7  50   0 0.00  0.0    6  9.3 25 330   M    M   1        34 330
14  24  -6   9 -13  56   0 0.00  0.0    6  4.6  8 350   M    M   6 18      9 360
15  29  20  25   3  40   0 0.03  0.2    6  7.0 12 360   M    M  10 18     15 350
16  38   6  22   0  43   0    T    M    6 12.4 35 290   M    M   4 1      43 300
17  20  -2   9 -13  56   0    T    M    6  4.6 15 300   M    M   1        18 300
18  49  16  33  11  32   0 0.25  0.0    5  7.1 28 140   M    M   9 18     40 140
19  49  35  42  20  23   0 0.11  0.0    3 11.6 25 140   M    M   6 1      35 150
20  36  21  29   7  36   0 0.00  0.0    2 11.2 21 260   M    M   1        28 280
21  31  12  22   0  43   0 0.00  0.0    2  2.4  9 350   M    M   2        11 340
22  38  21  30   8  35   0 0.00  0.0    2  3.9 10 360   M    M   3        13 360
23  35  17  26   4  39   0 0.00  0.0    1  6.8 13 250   M    M   4 8      18 300
24  32  25  29   7  36   0 0.27  3.3    1  7.5 18 330   M    M   8 18     24 340
25  37  11  24   2  41   0    T    T    5 12.3 23 290   M    M   3        29 330
26  20   3  12 -10  53   0 0.00  0.0    4  8.3 21  10   M    M   5        27  10
27  17  11  14  -8  51   0 2.37 22.2    8 25.1 35 350   M    M  10 1289   48 340
28  26   7  17  -5  48   0 0.10  1.6   17 12.1 31  10   M    M   6 89     40 340
29  30  -3  14  -8  51   0 0.00  0.0   15  2.2 10 280   M    M   2        11 280
================================================================================
SM  893  332      1267   0  4.27    34.9 249.6          M      140
================================================================================
AV 30.8 11.4                               8.6 FASTST   M    M   5    MAX(MPH)
                                 MISC ---->  # 39 290               # 51  280
================================================================================
NOTES:
# LAST OF SEVERAL OCCURRENCES

COLUMN 17 PEAK WIND IN M.P.H.

PRELIMINARY LOCAL CLIMATOLOGICAL DATA (WS FORM: F-6) , PAGE 2

                                          STATION:  PORTLAND ME
                                          MONTH:    JANUARY
                                          YEAR:     2015
                                          LATITUDE:   43 39 N
                                          LONGITUDE:  70 19 W

[TEMPERATURE DATA]      [PRECIPITATION DATA]       SYMBOLS USED IN COLUMN 16

AVERAGE MONTHLY: 21.1   TOTAL FOR MONTH:   4.27    1 = FOG OR MIST
DPTR FM NORMAL:  -1.2   DPTR FM NORMAL:    1.10    2 = FOG REDUCING VISIBILITY
HIGHEST:    49 ON 19,18 GRTST 24HR  2.37 ON 27-27      TO 1/4 MILE OR LESS
LOWEST:     -9 ON  8                               3 = THUNDER
                        SNOW, ICE PELLETS, HAIL    4 = ICE PELLETS
                        TOTAL MONTH:  34.9 INCHES  5 = HAIL
                        GRTST 24HR  22.2 ON   M    6 = FREEZING RAIN OR DRIZZLE
                        GRTST DEPTH:  17 ON 28     7 = DUSTSTORM OR SANDSTORM:
                                                       VSBY 1/2 MILE OR LESS
                                                   8 = SMOKE OR HAZE
[NO. OF DAYS WITH]      [WEATHER - DAYS WITH]      9 = BLOWING SNOW
                                                   X = TORNADO
MAX 32 OR BELOW:  17    0.01 INCH OR MORE:  10
MAX 90 OR ABOVE:   0    0.10 INCH OR MORE:   8
MIN 32 OR BELOW:  28    0.50 INCH OR MORE:   1
MIN  0 OR BELOW:   5    1.00 INCH OR MORE:   1

[HDD (BASE 65) ]
TOTAL THIS MO.  1267    CLEAR  (SCALE 0-3)  10
DPTR FM NORMAL    30    PTCLDY (SCALE 4-7)  14
TOTAL FM JUL 1  3539    CLOUDY (SCALE 8-10)  5
DPTR FM NORMAL  -310

[CDD (BASE 65) ]
TOTAL THIS MO.     0
DPTR FM NORMAL     0    [PRESSURE DATA]
TOTAL FM JAN 1     0    HIGHEST SLP M ON M
DPTR FM NORMAL     0    LOWEST  SLP 29.15 ON 24

[REMARKS]




U.S. Dept. of Commerce
NOAA National Weather Service
1325 East West Highway
Silver Spring, MD 20910
E-mail: w-nws.webmaster@noaa.gov
Page last modified: May 16, 2007
NATIONAL WEATHER SERVICE: for Safety, for Work, for Fun - FOR LIFE