599
CXUS51 KGYX 020052
CF6PWM
PRELIMINARY LOCAL CLIMATOLOGICAL DATA (WS FORM: F-6)

                                          STATION:   PORTLAND ME
                                          MONTH:     NOVEMBER
                                          YEAR:      2014
                                          LATITUDE:   43 39 N
                                          LONGITUDE:  70 19 W

  TEMPERATURE IN F:       :PCPN:    SNOW:  WIND      :SUNSHINE: SKY     :PK WND
================================================================================
1   2   3   4   5  6A  6B    7    8   9   10  11  12  13   14  15   16   17  18
                                     12Z  AVG MX 2MIN
DY MAX MIN AVG DEP HDD CDD  WTR  SNW DPTH SPD SPD DIR MIN PSBL S-S WX    SPD DR
================================================================================

 1  44  39  42  -2  23   0 0.33  0.0    0 13.4 22  10   M    M   9 1      29  10
 2  41  35  38  -6  27   0 0.30  0.4    0 20.7 37 320   M    M   9 1      46 310
 3  53  32  43   0  22   0 0.00  0.0    0 12.7 28 320   M    M   1        39 310
 4  53  29  41  -2  24   0 0.00  0.0    0  2.4 10 150   M    M   8        12 150
 5  66  41  54  11  11   0    T  0.0    0  5.3 22 260   M    M   5 1      29 270
 6  51  40  46   4  19   0 0.27  0.0    0  4.8 16  40   M    M   8 1      20  50
 7  48  38  43   1  22   0 0.08  0.0    0 13.2 25 320   M    M   8 1      32 320
 8  47  29  38  -4  27   0 0.00  0.0    0  6.5 20 300   M    M   5        24 310
 9  55  32  44   2  21   0 0.00  0.0    0  4.6 10 220   M    M   6        13 220
10  57  30  44   3  21   0 0.00  0.0    0  3.5 14 220   M    M   3        18 240
11  57  33  45   4  20   0 0.00  0.0    0  4.6 18 190   M    M   4 12     26 180
12  57  39  48   7  17   0 0.00  0.0    0  3.1 10 290   M    M   9 12     14 300
13  49  30  40   0  25   0 0.04    T    0  4.0 12 330   M    M   5 1      15 150
14  43  26  35  -5  30   0 0.21  1.3    1  5.6 18 300   M    M   6 1      26 320
15  39  22  31  -9  34   0    T    T    T  5.5 15 300   M    M   1        19 320
16  42  21  32  -7  33   0 0.00  0.0    T  4.9 15 220   M    M   6        18 220
17  40  34  37  -2  28   0 0.62  0.1    T  5.2 13 350   M    M  10 14     17  40
18  41  25  33  -6  32   0 0.00  0.0    0 11.4 25 260   M    M   3 1      34 280
19  38  24  31  -7  34   0 0.00  0.0    0 10.1 23 270   M    M   1        30 240
20  44  28  36  -2  29   0 0.00  0.0    0  8.5 17 290   M    M   6        24 220
21  35  23  29  -9  36   0 0.00  0.0    0 13.4 26 300   M    M   1        33 300
22  41  21  31  -7  34   0 0.00  0.0    0  9.9 16 220   M    M   6        22 210
23  59  39  49  12  16   0 0.00  0.0    0  6.2 16 220   M    M   6        22 210
24  63  38  51  14  14   0 0.80  0.0    0 11.5 26 160   M    M   7 12     40 180
25  64  45  55  19  10   0 0.00  0.0    0  9.2 20 240   M    M   5        27 240
26  45  33  39   3  26   0 1.24  7.4    0 10.1 25  10   M    M   8 124    32  10
27  38  29  34  -2  31   0 0.07  1.0    7 11.6 25 340   M    M   8 18     36 360
28  32  21  27  -8  38   0    T  0.1    6  6.9 14 310   M    M   9        18 310
29  30  11  21 -14  44   0 0.00  0.0    5  2.3  8 190   M    M   1        11 200
30  46  25  36   1  29   0    T  0.0    5  3.9 12 200   M    M   9        15 210
================================================================================
SM 1418  912       777   0  3.96    10.3 235.0          M      173
================================================================================
AV 47.3 30.4                               7.8 FASTST   M    M   6    MAX(MPH)
                                 MISC ---->  # 37 320               # 46  310
================================================================================
NOTES:
# LAST OF SEVERAL OCCURRENCES

COLUMN 17 PEAK WIND IN M.P.H.

PRELIMINARY LOCAL CLIMATOLOGICAL DATA (WS FORM: F-6) , PAGE 2

                                          STATION:  PORTLAND ME
                                          MONTH:    NOVEMBER
                                          YEAR:     2014
                                          LATITUDE:   43 39 N
                                          LONGITUDE:  70 19 W

[TEMPERATURE DATA]      [PRECIPITATION DATA]       SYMBOLS USED IN COLUMN 16

AVERAGE MONTHLY: 38.8   TOTAL FOR MONTH:   3.96    1 = FOG OR MIST
DPTR FM NORMAL:  -0.6   DPTR FM NORMAL:   -0.97    2 = FOG REDUCING VISIBILITY
HIGHEST:    66 ON  5    GRTST 24HR  1.31 ON 26-27      TO 1/4 MILE OR LESS
LOWEST:     11 ON 29                               3 = THUNDER
                        SNOW, ICE PELLETS, HAIL    4 = ICE PELLETS
                        TOTAL MONTH:  10.3 INCHES  5 = HAIL
                        GRTST 24HR   7.4 ON   M    6 = FREEZING RAIN OR DRIZZLE
                        GRTST DEPTH:   7 ON 27     7 = DUSTSTORM OR SANDSTORM:
                                                       VSBY 1/2 MILE OR LESS
                                                   8 = SMOKE OR HAZE
[NO. OF DAYS WITH]      [WEATHER - DAYS WITH]      9 = BLOWING SNOW
                                                   X = TORNADO
MAX 32 OR BELOW:   2    0.01 INCH OR MORE:  10
MAX 90 OR ABOVE:   0    0.10 INCH OR MORE:   7
MIN 32 OR BELOW:  18    0.50 INCH OR MORE:   3
MIN  0 OR BELOW:   0    1.00 INCH OR MORE:   1

[HDD (BASE 65) ]
TOTAL THIS MO.   777    CLEAR  (SCALE 0-3)   7
DPTR FM NORMAL    10    PTCLDY (SCALE 4-7)  17
TOTAL FM JUL 1  1311    CLOUDY (SCALE 8-10)  6
DPTR FM NORMAL  -180

[CDD (BASE 65) ]
TOTAL THIS MO.     0
DPTR FM NORMAL     0    [PRESSURE DATA]
TOTAL FM JAN 1   351    HIGHEST SLP 30.37 ON 22
DPTR FM NORMAL    -8    LOWEST  SLP 29.39 ON 18

[REMARKS]
#FINAL-11-14#




U.S. Dept. of Commerce
NOAA National Weather Service
1325 East West Highway
Silver Spring, MD 20910
E-mail: w-nws.webmaster@noaa.gov
Page last modified: May 16, 2007
NATIONAL WEATHER SERVICE: for Safety, for Work, for Fun - FOR LIFE