085
CXUS54 KFWD 022025
CF6PWG
PRELIMINARY LOCAL CLIMATOLOGICAL DATA (WS FORM: F-6)

                                          STATION:   WACO MCGREGOR
                                          MONTH:     NOVEMBER
                                          YEAR:      2014
                                          LATITUDE:   31 28 N
                                          LONGITUDE:  97 19 W

  TEMPERATURE IN F:       :PCPN:    SNOW:  WIND      :SUNSHINE: SKY     :PK WND
================================================================================
1   2   3   4   5  6A  6B    7    8   9   10  11  12  13   14  15   16   17  18
                                     12Z  AVG MX 2MIN
DY MAX MIN AVG DEP HDD CDD  WTR  SNW DPTH SPD SPD DIR MIN PSBL S-S WX    SPD DR
================================================================================

 1  66  37  52 -10  13   0 0.00  0.0    0  7.9 14 100   M    M   0        18 100
 2  73  41  57  -5   8   0 0.00  0.0    0 12.8 23 160   M    M   1        29 160
 3  75  55  65   4   0   0 0.00  0.0    0 13.8 23 170   M    M   7        28 170
 4  72  57  65   4   0   0 0.64  0.0    0 12.3 29  30   M    M   9        35  30
 5  57  54  56  -5   9   0 0.79  0.0    0  9.8 15 360   M    M  10        18 360
 6  66  48  57  -3   8   0 0.00  0.0    0  6.7 14 360   M    M   1         M  M
 7  68  41  55  -5  10   0 0.00  0.0    0  3.9 10 160   M    M   0         M  M
 8  68  45  57  -3   8   0 0.00  0.0    0  7.9 20  20   M    M   0        28  20
 9  72  37  55  -4  10   0 0.00  0.0    0  6.6 14 190   M    M   0        20 190
10  79  46  63   4   2   0 0.00  0.0    0 16.0 29 180   M    M   0        36 190
11  64  37  51  -7  14   0 0.00  0.0    0 13.9 22 340   M    M   2        30 340
12  45  32  39 -19  26   0 0.00  0.0    0 14.8 22  10   M    M   2        28 360
13  37  28  33 -25  32   0 0.00  0.0    0 14.4 21 360   M    M   6        28 360
14  43  25  34 -23  31   0 0.00  0.0    0  3.2  7 120   M    M   9         M  M
15  46  37  42 -15  23   0 0.00  0.0    0  9.3 14 160   M    M  10        20 160
16  45  30  38 -18  27   0    M    M    0 11.9 21 320   M    M  10        29 340
17  48  23  36 -20  29   0 0.00  0.0    0  8.7 17  20   M    M   1        21 330
18  55  23  39 -17  26   0 0.00  0.0    0  6.4 14 180   M    M   0        20 200
19  70  36  53  -2  12   0 0.00  0.0    0  9.9 15 220   M    M   0        27 220
20  72  43  58   3   7   0 0.00  0.0    0 10.3 21 180   M    M   3        27 180
21  70  59  65  11   0   0 0.03  0.0    0 12.5 20 140   M    M  10        27 140
22  68  57  63   9   2   0 0.87  0.0    0 12.4 18 160   M    M   8 3      25 160
23  79  50  65  11   0   0 0.00  0.0    0 10.3 20 340   M    M   2        29 340
24  61  37  49  -4  16   0 0.00  0.0    0  5.8 12 330   M    M   0         M  M
25  66  32  49  -4  16   0 0.00  0.0    0  5.1 14 260   M    M   0        20 270
26  70  39  55   3  10   0 0.00  0.0    0  8.3 15 250   M    M   0        22 280
27  63  37  50  -2  15   0 0.00  0.0    0  4.9 10  20   M    M   0         M  M
28  72  37  55   3  10   0 0.00  0.0    0 11.6 20 200   M    M   1        28 210
29  77  52  65  14   0   0 0.00  0.0    0 15.0 25 200   M    M   0        32 200
30  81  63  72  21   0   7 0.00  0.0    0 15.2 24 190   M    M   4        31 190
================================================================================
SM 1928 1238       364   7  2.33     0.0 301.6          M       96
================================================================================
AV 64.3 41.3                              10.1 FASTST   M    M   3    MAX(MPH)
                                 MISC ---->    29   M                 36    M
================================================================================
NOTES:
# LAST OF SEVERAL OCCURRENCES

COLUMN 17 PEAK WIND IN M.P.H.

PRELIMINARY LOCAL CLIMATOLOGICAL DATA (WS FORM: F-6) , PAGE 2

                                          STATION:  WACO MCGREGOR
                                          MONTH:    NOVEMBER
                                          YEAR:     2014
                                          LATITUDE:   31 28 N
                                          LONGITUDE:  97 19 W

[TEMPERATURE DATA]      [PRECIPITATION DATA]       SYMBOLS USED IN COLUMN 16

AVERAGE MONTHLY: 52.8   TOTAL FOR MONTH:   2.33    1 = FOG OR MIST
DPTR FM NORMAL:  -3.8   DPTR FM NORMAL:   -0.55    2 = FOG REDUCING VISIBILITY
HIGHEST:    81 ON 30    GRTST 24HR  0.87 ON 22-22      TO 1/4 MILE OR LESS
LOWEST:     23 ON 18,17                            3 = THUNDER
                        SNOW, ICE PELLETS, HAIL    4 = ICE PELLETS
                        TOTAL MONTH:   0.0 INCH    5 = HAIL
                        GRTST 24HR     0.0         6 = FREEZING RAIN OR DRIZZLE
                        GRTST DEPTH:   0           7 = DUSTSTORM OR SANDSTORM:
                                                       VSBY 1/2 MILE OR LESS
                                                   8 = SMOKE OR HAZE
[NO. OF DAYS WITH]      [WEATHER - DAYS WITH]      9 = BLOWING SNOW
                                                   X = TORNADO
MAX 32 OR BELOW:   0    0.01 INCH OR MORE:   4
MAX 90 OR ABOVE:   0    0.10 INCH OR MORE:   3
MIN 32 OR BELOW:   7    0.50 INCH OR MORE:   3
MIN  0 OR BELOW:   0    1.00 INCH OR MORE:   0

[HDD (BASE 65) ]
TOTAL THIS MO.   364    CLEAR  (SCALE 0-3)  19
DPTR FM NORMAL    87    PTCLDY (SCALE 4-7)   4
TOTAL FM JUL 1   371    CLOUDY (SCALE 8-10)  7
DPTR FM NORMAL    16

[CDD (BASE 65) ]
TOTAL THIS MO.     7
DPTR FM NORMAL   -18    [PRESSURE DATA]
TOTAL FM JAN 1  2776    HIGHEST SLP M ON M
DPTR FM NORMAL   312    LOWEST  SLP M ON M

[REMARKS]
#FINAL-11-14#




U.S. Dept. of Commerce
NOAA National Weather Service
1325 East West Highway
Silver Spring, MD 20910
E-mail: w-nws.webmaster@noaa.gov
Page last modified: May 16, 2007
NATIONAL WEATHER SERVICE: for Safety, for Work, for Fun - FOR LIFE