582
CXUS54 KFWD 310730
CF6PWG
PRELIMINARY LOCAL CLIMATOLOGICAL DATA (WS FORM: F-6)

                                          STATION:   WACO MCGREGOR
                                          MONTH:     JULY
                                          YEAR:      2014
                                          LATITUDE:   31 28 N
                                          LONGITUDE:  97 19 W

  TEMPERATURE IN F:       :PCPN:    SNOW:  WIND      :SUNSHINE: SKY     :PK WND
================================================================================
1   2   3   4   5  6A  6B    7    8   9   10  11  12  13   14  15   16   17  18
                                     12Z  AVG MX 2MIN
DY MAX MIN AVG DEP HDD CDD  WTR  SNW DPTH SPD SPD DIR MIN PSBL S-S WX    SPD DR
================================================================================

 1  97  72  85   3   0  20 0.00  0.0    0 10.3 20 140   M    M   1        24 170
 2  97  70  84   2   0  19 0.00  0.0    0  5.4 12 220   M    M   0         M  M
 3  93  70  82   0   0  17 0.00  0.0    0  6.6 13 140   M    M   1 3      18  50
 4  93  66  80  -2   0  15 0.00  0.0    0  4.4 13 110   M    M   1         M  M
 5  95  68  82   0   0  17 0.00  0.0    0  7.0 14 170   M    M   1        18 130
 6  93  68  81  -1   0  16 0.00  0.0    0  8.1 14 170   M    M   2        20 170
 7  99  73  86   3   0  21 0.00  0.0    0 11.3 20 150   M    M   0        23 150
 8  99  72  86   3   0  21 0.00  0.0    0 10.1 16 170   M    M   0        21 200
 9  99  70  85   2   0  20 0.00  0.0    0  9.5 16 170   M    M   0        22 160
10  97  70  84   1   0  19 0.00  0.0    0 11.2 16 180   M    M   0        23 180
11  97  70  84   1   0  19 0.00  0.0    0 10.4 17 190   M    M   0        25 170
12  99  64  82  -1   0  17 0.00  0.0    0  6.7 14 140   M    M   0        21 170
13 100  72  86   3   0  21 0.00  0.0    0  6.4 13 140   M    M   0        20 180
14 102  72  87   4   0  22 0.00  0.0    0  7.7 13 150   M    M   0        18 130
15  91  72  82  -1   0  17 1.21  0.0    0  5.3 16 110   M    M   2        20 110
16  91  66  79  -4   0  14 0.03  0.0    0  7.2 12 160   M    M   1        22 160
17  88  73  81  -3   0  16 0.10  0.0    0  7.7 12 160   M    M   4         M  M
18  77  68  73 -11   0   8 0.06  0.0    0  8.1 13  10   M    M  10        16  30
19  86  66  76  -8   0  11 0.00  0.0    0  4.6  9 110   M    M   6         M  M
20  93  66  80  -4   0  15 0.00  0.0    0  5.3 12 110   M    M   3         M  M
21  97  75  86   2   0  21 0.00  0.0    0  8.1 13 140   M    M   1        21 150
22  99  75  87   3   0  22 0.00  0.0    0  4.7 10 120   M    M   2         M  M
23  97  73  85   1   0  20 0.00  0.0    0  6.5 12  70   M    M   0        22  70
24  97  73  85   1   0  20 0.00  0.0    0  5.8 10 140   M    M   1         M  M
25  99  72  86   2   0  21 0.00  0.0    0  7.3 13 160   M    M   1        17 190
26 100  75  88   4   0  23 0.00  0.0    0 12.5 17 160   M    M   0        24 160
27 100  75  88   4   0  23 0.00  0.0    0 10.7 16 180   M    M   0        22 190
28 100  73  87   3   0  22 0.00  0.0    0  6.0 14  30   M    M   0        25  30
29  93  73  83  -1   0  18 0.00  0.0    0  6.7 14  40   M    M   1        21  40
30  99  73  86   2   0  21 0.00  0.0    0 10.5 18 150   M    M   1        24 150
================================================================================
SM 2867 2125         0 556  1.40     0.0 232.1          M       39
================================================================================
AV 95.6 70.8                               7.7 FASTST   M    M   1    MAX(MPH)
                                 MISC ---->    20   M                 25    M
================================================================================
NOTES:
# LAST OF SEVERAL OCCURRENCES

COLUMN 17 PEAK WIND IN M.P.H.

PRELIMINARY LOCAL CLIMATOLOGICAL DATA (WS FORM: F-6) , PAGE 2

                                          STATION:  WACO MCGREGOR
                                          MONTH:    JULY
                                          YEAR:     2014
                                          LATITUDE:   31 28 N
                                          LONGITUDE:  97 19 W

[TEMPERATURE DATA]      [PRECIPITATION DATA]       SYMBOLS USED IN COLUMN 16

AVERAGE MONTHLY: 83.2   TOTAL FOR MONTH:   1.40    1 = FOG OR MIST
DPTR FM NORMAL:  -0.1   DPTR FM NORMAL:   -0.53    2 = FOG REDUCING VISIBILITY
HIGHEST:   102 ON 14    GRTST 24HR  1.21 ON 15-15      TO 1/4 MILE OR LESS
LOWEST:     64 ON 12                               3 = THUNDER
                        SNOW, ICE PELLETS, HAIL    4 = ICE PELLETS
                        TOTAL MONTH:   0.0 INCH    5 = HAIL
                        GRTST 24HR     0.0         6 = FREEZING RAIN OR DRIZZLE
                        GRTST DEPTH:   0           7 = DUSTSTORM OR SANDSTORM:
                                                       VSBY 1/2 MILE OR LESS
                                                   8 = SMOKE OR HAZE
[NO. OF DAYS WITH]      [WEATHER - DAYS WITH]      9 = BLOWING SNOW
                                                   X = TORNADO
MAX 32 OR BELOW:   0    0.01 INCH OR MORE:   4
MAX 90 OR ABOVE:  27    0.10 INCH OR MORE:   2
MIN 32 OR BELOW:   0    0.50 INCH OR MORE:   1
MIN  0 OR BELOW:   0    1.00 INCH OR MORE:   1

[HDD (BASE 65) ]
TOTAL THIS MO.     0    CLEAR  (SCALE 0-3)  27
DPTR FM NORMAL     0    PTCLDY (SCALE 4-7)   2
TOTAL FM JUL 1     0    CLOUDY (SCALE 8-10)  1
DPTR FM NORMAL     0

[CDD (BASE 65) ]
TOTAL THIS MO.   556
DPTR FM NORMAL     9    [PRESSURE DATA]
TOTAL FM JAN 1  1416    HIGHEST SLP M ON M
DPTR FM NORMAL    77    LOWEST  SLP M ON M

[REMARKS]




U.S. Dept. of Commerce
NOAA National Weather Service
1325 East West Highway
Silver Spring, MD 20910
E-mail: w-nws.webmaster@noaa.gov
Page last modified: May 16, 2007
NATIONAL WEATHER SERVICE: for Safety, for Work, for Fun - FOR LIFE