558
CXUS54 KOUN 300800
CF6PWA
PRELIMINARY LOCAL CLIMATOLOGICAL DATA (WS FORM: F-6)

                                          STATION:   BETHANY/WILEY POST
                                          MONTH:     JULY
                                          YEAR:      2014
                                          LATITUDE:   35 31 N
                                          LONGITUDE:  97 38 W

  TEMPERATURE IN F:       :PCPN:    SNOW:  WIND      :SUNSHINE: SKY     :PK WND
================================================================================
1   2   3   4   5  6A  6B    7    8   9   10  11  12  13   14  15   16   17  18
                                     12Z  AVG MX 2MIN
DY MAX MIN AVG DEP HDD CDD  WTR  SNW DPTH SPD SPD DIR MIN PSBL S-S WX    SPD DR
================================================================================

 1  86  72  79  -2   0  14 0.00  0.0    0  8.3 23 300   M    M   2        29 290
 2  85  69  77  -4   0  12    T  0.0    0  8.0 21  20   M    M   2        25  30
 3  85  63  74  -7   0   9 0.00  0.0    0  7.5 14  70   M    M   0        20  90
 4  90  68  79  -2   0  14 0.00  0.0    0 11.0 21 160   M    M   1        25 160
 5  92  73  83   2   0  18 0.00  0.0    0 16.2 22 170   M    M   1 18     28 180
 6  96  75  86   4   0  21    T  0.0    0 15.8 23 200   M    M   0        28 200
 7  98  75  87   5   0  22 0.00  0.0    0   M  20 180   M    M   0         M  M
 8  96  76  86   4   0  21 0.00  0.0    0 10.3 18 200   M    M   0        24 200
 9  88  66  77  -5   0  12 2.38  0.0    0  8.4 22 100   M    M   7 13     40  60
10  93  72  83   1   0  18 0.00  0.0    0 13.9 24 100   M    M   2 3      30  90
11  93  75  84   2   0  19 0.00  0.0    0 15.4 23 190   M    M   0        31 180
12  95  75  85   3   0  20 0.00  0.0    0 12.7 20 210   M    M   1        25 230
13  98  75  87   5   0  22    T  0.0    0  9.3 16 220   M    M   2        22 200
14  95  75  85   2   0  20    T  0.0    0  7.4 21  40   M    M   1        24  40
15  81  67  74  -9   0   9 0.00  0.0    0  9.7 22  60   M    M   1        25  40
16  72  61  67 -16   0   2 0.34  0.0    0 10.5 22 130   M    M   9 13     28  60
17  68  61  65 -18   0   0 1.15  0.0    0  8.0 22 130   M    M   9 1      24 130
18  70  63  67 -16   0   2 0.01  0.0    0  4.4 12 110   M    M  10 1      14 130
19  82  63  73 -10   0   8 0.00  0.0    0  8.2 17 170   M    M   5 1      21 170
20  90  65  78  -5   0  13 0.00  0.0    0 14.0 20 170   M    M   0        25 160
21  95  73  84   1   0  19 0.00  0.0    0 13.6 20 160   M    M   1 18     24 190
22  97  75  86   3   0  21 0.00  0.0    0  9.4 18 190   M    M   0 18     23 190
23  98  75  87   4   0  22 0.00  0.0    0  6.4 20  60   M    M   0 18     23  40
24  93  71  82  -1   0  17 0.00  0.0    0  7.8 17 170   M    M   0 8      22 170
25  99  74  87   4   0  22 0.00  0.0    0 15.5 22 200   M    M   0 8      28 170
26 100  78  89   6   0  24 0.00  0.0    0 14.0 21 200   M    M   0        29 220
27  95  75  85   2   0  20 0.00  0.0    0 11.0 23  50   M    M   0        29  60
28  87  71  79  -4   0  14 0.00  0.0    0  5.4 14  80   M    M   3        17  80
29  90  71  81  -2   0  16    T  0.0    0  4.2 18 260   M    M   3        23 220
================================================================================
SM 2607 2052         0 451  3.88     0.0 286.3          M       60
================================================================================
AV 89.9 70.8                              10.2 FASTST   M    M   2    MAX(MPH)
                                 MISC ---->  # 24 100               # 40   60
================================================================================
NOTES:
# LAST OF SEVERAL OCCURRENCES

COLUMN 17 PEAK WIND IN M.P.H.

PRELIMINARY LOCAL CLIMATOLOGICAL DATA (WS FORM: F-6) , PAGE 2

                                          STATION:  BETHANY/WILEY POST
                                          MONTH:    JULY
                                          YEAR:     2014
                                          LATITUDE:   35 31 N
                                          LONGITUDE:  97 38 W

[TEMPERATURE DATA]      [PRECIPITATION DATA]       SYMBOLS USED IN COLUMN 16

AVERAGE MONTHLY: 80.3   TOTAL FOR MONTH:   3.88    1 = FOG OR MIST
DPTR FM NORMAL:  -2.1   DPTR FM NORMAL:    1.35    2 = FOG REDUCING VISIBILITY
HIGHEST:   100 ON 26    GRTST 24HR  2.38 ON  9- 9      TO 1/4 MILE OR LESS
LOWEST:     61 ON 17,16                            3 = THUNDER
                        SNOW, ICE PELLETS, HAIL    4 = ICE PELLETS
                        TOTAL MONTH:   0.0 INCH    5 = HAIL
                        GRTST 24HR     0.0         6 = FREEZING RAIN OR DRIZZLE
                        GRTST DEPTH:   0           7 = DUSTSTORM OR SANDSTORM:
                                                       VSBY 1/2 MILE OR LESS
                                                   8 = SMOKE OR HAZE
[NO. OF DAYS WITH]      [WEATHER - DAYS WITH]      9 = BLOWING SNOW
                                                   X = TORNADO
MAX 32 OR BELOW:   0    0.01 INCH OR MORE:   4
MAX 90 OR ABOVE:  19    0.10 INCH OR MORE:   3
MIN 32 OR BELOW:   0    0.50 INCH OR MORE:   2
MIN  0 OR BELOW:   0    1.00 INCH OR MORE:   2

[HDD (BASE 65) ]
TOTAL THIS MO.     0    CLEAR  (SCALE 0-3)  23
DPTR FM NORMAL     0    PTCLDY (SCALE 4-7)   3
TOTAL FM JUL 1     0    CLOUDY (SCALE 8-10)  3
DPTR FM NORMAL     0

[CDD (BASE 65) ]
TOTAL THIS MO.   451
DPTR FM NORMAL   -54    [PRESSURE DATA]
TOTAL FM JAN 1  1155    HIGHEST SLP M ON M
DPTR FM NORMAL    67    LOWEST  SLP 29.78 ON  1

[REMARKS]




U.S. Dept. of Commerce
NOAA National Weather Service
1325 East West Highway
Silver Spring, MD 20910
E-mail: w-nws.webmaster@noaa.gov
Page last modified: May 16, 2007
NATIONAL WEATHER SERVICE: for Safety, for Work, for Fun - FOR LIFE