703
CXUS54 KOUN 220800
CF6PWA
PRELIMINARY LOCAL CLIMATOLOGICAL DATA (WS FORM: F-6)

                                          STATION:   BETHANY/WILEY POST
                                          MONTH:     AUGUST
                                          YEAR:      2014
                                          LATITUDE:   35 31 N
                                          LONGITUDE:  97 38 W

  TEMPERATURE IN F:       :PCPN:    SNOW:  WIND      :SUNSHINE: SKY     :PK WND
================================================================================
1   2   3   4   5  6A  6B    7    8   9   10  11  12  13   14  15   16   17  18
                                     12Z  AVG MX 2MIN
DY MAX MIN AVG DEP HDD CDD  WTR  SNW DPTH SPD SPD DIR MIN PSBL S-S WX    SPD DR
================================================================================

 1  85  64  75  -8   0  10 0.00  0.0    0  3.5 10  80   M    M   3 128    13  80
 2  88  66  77  -6   0  12 0.00  0.0    0  5.2 12 110   M    M   1        15 110
 3  89  66  78  -5   0  13 0.00  0.0    0  2.8 10 110   M    M   1 18     13 100
 4  89  68  79  -4   0  14    T  0.0    0  6.6 12 160   M    M   0 18     15 160
 5  90  68  79  -4   0  14 0.00  0.0    0  8.3 15 130   M    M   0 8      18 130
 6  93  75  84   1   0  19    T  0.0    0 13.4 22 180   M    M   2 18     28 180
 7  97  77  87   4   0  22 0.00  0.0    0  9.1 20 200   M    M   0 3      25 200
 8  91  72  82  -1   0  17    T  0.0    0  7.7 26 350   M    M   2 138    35 340
 9  95  75  85   2   0  20    T  0.0    0  8.2 28 140   M    M   1 138    33 130
10  92  73  83   0   0  18 0.00  0.0    0  6.3 20 350   M    M   1        25 360
11  91  68  80  -3   0  15 0.00  0.0    0  6.9 21  10   M    M   1 1      24  10
12  88  63  76  -6   0  11 0.00  0.0    0  6.1 15  30   M    M   0        21  10
13  90  67  79  -3   0  14 0.00  0.0    0  6.6 14 150   M    M   1        18 130
14  94  68  81  -1   0  16 0.00  0.0    0 12.5 18 170   M    M   1        25 170
15  98  73  86   4   0  21 0.00  0.0    0 15.4 23 170   M    M   0        28 180
16  92  77  85   3   0  20    T  0.0    0 10.6 20 180   M    M   1        24 180
17  96  72  84   2   0  19 0.00  0.0    0  8.8 14 190   M    M   0        17 170
18 100  73  87   5   0  22 0.05  0.0    0 13.6 28  30   M    M   1 3      40  10
19  96  70  83   2   0  18 0.00  0.0    0 11.5 21 200   M    M   0        28 180
20  97  75  86   5   0  21 0.00  0.0    0 16.4 25 170   M    M   0        32 190
21  99  78  89   8   0  24 0.00  0.0    0 17.5 24 160   M    M   0        30 170
================================================================================
SM 1950 1488         0 360  0.05     0.0 197.0          M       16
================================================================================
AV 92.9 70.9                               9.4 FASTST   M    M   1    MAX(MPH)
                                 MISC ---->  # 28 140               # 40   10
================================================================================
NOTES:
# LAST OF SEVERAL OCCURRENCES

COLUMN 17 PEAK WIND IN M.P.H.

PRELIMINARY LOCAL CLIMATOLOGICAL DATA (WS FORM: F-6) , PAGE 2

                                          STATION:  BETHANY/WILEY POST
                                          MONTH:    AUGUST
                                          YEAR:     2014
                                          LATITUDE:   35 31 N
                                          LONGITUDE:  97 38 W

[TEMPERATURE DATA]      [PRECIPITATION DATA]       SYMBOLS USED IN COLUMN 16

AVERAGE MONTHLY: 81.9   TOTAL FOR MONTH:   0.05    1 = FOG OR MIST
DPTR FM NORMAL:  -0.5   DPTR FM NORMAL:   -2.08    2 = FOG REDUCING VISIBILITY
HIGHEST:   100 ON 18    GRTST 24HR  0.70 ON 31- 1      TO 1/4 MILE OR LESS
LOWEST:     63 ON 12                               3 = THUNDER
                        SNOW, ICE PELLETS, HAIL    4 = ICE PELLETS
                        TOTAL MONTH:   0.0 INCH    5 = HAIL
                        GRTST 24HR     0.0         6 = FREEZING RAIN OR DRIZZLE
                        GRTST DEPTH:   0           7 = DUSTSTORM OR SANDSTORM:
                                                       VSBY 1/2 MILE OR LESS
                                                   8 = SMOKE OR HAZE
[NO. OF DAYS WITH]      [WEATHER - DAYS WITH]      9 = BLOWING SNOW
                                                   X = TORNADO
MAX 32 OR BELOW:   0    0.01 INCH OR MORE:   1
MAX 90 OR ABOVE:  16    0.10 INCH OR MORE:   0
MIN 32 OR BELOW:   0    0.50 INCH OR MORE:   0
MIN  0 OR BELOW:   0    1.00 INCH OR MORE:   0

[HDD (BASE 65) ]
TOTAL THIS MO.     0    CLEAR  (SCALE 0-3)  21
DPTR FM NORMAL     0    PTCLDY (SCALE 4-7)   0
TOTAL FM JUL 1     0    CLOUDY (SCALE 8-10)  0
DPTR FM NORMAL     0

[CDD (BASE 65) ]
TOTAL THIS MO.   360
DPTR FM NORMAL    -5    [PRESSURE DATA]
TOTAL FM JAN 1  1528    HIGHEST SLP M ON M
DPTR FM NORMAL    36    LOWEST  SLP 28.62 ON 14

[REMARKS]




U.S. Dept. of Commerce
NOAA National Weather Service
1325 East West Highway
Silver Spring, MD 20910
E-mail: w-nws.webmaster@noaa.gov
Page last modified: May 16, 2007
NATIONAL WEATHER SERVICE: for Safety, for Work, for Fun - FOR LIFE