946
CXUS54 KOUN 010800
CF6PWA
PRELIMINARY LOCAL CLIMATOLOGICAL DATA (WS FORM: F-6)

                                          STATION:   BETHANY/WILEY POST
                                          MONTH:     NOVEMBER
                                          YEAR:      2014
                                          LATITUDE:   35 31 N
                                          LONGITUDE:  97 38 W

  TEMPERATURE IN F:       :PCPN:    SNOW:  WIND      :SUNSHINE: SKY     :PK WND
================================================================================
1   2   3   4   5  6A  6B    7    8   9   10  11  12  13   14  15   16   17  18
                                     12Z  AVG MX 2MIN
DY MAX MIN AVG DEP HDD CDD  WTR  SNW DPTH SPD SPD DIR MIN PSBL S-S WX    SPD DR
================================================================================

 1  60  36  48  -7  17   0 0.00  0.0    0 14.4 23 170   M    M   1        32 180
 2  65  45  55   0  10   0 0.00  0.0    0 21.9 30 170   M    M   0        38 160
 3  68  52  60   5   5   0 0.46  0.0    0 17.0 28 180   M    M   8 13     35 190
 4  58  46  52  -2  13   0 0.91  0.0    0  9.2 26 350   M    M   5 13     32 350
 5  61  44  53  -1  12   0 0.00  0.0    0  3.6  8 240   M    M   0        12 290
 6  65  40  53  -1  12   0 0.00  0.0    0  7.7 17  20   M    M   0        23  20
 7  70  38  54   1  11   0 0.00  0.0    0 15.1 29 190   M    M   0        37 190
 8  61  39  50  -3  15   0 0.00  0.0    0 12.2 26 360   M    M   0        33 340
 9  74  37  56   4   9   0 0.00  0.0    0 14.4 29 200   M    M   0        39 210
10  79  37  58   6   7   0 0.00  0.0    0 22.9 38 350   M    M   0        52 350
11  39  27  33 -19  32   0 0.00  0.0    0 19.6 33 360   M    M   3        46 360
12  29  20  25 -26  40   0 0.00  0.0    0 17.3 25 360   M    M   6        35  10
13  34  21  28 -23  37   0 0.00  0.0    0 10.3 22 360   M    M   4        29 350
14  38  23  31 -19  34   0 0.00  0.0    0  5.4 13 170   M    M   3        16 200
15  52  30  41  -9  24   0 0.00  0.0    0 13.6 10 110   M    M   1        13 120
16  39  22  31 -18  34   0    T    M    0 13.5 26 350   M    M   9 168    32 350
17  35  16  26 -23  39   0 0.00  0.0    0  7.8 21 350   M    M   0        25 350
18  54  19  37 -11  28   0 0.00  0.0    0 11.7 21 210   M    M   0        28 220
19  61  32  47  -1  18   0 0.00  0.0    0  8.6 20 200   M    M   0        24 200
20  62  35  49   1  16   0 0.00  0.0    0  8.6 14  80   M    M   0        18  80
21  65  42  54   7  11   0    T    M    0  5.8 14 170   M    M   9 18     20 170
22  62  56  59  12   6   0 0.42  0.0    0 15.1 32 150   M    M   8 13     39 140
23  63  43  53   7  12   0 0.08  0.0    0 16.4 31 330   M    M   8 1      41 330
24  59  33  46   0  19   0 0.00  0.0    0  9.0 24 320   M    M   0        31 310
25  55  29  42  -4  23   0 0.00  0.0    0  6.4 17 170   M    M   0        21 180
26  57  35  46   1  19   0 0.00  0.0    0 13.8 25 350   M    M   1 8      32 350
27  52  26  39  -6  26   0 0.00  0.0    0  8.9 21 190   M    M   0        25 190
28  67  42  55  11  10   0 0.00  0.0    0 18.1 25 190   M    M   0        32 190
29  74  52  63  19   2   0 0.00  0.0    0 23.6 30 190   M    M   0        38 190
30  66  27  47   3  18   0 0.00  0.0    0 20.0 31 190   M    M   0        43 200
================================================================================
SM 1724 1044       559   0  1.87     0.0 391.9          M       66
================================================================================
AV 57.5 34.8                              13.1 FASTST   M    M   2    MAX(MPH)
                                 MISC ---->  # 38 350               # 52  350
================================================================================
NOTES:
# LAST OF SEVERAL OCCURRENCES

COLUMN 17 PEAK WIND IN M.P.H.

PRELIMINARY LOCAL CLIMATOLOGICAL DATA (WS FORM: F-6) , PAGE 2

                                          STATION:  BETHANY/WILEY POST
                                          MONTH:    NOVEMBER
                                          YEAR:     2014
                                          LATITUDE:   35 31 N
                                          LONGITUDE:  97 38 W

[TEMPERATURE DATA]      [PRECIPITATION DATA]       SYMBOLS USED IN COLUMN 16

AVERAGE MONTHLY: 46.1   TOTAL FOR MONTH:   1.87    1 = FOG OR MIST
DPTR FM NORMAL:  -3.5   DPTR FM NORMAL:    0.03    2 = FOG REDUCING VISIBILITY
HIGHEST:    79 ON 10    GRTST 24HR  1.37 ON  3- 4      TO 1/4 MILE OR LESS
LOWEST:     16 ON 17                               3 = THUNDER
                        SNOW, ICE PELLETS, HAIL    4 = ICE PELLETS
                        TOTAL MONTH:   0.0 INCH    5 = HAIL
                        GRTST 24HR     0.0         6 = FREEZING RAIN OR DRIZZLE
                        GRTST DEPTH:   0           7 = DUSTSTORM OR SANDSTORM:
                                                       VSBY 1/2 MILE OR LESS
                                                   8 = SMOKE OR HAZE
[NO. OF DAYS WITH]      [WEATHER - DAYS WITH]      9 = BLOWING SNOW
                                                   X = TORNADO
MAX 32 OR BELOW:   1    0.01 INCH OR MORE:   4
MAX 90 OR ABOVE:   0    0.10 INCH OR MORE:   3
MIN 32 OR BELOW:  12    0.50 INCH OR MORE:   1
MIN  0 OR BELOW:   0    1.00 INCH OR MORE:   0

[HDD (BASE 65) ]
TOTAL THIS MO.   559    CLEAR  (SCALE 0-3)  22
DPTR FM NORMAL    91    PTCLDY (SCALE 4-7)   4
TOTAL FM JUL 1   660    CLOUDY (SCALE 8-10)  4
DPTR FM NORMAL    -3

[CDD (BASE 65) ]
TOTAL THIS MO.     0
DPTR FM NORMAL    -4    [PRESSURE DATA]
TOTAL FM JAN 1  2207    HIGHEST SLP M ON M
DPTR FM NORMAL   239    LOWEST  SLP 29.31 ON 23

[REMARKS]
#FINAL-11-14#




U.S. Dept. of Commerce
NOAA National Weather Service
1325 East West Highway
Silver Spring, MD 20910
E-mail: w-nws.webmaster@noaa.gov
Page last modified: May 16, 2007
NATIONAL WEATHER SERVICE: for Safety, for Work, for Fun - FOR LIFE