713
CXUS51 KBOX 281200
CF6PVD
PRELIMINARY LOCAL CLIMATOLOGICAL DATA (WS FORM: F-6)

                                          STATION:   PROVIDENCE RI
                                          MONTH:     NOVEMBER
                                          YEAR:      2014
                                          LATITUDE:   41 43 N
                                          LONGITUDE:  71 26 W

  TEMPERATURE IN F:       :PCPN:    SNOW:  WIND      :SUNSHINE: SKY     :PK WND
================================================================================
1   2   3   4   5  6A  6B    7    8   9   10  11  12  13   14  15   16   17  18
                                     12Z  AVG MX 2MIN
DY MAX MIN AVG DEP HDD CDD  WTR  SNW DPTH SPD SPD DIR MIN PSBL S-S WX    SPD DR
================================================================================

 1  48  40  44  -5  21   0 0.23  0.0    0 18.0 29  10   M    M  10 1      37  10
 2  43  36  40  -9  25   0 0.14    T    0 20.8 37 360   M    M   8 1      45 360
 3  54  34  44  -4  21   0 0.00  0.0    0  9.2 25 280   M    M   2        36 270
 4  64  35  50   2  15   0 0.00  0.0    0  6.3 14 200   M    M   7        17 210
 5  68  47  58  10   7   0 0.00  0.0    0  7.6 21 260   M    M   7        32 270
 6  51  45  48   1  17   0 0.42    M    0  4.1 14 110   M    M   9 1      19 100
 7  51  37  44  -3  21   0 0.00  0.0    0 11.5 24 320   M    M   8 1      34 320
 8  49  31  40  -7  25   0 0.00  0.0    0  7.0 16 220   M    M   4        20 200
 9  57  36  47   1  18   0 0.00  0.0    0  4.5 13 230   M    M   6        17 270
10  58  31  45  -1  20   0 0.00  0.0    0  3.3 13 150   M    M   3        16 150
11  60  34  47   1  18   0    T  0.0    0  4.2 13 160   M    M   6 12     17 170
12  63  44  54   8  11   0 0.00  0.0    0  4.7 20 310   M    M   9 128    25 300
13  51  36  44  -1  21   0 0.04  0.0    0  6.9 14 320   M    M   4 1      20 310
14  45  32  39  -6  26   0 0.22  1.0    T  9.8 20 300   M    M   6 1      28 290
15  40  27  34 -11  31   0 0.00  0.0    0  7.1 17 270   M    M   1        23 270
16  42  24  33 -11  32   0    T  0.0    0  0.9  8 270   M    M   7        10 280
17  61  38  50   6  15   0 1.50  0.0    0  6.7 21 240   M    M  10 1      26 220
18  50  25  38  -6  27   0 0.00  0.0    0 12.2 24 270   M    M   4        30 270
19  36  21  29 -15  36   0 0.00  0.0    0 11.5 22 260   M    M   2        31 260
20  48  27  38  -5  27   0 0.00  0.0    0  9.9 33 240   M    M   4        44 240
21  36  25  31 -12  34   0 0.00  0.0    0 12.1 23 300   M    M   2        30 300
22  44  19  32 -11  33   0 0.00  0.0    0 10.6 20 230   M    M   5        25 220
23  59  38  49   7  16   0    T    M    0  7.1 17 230   M    M   6        23 240
24  65  39  52  10  13   0 1.31  0.0    0 17.0 32 220   M    M   8 1      45 210
25  64  45  55  13  10   0 0.00  0.0    0  7.1 17 250   M    M   7 1      22 240
26  48  34  41   0  24   0 1.53    T    0 13.6 28  10   M    M   9 14     37  10
27  41  31  36  -5  29   0 0.04  0.3    0  8.6 25 350   M    M   8 1      34 360
================================================================================
SM 1396  911       593   0  5.43     1.3 242.3          M      162
================================================================================
AV 51.7 33.7                               9.0 FASTST   M    M   6    MAX(MPH)
                                 MISC ---->  # 37 360               # 45  360
================================================================================
NOTES:
# LAST OF SEVERAL OCCURRENCES

COLUMN 17 PEAK WIND IN M.P.H.

PRELIMINARY LOCAL CLIMATOLOGICAL DATA (WS FORM: F-6) , PAGE 2

                                          STATION:  PROVIDENCE RI
                                          MONTH:    NOVEMBER
                                          YEAR:     2014
                                          LATITUDE:   41 43 N
                                          LONGITUDE:  71 26 W

[TEMPERATURE DATA]      [PRECIPITATION DATA]       SYMBOLS USED IN COLUMN 16

AVERAGE MONTHLY: 42.7   TOTAL FOR MONTH:   5.43    1 = FOG OR MIST
DPTR FM NORMAL:  -2.2   DPTR FM NORMAL:    1.40    2 = FOG REDUCING VISIBILITY
HIGHEST:    68 ON  5    GRTST 24HR  1.54 ON 26-27      TO 1/4 MILE OR LESS
LOWEST:     19 ON 22                               3 = THUNDER
                        SNOW, ICE PELLETS, HAIL    4 = ICE PELLETS
                        TOTAL MONTH:   1.3 INCHES  5 = HAIL
                        GRTST 24HR   1.0 ON 14-14  6 = FREEZING RAIN OR DRIZZLE
                        GRTST DEPTH:   T           7 = DUSTSTORM OR SANDSTORM:
                                                       VSBY 1/2 MILE OR LESS
                                                   8 = SMOKE OR HAZE
[NO. OF DAYS WITH]      [WEATHER - DAYS WITH]      9 = BLOWING SNOW
                                                   X = TORNADO
MAX 32 OR BELOW:   0    0.01 INCH OR MORE:   9
MAX 90 OR ABOVE:   0    0.10 INCH OR MORE:   7
MIN 32 OR BELOW:  11    0.50 INCH OR MORE:   3
MIN  0 OR BELOW:   0    1.00 INCH OR MORE:   3

[HDD (BASE 65) ]
TOTAL THIS MO.   593    CLEAR  (SCALE 0-3)   4
DPTR FM NORMAL    50    PTCLDY (SCALE 4-7)  18
TOTAL FM JUL 1   945    CLOUDY (SCALE 8-10)  5
DPTR FM NORMAL   -56

[CDD (BASE 65) ]
TOTAL THIS MO.     0
DPTR FM NORMAL     0    [PRESSURE DATA]
TOTAL FM JAN 1   709    HIGHEST SLP M ON M
DPTR FM NORMAL   -35    LOWEST  SLP 29.43 ON 17

[REMARKS]




U.S. Dept. of Commerce
NOAA National Weather Service
1325 East West Highway
Silver Spring, MD 20910
E-mail: w-nws.webmaster@noaa.gov
Page last modified: May 16, 2007
NATIONAL WEATHER SERVICE: for Safety, for Work, for Fun - FOR LIFE