862
CXUS51 KBOX 311200
CF6PVD
PRELIMINARY LOCAL CLIMATOLOGICAL DATA (WS FORM: F-6)

                                          STATION:   PROVIDENCE RI
                                          MONTH:     JANUARY
                                          YEAR:      2015
                                          LATITUDE:   41 43 N
                                          LONGITUDE:  71 26 W

  TEMPERATURE IN F:       :PCPN:    SNOW:  WIND      :SUNSHINE: SKY     :PK WND
================================================================================
1   2   3   4   5  6A  6B    7    8   9   10  11  12  13   14  15   16   17  18
                                     12Z  AVG MX 2MIN
DY MAX MIN AVG DEP HDD CDD  WTR  SNW DPTH SPD SPD DIR MIN PSBL S-S WX    SPD DR
================================================================================

 1  37  17  27  -3  38   0 0.00  0.0    0 10.2 20 230   M    M   3        24 220
 2  41  26  34   4  31   0 0.00  0.0    0  8.8 25 270   M    M   5        34 280
 3  35  23  29  -1  36   0 0.56  1.4    0  6.2 14  70   M    M   6 1468   16  80
 4  56  33  45  15  20   0 0.40  0.0    0  8.1 24 260   M    M  10 126    34 270
 5  50  17  34   4  31   0    T  0.0    0 15.8 31 280   M    M   3        41 290
 6  19  12  16 -13  49   0 0.01  0.4    0  4.4 17 290   M    M   7 18     24 290
 7  25   5  15 -14  50   0    T    T    0 11.8 29 290   M    M   4 1      43 310
 8  20   0  10 -19  55   0    T    T    0 11.0 25 310   M    M   1        36 300
 9  36  15  26  -3  39   0 0.08  1.3    0  9.9 32 260   M    M   5 19     41 260
10  24  11  18 -11  47   0 0.00  0.0    1  7.4 16 300   M    M   0 8      20 290
11  34  10  22  -7  43   0 0.00  0.0    0  6.5 13 190   M    M   6        15 190
12  39  34  37   8  28   0 0.36    T    0  7.1 15 350   M    M  10 14     20 340
13  36  16  26  -3  39   0    T  0.0    0 13.1 23 350   M    M   2        29 340
14  26  15  21  -8  44   0    T    T    0  8.5 15 350   M    M  10        18 350
15  31  24  28  -1  37   0 0.01  0.2    0  7.7 14 340   M    M   9 18     18 350
16  40  17  29   0  36   0 0.00  0.0    0 12.6 28 310   M    M   2        38 290
17  25  11  18 -11  47   0 0.00  0.0    0   M  14 190   M    M   1        16 190
18  52  19  36   7  29   0 0.27  0.0    0  8.2 31 160   M    M   9 1      42 140
19  44  32  38   9  27   0 0.00  0.0    0 11.6 23 290   M    M   3        31 290
20  38  27  33   4  32   0 0.00  0.0    0  9.6 17 260   M    M   5        22 260
21  35  20  28  -1  37   0 0.00  0.0    0  5.8 13  10   M    M   6        17 300
22  39  29  34   5  31   0 0.01  0.1    0  6.0 10 360   M    M   8 1      14 330
23  38  22  30   1  35   0 0.00  0.0    0  7.5 15 240   M    M   2        19 220
24  35  32  34   5  31   0 0.75  2.6    2 10.5 21 350   M    M   9 14     26  10
25  38  22  30   1  35   0 0.00  0.0    1 12.4 23 280   M    M   5        33 310
26  28  15  22  -7  43   0 0.18  3.1    M 16.1 33  20   M    M   8 19     41  20
27  21  14  18 -11  47   0 0.90 16.0   10 22.5 38 360   M    M  10 129    49 360
28  26  12  19 -10  46   0    T    T   16  9.0 18 330   M    M   4        24 320
29  33   3  18 -12  47   0    T    T   15  2.9  9 170   M    M   4        12 360
30  35  19  27  -3  38   0 0.09  0.5   12  7.9 28 330   M    M   9 1      37 320
================================================================================
SM 1036  552      1148   0  3.62    25.6 279.1          M      166
================================================================================
AV 34.5 18.4                               9.6 FASTST   M    M   6    MAX(MPH)
                                 MISC ---->  # 38 360               # 49  360
================================================================================
NOTES:
# LAST OF SEVERAL OCCURRENCES

COLUMN 17 PEAK WIND IN M.P.H.

PRELIMINARY LOCAL CLIMATOLOGICAL DATA (WS FORM: F-6) , PAGE 2

                                          STATION:  PROVIDENCE RI
                                          MONTH:    JANUARY
                                          YEAR:     2015
                                          LATITUDE:   41 43 N
                                          LONGITUDE:  71 26 W

[TEMPERATURE DATA]      [PRECIPITATION DATA]       SYMBOLS USED IN COLUMN 16

AVERAGE MONTHLY: 26.5   TOTAL FOR MONTH:   3.62    1 = FOG OR MIST
DPTR FM NORMAL:  -2.7   DPTR FM NORMAL:   -0.11    2 = FOG REDUCING VISIBILITY
HIGHEST:    56 ON  4    GRTST 24HR  1.04 ON 26-27      TO 1/4 MILE OR LESS
LOWEST:      0 ON  8                               3 = THUNDER
                        SNOW, ICE PELLETS, HAIL    4 = ICE PELLETS
                        TOTAL MONTH:  25.6 INCHES  5 = HAIL
                        GRTST 24HR  16.0 ON 27-27  6 = FREEZING RAIN OR DRIZZLE
                        GRTST DEPTH:  16 ON 28     7 = DUSTSTORM OR SANDSTORM:
                                                       VSBY 1/2 MILE OR LESS
                                                   8 = SMOKE OR HAZE
[NO. OF DAYS WITH]      [WEATHER - DAYS WITH]      9 = BLOWING SNOW
                                                   X = TORNADO
MAX 32 OR BELOW:  10    0.01 INCH OR MORE:  12
MAX 90 OR ABOVE:   0    0.10 INCH OR MORE:   7
MIN 32 OR BELOW:  28    0.50 INCH OR MORE:   3
MIN  0 OR BELOW:   1    1.00 INCH OR MORE:   0

[HDD (BASE 65) ]
TOTAL THIS MO.  1148    CLEAR  (SCALE 0-3)   9
DPTR FM NORMAL    74    PTCLDY (SCALE 4-7)  13
TOTAL FM JUL 1  3019    CLOUDY (SCALE 8-10)  8
DPTR FM NORMAL   -82

[CDD (BASE 65) ]
TOTAL THIS MO.     0
DPTR FM NORMAL     0    [PRESSURE DATA]
TOTAL FM JAN 1     0    HIGHEST SLP M ON M
DPTR FM NORMAL     0    LOWEST  SLP 29.16 ON 24

[REMARKS]




U.S. Dept. of Commerce
NOAA National Weather Service
1325 East West Highway
Silver Spring, MD 20910
E-mail: w-nws.webmaster@noaa.gov
Page last modified: May 16, 2007
NATIONAL WEATHER SERVICE: for Safety, for Work, for Fun - FOR LIFE