934
CXUS51 KBOX 011931 CCA
CF6PVD

PRELIMINARY LOCAL CLIMATOLOGICAL DATA (WS FORM: F-6)

                                          STATION:   PROVIDENCE RI
                                          MONTH:     SEPTEMBER
                                          YEAR:      2014
                                          LATITUDE:   41 43 N
                                          LONGITUDE:  71 26 W

  TEMPERATURE IN F:       :PCPN:    SNOW:  WIND      :SUNSHINE: SKY     :PK WND
================================================================================
1   2   3   4   5  6A  6B    7    8   9   10  11  12  13   14  15   16   17  18
                                     12Z  AVG MX 2MIN
DY MAX MIN AVG DEP HDD CDD  WTR  SNW DPTH SPD SPD DIR MIN PSBL S-S WX    SPD DR
================================================================================

 1  89  72  81  11   0  16 0.00  0.0    0  7.1 14 250   M    M   5 1      18 270
 2  91  71  81  12   0  16 0.00  0.0    0  7.9 21 200   M    M   7 12     25 200
 3  85  65  75   6   0  10 0.00  0.0    0  9.7 18 310   M    M   4        24 310
 4  87  60  74   5   0   9 0.00  0.0    0  5.1 17 230   M    M   1        20 240
 5  89  65  77   8   0  12 0.00  0.0    0  8.8 20 200   M    M   3 1      26 190
 6  90  72  81  13   0  16    T  0.0    0 10.6 23 220   M    M   7 8      29 220
 7  80  61  71   3   0   6 0.37  0.0    0  6.9 18 340   M    M   5 1      23 340
 8  78  57  68   0   0   3 0.00  0.0    0  9.2 17  50   M    M   5        22  60
 9  73  58  66  -1   0   1 0.00  0.0    0 10.0 16  50   M    M   6        20  40
10  74  61  68   1   0   3 0.00  0.0    0  7.6 15 360   M    M   7        22  30
11  80  62  71   4   0   6 0.00  0.0    0 10.0 21 220   M    M   8        26 200
12  76  57  67   1   0   2 0.00  0.0    0  7.4 17 360   M    M   3        22 330
13  73  52  63  -3   2   0 0.17  0.0    0  7.6 15 150   M    M   7 1      21  50
14  70  52  61  -5   4   0 0.00  0.0    0  7.7 17 340   M    M   3        23  10
15  70  48  59  -6   6   0 0.00  0.0    0  6.4 14 160   M    M   4        16 240
16  70  51  61  -4   4   0    T  0.0    0  4.6 13 280   M    M   6        15 290
17  73  48  61  -3   4   0 0.00  0.0    0  5.6 17 160   M    M   2        20 160
18  77  49  63  -1   2   0 0.00  0.0    0  7.0 18  10   M    M   3        25  20
19  62  45  54 -10  11   0 0.00  0.0    0  8.9 17  40   M    M   2        22  20
20  72  39  56  -7   9   0 0.00  0.0    0  6.5 20 200   M    M   3 1      24 140
21  76  61  69   6   0   4 0.02  0.0    0  6.7 17 160   M    M  10 12     23 160
22  74  48  61  -1   4   0 0.00  0.0    0 11.8 24 280   M    M   3        31 270
23  69  43  56  -6   9   0 0.00  0.0    0  5.9 15 140   M    M   2        20 150
24  71  48  60  -2   5   0 0.00  0.0    0  6.6 16 120   M    M   6        20 120
25  62  54  58  -3   7   0 0.08  0.0    0  9.3 15  10   M    M   8 1      20  30
26  77  55  66   5   0   1    T  0.0    0  8.7 20  20   M    M   4        25  50
27  85  50  68   8   0   3 0.00  0.0    0  5.2 10 190   M    M   0        13  20
28  86  55  71  11   0   6 0.00  0.0    0  5.0 13 240   M    M   2 1      16 280
29  73  59  66   6   0   1 0.00  0.0    0  5.3 16  30   M    M   6 1      19  30
30  60  56  58  -1   7   0 0.10  0.0    0 10.7 16  20   M    M  10        20  10
================================================================================
SM 2292 1674        74 115 0.74  0.0     229.8          M      142
================================================================================
AV 76.4 55.8                               7.7 FASTST   M    M   5    MAX(MPH)
                                 MISC ---->  # 24 280               # 31  270
================================================================================
NOTES:
# LAST OF SEVERAL OCCURRENCES

COLUMN 17 PEAK WIND IN M.P.H.

PRELIMINARY LOCAL CLIMATOLOGICAL DATA (WS FORM: F-6) , PAGE 2

                                          STATION:  PROVIDENCE RI
                                          MONTH:    SEPTEMBER
                                          YEAR:     2014
                                          LATITUDE:   41 43 N
                                          LONGITUDE:  71 26 W

[TEMPERATURE DATA]      [PRECIPITATION DATA]       SYMBOLS USED IN COLUMN 16

AVERAGE MONTHLY: 66.1   TOTAL FOR MONTH:   0.74    1 = FOG OR MIST
DPTR FM NORMAL:   1.4   DPTR FM NORMAL:   -3.18    2 = FOG REDUCING VISIBILITY
HIGHEST:    91 ON  2    GRTST 24HR  0.37 ON  7         TO 1/4 MILE OR LESS
LOWEST:     39 ON 20                               3 = THUNDER
                        SNOW, ICE PELLETS, HAIL    4 = ICE PELLETS
                        TOTAL MONTH:   0.0 INCH    5 = HAIL
                        GRTST 24HR     0.0         6 = FREEZING RAIN OR DRIZZLE
                        GRTST DEPTH:   0           7 = DUSTSTORM OR SANDSTORM:
                                                       VSBY 1/2 MILE OR LESS
                                                   8 = SMOKE OR HAZE
[NO. OF DAYS WITH]      [WEATHER - DAYS WITH]      9 = BLOWING SNOW
                                                   X = TORNADO
MAX 32 OR BELOW:   0    0.01 INCH OR MORE:   5
MAX 90 OR ABOVE:   2    0.10 INCH OR MORE:   3
MIN 32 OR BELOW:   0    0.50 INCH OR MORE:   0
MIN  0 OR BELOW:   0    1.00 INCH OR MORE:   0

[HDD (BASE 65) ]
TOTAL THIS MO.    74    CLEAR  (SCALE 0-3)  12
DPTR FM NORMAL   -14    PTCLDY (SCALE 4-7)  14
TOTAL FM JUL 1    74    CLOUDY (SCALE 8-10)  4
DPTR FM NORMAL   -23

[CDD (BASE 65) ]
TOTAL THIS MO.   115
DPTR FM NORMAL    35    [PRESSURE DATA]
TOTAL FM JAN 1   697    HIGHEST SLP 30.61 ON 24
DPTR FM NORMAL   -39    LOWEST  SLP 29.57 ON 22

[REMARKS]
#SIPPRELL-FINAL-09-14#




U.S. Dept. of Commerce
NOAA National Weather Service
1325 East West Highway
Silver Spring, MD 20910
E-mail: w-nws.webmaster@noaa.gov
Page last modified: May 16, 2007
NATIONAL WEATHER SERVICE: for Safety, for Work, for Fun - FOR LIFE