284
CXUS51 KBOX 281200
CF6PVD
PRELIMINARY LOCAL CLIMATOLOGICAL DATA (WS FORM: F-6)

                                          STATION:   PROVIDENCE RI
                                          MONTH:     JULY
                                          YEAR:      2014
                                          LATITUDE:   41 43 N
                                          LONGITUDE:  71 26 W

  TEMPERATURE IN F:       :PCPN:    SNOW:  WIND      :SUNSHINE: SKY     :PK WND
================================================================================
1   2   3   4   5  6A  6B    7    8   9   10  11  12  13   14  15   16   17  18
                                     12Z  AVG MX 2MIN
DY MAX MIN AVG DEP HDD CDD  WTR  SNW DPTH SPD SPD DIR MIN PSBL S-S WX    SPD DR
================================================================================

 1  88  68  78   6   0  13 0.00  0.0    0 11.2 21 200   M    M   6        29 220
 2  90  71  81   9   0  16 0.00  0.0    0 11.1 22 210   M    M   4 8      30 220
 3  90  71  81   9   0  16 0.00  0.0    0  9.8 21 200   M    M   7 1      27 310
 4  76  62  69  -4   0   4 2.68  0.0    0 10.8 24  10   M    M   8 13     32  10
 5  81  61  71  -2   0   6    T  0.0    0 13.7 23 330   M    M   4        35 350
 6  84  62  73   0   0   8 0.00  0.0    0 13.1 23 250   M    M   2 8      31 230
 7  86  68  77   4   0  12 0.00  0.0    0 11.7 23 210   M    M   4        32 220
 8  91  72  82   9   0  17 0.00  0.0    0 11.6 18 190   M    M   5 8      32 200
 9  86  71  79   6   0  14 0.00  0.0    0 10.4 20 200   M    M   4 8      27 220
10  82  68  75   2   0  10    T  0.0    0  5.7 13 170   M    M   7 1      15 310
11  83  64  74   1   0   9 0.00  0.0    0  6.2 16 150   M    M   5        20 160
12  85  60  73  -1   0   8 0.00  0.0    0  6.9 16 190   M    M   3        20 190
13  83  65  74   0   0   9 0.00  0.0    0 12.8 24 200   M    M   4 8      31 230
14  84  72  78   4   0  13 0.16  0.0    0  9.3 15 190   M    M   9 18     23 210
15  80  72  76   2   0  11 0.03  0.0    0 11.1 20 210   M    M  10 13     24 200
16  76  70  73  -1   0   8 0.45  0.0    0  6.7 16 200   M    M  10 13     20 200
17  81  66  74   0   0   9 0.00  0.0    0  6.2 13 230   M    M   5        16 220
18  82  60  71  -3   0   6 0.00  0.0    0  5.5 13 200   M    M   4        15 190
19  78  61  70  -4   0   5    T  0.0    0  3.2 12 170   M    M   6        20 150
20  77  62  70  -4   0   5 0.06  0.0    0  7.1 14  60   M    M   8 1      17  70
21  82  63  73  -1   0   8 0.02  0.0    0  7.2 14  60   M    M   5 1      18  40
22  87  63  75   1   0  10 0.00  0.0    0  8.2 17 220   M    M   2        22 230
23  88  70  79   5   0  14    T  0.0    0 10.4 23 220   M    M   4 3      27 210
24  79  67  73  -1   0   8 0.02  0.0    0  6.4 16  50   M    M   7 1      19  50
25  82  62  72  -2   0   7 0.00  0.0    0  8.1 13 330   M    M   2        19 360
26  83  63  73  -1   0   8    T  0.0    0  8.6 20 210   M    M   4        25 220
27  78  67  73  -1   0   8 0.07  0.0    0  9.0 20 180   M    M   7 1      24 190
================================================================================
SM 2242 1781         0 262  3.49     0.0 242.0          M      146
================================================================================
AV 83.0 66.0                               9.0 FASTST   M    M   5    MAX(MPH)
                                 MISC ---->  # 24  10               # 35  350
================================================================================
NOTES:
# LAST OF SEVERAL OCCURRENCES

COLUMN 17 PEAK WIND IN M.P.H.

PRELIMINARY LOCAL CLIMATOLOGICAL DATA (WS FORM: F-6) , PAGE 2

                                          STATION:  PROVIDENCE RI
                                          MONTH:    JULY
                                          YEAR:     2014
                                          LATITUDE:   41 43 N
                                          LONGITUDE:  71 26 W

[TEMPERATURE DATA]      [PRECIPITATION DATA]       SYMBOLS USED IN COLUMN 16

AVERAGE MONTHLY: 74.5   TOTAL FOR MONTH:   3.49    1 = FOG OR MIST
DPTR FM NORMAL:   1.0   DPTR FM NORMAL:    0.69    2 = FOG REDUCING VISIBILITY
HIGHEST:    91 ON  8    GRTST 24HR  2.68 ON  4- 4      TO 1/4 MILE OR LESS
LOWEST:     60 ON 18,12                            3 = THUNDER
                        SNOW, ICE PELLETS, HAIL    4 = ICE PELLETS
                        TOTAL MONTH:   0.0 INCH    5 = HAIL
                        GRTST 24HR     0.0         6 = FREEZING RAIN OR DRIZZLE
                        GRTST DEPTH:   0           7 = DUSTSTORM OR SANDSTORM:
                                                       VSBY 1/2 MILE OR LESS
                                                   8 = SMOKE OR HAZE
[NO. OF DAYS WITH]      [WEATHER - DAYS WITH]      9 = BLOWING SNOW
                                                   X = TORNADO
MAX 32 OR BELOW:   0    0.01 INCH OR MORE:   8
MAX 90 OR ABOVE:   3    0.10 INCH OR MORE:   3
MIN 32 OR BELOW:   0    0.50 INCH OR MORE:   1
MIN  0 OR BELOW:   0    1.00 INCH OR MORE:   1

[HDD (BASE 65) ]
TOTAL THIS MO.     0    CLEAR  (SCALE 0-3)   4
DPTR FM NORMAL     0    PTCLDY (SCALE 4-7)  20
TOTAL FM JUL 1     0    CLOUDY (SCALE 8-10)  3
DPTR FM NORMAL     0

[CDD (BASE 65) ]
TOTAL THIS MO.   262
DPTR FM NORMAL    31    [PRESSURE DATA]
TOTAL FM JAN 1   376    HIGHEST SLP M ON M
DPTR FM NORMAL   -13    LOWEST  SLP 29.65 ON  9

[REMARKS]




U.S. Dept. of Commerce
NOAA National Weather Service
1325 East West Highway
Silver Spring, MD 20910
E-mail: w-nws.webmaster@noaa.gov
Page last modified: May 16, 2007
NATIONAL WEATHER SERVICE: for Safety, for Work, for Fun - FOR LIFE