192
CXUS56 KOTX 010900
CF6PUW
PRELIMINARY LOCAL CLIMATOLOGICAL DATA (WS FORM: F-6)

                                          STATION:   PULLMAN-MOSCOW  AIRPORT
                                          MONTH:     SEPTEMBER
                                          YEAR:      2014
                                          LATITUDE:   46 44 N
                                          LONGITUDE: 117  7 W

  TEMPERATURE IN F:       :PCPN:    SNOW:  WIND      :SUNSHINE: SKY     :PK WND
================================================================================
1   2   3   4   5  6A  6B    7    8   9   10  11  12  13   14  15   16   17  18
                                     12Z  AVG MX 2MIN
DY MAX MIN AVG DEP HDD CDD  WTR  SNW DPTH SPD SPD DIR MIN PSBL S-S WX    SPD DR
================================================================================

 1  72  45  59  -3   6   0 0.00    M    M  5.1 16 220   M    M   2        23 240
 2  77  50  64   2   1   0    T    M    M 11.6 28 240   M    M   2        38 240
 3  66  47  57  -5   8   0 0.03    M    M 12.3 24 230   M    M   7 8      31 250
 4  74  43  59  -3   6   0 0.00    M    M  4.3 14  20   M    M   0        16  10
 5  80  38  59  -3   6   0 0.00    M    M  2.6 13  10   M    M   0        17 300
 6  85  41  63   2   2   0 0.00    M    M  5.3 17 100   M    M   0        20 100
 7  85  44  65   4   0   0 0.00    M    M  2.7 10 270   M    M   0        14 260
 8  82  44  63   2   2   0 0.00    M    M  7.4 23 240   M    M   0        31 240
 9  73  52  63   3   2   0 0.00    M    M 12.9 22 260   M    M   1        28 250
10  66  43  55  -5  10   0    T    M    M  9.4 20 310   M    M   7        25 310
11  67  32  50 -10  15   0 0.00    M    M  4.6 17  90   M    M   0        22  90
12  75  42  59   0   6   0 0.00    M    M  7.9 20  90   M    M   0        24  90
13  77  36  57  -2   8   0 0.00    M    M  3.9 15 110   M    M   0        18  90
14  80  35  58  -1   7   0 0.00    M    M  2.2  8 260   M    M   0        12 190
15  89  42  66   8   0   1 0.00    M    M  4.5 16 110   M    M   0 8      19 100
16  87  51  69  11   0   4 0.00    M    M  5.1 16 280   M    M   0 8      20 280
17  86  47  67   9   0   2 0.00    M    M  3.6 13 110   M    M   0 8      18 130
18  80  49  65   7   0   0 0.00    M    M  8.9 23 240   M    M   3 8      32 230
19  74  48  61   4   4   0 0.00    M    M  4.4 17 230   M    M   0        21 240
20  86  48  67  10   0   2 0.00    M    M  3.8 14 110   M    M   0        16 100
21  88  50  69  13   0   4 0.00    M    M  3.2 14 100   M    M   0 8      16  90
22  84  49  67  11   0   2 0.02    M    M  4.9 18 220   M    M   3        24 220
23  79  58  69  13   0   4 0.04    M    M  6.8 17 100   M    M   2 8      28 190
24  76  52  64   9   1   0 0.00    M    M  9.4 20 290   M    M   1 8      26 240
25  72  43  58   3   7   0 0.01    M    M  4.0 18 280   M    M   4        23 270
26  69  43  56   1   9   0    T    M    M  3.3 13 240   M    M   3        17 240
27  72  43  58   4   7   0 0.00    M    M  5.2 15  30   M    M   2        17  20
28  76  48  62   8   3   0 0.00    M    M  6.6 16 100   M    M   4        22  90
29  65  54  60   6   5   0 0.18    M    M  6.9 22 250   M    M   9 1      29 250
30  62  41  52  -1  13   0 0.16    M    M 14.2 26 230   M    M   6 13     33 270
================================================================================
SM 2304 1358       128  19  0.44    M    187.0          M       56
================================================================================
AV 76.8 45.3                               6.2 FASTST   M    M   2    MAX(MPH)
                                 MISC ---->  # 28 240               # 38  240
================================================================================
NOTES:
# LAST OF SEVERAL OCCURRENCES

COLUMN 17 PEAK WIND IN M.P.H.

PRELIMINARY LOCAL CLIMATOLOGICAL DATA (WS FORM: F-6) , PAGE 2

                                          STATION:  PULLMAN-MOSCOW  AIRPORT
                                          MONTH:    SEPTEMBER
                                          YEAR:     2014
                                          LATITUDE:   46 44 N
                                          LONGITUDE: 117  7 W

[TEMPERATURE DATA]      [PRECIPITATION DATA]       SYMBOLS USED IN COLUMN 16

AVERAGE MONTHLY: 61.0   TOTAL FOR MONTH:   0.44    1 = FOG OR MIST
DPTR FM NORMAL:   2.8   DPTR FM NORMAL:   -0.34    2 = FOG REDUCING VISIBILITY
HIGHEST:    89 ON 15    GRTST 24HR  0.34 ON 29-30      TO 1/4 MILE OR LESS
LOWEST:     32 ON 11                               3 = THUNDER
                        SNOW, ICE PELLETS, HAIL    4 = ICE PELLETS
                        TOTAL MONTH:    M          5 = HAIL
                        GRTST 24HR    M  ON   M    6 = FREEZING RAIN OR DRIZZLE
                        GRTST DEPTH:  M  ON   M    7 = DUSTSTORM OR SANDSTORM:
                                                       VSBY 1/2 MILE OR LESS
                                                   8 = SMOKE OR HAZE
[NO. OF DAYS WITH]      [WEATHER - DAYS WITH]      9 = BLOWING SNOW
                                                   X = TORNADO
MAX 32 OR BELOW:   0    0.01 INCH OR MORE:   6
MAX 90 OR ABOVE:   0    0.10 INCH OR MORE:   2
MIN 32 OR BELOW:   1    0.50 INCH OR MORE:   0
MIN  0 OR BELOW:   0    1.00 INCH OR MORE:   0

[HDD (BASE 65) ]
TOTAL THIS MO.   128    CLEAR  (SCALE 0-3)  23
DPTR FM NORMAL  -100    PTCLDY (SCALE 4-7)   6
TOTAL FM JUL 1   153    CLOUDY (SCALE 8-10)  1
DPTR FM NORMAL  -208

[CDD (BASE 65) ]
TOTAL THIS MO.    19
DPTR FM NORMAL    -3    [PRESSURE DATA]
TOTAL FM JAN 1   346    HIGHEST SLP M ON M
DPTR FM NORMAL   134    LOWEST  SLP  0.00 ON M

[REMARKS]
#FINAL-09-14#




U.S. Dept. of Commerce
NOAA National Weather Service
1325 East West Highway
Silver Spring, MD 20910
E-mail: w-nws.webmaster@noaa.gov
Page last modified: May 16, 2007
NATIONAL WEATHER SERVICE: for Safety, for Work, for Fun - FOR LIFE