991
CXUS56 KOTX 300900
CF6PUW
PRELIMINARY LOCAL CLIMATOLOGICAL DATA (WS FORM: F-6)

                                          STATION:   PULLMAN-MOSCOW  AIRPORT
                                          MONTH:     JULY
                                          YEAR:      2014
                                          LATITUDE:   46 44 N
                                          LONGITUDE: 117  7 W

  TEMPERATURE IN F:       :PCPN:    SNOW:  WIND      :SUNSHINE: SKY     :PK WND
================================================================================
1   2   3   4   5  6A  6B    7    8   9   10  11  12  13   14  15   16   17  18
                                     12Z  AVG MX 2MIN
DY MAX MIN AVG DEP HDD CDD  WTR  SNW DPTH SPD SPD DIR MIN PSBL S-S WX    SPD DR
================================================================================

 1  88  45  67   5   0   2 0.00    M    M  4.9 14 130   M    M   0        18 100
 2  92  53  73  11   0   8 0.00    M    M  5.2 14 230   M    M   0        20 260
 3  85  48  67   4   0   2    T    M    M  5.5 16 280   M    M   1        19 250
 4  80  50  65   2   0   0 0.00    M    M  2.6 10 260   M    M   0        13 280
 5  84  50  67   4   0   2 0.00    M    M  2.8 12 240   M    M   0        15 240
 6  88  56  72   8   0   7 0.00    M    M  3.6 15 270   M    M   0        21 280
 7  89  52  71   7   0   6 0.00    M    M  2.7 10 340   M    M   0 8      15 350
 8  92  53  73   9   0   8 0.00    M    M  2.7 10  20   M    M   0        17 270
 9  91  53  72   8   0   7 0.00    M    M  3.5 14 250   M    M   0        20 220
10  89  51  70   5   0   5 0.00    M    M  4.0 15 240   M    M   0        19 240
11  93  47  70   5   0   5 0.00    M    M  2.5  9  10   M    M   0        12  30
12  94  49  72   7   0   7 0.00    M    M  1.8  8 350   M    M   0        12 330
13  96  52  74   9   0   9    T    M    M  3.4 13 330   M    M   0        18 340
14  93  61  77  11   0  12    T    M    M  3.7 20  20   M    M   2        26  20
15  91  56  74   8   0   9 0.00    M    M  5.2 13 360   M    M   1        18 340
16  98  60  79  13   0  14 0.00    M    M  4.9 13 240   M    M   1        16 250
17  91  54  73   7   0   8 0.00    M    M  9.7 22 250   M    M   0        28 240
18  84  54  69   3   0   4 0.00    M    M  4.3 15 240   M    M   4 8      21 240
19  88  56  72   5   0   7 0.00    M    M 11.6 23 250   M    M   1 8      31 260
20  77  60  69   2   0   4 0.01    M    M  9.2 24 240   M    M   6        30 250
21  78  54  66  -1   0   1 0.00    M    M  6.1 23 250   M    M   0        29 250
22  82  59  71   4   0   6 0.21    M    M  5.3 18  90   M    M   6 13     23  90
23  86  55  71   4   0   6 0.11    M    M 10.9 38 250   M    M   3 38     49 250
24  70  49  60  -7   5   0 0.00    M    M 11.7 25 240   M    M   2        33 230
25  77  43  60  -7   5   0 0.00    M    M  2.6 12 250   M    M   0        16 270
26  86  45  66  -1   0   1 0.00    M    M  3.0 10 220   M    M   0        14 180
27  94  46  70   3   0   5 0.00    M    M  3.5 10  90   M    M   0        15  80
28  98  56  77   9   0  12 0.00    M    M  2.3 13 110   M    M   0        16 110
29  99  53  76   8   0  11 0.00    M    M  1.9 10 270   M    M   0        17 270
================================================================================
SM 2553 1520        10 168  0.33    M    141.1          M       27
================================================================================
AV 88.0 52.4                               4.9 FASTST   M    M   1    MAX(MPH)
                                 MISC ---->  # 38 250               # 49  250
================================================================================
NOTES:
# LAST OF SEVERAL OCCURRENCES

COLUMN 17 PEAK WIND IN M.P.H.

PRELIMINARY LOCAL CLIMATOLOGICAL DATA (WS FORM: F-6) , PAGE 2

                                          STATION:  PULLMAN-MOSCOW  AIRPORT
                                          MONTH:    JULY
                                          YEAR:     2014
                                          LATITUDE:   46 44 N
                                          LONGITUDE: 117  7 W

[TEMPERATURE DATA]      [PRECIPITATION DATA]       SYMBOLS USED IN COLUMN 16

AVERAGE MONTHLY: 70.2   TOTAL FOR MONTH:   0.33    1 = FOG OR MIST
DPTR FM NORMAL:   4.8   DPTR FM NORMAL:   -0.32    2 = FOG REDUCING VISIBILITY
HIGHEST:    99 ON 29    GRTST 24HR  0.30 ON 22-23      TO 1/4 MILE OR LESS
LOWEST:     43 ON 25                               3 = THUNDER
                        SNOW, ICE PELLETS, HAIL    4 = ICE PELLETS
                        TOTAL MONTH:    M          5 = HAIL
                        GRTST 24HR    M  ON   M    6 = FREEZING RAIN OR DRIZZLE
                        GRTST DEPTH:  M  ON   M    7 = DUSTSTORM OR SANDSTORM:
                                                       VSBY 1/2 MILE OR LESS
                                                   8 = SMOKE OR HAZE
[NO. OF DAYS WITH]      [WEATHER - DAYS WITH]      9 = BLOWING SNOW
                                                   X = TORNADO
MAX 32 OR BELOW:   0    0.01 INCH OR MORE:   3
MAX 90 OR ABOVE:  13    0.10 INCH OR MORE:   2
MIN 32 OR BELOW:   0    0.50 INCH OR MORE:   0
MIN  0 OR BELOW:   0    1.00 INCH OR MORE:   0

[HDD (BASE 65) ]
TOTAL THIS MO.    10    CLEAR  (SCALE 0-3)  25
DPTR FM NORMAL   -50    PTCLDY (SCALE 4-7)   4
TOTAL FM JUL 1    10    CLOUDY (SCALE 8-10)  0
DPTR FM NORMAL   -50

[CDD (BASE 65) ]
TOTAL THIS MO.   168
DPTR FM NORMAL    94    [PRESSURE DATA]
TOTAL FM JAN 1   170    HIGHEST SLP M ON M
DPTR FM NORMAL    78    LOWEST  SLP  0.00 ON M

[REMARKS]




U.S. Dept. of Commerce
NOAA National Weather Service
1325 East West Highway
Silver Spring, MD 20910
E-mail: w-nws.webmaster@noaa.gov
Page last modified: May 16, 2007
NATIONAL WEATHER SERVICE: for Safety, for Work, for Fun - FOR LIFE