485
CXUS55 KPUB 011702 CCA
CF6PUB

PRELIMINARY LOCAL CLIMATOLOGICAL DATA (WS FORM: F-6)

                                          STATION:   PUEBLO CO
                                          MONTH:     NOVEMBER
                                          YEAR:      2014
                                          LATITUDE:   38 16 N
                                          LONGITUDE: 104 31 W

  TEMPERATURE IN F:       :PCPN:    SNOW:  WIND      :SUNSHINE: SKY     :PK WND
================================================================================
1   2   3   4   5  6A  6B    7    8   9   10  11  12  13   14  15   16   17  18
                                     12Z  AVG MX 2MIN
DY MAX MIN AVG DEP HDD CDD  WTR  SNW DPTH SPD SPD DIR MIN PSBL S-S WX    SPD DR
================================================================================

 1  75  33  54   8  11   0 0.00  0.0    0  5.7 24 180   M    M   0        33 170
 2  70  40  55  10  10   0    T  0.0    0  5.5 29 260   M    M   1        38 260
 3  64  36  50   5  15   0 0.00  0.0    0  9.7 30  30   M    M   3        35  20
 4  60  31  46   1  19   0 0.00  0.0    0  4.9 13 320   M    M   2        16 230
 5  67  24  46   2  19   0 0.00  0.0    0  6.1 17 130   M    M   0        22 130
 6  65  28  47   3  18   0 0.00  0.0    0  4.2 10 110   M    M   0        15 100
 7  73  29  51   8  14   0 0.00  0.0    0  9.0 28 290   M    M   1        36 300
 8  65  33  49   6  16   0    T  0.0    0  5.7 18  30   M    M   2        23  50
 9  60  29  45   3  20   0 0.00  0.0    0  4.5 17 320   M    M   0        20 320
10  74  22  48   6  17   0    T  0.2    0 12.8 51  30   M    M   4 18     61  30
11  23  17  20 -21  45   0    T  0.1    T  9.9 15 100   M    M  10 18     18 120
12  17   5  11 -30  54   0 0.19  3.2    1  7.6 16  80   M    M  10 128    18  80
13  11  -9   1 -39  64   0 0.05  2.3    5  3.2 10  80   M    M   9 18     12  70
14  22   1  12 -28  53   0 0.00  0.0    3  4.4 10  80   M    M   1        12  80
15  40  12  26 -14  39   0 0.16  3.4    5 11.0 23 120   M    M   4 12     28 120
16  30   5  18 -21  47   0 0.04  0.4    2  4.1 10  50   M    M   4 18     13 160
17  33   0  17 -22  48   0 0.00  0.0    2  3.8 10 130   M    M   0        11 120
18  50   4  27 -11  38   0 0.00  0.0    2  5.8 30 280   M    M   0        37 280
19  46  26  36  -2  29   0 0.00  0.0    T  4.8 12 350   M    M   0        17 130
20  50  23  37   0  28   0 0.00  0.0    0  3.4 10 140   M    M   1        13 100
21  57  23  40   3  25   0 0.00  0.0    0  3.2 10 110   M    M   0        11 130
22  65  24  45   9  20   0 0.00  0.0    0 12.0 32 290   M    M   0        39 290
23  52  22  37   1  28   0 0.02  0.3    0 11.9 39  30   M    M   7 18     46  30
24  47  19  33  -2  32   0 0.00  0.0    0 14.2 33  20   M    M   2        39  30
25  57  16  37   2  28   0 0.00  0.0    0 12.5 31 290   M    M   0        40 280
26  44  23  34   0  31   0 0.00  0.0    0  4.6 18  30   M    M   2        23  20
27  73  20  47  13  18   0 0.00  0.0    0  5.4 17 250   M    M   0        20 240
28  75  29  52  18  13   0 0.00  0.0    0  7.1 21 260   M    M   0        26 290
29  72  27  50  17  15   0 0.00  0.0    0  5.0 16 300   M    M   0        17 310
30  65  20  43  10  22   0 0.00  0.0    0  9.6 29 110   M    M   1        33 110
================================================================================
SM 1602 612        836   0 0.46  9.9     211.6          M       64
================================================================================
AV 53.4 20.4                               7.1 FASTST   M    M   2      MAX(MPH)
                                 MISC ---->    51  30                     61  30
================================================================================
NOTES:
COLUMN 17 PEAK WIND IN M.P.H.

PRELIMINARY LOCAL CLIMATOLOGICAL DATA (WS FORM: F-6) , PAGE 2

                                          STATION:  PUEBLO CO
                                          MONTH:    NOVEMBER
                                          YEAR:     2014
                                          LATITUDE:   38 16 N
                                          LONGITUDE: 104 31 W

[TEMPERATURE DATA]      [PRECIPITATION DATA]       SYMBOLS USED IN COLUMN 16

AVERAGE MONTHLY: 36.9   TOTAL FOR MONTH:    0.46   1 = FOG OR MIST
DPTR  FM NORMAL: -2.4   DPTR  FM NORMAL:   -0.01   2 = FOG REDUCING VISIBILITY
HIGHEST:  75 ON 28, 1   GRTST 24HR 0.22 ON 12-13       TO 1/4 MILE OR LESS
LOWEST:   -9 ON 13                                 3 = THUNDER
                        SNOW, ICE PELLETS, HAIL    4 = ICE PELLETS
                        TOTAL MONTH: 9.9   INCHES  5 = HAIL
                        GRTST 24HR   4.9 ON 12-13  6 = FREEZING RAIN OR DRIZZLE
                        GRTST DEPTH:   5 ON 15,13  7 = DUSTSTORM OR SANDSTORM:
                                                       VSBY 1/2 MILE OR LESS
                                                   8 = SMOKE OR HAZE
[NO. OF DAYS WITH]      [WEATHER - DAYS WITH]      9 = BLOWING SNOW
                                                   X = TORNADO
MAX 32 OR BELOW:   5    0.01 INCH OR MORE:   5
MAX 90 OR ABOVE:   0    0.10 INCH OR MORE:   2
MIN 32 OR BELOW:  26    0.50 INCH OR MORE:   0
MIN  0 OR BELOW:   2    1.00 INCH OR MORE:   0

[HDD (BASE 65) ]
TOTAL THIS MO.   836    CLEAR  (SCALE 0-3)  23
DPTR FM NORMAL    65    PTCLDY (SCALE 4-7)   4
TOTAL FM JUL 1  1162    CLOUDY (SCALE 8-10)  3
DPTR FM NORMAL  -119

[CDD (BASE 65) ]
TOTAL THIS MO.     0
DPTR FM NORMAL     0    [PRESSURE DATA]
TOTAL FM JAN 1  1002    HIGHEST SLP 30.73 ON 12
DPTR FM NORMAL   105    LOWEST  SLP 29.30 ON 10

[REMARKS]
#FINAL-11-14#




U.S. Dept. of Commerce
NOAA National Weather Service
1325 East West Highway
Silver Spring, MD 20910
E-mail: w-nws.webmaster@noaa.gov
Page last modified: May 16, 2007
NATIONAL WEATHER SERVICE: for Safety, for Work, for Fun - FOR LIFE