267
CXUS55 KPUB 311159
CF6PUB
PRELIMINARY LOCAL CLIMATOLOGICAL DATA (WS FORM: F-6)

                                          STATION:   PUEBLO CO
                                          MONTH:     JANUARY
                                          YEAR:      2015
                                          LATITUDE:   38 16 N
                                          LONGITUDE: 104 31 W

  TEMPERATURE IN F:       :PCPN:    SNOW:  WIND      :SUNSHINE: SKY     :PK WND
================================================================================
1   2   3   4   5  6A  6B    7    8   9   10  11  12  13   14  15   16   17  18
                                     12Z  AVG MX 2MIN
DY MAX MIN AVG DEP HDD CDD  WTR  SNW DPTH SPD SPD DIR MIN PSBL S-S WX    SPD DR
================================================================================

 1  30  -8  11 -19  54   0 0.00  0.0    1  5.4 15  30   M    M   3        17  30
 2  40  -1  20 -10  45   0 0.00  0.0    1  5.5  M   M   M    M   0         M  M
 3  47  10  29  -1  36   0    T    T    T 10.4 33  30   M    M   4        40  40
 4  28   5  17 -13  48   0 0.00  0.0    T  4.3 10  40   M    M   0        12 100
 5  61  10  36   6  29   0 0.00  0.0    0  6.6 35 280   M    M   0        43 280
 6  54  24  39   9  26   0 0.00  0.0    0  4.1 14  50   M    M   0        16  50
 7  30  17  24  -6  41   0 0.01  0.3    0  9.5 23 110   M    M   9 16     26 110
 8  59  14  37   7  28   0    T    T    T 10.2 23 110   M    M   2 6      27 110
 9  28  21  25  -5  40   0    T    T    0  7.7 18  40   M    M  10 168    23  50
10  59  21  40  10  25   0 0.00  0.0    0  4.5 15 130   M    M   4 12     18 140
11  59  18  39   9  26   0 0.00  0.0    0  6.4 23  50   M    M   4        27  50
12  35  19  27  -3  38   0 0.01  0.1    0  9.3 18 100   M    M  10 18     20 100
13  28  18  23  -7  42   0 0.00    T    0  3.5  8 100   M    M  10 16      9 310
14  41  19  30   0  35   0 0.00  0.0    0  3.1 12 130   M    M   5 1      16 140
15  52  13  33   3  32   0 0.00  0.0    0  4.3 10 190   M    M   0 1      12 190
16  66  13  40  10  25   0 0.00  0.0    0  8.8 29 280   M    M   0        36 280
17  60  21  41  10  24   0 0.00  0.0    0 10.4 31 290   M    M   0        37 290
18  69  19  44  13  21   0 0.00  0.0    0 13.2 31 290   M    M   0        38 290
19  62  34  48  17  17   0 0.00  0.0    0 10.6 25 290   M    M   0        32 290
20  39  22  31   0  34   0    T    T    0  4.3 10 120   M    M   7        12 130
21  35  18  27  -4  38   0 0.17  4.1    T  8.1 16  70   M    M  10 1      20  60
22  31  -1  15 -16  50   0 0.00  0.0    4  3.4 10 310   M    M   1 1      12 310
23  49   2  26  -5  39   0 0.00  0.0    1  5.8 13 290   M    M   2        14 300
24  57  20  39   8  26   0 0.00  0.0    0  7.2 23 290   M    M   0        31 290
25  58  24  41  10  24   0 0.00  0.0    0  3.6 13  20   M    M   0        15  20
26  71  25  48  17  17   0 0.00  0.0    0  4.4 12 220   M    M   0        15 260
27  73  28  51  20  14   0 0.00  0.0    0  7.4 21 280   M    M   0        27 290
28  66  34  50  19  15   0 0.00  0.0    0 16.3 38 310   M    M   0        43 320
29  51  32  42  11  23   0 0.00  0.0    0  5.1 14 160   M    M   6        19 160
30  44  27  36   5  29   0 0.01  0.0    0  1.6  8 360   M    M   8        10 350
================================================================================
SM 1482  518       941   0  0.20     4.5 205.0          M       95
================================================================================
AV 49.4 17.3                               6.8 FASTST   M    M   3    MAX(MPH)
                                 MISC ---->  # 38 310               # 43  280
================================================================================
NOTES:
# LAST OF SEVERAL OCCURRENCES

COLUMN 17 PEAK WIND IN M.P.H.

PRELIMINARY LOCAL CLIMATOLOGICAL DATA (WS FORM: F-6) , PAGE 2

                                          STATION:  PUEBLO CO
                                          MONTH:    JANUARY
                                          YEAR:     2015
                                          LATITUDE:   38 16 N
                                          LONGITUDE: 104 31 W

[TEMPERATURE DATA]      [PRECIPITATION DATA]       SYMBOLS USED IN COLUMN 16

AVERAGE MONTHLY: 33.3   TOTAL FOR MONTH:   0.20    1 = FOG OR MIST
DPTR FM NORMAL:   2.9   DPTR FM NORMAL:   -0.14    2 = FOG REDUCING VISIBILITY
HIGHEST:    73 ON 27    GRTST 24HR  0.17 ON 21-21      TO 1/4 MILE OR LESS
LOWEST:     -8 ON  1                               3 = THUNDER
                        SNOW, ICE PELLETS, HAIL    4 = ICE PELLETS
                        TOTAL MONTH:   4.5 INCHES  5 = HAIL
                        GRTST 24HR   4.1 ON   M    6 = FREEZING RAIN OR DRIZZLE
                        GRTST DEPTH:   4 ON 22     7 = DUSTSTORM OR SANDSTORM:
                                                       VSBY 1/2 MILE OR LESS
                                                   8 = SMOKE OR HAZE
[NO. OF DAYS WITH]      [WEATHER - DAYS WITH]      9 = BLOWING SNOW
                                                   X = TORNADO
MAX 32 OR BELOW:   6    0.01 INCH OR MORE:   4
MAX 90 OR ABOVE:   0    0.10 INCH OR MORE:   1
MIN 32 OR BELOW:  28    0.50 INCH OR MORE:   0
MIN  0 OR BELOW:   3    1.00 INCH OR MORE:   0

[HDD (BASE 65) ]
TOTAL THIS MO.   941    CLEAR  (SCALE 0-3)  17
DPTR FM NORMAL   -93    PTCLDY (SCALE 4-7)   7
TOTAL FM JUL 1  3172    CLOUDY (SCALE 8-10)  6
DPTR FM NORMAL  -225

[CDD (BASE 65) ]
TOTAL THIS MO.     0
DPTR FM NORMAL     0    [PRESSURE DATA]
TOTAL FM JAN 1     0    HIGHEST SLP M ON M
DPTR FM NORMAL     0    LOWEST  SLP 29.99 ON  3

[REMARKS]




U.S. Dept. of Commerce
NOAA National Weather Service
1325 East West Highway
Silver Spring, MD 20910
E-mail: w-nws.webmaster@noaa.gov
Page last modified: May 16, 2007
NATIONAL WEATHER SERVICE: for Safety, for Work, for Fun - FOR LIFE