983
CXUS55 KPUB 191059
CF6PUB
PRELIMINARY LOCAL CLIMATOLOGICAL DATA (WS FORM: F-6)

                                          STATION:   PUEBLO CO
                                          MONTH:     APRIL
                                          YEAR:      2014
                                          LATITUDE:   38 16 N
                                          LONGITUDE: 104 31 W

  TEMPERATURE IN F:       :PCPN:    SNOW:  WIND      :SUNSHINE: SKY     :PK WND
================================================================================
1   2   3   4   5  6A  6B    7    8   9   10  11  12  13   14  15   16   17  18
                                     12Z  AVG MX 2MIN
DY MAX MIN AVG DEP HDD CDD  WTR  SNW DPTH SPD SPD DIR MIN PSBL S-S WX    SPD DR
================================================================================

 1  70  32  51   5  14   0 0.00  0.0    0  7.6 21  40   M    M   4 8      26  30
 2  71  30  51   4  14   0    T  0.0    0 13.1 35 240   M    M   4 8      42 240
 3  45  32  39  -8  26   0 0.59  3.1    T  9.2 29  10   M    M   8 12     34  20
 4  53  29  41  -6  24   0 0.00  0.0    0  5.1 16 130   M    M   1 1      21 140
 5  54  31  43  -4  22   0 0.00  0.0    0  7.6 20 170   M    M   4        24 170
 6  58  37  48   0  17   0    T  0.0    0  7.3 30 360   M    M   8        36 360
 7  58  35  47  -1  18   0 0.01  0.0    0 13.9 31 360   M    M   4        40  10
 8  70  27  49   1  16   0 0.00  0.0    0  5.0 15 150   M    M   0        22 130
 9  81  38  60  12   5   0 0.00  0.0    0 13.7 31 290   M    M   0        37 270
10  72  44  58   9   7   0 0.00  0.0    0 11.8 28  80   M    M   0        32  80
11  81  38  60  11   5   0 0.00  0.0    0  6.9 21 330   M    M   0        26 330
12  80  53  67  18   0   2 0.00  0.0    0 11.4 31 290   M    M   0        36 290
13  58  25  42  -8  23   0 0.40  5.2    0 16.3 33  30   M    M   9 12     40  40
14  41  24  33 -17  32   0    T    T    5  6.1 20  20   M    M   5 1      23  20
15  70  26  48  -2  17   0 0.00  0.0    0  9.2 23 300   M    M   0        27 310
16  63  35  49  -1  16   0 0.09  0.0    0  7.8 24 130   M    M   4 1      32 140
17  62  37  50  -1  15   0    T  0.0    0  8.0 18 130   M    M   5        22 150
18  82  34  58   7   7   0 0.00  0.0    0  8.1 25 210   M    M   0        36 210
================================================================================
SM 1169  607       278   2  1.09     8.3 168.1          M       56
================================================================================
AV 64.9 33.7                               9.3 FASTST   M    M   3    MAX(MPH)
                                 MISC ---->  # 35 240               # 42  240
================================================================================
NOTES:
# LAST OF SEVERAL OCCURRENCES

COLUMN 17 PEAK WIND IN M.P.H.

PRELIMINARY LOCAL CLIMATOLOGICAL DATA (WS FORM: F-6) , PAGE 2

                                          STATION:  PUEBLO CO
                                          MONTH:    APRIL
                                          YEAR:     2014
                                          LATITUDE:   38 16 N
                                          LONGITUDE: 104 31 W

[TEMPERATURE DATA]      [PRECIPITATION DATA]       SYMBOLS USED IN COLUMN 16

AVERAGE MONTHLY: 49.3   TOTAL FOR MONTH:   1.09    1 = FOG OR MIST
DPTR FM NORMAL:   0.7   DPTR FM NORMAL:    0.34    2 = FOG REDUCING VISIBILITY
HIGHEST:    82 ON 18    GRTST 24HR  0.59 ON  3- 3      TO 1/4 MILE OR LESS
LOWEST:     24 ON 14                               3 = THUNDER
                        SNOW, ICE PELLETS, HAIL    4 = ICE PELLETS
                        TOTAL MONTH:   8.3 INCHES  5 = HAIL
                        GRTST 24HR   5.2 ON   M    6 = FREEZING RAIN OR DRIZZLE
                        GRTST DEPTH:   5 ON 14     7 = DUSTSTORM OR SANDSTORM:
                                                       VSBY 1/2 MILE OR LESS
                                                   8 = SMOKE OR HAZE
[NO. OF DAYS WITH]      [WEATHER - DAYS WITH]      9 = BLOWING SNOW
                                                   X = TORNADO
MAX 32 OR BELOW:   0    0.01 INCH OR MORE:   4
MAX 90 OR ABOVE:   0    0.10 INCH OR MORE:   2
MIN 32 OR BELOW:   9    0.50 INCH OR MORE:   1
MIN  0 OR BELOW:   0    1.00 INCH OR MORE:   0

[HDD (BASE 65) ]
TOTAL THIS MO.   278    CLEAR  (SCALE 0-3)   8
DPTR FM NORMAL   -16    PTCLDY (SCALE 4-7)   8
TOTAL FM JUL 1  5155    CLOUDY (SCALE 8-10)  2
DPTR FM NORMAL  -144

[CDD (BASE 65) ]
TOTAL THIS MO.     2
DPTR FM NORMAL     2    [PRESSURE DATA]
TOTAL FM JAN 1     2    HIGHEST SLP M ON M
DPTR FM NORMAL     2    LOWEST  SLP 29.50 ON 13

[REMARKS]




U.S. Dept. of Commerce
NOAA National Weather Service
1325 East West Highway
Silver Spring, MD 20910
E-mail: w-nws.webmaster@noaa.gov
Page last modified: May 16, 2007
NATIONAL WEATHER SERVICE: for Safety, for Work, for Fun - FOR LIFE