087
CXUS55 KPUB 011655
CF6PUB

PRELIMINARY LOCAL CLIMATOLOGICAL DATA (WS FORM: F-6)

                                          STATION:   PUEBLO CO
                                          MONTH:     AUGUST
                                          YEAR:      2014
                                          LATITUDE:   38 16 N
                                          LONGITUDE: 104 31 W

  TEMPERATURE IN F:       :PCPN:    SNOW:  WIND      :SUNSHINE: SKY     :PK WND
================================================================================
1   2   3   4   5  6A  6B    7    8   9   10  11  12  13   14  15   16   17  18
                                     12Z  AVG MX 2MIN
DY MAX MIN AVG DEP HDD CDD  WTR  SNW DPTH SPD SPD DIR MIN PSBL S-S WX    SPD DR
================================================================================

 1  79  60  70  -5   0   5 0.03  0.0    0  5.0 22 270   M    M   5 3      26 260
 2  83  55  69  -6   0   4 0.00  0.0    0  7.2 18 140   M    M   0        24 140
 3  88  54  71  -4   0   6 0.00  0.0    0  5.8 15 110   M    M   0        19 110
 4  91  56  74  -1   0   9 0.04  0.0    0  7.6 35 260   M    M   2 3      44 260
 5  91  61  76   1   0  11 0.07  0.0    0  7.8 31  10   M    M   2 3      38 360
 6  92  57  75   0   0  10 0.00  0.0    0  7.2 20 100   M    M   0        24 100
 7  87  63  75   0   0  10    T  0.0    0  7.1 22 190   M    M   0 3      28 190
 8  89  59  74  -1   0   9 0.47    T    0  7.3 29 120   M    M   1 35     39 130
 9  93  61  77   3   0  12 0.00  0.0    0  8.1 33  30   M    M   0 3      41  30
10  86  57  72  -2   0   7 0.44  0.0    0  8.2 26 340   M    M   4 3      32 340
11  84  53  69  -5   0   4 0.00  0.0    0  4.5 15 130   M    M   0        17 130
12  90  56  73  -1   0   8 0.00  0.0    0  4.8 15 130   M    M   0        19 140
13  94  58  76   2   0  11 0.00  0.0    0  5.7 15 110   M    M   0        18 110
14  93  64  79   5   0  14    T  0.0    0  9.7 36 340   M    M   2        43 340
15  93  61  77   3   0  12 0.17  0.0    0  8.7 37 350   M    M   2 3      45 350
16  94  57  76   2   0  11 0.00  0.0    0  4.8 15 230   M    M   0        19 220
17  96  58  77   3   0  12 0.02  0.0    0  7.9 35 350   M    M   0 38     55 350
18  96  54  75   2   0  10 0.00  0.0    0  7.2 25 360   M    M   0        32 360
19  94  64  79   6   0  14    T  0.0    0  8.0 29 200   M    M   0        37 200
20  93  63  78   5   0  13 0.00  0.0    0  6.8 25 360   M    M   1 3      30 340
21  92  62  77   4   0  12 0.00  0.0    0  8.0 20  10   M    M   0        27  10
22  82  58  70  -3   0   5 0.01  0.0    0 10.3 26 280   M    M   4        32 280
23  90  51  71  -1   0   6 0.00  0.0    0  7.3 25 290   M    M   1        29 300
24  89  53  71  -1   0   6 0.00  0.0    0  6.4 17 110   M    M   0        22 140
25  86  56  71  -1   0   6 0.00  0.0    0  9.4 22  70   M    M   1        26  80
26  79  63  71  -1   0   6    T  0.0    0  6.9 21  70   M    M   6        24  80
27  88  56  72   0   0   7 0.00  0.0    0  8.1 26  10   M    M   1        32 360
28  81  53  67  -5   0   2 0.01  0.0    0  6.7 29  10   M    M   0 3      35  10
29  88  48  68  -3   0   3    T  0.0    0  8.1 45 360   M    M   2 3      56 350
30  91  53  72   1   0   7 0.00  0.0    0  5.4 15 120   M    M   1        20 130
31  95  54  75   4   0  10 0.00  0.0    0  7.5 32  10   M    M   0 3      41  10
================================================================================
SM 2767 1778         0 262 1.26    T     223.5          M       35
================================================================================
AV 89.3 57.4                               7.2 FASTST   M    M   1    MAX(MPH)
                                 MISC ---->    45 360                     56 350
================================================================================
NOTES:
# LAST OF SEVERAL OCCURRENCES

COLUMN 17 PEAK WIND IN M.P.H.

PRELIMINARY LOCAL CLIMATOLOGICAL DATA (WS FORM: F-6) , PAGE 2

                                          STATION:  PUEBLO CO
                                          MONTH:    AUGUST
                                          YEAR:     2014
                                          LATITUDE:   38 16 N
                                          LONGITUDE: 104 31 W

[TEMPERATURE DATA]      [PRECIPITATION DATA]       SYMBOLS USED IN COLUMN 16

AVERAGE MONTHLY: 73.4   TOTAL FOR MONTH:   1.26    1 = FOG OR MIST
DPTR FM NORMAL:   0.0   DPTR FM NORMAL:   -1.06    2 = FOG REDUCING VISIBILITY
HIGHEST:    96 ON 18,17 GRTST 24HR  0.47 ON  7- 8      TO 1/4 MILE OR LESS
LOWEST:     48 ON 29                               3 = THUNDER
                        SNOW, ICE PELLETS, HAIL    4 = ICE PELLETS
                        TOTAL MONTH:    T          5 = HAIL
                        GRTST 24HR    T  ON  8     6 = FREEZING RAIN OR DRIZZLE
                        GRTST DEPTH:   0           7 = DUSTSTORM OR SANDSTORM:
                                                       VSBY 1/2 MILE OR LESS
                                                   8 = SMOKE OR HAZE
[NO. OF DAYS WITH]      [WEATHER - DAYS WITH]      9 = BLOWING SNOW
                                                   X = TORNADO
MAX 32 OR BELOW:   0    0.01 INCH OR MORE:   9
MAX 90 OR ABOVE:  17    0.10 INCH OR MORE:   3
MIN 32 OR BELOW:   0    0.50 INCH OR MORE:   0
MIN  0 OR BELOW:   0    1.00 INCH OR MORE:   0

[HDD (BASE 65) ]
TOTAL THIS MO.     0    CLEAR  (SCALE 0-3)  27
DPTR FM NORMAL    -4    PTCLDY (SCALE 4-7)   4
TOTAL FM JUL 1     1    CLOUDY (SCALE 8-10)  0
DPTR FM NORMAL    -4

[CDD (BASE 65) ]
TOTAL THIS MO.   262
DPTR FM NORMAL    -4    [PRESSURE DATA]
TOTAL FM JAN 1   875    HIGHEST SLP 30.23 ON 11
DPTR FM NORMAL    64    LOWEST  SLP 29.57 ON 31

[REMARKS]
#FINAL-08-14#




U.S. Dept. of Commerce
NOAA National Weather Service
1325 East West Highway
Silver Spring, MD 20910
E-mail: w-nws.webmaster@noaa.gov
Page last modified: May 16, 2007
NATIONAL WEATHER SERVICE: for Safety, for Work, for Fun - FOR LIFE