431
CXUS55 KPUB 311059
CF6PUB
PRELIMINARY LOCAL CLIMATOLOGICAL DATA (WS FORM: F-6)

                                          STATION:   PUEBLO CO
                                          MONTH:     JULY
                                          YEAR:      2014
                                          LATITUDE:   38 16 N
                                          LONGITUDE: 104 31 W

  TEMPERATURE IN F:       :PCPN:    SNOW:  WIND      :SUNSHINE: SKY     :PK WND
================================================================================
1   2   3   4   5  6A  6B    7    8   9   10  11  12  13   14  15   16   17  18
                                     12Z  AVG MX 2MIN
DY MAX MIN AVG DEP HDD CDD  WTR  SNW DPTH SPD SPD DIR MIN PSBL S-S WX    SPD DR
================================================================================

 1  81  58  70  -4   0   5 0.06  0.0    0  8.6 22  50   M    M   7        28  50
 2  72  57  65 -10   0   0 0.03  0.0    0  6.4 15  90   M    M   7 1      19 100
 3  93  57  75   0   0  10    T  0.0    0 10.3 39 320   M    M   1 3      49 320
 4  96  60  78   3   0  13    T  0.0    0  9.3 38 360   M    M   1        46 360
 5  99  60  80   5   0  15 0.00  0.0    0  6.3 20  80   M    M   0        24  30
 6  99  63  81   5   0  16 0.00  0.0    0 10.6 26  60   M    M   0        35  80
 7 101  66  84   8   0  19    T  0.0    0  9.7 36  50   M    M   0 3      41  50
 8  86  60  73  -3   0   8 0.23  0.0    0  9.8 33  20   M    M   5 3      41  20
 9  95  57  76   0   0  11 0.00  0.0    0  5.4 25 360   M    M   0        31  10
10  97  60  79   3   0  14 0.00  0.0    0  8.0 17 110   M    M   0        20 100
11  98  69  84   8   0  19 0.41  0.0    0 10.2 41 350   M    M   1 3      50 350
12  93  64  79   3   0  14 0.15  0.0    0 10.6 45  20   M    M   3 38     52  10
13  83  63  73  -3   0   8 0.04  0.0    0  6.6 26 100   M    M   2 13     30 110
14  88  62  75  -1   0  10 0.59  0.0    0  7.3 32 310   M    M   4 13     37 300
15  71  61  66 -10   0   1 0.06  0.0    0  7.3 21  50   M    M   8 1      25  50
16  79  59  69  -7   0   4 0.53  0.0    0  9.2 26  70   M    M   5 138    40  60
17  76  57  67  -9   0   2 0.00  0.0    0  6.2 15 120   M    M   2        19 140
18  90  57  74  -2   0   9 0.00  0.0    0  5.2 24  30   M    M   2 18     29  20
19  95  57  76   0   0  11    T  0.0    0  6.5 41 340   M    M   0 3      61 340
20  97  58  78   2   0  13    T  0.0    0  9.0 22 330   M    M   0        28 330
21  96  63  80   4   0  15 0.00  0.0    0  6.1 22 260   M    M   0        26 260
22  97  59  78   2   0  13 0.00  0.0    0  7.8 22  70   M    M   0        27  90
23  96  62  79   3   0  14 0.00  0.0    0  8.3 21 110   M    M   0        26 130
24 100  63  82   6   0  17 0.00  0.0    0  8.3 37 350   M    M   0        45 340
25 100  68  84   8   0  19 0.21  0.0    0  8.3 41 310   M    M   0 38     53 320
26  98  62  80   4   0  15 0.03  0.0    0  9.6 41 280   M    M   2        48 280
27  87  60  74  -2   0   9 0.36  0.0    0  7.5 29  20   M    M   3 13     37 200
28  80  64  72  -4   0   7 0.06  0.0    0  5.3 17 230   M    M   4 1      21 230
29  82  63  73  -3   0   8 0.23  0.0    0  7.3 30  60   M    M   5 13     35  60
30  66  61  64 -12   1   0 0.29  0.0    0  6.8 15 110   M    M   9 1      18  50
================================================================================
SM 2691 1830         1 319  3.28     0.0 237.8          M       71
================================================================================
AV 89.7 61.0                               7.9 FASTST   M    M   2    MAX(MPH)
                                 MISC ---->  # 45  20               # 61  340
================================================================================
NOTES:
# LAST OF SEVERAL OCCURRENCES

COLUMN 17 PEAK WIND IN M.P.H.

PRELIMINARY LOCAL CLIMATOLOGICAL DATA (WS FORM: F-6) , PAGE 2

                                          STATION:  PUEBLO CO
                                          MONTH:    JULY
                                          YEAR:     2014
                                          LATITUDE:   38 16 N
                                          LONGITUDE: 104 31 W

[TEMPERATURE DATA]      [PRECIPITATION DATA]       SYMBOLS USED IN COLUMN 16

AVERAGE MONTHLY: 75.3   TOTAL FOR MONTH:   3.28    1 = FOG OR MIST
DPTR FM NORMAL:  -0.5   DPTR FM NORMAL:    1.30    2 = FOG REDUCING VISIBILITY
HIGHEST:   101 ON  7    GRTST 24HR  0.63 ON 13-14      TO 1/4 MILE OR LESS
LOWEST:     57 ON 19,18                            3 = THUNDER
                        SNOW, ICE PELLETS, HAIL    4 = ICE PELLETS
                        TOTAL MONTH:   0.0 INCH    5 = HAIL
                        GRTST 24HR     0.0         6 = FREEZING RAIN OR DRIZZLE
                        GRTST DEPTH:   0           7 = DUSTSTORM OR SANDSTORM:
                                                       VSBY 1/2 MILE OR LESS
                                                   8 = SMOKE OR HAZE
[NO. OF DAYS WITH]      [WEATHER - DAYS WITH]      9 = BLOWING SNOW
                                                   X = TORNADO
MAX 32 OR BELOW:   0    0.01 INCH OR MORE:  15
MAX 90 OR ABOVE:  18    0.10 INCH OR MORE:   9
MIN 32 OR BELOW:   0    0.50 INCH OR MORE:   2
MIN  0 OR BELOW:   0    1.00 INCH OR MORE:   0

[HDD (BASE 65) ]
TOTAL THIS MO.     1    CLEAR  (SCALE 0-3)  20
DPTR FM NORMAL     1    PTCLDY (SCALE 4-7)   8
TOTAL FM JUL 1     1    CLOUDY (SCALE 8-10)  2
DPTR FM NORMAL     1

[CDD (BASE 65) ]
TOTAL THIS MO.   319
DPTR FM NORMAL    -6    [PRESSURE DATA]
TOTAL FM JAN 1   611    HIGHEST SLP M ON M
DPTR FM NORMAL    77    LOWEST  SLP 29.79 ON  1

[REMARKS]




U.S. Dept. of Commerce
NOAA National Weather Service
1325 East West Highway
Silver Spring, MD 20910
E-mail: w-nws.webmaster@noaa.gov
Page last modified: May 16, 2007
NATIONAL WEATHER SERVICE: for Safety, for Work, for Fun - FOR LIFE