657
CXUS56 KSGX 311445
CF6PSP
PRELIMINARY LOCAL CLIMATOLOGICAL DATA (WS FORM: F-6)

                                          STATION:   PALM SPRINGS INTL AIRPORT CA
                                          MONTH:     JULY
                                          YEAR:      2014
                                          LATITUDE:   33 49 N
                                          LONGITUDE: 116 30 W

  TEMPERATURE IN F:       :PCPN:    SNOW:  WIND      :SUNSHINE: SKY     :PK WND
================================================================================
1   2   3   4   5  6A  6B    7    8   9   10  11  12  13   14  15   16   17  18
                                     12Z  AVG MX 2MIN
DY MAX MIN AVG DEP HDD CDD  WTR  SNW DPTH SPD SPD DIR MIN PSBL S-S WX    SPD DR
================================================================================

 1 109  82  96   6   0  31 0.00  0.0    0  6.2 15 320   M    M   0        17 330
 2 106  84  95   4   0  30 0.00  0.0    0  7.3 15 320   M    M   0        19 140
 3 106  83  95   4   0  30 0.00  0.0    0  6.9 17 100   M    M   0        23 110
 4 102  86  94   3   0  29 0.00  0.0    0  8.5 18 320   M    M   1        24 320
 5 107  83  95   4   0  30    T  0.0    0  7.6 23 320   M    M   1        28 320
 6 112  85  99   7   0  34 0.00  0.0    0  8.4 24 320   M    M   1        30 320
 7 114  85 100   8   0  35 0.00  0.0    0  9.6 25 320   M    M   2        31 310
 8 109  85  97   5   0  32 0.00  0.0    0  6.3 18 320   M    M   1        21 320
 9 104  85  95   3   0  30 0.00  0.0    0  7.7 20 320   M    M   0        29 310
10 108  81  95   3   0  30 0.00  0.0    0  9.7 28 310   M    M   1        36 320
11 105  79  92   0   0  27 0.00  0.0    0 10.0 26 320   M    M   0        35 320
12 108  80  94   2   0  29 0.00  0.0    0  9.5 20 320   M    M   2        23 320
13 113  83  98   6   0  33 0.00  0.0    0  6.5 16 330   M    M   2        20 330
14 103  86  95   3   0  30 0.00  0.0    0  9.1 23 330   M    M   4        28 320
15 105  82  94   1   0  29 0.00  0.0    0  8.3 23 320   M    M   1        29 310
16 105  79  92  -1   0  27 0.00  0.0    0 12.2 28 320   M    M   0        35 310
17 102  76  89  -4   0  24 0.00  0.0    0 11.7 26 320   M    M   0        36 320
18 102  74  88  -5   0  23 0.00  0.0    0  7.3 21 320   M    M   1        25 330
19 104  78  91  -2   0  26 0.00  0.0    0  8.0 20 320   M    M   2        25 320
20 103  76  90  -3   0  25 0.00  0.0    0  8.5 22 320   M    M   1        32 310
21 107  76  92  -1   0  27 0.00  0.0    0  7.8 22 320   M    M   1        26 320
22 111  75  93   0   0  28 0.00  0.0    0  7.1 21 320   M    M   0        26 330
23 116  78  97   4   0  32 0.00  0.0    0  6.9 25 320   M    M   0 8      29 330
24 116  82  99   6   0  34 0.00  0.0    0  5.0 15 310   M    M   0        22 120
25  98  85  92  -1   0  27 0.27  0.0    0  4.0 12  20   M    M   2        14 360
26 106  81  94   1   0  29 0.00  0.0    0  5.5 20 320   M    M   2        24 320
27  99  83  91  -2   0  26    T  0.0    0  5.0 21 100   M    M   4 18     27 100
28 107  86  97   4   0  32 0.00  0.0    0  6.5 21 320   M    M   2        24 320
29 111  83  97   4   0  32 0.00  0.0    0  9.0 25 310   M    M   1        33 320
30 115  83  99   6   0  34 0.00  0.0    0  7.3 24 320   M    M   0        32 310
================================================================================
SM 3213 2444         0 885  0.27     0.0 233.4          M       32
================================================================================
AV107.1 81.5                               7.8 FASTST   M    M   1    MAX(MPH)
                                 MISC ---->  # 28 310               # 36  320
================================================================================
NOTES:
# LAST OF SEVERAL OCCURRENCES

COLUMN 17 PEAK WIND IN M.P.H.

PRELIMINARY LOCAL CLIMATOLOGICAL DATA (WS FORM: F-6) , PAGE 2

                                          STATION:  PALM SPRINGS INTL AIRPORT CA
                                          MONTH:    JULY
                                          YEAR:     2014
                                          LATITUDE:   33 49 N
                                          LONGITUDE: 116 30 W

[TEMPERATURE DATA]      [PRECIPITATION DATA]       SYMBOLS USED IN COLUMN 16

AVERAGE MONTHLY: 94.3   TOTAL FOR MONTH:   0.27    1 = FOG OR MIST
DPTR FM NORMAL:   1.9   DPTR FM NORMAL:    0.04    2 = FOG REDUCING VISIBILITY
HIGHEST:   116 ON 24,23 GRTST 24HR  0.27 ON 25-25      TO 1/4 MILE OR LESS
LOWEST:     74 ON 18                               3 = THUNDER
                        SNOW, ICE PELLETS, HAIL    4 = ICE PELLETS
                        TOTAL MONTH:   0.0 INCH    5 = HAIL
                        GRTST 24HR     0.0         6 = FREEZING RAIN OR DRIZZLE
                        GRTST DEPTH:   0           7 = DUSTSTORM OR SANDSTORM:
                                                       VSBY 1/2 MILE OR LESS
                                                   8 = SMOKE OR HAZE
[NO. OF DAYS WITH]      [WEATHER - DAYS WITH]      9 = BLOWING SNOW
                                                   X = TORNADO
MAX 32 OR BELOW:   0    0.01 INCH OR MORE:   1
MAX 90 OR ABOVE:  30    0.10 INCH OR MORE:   1
MIN 32 OR BELOW:   0    0.50 INCH OR MORE:   0
MIN  0 OR BELOW:   0    1.00 INCH OR MORE:   0

[HDD (BASE 65) ]
TOTAL THIS MO.     0    CLEAR  (SCALE 0-3)  28
DPTR FM NORMAL     0    PTCLDY (SCALE 4-7)   2
TOTAL FM JUL 1     0    CLOUDY (SCALE 8-10)  0
DPTR FM NORMAL     0

[CDD (BASE 65) ]
TOTAL THIS MO.   885
DPTR FM NORMAL    65    [PRESSURE DATA]
TOTAL FM JAN 1  2738    HIGHEST SLP M ON M
DPTR FM NORMAL   512    LOWEST  SLP 29.71 ON 24

[REMARKS]




U.S. Dept. of Commerce
NOAA National Weather Service
1325 East West Highway
Silver Spring, MD 20910
E-mail: w-nws.webmaster@noaa.gov
Page last modified: May 16, 2007
NATIONAL WEATHER SERVICE: for Safety, for Work, for Fun - FOR LIFE