915
CXUS56 KSGX 221445
CF6PSP
PRELIMINARY LOCAL CLIMATOLOGICAL DATA (WS FORM: F-6)

                                          STATION:   PALM SPRINGS INTL AIRPORT CA
                                          MONTH:     SEPTEMBER
                                          YEAR:      2014
                                          LATITUDE:   33 49 N
                                          LONGITUDE: 116 30 W

  TEMPERATURE IN F:       :PCPN:    SNOW:  WIND      :SUNSHINE: SKY     :PK WND
================================================================================
1   2   3   4   5  6A  6B    7    8   9   10  11  12  13   14  15   16   17  18
                                     12Z  AVG MX 2MIN
DY MAX MIN AVG DEP HDD CDD  WTR  SNW DPTH SPD SPD DIR MIN PSBL S-S WX    SPD DR
================================================================================

 1 107  78  93   3   0  28 0.00  0.0    0  5.7 17 320   M    M   0        21 320
 2 108  76  92   2   0  27 0.00  0.0    0  5.8 22 320   M    M   0        28 320
 3 107  75  91   1   0  26 0.00  0.0    0  5.9 21 320   M    M   0        26 320
 4 105  76  91   1   0  26 0.00  0.0    0  7.0 21 320   M    M   0        25 320
 5 101  81  91   1   0  26 0.00  0.0    0  6.1 18 120   M    M   1        23 120
 6 102  84  93   4   0  28 0.00  0.0    0  4.2 13 120   M    M   1        16 120
 7  96  81  89   0   0  24 0.04  0.0    0  3.7 23 210   M    M   3        30 210
 8  97  80  89   0   0  24 0.00  0.0    0  5.8 17  10   M    M   5        22  10
 9 104  81  93   4   0  28 0.00  0.0    0  5.5 21 320   M    M   2        25 320
10 102  79  91   3   0  26 0.00  0.0    0  6.1 13 330   M    M   0        17  70
11 107  81  94   6   0  29 0.00  0.0    0  4.9 12 320   M    M   0        15  10
12 110  80  95   7   0  30 0.00  0.0    0  5.7 12 320   M    M   0        16  90
13 110  87  99  11   0  34 0.00  0.0    0  7.5 15 120   M    M   1        18 130
14 109  82  96   9   0  31 0.00  0.0    0  5.6 14 130   M    M   1        17 120
15 111  86  99  12   0  34 0.00  0.0    0  7.5 17 320   M    M   1        19 320
16 104  87  96   9   0  31 0.00  0.0    0  7.7 20 120   M    M   2        23 110
17 103  83  93   7   0  28 0.00  0.0    0  4.7 13 110   M    M   2        15 110
18 105  82  94   8   0  29 0.00  0.0    0  8.2 24 320   M    M   1        29 320
19  99  74  87   1   0  22 0.00  0.0    0  6.8 18 320   M    M   0        23 320
20 101  76  89   4   0  24 0.00  0.0    0  8.6 23 320   M    M   1        29 320
21 100  74  87   2   0  22 0.00  0.0    0  5.5 17 310   M    M   0        21 320
================================================================================
SM 2188 1683         0 577  0.04     0.0 128.5          M       21
================================================================================
AV104.2 80.1                               6.1 FASTST   M    M   1    MAX(MPH)
                                 MISC ---->  # 24 320               # 30  210
================================================================================
NOTES:
# LAST OF SEVERAL OCCURRENCES

COLUMN 17 PEAK WIND IN M.P.H.

PRELIMINARY LOCAL CLIMATOLOGICAL DATA (WS FORM: F-6) , PAGE 2

                                          STATION:  PALM SPRINGS INTL AIRPORT CA
                                          MONTH:    SEPTEMBER
                                          YEAR:     2014
                                          LATITUDE:   33 49 N
                                          LONGITUDE: 116 30 W

[TEMPERATURE DATA]      [PRECIPITATION DATA]       SYMBOLS USED IN COLUMN 16

AVERAGE MONTHLY: 92.2   TOTAL FOR MONTH:   0.04    1 = FOG OR MIST
DPTR FM NORMAL:   4.2   DPTR FM NORMAL:   -0.28    2 = FOG REDUCING VISIBILITY
HIGHEST:   111 ON 15    GRTST 24HR  0.04 ON  7- 7      TO 1/4 MILE OR LESS
LOWEST:     74 ON 21,19                            3 = THUNDER
                        SNOW, ICE PELLETS, HAIL    4 = ICE PELLETS
                        TOTAL MONTH:   0.0 INCH    5 = HAIL
                        GRTST 24HR     0.0         6 = FREEZING RAIN OR DRIZZLE
                        GRTST DEPTH:   0           7 = DUSTSTORM OR SANDSTORM:
                                                       VSBY 1/2 MILE OR LESS
                                                   8 = SMOKE OR HAZE
[NO. OF DAYS WITH]      [WEATHER - DAYS WITH]      9 = BLOWING SNOW
                                                   X = TORNADO
MAX 32 OR BELOW:   0    0.01 INCH OR MORE:   1
MAX 90 OR ABOVE:  21    0.10 INCH OR MORE:   0
MIN 32 OR BELOW:   0    0.50 INCH OR MORE:   0
MIN  0 OR BELOW:   0    1.00 INCH OR MORE:   0

[HDD (BASE 65) ]
TOTAL THIS MO.     0    CLEAR  (SCALE 0-3)  20
DPTR FM NORMAL     0    PTCLDY (SCALE 4-7)   1
TOTAL FM JUL 1     0    CLOUDY (SCALE 8-10)  0
DPTR FM NORMAL     0

[CDD (BASE 65) ]
TOTAL THIS MO.   577
DPTR FM NORMAL    95    [PRESSURE DATA]
TOTAL FM JAN 1  4174    HIGHEST SLP M ON M
DPTR FM NORMAL   608    LOWEST  SLP 29.65 ON  3

[REMARKS]




U.S. Dept. of Commerce
NOAA National Weather Service
1325 East West Highway
Silver Spring, MD 20910
E-mail: w-nws.webmaster@noaa.gov
Page last modified: May 16, 2007
NATIONAL WEATHER SERVICE: for Safety, for Work, for Fun - FOR LIFE