105
CXUS56 KSGX 011445
CF6PSP
PRELIMINARY LOCAL CLIMATOLOGICAL DATA (WS FORM: F-6)

                                          STATION:   PALM SPRINGS INTL AIRPORT CA
                                          MONTH:     JANUARY
                                          YEAR:      2015
                                          LATITUDE:   33 49 N
                                          LONGITUDE: 116 30 W

  TEMPERATURE IN F:       :PCPN:    SNOW:  WIND      :SUNSHINE: SKY     :PK WND
================================================================================
1   2   3   4   5  6A  6B    7    8   9   10  11  12  13   14  15   16   17  18
                                     12Z  AVG MX 2MIN
DY MAX MIN AVG DEP HDD CDD  WTR  SNW DPTH SPD SPD DIR MIN PSBL S-S WX    SPD DR
================================================================================

 1  54  32  43 -13  22   0 0.00  0.0    0  3.5 10 330   M    M   0        11 340
 2  63  32  48  -8  17   0 0.00  0.0    0  2.9  9 320   M    M   0        11 320
 3  61  36  49  -7  16   0 0.00  0.0    0  3.9  8 340   M    M   0        11 310
 4  64  38  51  -5  14   0 0.00  0.0    0  3.2 12 330   M    M   1        12 340
 5  74  41  58   2   7   0 0.00  0.0    0  4.6 10 330   M    M   0        12 330
 6  78  44  61   4   4   0 0.00  0.0    0  4.2 10 340   M    M   0        12 330
 7  84  50  67  10   0   2 0.00  0.0    0  4.0 12 320   M    M   0        12 330
 8  80  52  66   9   0   1 0.00  0.0    0  4.6 10 130   M    M   1        12 140
 9  78  54  66   9   0   1    T  0.0    0  2.8 10 130   M    M   2        13 130
10  72  52  62   5   3   0 0.00  0.0    0  4.5 10 330   M    M   3        13 110
11  64  59  62   5   3   0    T  0.0    0  2.3 10 310   M    M  10        19 290
12  72  55  64   7   1   0 0.00  0.0    0  2.1  8 330   M    M   4        10 290
13  74  50  62   5   3   0 0.00  0.0    0  5.1 24  30   M    M   0        30  20
14  75  51  63   5   2   0 0.00  0.0    0  4.1 10 350   M    M   0        17 360
15  75  49  62   4   3   0 0.00  0.0    0  4.7  9 320   M    M   1        13 300
16  76  49  63   5   2   0 0.00  0.0    0  4.9 10 330   M    M   0        13 350
17  78  50  64   6   1   0 0.00  0.0    0  4.5  9 320   M    M   1        13 100
18  79  49  64   6   1   0 0.00  0.0    0  3.9 12 330   M    M   3        12 330
19  80  50  65   7   0   0 0.00  0.0    0  3.7 10 330   M    M   1        12 320
20  78  52  65   7   0   0 0.00  0.0    0  4.2 10 330   M    M   3        12 280
21  78  58  68  10   0   3 0.00  0.0    0  7.4 24  30   M    M   0        31  10
22  76  54  65   7   0   0 0.00  0.0    0  4.4 15 320   M    M   1        21 320
23  70  46  58   0   7   0 0.00  0.0    0  5.9 12 230   M    M   0        14 210
24  79  53  66   8   0   1 0.00  0.0    0  9.5 17  10   M    M   0        23 360
25  82  60  71  13   0   6 0.00  0.0    0  5.3 12 330   M    M   2        14 330
26  67  57  62   4   3   0 0.12  0.0    0  2.7 15 350   M    M   8 1      17 350
27  71  56  64   6   1   0 0.00  0.0    0  2.2  7 330   M    M   5 1      10  90
28  74  52  63   5   2   0 0.00  0.0    0  3.0  9 330   M    M   1        10 270
29  76  61  69  11   0   4    T  0.0    0  4.4 10 330   M    M   6        13 320
30  67  58  63   5   2   0 0.10  0.0    0  2.9 10 230   M    M   9        14 210
31  72  57  65   6   0   0    T  0.0    0  5.2 20 350   M    M   6        23 350
================================================================================
SM 2271 1557       114  18  0.22     0.0 130.6          M       68
================================================================================
AV 73.3 50.2                               4.2 FASTST   M    M   2    MAX(MPH)
                                 MISC ---->  # 24  30               # 31   10
================================================================================
NOTES:
# LAST OF SEVERAL OCCURRENCES

COLUMN 17 PEAK WIND IN M.P.H.

PRELIMINARY LOCAL CLIMATOLOGICAL DATA (WS FORM: F-6) , PAGE 2

                                          STATION:  PALM SPRINGS INTL AIRPORT CA
                                          MONTH:    JANUARY
                                          YEAR:     2015
                                          LATITUDE:   33 49 N
                                          LONGITUDE: 116 30 W

[TEMPERATURE DATA]      [PRECIPITATION DATA]       SYMBOLS USED IN COLUMN 16

AVERAGE MONTHLY: 61.7   TOTAL FOR MONTH:   0.22    1 = FOG OR MIST
DPTR FM NORMAL:   4.2   DPTR FM NORMAL:   -0.78    2 = FOG REDUCING VISIBILITY
HIGHEST:    84 ON  7    GRTST 24HR  0.12 ON 25-26      TO 1/4 MILE OR LESS
LOWEST:     32 ON  2, 1                            3 = THUNDER
                        SNOW, ICE PELLETS, HAIL    4 = ICE PELLETS
                        TOTAL MONTH:   0.0 INCH    5 = HAIL
                        GRTST 24HR     0.0         6 = FREEZING RAIN OR DRIZZLE
                        GRTST DEPTH:   0           7 = DUSTSTORM OR SANDSTORM:
                                                       VSBY 1/2 MILE OR LESS
                                                   8 = SMOKE OR HAZE
[NO. OF DAYS WITH]      [WEATHER - DAYS WITH]      9 = BLOWING SNOW
                                                   X = TORNADO
MAX 32 OR BELOW:   0    0.01 INCH OR MORE:   2
MAX 90 OR ABOVE:   0    0.10 INCH OR MORE:   2
MIN 32 OR BELOW:   2    0.50 INCH OR MORE:   0
MIN  0 OR BELOW:   0    1.00 INCH OR MORE:   0

[HDD (BASE 65) ]
TOTAL THIS MO.   114    CLEAR  (SCALE 0-3)  24
DPTR FM NORMAL  -127    PTCLDY (SCALE 4-7)   5
TOTAL FM JUL 1   362    CLOUDY (SCALE 8-10)  2
DPTR FM NORMAL  -265

[CDD (BASE 65) ]
TOTAL THIS MO.    18
DPTR FM NORMAL    10    [PRESSURE DATA]
TOTAL FM JAN 1    18    HIGHEST SLP 30.45 ON  4
DPTR FM NORMAL    18    LOWEST  SLP 29.82 ON 31

[REMARKS]
#FINAL-01-15#




U.S. Dept. of Commerce
NOAA National Weather Service
1325 East West Highway
Silver Spring, MD 20910
E-mail: w-nws.webmaster@noaa.gov
Page last modified: May 16, 2007
NATIONAL WEATHER SERVICE: for Safety, for Work, for Fun - FOR LIFE