149
CXUS55 KALY 020104
CF6PSF
PRELIMINARY LOCAL CLIMATOLOGICAL DATA (WS FORM: F-6)

                                          STATION:   PITTSFIELD MA
                                          MONTH:     NOVEMBER
                                          YEAR:      2014
                                          LATITUDE:   42 25 N
                                          LONGITUDE:  73 18 W

  TEMPERATURE IN F:       :PCPN:    SNOW:  WIND      :SUNSHINE: SKY     :PK WND
================================================================================
1   2   3   4   5  6A  6B    7    8   9   10  11  12  13   14  15   16   17  18
                                     12Z  AVG MX 2MIN
DY MAX MIN AVG DEP HDD CDD  WTR  SNW DPTH SPD SPD DIR MIN PSBL S-S WX    SPD DR
================================================================================

 1  45  36  41  -2  24   0 0.01    M    M  7.0 14  10   M    M   8 1      20 360
 2  43  30  37  -5  28   0 0.00    M    M 15.2 28 290   M    M   5        46 340
 3  51  28  40  -2  25   0 0.00    M    M  9.4 24 290   M    M   2        32 300
 4  61  34  48   6  17   0 0.00    M    M  6.8 15 210   M    M   5        22 190
 5  58  37  48   7  17   0 0.00    M    M  8.7 17 280   M    M   1        26 220
 6  46  37  42   1  23   0 0.14    M    M  2.3 10  40   M    M   7 1      14  60
 7  42  32  37  -4  28   0 0.20    M    M 10.8 21 300   M    M  10 12     29 280
 8  43  30  37  -3  28   0 0.00    M    M  7.8 21 290   M    M   7        27 260
 9  50  28  39  -1  26   0 0.00    M    M  4.6 13 280   M    M   7        19 240
10  53  27  40   0  25   0 0.00    M    M  1.9 13 170   M    M   1        17 180
11  57  30  44   4  21   0 0.00    M    M  4.8 15 190   M    M   7 1      21 190
12  61  34  48   9  17   0 0.01    M    M  6.1 21 300   M    M   6 1      29 290
13  40  30  35  -4  30   0 0.06    M    M  6.3 18 290   M    M   4 1      25 290
14  33  25  29  -9  36   0 0.05    M    M 11.5 20 290   M    M   9 1      25 280
15  32  20  26 -12  39   0 0.00    M    M  8.9 22 290   M    M   2        26 280
16  35  17  26 -12  39   0 0.00    M    M  4.4 17 230   M    M   7        24 200
17  42  31  37  -1  28   0 0.75    M    M  5.1 22 290   M    M  10 16     29 290
18  36  17  27 -10  38   0    T    M    M 14.8 24 250   M    M   7        32 240
19  28  15  22 -15  43   0    T    M    M 10.0 22 190   M    M   2        32 220
20  36  19  28  -8  37   0    T    M    M 10.6 23 200   M    M   7        36 220
21  28  16  22 -14  43   0    T    M    M 12.5 28 280   M    M   4        36 290
22  37  12  25 -11  40   0 0.06    M    M  6.5 18 240   M    M   5 1      28 240
23  55  33  44   9  21   0 0.05    M    M  2.3 12 240   M    M   7 1      13 240
24  63  34  49  14  16   0 0.49    M    M 11.3 25 180   M    M   9 1      35 190
25  60  34  47  13  18   0 0.00    M    M  7.1 16 210   M    M   2        23 230
26  37  28  33  -1  32   0 1.03    M    M  6.0 13 300   M    M   7 12     18 310
27  29  25  27  -7  38   0 0.01    M    M  5.9 15 310   M    M   9 1      20 300
28  27  18  23 -10  42   0    T    M    M  9.3 22 290   M    M   8 18     29 270
29  30  11  21 -12  44   0 0.00    M    M  5.4 13 210   M    M   7        19 150
30  46  29  38   5  27   0 0.00    M    M  8.9 17 180   M    M  10        23 200
================================================================================
SM 1304  797       890   0  2.86    M    232.2          M      182
================================================================================
AV 43.5 26.6                               7.7 FASTST   M    M   6    MAX(MPH)
                                 MISC ---->  # 28 290               # 46  340
================================================================================
NOTES:
# LAST OF SEVERAL OCCURRENCES

COLUMN 17 PEAK WIND IN M.P.H.

PRELIMINARY LOCAL CLIMATOLOGICAL DATA (WS FORM: F-6) , PAGE 2

                                          STATION:  PITTSFIELD MA
                                          MONTH:    NOVEMBER
                                          YEAR:     2014
                                          LATITUDE:   42 25 N
                                          LONGITUDE:  73 18 W

[TEMPERATURE DATA]      [PRECIPITATION DATA]       SYMBOLS USED IN COLUMN 16

AVERAGE MONTHLY: 35.0   TOTAL FOR MONTH:   2.86    1 = FOG OR MIST
DPTR FM NORMAL:  -2.9   DPTR FM NORMAL:   -1.07    2 = FOG REDUCING VISIBILITY
HIGHEST:    63 ON 24    GRTST 24HR  1.03 ON 26-26      TO 1/4 MILE OR LESS
LOWEST:     11 ON 29                               3 = THUNDER
                        SNOW, ICE PELLETS, HAIL    4 = ICE PELLETS
                        TOTAL MONTH:    M          5 = HAIL
                        GRTST 24HR    M  ON   M    6 = FREEZING RAIN OR DRIZZLE
                        GRTST DEPTH:  M  ON   M    7 = DUSTSTORM OR SANDSTORM:
                                                       VSBY 1/2 MILE OR LESS
                                                   8 = SMOKE OR HAZE
[NO. OF DAYS WITH]      [WEATHER - DAYS WITH]      9 = BLOWING SNOW
                                                   X = TORNADO
MAX 32 OR BELOW:   6    0.01 INCH OR MORE:  12
MAX 90 OR ABOVE:   0    0.10 INCH OR MORE:   5
MIN 32 OR BELOW:  22    0.50 INCH OR MORE:   2
MIN  0 OR BELOW:   0    1.00 INCH OR MORE:   1

[HDD (BASE 65) ]
TOTAL THIS MO.   890    CLEAR  (SCALE 0-3)   6
DPTR FM NORMAL    75    PTCLDY (SCALE 4-7)  16
TOTAL FM JUL 1  1622    CLOUDY (SCALE 8-10)  8
DPTR FM NORMAL   -29

[CDD (BASE 65) ]
TOTAL THIS MO.     0
DPTR FM NORMAL     0    [PRESSURE DATA]
TOTAL FM JAN 1   238    HIGHEST SLP 30.42 ON 22
DPTR FM NORMAL   -52    LOWEST  SLP 29.42 ON 17

[REMARKS]
#FINAL-11-14#




U.S. Dept. of Commerce
NOAA National Weather Service
1325 East West Highway
Silver Spring, MD 20910
E-mail: w-nws.webmaster@noaa.gov
Page last modified: May 16, 2007
NATIONAL WEATHER SERVICE: for Safety, for Work, for Fun - FOR LIFE