544
CXUS56 KPDT 291832
CF6PSC
PRELIMINARY LOCAL CLIMATOLOGICAL DATA (WS FORM: F-6)

                                          STATION:   PASCO WA
                                          MONTH:     AUGUST
                                          YEAR:      2014
                                          LATITUDE:   46 16 N
                                          LONGITUDE: 119  7 W

  TEMPERATURE IN F:       :PCPN:    SNOW:  WIND      :SUNSHINE: SKY     :PK WND
================================================================================
1   2   3   4   5  6A  6B    7    8   9   10  11  12  13   14  15   16   17  18
                                     12Z  AVG MX 2MIN
DY MAX MIN AVG DEP HDD CDD  WTR  SNW DPTH SPD SPD DIR MIN PSBL S-S WX    SPD DR
================================================================================

 1 101  64  83   8   0  18 0.00  0.0    0  4.0  9 330   M    M   0        15  10
 2  92  65  79   4   0  14 0.01  0.0    0  5.5 16 360   M    M   2 38     23 360
 3  98  62  80   5   0  15 0.00  0.0    0  5.7 12 300   M    M   0        15 310
 4 103  62  83   8   0  18 0.00  0.0    0  2.4  8 320   M    M   0 8       9 360
 5 101  59  80   5   0  15 0.00  0.0    0  5.4 15 210   M    M   0        18 200
 6  96  68  82   7   0  17 0.00  0.0    0  8.4 17 240   M    M   0        22 240
 7  95  66  81   6   0  16 0.00  0.0    0  6.7 14 310   M    M   0        18 130
 8  91  65  78   3   0  13 0.00  0.0    0  6.3 17 320   M    M   0        23 320
 9  93  51  72  -2   0   7 0.00  0.0    0  4.5 10 360   M    M   0        12 330
10  97  53  75   1   0  10 0.00  0.0    0  5.3 14 350   M    M   0        16 350
11  97  57  77   3   0  12    T  0.0    0  5.3 24 220   M    M   0 8      28 230
12 100  71  86  12   0  21 0.01  0.0    0 10.3 49 200   M    M   2 38     63 200
13  89  65  77   3   0  12 0.00  0.0    0  6.5 22 220   M    M   1 3      26 220
14  84  62  73  -1   0   8 0.45  0.0    0  6.2 24 160   M    M   3 13     28 170
15  85  64  75   2   0  10 0.00  0.0    0  3.2 12 260   M    M   2        15 260
16  89  60  75   2   0  10 0.00  0.0    0  3.5 12 320   M    M   0        14 290
17  91  60  76   3   0  11 0.00  0.0    0  4.0 12 350   M    M   0        14 350
18  96  59  78   5   0  13 0.00  0.0    0  2.1 10 360   M    M   0 8      13  20
19  97  60  79   7   0  14 0.00  0.0    0  5.8 23 320   M    M   1        32 320
20  87  62  75   3   0  10 0.00  0.0    0  9.3 21 210   M    M   1        27 210
21  86  58  72   0   0   7 0.00  0.0    0  8.8 16 180   M    M   0        20 200
22  85  56  71  -1   0   6    T  0.0    0 10.7 20 330   M    M   0        25 330
23  84  54  69  -2   0   4 0.00  0.0    0  3.8 16 330   M    M   0        21 330
24  87  53  70  -1   0   5 0.00  0.0    0  6.2 25  50   M    M   2 8      30  50
25  87  53  70  -1   0   5 0.00  0.0    0  4.7 10 340   M    M   0        14 360
26  93  53  73   3   0   8 0.00  0.0    0  2.8 10  10   M    M   0        13  80
27  99  55  77   7   0  12 0.00  0.0    0  5.8 16 310   M    M   0        21 310
28  91  60  76   6   0  11 0.00  0.0    0  3.6 17 190   M    M   0        20 200
================================================================================
SM 2594 1677         0 322  0.47     0.0 156.8          M       14
================================================================================
AV 92.6 59.9                               5.6 FASTST   M    M   1    MAX(MPH)
                                 MISC ---->  # 49 200               # 63  200
================================================================================
NOTES:
# LAST OF SEVERAL OCCURRENCES

COLUMN 17 PEAK WIND IN M.P.H.

PRELIMINARY LOCAL CLIMATOLOGICAL DATA (WS FORM: F-6) , PAGE 2

                                          STATION:  PASCO WA
                                          MONTH:    AUGUST
                                          YEAR:     2014
                                          LATITUDE:   46 16 N
                                          LONGITUDE: 119  7 W

[TEMPERATURE DATA]      [PRECIPITATION DATA]       SYMBOLS USED IN COLUMN 16

AVERAGE MONTHLY: 76.3   TOTAL FOR MONTH:   0.47    1 = FOG OR MIST
DPTR FM NORMAL:   3.2   DPTR FM NORMAL:    0.24    2 = FOG REDUCING VISIBILITY
HIGHEST:   103 ON  4    GRTST 24HR  0.45 ON 14-14      TO 1/4 MILE OR LESS
LOWEST:     51 ON  9                               3 = THUNDER
                        SNOW, ICE PELLETS, HAIL    4 = ICE PELLETS
                        TOTAL MONTH:   0.0 INCH    5 = HAIL
                        GRTST 24HR     0.0         6 = FREEZING RAIN OR DRIZZLE
                        GRTST DEPTH:   0           7 = DUSTSTORM OR SANDSTORM:
                                                       VSBY 1/2 MILE OR LESS
                                                   8 = SMOKE OR HAZE
[NO. OF DAYS WITH]      [WEATHER - DAYS WITH]      9 = BLOWING SNOW
                                                   X = TORNADO
MAX 32 OR BELOW:   0    0.01 INCH OR MORE:   3
MAX 90 OR ABOVE:  18    0.10 INCH OR MORE:   1
MIN 32 OR BELOW:   0    0.50 INCH OR MORE:   0
MIN  0 OR BELOW:   0    1.00 INCH OR MORE:   0

[HDD (BASE 65) ]
TOTAL THIS MO.     0    CLEAR  (SCALE 0-3)  27
DPTR FM NORMAL    -3    PTCLDY (SCALE 4-7)   1
TOTAL FM JUL 1     0    CLOUDY (SCALE 8-10)  0
DPTR FM NORMAL    -8

[CDD (BASE 65) ]
TOTAL THIS MO.   322
DPTR FM NORMAL    90    [PRESSURE DATA]
TOTAL FM JAN 1   903    HIGHEST SLP 30.07 ON  9
DPTR FM NORMAL   261    LOWEST  SLP 29.63 ON 19

[REMARKS]




U.S. Dept. of Commerce
NOAA National Weather Service
1325 East West Highway
Silver Spring, MD 20910
E-mail: w-nws.webmaster@noaa.gov
Page last modified: May 16, 2007
NATIONAL WEATHER SERVICE: for Safety, for Work, for Fun - FOR LIFE