642
CXUS56 KPDT 301032
CF6PSC
PRELIMINARY LOCAL CLIMATOLOGICAL DATA (WS FORM: F-6)

                                          STATION:   PASCO WA
                                          MONTH:     JULY
                                          YEAR:      2014
                                          LATITUDE:   46 16 N
                                          LONGITUDE: 119  7 W

  TEMPERATURE IN F:       :PCPN:    SNOW:  WIND      :SUNSHINE: SKY     :PK WND
================================================================================
1   2   3   4   5  6A  6B    7    8   9   10  11  12  13   14  15   16   17  18
                                     12Z  AVG MX 2MIN
DY MAX MIN AVG DEP HDD CDD  WTR  SNW DPTH SPD SPD DIR MIN PSBL S-S WX    SPD DR
================================================================================

 1  98  50  74   3   0   9 0.00  0.0    0  4.9  9 310   M    M   0        13 250
 2  98  60  79   8   0  14    T  0.0    0  5.8 18 210   M    M   0        22 210
 3  94  66  80   9   0  15 0.00  0.0    0 10.5 17 210   M    M   0        22 220
 4  90  65  78   7   0  13 0.00  0.0    0  6.0 17 260   M    M   0        21 260
 5  96  67  82  10   0  17 0.00  0.0    0  5.3 13 210   M    M   0        16 250
 6  99  59  79   7   0  14 0.00  0.0    0  5.0 18 330   M    M   0        22 320
 7  97  62  80   8   0  15 0.00  0.0    0  5.7 13 330   M    M   0        17 330
 8 102  60  81   9   0  16 0.00  0.0    0  3.8 14 320   M    M   0        17 320
 9 100  65  83  11   0  18 0.00  0.0    0  6.2 17 320   M    M   0        24 310
10  97  58  78   5   0  13 0.00  0.0    0  3.3 12 320   M    M   0 18     14 320
11 101  54  78   5   0  13 0.00  0.0    0  3.8 10 350   M    M   0 8      14 320
12 104  57  81   8   0  16 0.00  0.0    0  4.9 12 340   M    M   0        14 310
13 103  60  82   9   0  17    T  0.0    0  6.8 18 110   M    M   1 38     24 160
14 104  66  85  11   0  20 0.02  0.0    0  6.7 25  10   M    M   0 38     28  10
15 101  65  83   9   0  18 0.00  0.0    0  3.4 12  10   M    M   0 8      15  20
16 109  66  88  14   0  23 0.00  0.0    0  5.0 16 210   M    M   0 8      22 220
17 100  67  84  10   0  19 0.00  0.0    0  9.9 20 200   M    M   0        25 190
18  97  67  82   8   0  17 0.00  0.0    0  9.2 17 180   M    M   1        20 180
19 100  64  82   8   0  17 0.00  0.0    0 10.3 24 280   M    M   1        30 290
20  88  62  75   1   0  10 0.00  0.0    0  6.8 16 320   M    M   0        20 320
21  86  58  72  -3   0   7 0.00  0.0    0  5.1 12 240   M    M   1        14 230
22  87  67  77   2   0  12    T  0.0    0  6.2 16 220   M    M   3        20 210
23  86  59  73  -2   0   8 0.01  0.0    0 10.7 43 250   M    M   2 378    52 250
24  82  57  70  -5   0   5 0.00  0.0    0 14.9 29 240   M    M   0        35 240
25  84  52  68  -7   0   3 0.00  0.0    0  3.5 12 250   M    M   0        15 340
26  93  50  72  -3   0   7 0.00  0.0    0  3.9 10 360   M    M   0        12 360
27  95  51  73  -2   0   8 0.00  0.0    0  6.7 14 330   M    M   0        17 320
28 103  63  83   8   0  18 0.00  0.0    0  4.0 12 320   M    M   0        12 320
29 107  58  83   8   0  18 0.00  0.0    0  4.4 20 250   M    M   0        29 230
================================================================================
SM 2801 1755         0 400  0.03     0.0 182.7          M        9
================================================================================
AV 96.6 60.5                               6.3 FASTST   M    M   0    MAX(MPH)
                                 MISC ---->  # 43 250               # 52  250
================================================================================
NOTES:
# LAST OF SEVERAL OCCURRENCES

COLUMN 17 PEAK WIND IN M.P.H.

PRELIMINARY LOCAL CLIMATOLOGICAL DATA (WS FORM: F-6) , PAGE 2

                                          STATION:  PASCO WA
                                          MONTH:    JULY
                                          YEAR:     2014
                                          LATITUDE:   46 16 N
                                          LONGITUDE: 119  7 W

[TEMPERATURE DATA]      [PRECIPITATION DATA]       SYMBOLS USED IN COLUMN 16

AVERAGE MONTHLY: 78.6   TOTAL FOR MONTH:   0.03    1 = FOG OR MIST
DPTR FM NORMAL:   5.1   DPTR FM NORMAL:   -0.24    2 = FOG REDUCING VISIBILITY
HIGHEST:   109 ON 16    GRTST 24HR  0.02 ON 14-14      TO 1/4 MILE OR LESS
LOWEST:     50 ON 26, 1                            3 = THUNDER
                        SNOW, ICE PELLETS, HAIL    4 = ICE PELLETS
                        TOTAL MONTH:   0.0 INCH    5 = HAIL
                        GRTST 24HR     0.0         6 = FREEZING RAIN OR DRIZZLE
                        GRTST DEPTH:   0           7 = DUSTSTORM OR SANDSTORM:
                                                       VSBY 1/2 MILE OR LESS
                                                   8 = SMOKE OR HAZE
[NO. OF DAYS WITH]      [WEATHER - DAYS WITH]      9 = BLOWING SNOW
                                                   X = TORNADO
MAX 32 OR BELOW:   0    0.01 INCH OR MORE:   2
MAX 90 OR ABOVE:  23    0.10 INCH OR MORE:   0
MIN 32 OR BELOW:   0    0.50 INCH OR MORE:   0
MIN  0 OR BELOW:   0    1.00 INCH OR MORE:   0

[HDD (BASE 65) ]
TOTAL THIS MO.     0    CLEAR  (SCALE 0-3)  28
DPTR FM NORMAL    -1    PTCLDY (SCALE 4-7)   1
TOTAL FM JUL 1     0    CLOUDY (SCALE 8-10)  0
DPTR FM NORMAL    -1

[CDD (BASE 65) ]
TOTAL THIS MO.   400
DPTR FM NORMAL   153    [PRESSURE DATA]
TOTAL FM JAN 1   545    HIGHEST SLP 30.08 ON  7
DPTR FM NORMAL   156    LOWEST  SLP 29.70 ON  9

[REMARKS]




U.S. Dept. of Commerce
NOAA National Weather Service
1325 East West Highway
Silver Spring, MD 20910
E-mail: w-nws.webmaster@noaa.gov
Page last modified: May 16, 2007
NATIONAL WEATHER SERVICE: for Safety, for Work, for Fun - FOR LIFE