586
CXUS56 KPDT 011032
CF6PSC
PRELIMINARY LOCAL CLIMATOLOGICAL DATA (WS FORM: F-6)

                                          STATION:   PASCO WA
                                          MONTH:     SEPTEMBER
                                          YEAR:      2014
                                          LATITUDE:   46 16 N
                                          LONGITUDE: 119  7 W

  TEMPERATURE IN F:       :PCPN:    SNOW:  WIND      :SUNSHINE: SKY     :PK WND
================================================================================
1   2   3   4   5  6A  6B    7    8   9   10  11  12  13   14  15   16   17  18
                                     12Z  AVG MX 2MIN
DY MAX MIN AVG DEP HDD CDD  WTR  SNW DPTH SPD SPD DIR MIN PSBL S-S WX    SPD DR
================================================================================

 1  82  48  65  -4   0   0 0.00  0.0    0  3.2 13 310   M    M   0        16 150
 2  85  48  67  -1   0   2 0.00  0.0    0  7.9 22 260   M    M   1        28 270
 3  80  52  66  -2   0   1    T  0.0    0 10.8 21 230   M    M   3        26 220
 4  79  47  63  -5   2   0 0.00  0.0    0  6.8 13 330   M    M   0        15 350
 5  86  48  67   0   0   2 0.00  0.0    0  5.6 14 340   M    M   0        17 330
 6  87  46  67   0   0   2 0.00  0.0    0  4.4 12 350   M    M   0        13 350
 7  91  44  68   1   0   3 0.00  0.0    0  3.2 14 330   M    M   0        16 320
 8  90  46  68   2   0   3 0.00  0.0    0  5.6 18 300   M    M   0        25 310
 9  79  52  66   0   0   1 0.00  0.0    0  3.7 12 160   M    M   1        15 220
10  74  47  61  -5   4   0 0.00  0.0    0  9.3 22  10   M    M   1        26  10
11  74  40  57  -8   8   0 0.00  0.0    0  7.1 14  20   M    M   0        18  50
12  76  37  57  -8   8   0 0.00  0.0    0  6.8 14 340   M    M   0        17 330
13  82  38  60  -4   5   0 0.00  0.0    0  6.3 14 350   M    M   0        17 360
14  82  39  61  -3   4   0 0.00  0.0    0  4.3 12 330   M    M   0        14 320
15  84  42  63  -1   2   0 0.00  0.0    0  4.3 12 330   M    M   0        13 330
16  87  48  68   5   0   3 0.00  0.0    0  2.9  9 160   M    M   0        10 160
17  84  52  68   5   0   3 0.00  0.0    0  2.9  9 130   M    M   0        10 130
18  88  56  72   9   0   7 0.00  0.0    0  9.2 25 210   M    M   2        31 210
19  85  56  71   9   0   6 0.00  0.0    0  6.8 15 200   M    M   0        17 230
20  87  50  69   7   0   4 0.00  0.0    0  7.1 16 340   M    M   0 8      19 330
21  89  51  70   8   0   5 0.00  0.0    0  3.3 12 360   M    M   0 8      12 360
22  86  53  70   9   0   5    T  0.0    0  8.1 17 210   M    M   0        22 220
23  80  61  71  10   0   6 0.02  0.0    0  3.0 14  90   M    M   2        15  90
24  76  60  68   8   0   3    T  0.0    0  6.1 14 230   M    M   5        17 220
25  72  51  62   2   3   0    T  0.0    0  4.1 18 290   M    M   5        22 280
26  77  50  64   4   1   0 0.00  0.0    0  5.8 17 200   M    M   1 8      21 240
27  79  46  63   4   2   0 0.00  0.0    0  6.9 20 320   M    M   0        25 320
28  81  51  66   7   0   1 0.00  0.0    0  6.1 14 330   M    M   1        16 320
29  83  56  70  12   0   5 0.02  0.0    0  8.9 21 250   M    M   3        26 250
30  74  50  62   4   3   0 0.01  0.0    0 10.5 20 320   M    M   1        27 230
================================================================================
SM 2459 1465        42  62  0.05     0.0 181.0          M       26
================================================================================
AV 82.0 48.8                               6.0 FASTST   M    M   1    MAX(MPH)
                                 MISC ---->  # 25 210               # 31  210
================================================================================
NOTES:
# LAST OF SEVERAL OCCURRENCES

COLUMN 17 PEAK WIND IN M.P.H.

PRELIMINARY LOCAL CLIMATOLOGICAL DATA (WS FORM: F-6) , PAGE 2

                                          STATION:  PASCO WA
                                          MONTH:    SEPTEMBER
                                          YEAR:     2014
                                          LATITUDE:   46 16 N
                                          LONGITUDE: 119  7 W

[TEMPERATURE DATA]      [PRECIPITATION DATA]       SYMBOLS USED IN COLUMN 16

AVERAGE MONTHLY: 65.4   TOTAL FOR MONTH:   0.05    1 = FOG OR MIST
DPTR FM NORMAL:   2.0   DPTR FM NORMAL:   -0.35    2 = FOG REDUCING VISIBILITY
HIGHEST:    91 ON  7    GRTST 24HR  0.03 ON 29-30      TO 1/4 MILE OR LESS
LOWEST:     37 ON 12                               3 = THUNDER
                        SNOW, ICE PELLETS, HAIL    4 = ICE PELLETS
                        TOTAL MONTH:   0.0 INCH    5 = HAIL
                        GRTST 24HR     0.0         6 = FREEZING RAIN OR DRIZZLE
                        GRTST DEPTH:   0           7 = DUSTSTORM OR SANDSTORM:
                                                       VSBY 1/2 MILE OR LESS
                                                   8 = SMOKE OR HAZE
[NO. OF DAYS WITH]      [WEATHER - DAYS WITH]      9 = BLOWING SNOW
                                                   X = TORNADO
MAX 32 OR BELOW:   0    0.01 INCH OR MORE:   3
MAX 90 OR ABOVE:   2    0.10 INCH OR MORE:   0
MIN 32 OR BELOW:   0    0.50 INCH OR MORE:   0
MIN  0 OR BELOW:   0    1.00 INCH OR MORE:   0

[HDD (BASE 65) ]
TOTAL THIS MO.    42    CLEAR  (SCALE 0-3)  27
DPTR FM NORMAL   -57    PTCLDY (SCALE 4-7)   3
TOTAL FM JUL 1    42    CLOUDY (SCALE 8-10)  0
DPTR FM NORMAL   -69

[CDD (BASE 65) ]
TOTAL THIS MO.    62
DPTR FM NORMAL    10    [PRESSURE DATA]
TOTAL FM JAN 1   980    HIGHEST SLP 30.43 ON 11
DPTR FM NORMAL   271    LOWEST  SLP 29.58 ON 17

[REMARKS]
#FINAL-09-14#




U.S. Dept. of Commerce
NOAA National Weather Service
1325 East West Highway
Silver Spring, MD 20910
E-mail: w-nws.webmaster@noaa.gov
Page last modified: May 16, 2007
NATIONAL WEATHER SERVICE: for Safety, for Work, for Fun - FOR LIFE