206
CXUS56 KPDT 020532
CF6PSC
PRELIMINARY LOCAL CLIMATOLOGICAL DATA (WS FORM: F-6)

                                          STATION:   PASCO WA
                                          MONTH:     NOVEMBER
                                          YEAR:      2014
                                          LATITUDE:   46 16 N
                                          LONGITUDE: 119  7 W

  TEMPERATURE IN F:       :PCPN:    SNOW:  WIND      :SUNSHINE: SKY     :PK WND
================================================================================
1   2   3   4   5  6A  6B    7    8   9   10  11  12  13   14  15   16   17  18
                                     12Z  AVG MX 2MIN
DY MAX MIN AVG DEP HDD CDD  WTR  SNW DPTH SPD SPD DIR MIN PSBL S-S WX    SPD DR
================================================================================

 1  56  41  49   3  16   0 0.00  0.0    0  3.3 18 300   M    M   6        22 300
 2  62  31  47   1  18   0    T  0.0    0  7.0 14 220   M    M   1        19 200
 3  63  52  58  12   7   0    T  0.0    0  8.7 21 230   M    M   8        24 230
 4  65  52  59  14   6   0 0.25  0.0    0 11.4 32 230   M    M   5 1      39 230
 5  68  50  59  14   6   0    T  0.0    0  3.8  9 300   M    M   3 1      12 310
 6  68  48  58  13   7   0    T  0.0    0  8.1 31 230   M    M   3        40 230
 7  61  33  47   3  18   0 0.00  0.0    0  4.1 21 250   M    M   0        25 250
 8  58  30  44   0  21   0 0.00  0.0    0  1.7  7 360   M    M   0 1       7 350
 9  66  40  53   9  12   0    T  0.0    0  9.2 26 270   M    M   5 18     34 280
10  51  30  41  -2  24   0    T  0.0    0  3.3 14 290   M    M   2        20 290
11  39  25  32 -11  33   0 0.00  0.0    0 13.6 30  30   M    M   2 8      40  20
12  37  14  26 -17  39   0 0.00  0.0    0  6.8 15  10   M    M   0        19  10
13  31  17  24 -18  41   0    T    T    0  7.6 13 330   M    M   6        16 330
14  35  16  26 -16  39   0    T    T    0  5.4 14 200   M    M   6        16 200
15  32  10  21 -21  44   0    T    T    0  3.6  9 180   M    M   1 18     11 180
16  28  11  20 -21  45   0    T    T    0  2.7  8 120   M    M   5 18     10 310
17  27  12  20 -21  45   0    T    T    0  2.3  8  90   M    M   6 128     9  70
18  24  16  20 -20  45   0    T    T    0  2.8  7  60   M    M  10 18      9 300
19  27  21  24 -16  41   0    T    T    0  3.4  8 110   M    M   8 18      9  90
20  36  24  30 -10  35   0 0.03    T    0  4.6  9 310   M    M   6 18     11 310
21  34  22  28 -11  37   0 0.17    T    0  4.0 10 320   M    M  10 1      14 300
22  50  31  41   2  24   0 0.01    T    0  9.0 17 230   M    M   2 1      22 220
23  55  36  46   7  19   0    T  0.0    0 14.3 31 210   M    M   1        37 210
24  54  26  40   2  25   0    T  0.0    0  7.1 25 230   M    M   3        33 240
25  58  41  50  12  15   0 0.02  0.0    0  9.9 25 230   M    M   8 1      33 230
26  44  39  42   4  23   0 0.00  0.0    0  2.8  9 290   M    M  10 12     11 310
27  66  36  51  14  14   0 0.00  0.0    0  8.6 21 240   M    M   8 12     25 230
28  65  51  58  21   7   0 0.03  0.0    0 16.4 36 220   M    M   5        46 230
29  51  15  33  -4  32   0    T  0.1    M  8.9 22  10   M    M   5 1      27  10
30  29   8  19 -17  46   0 0.00  0.0    0  4.0 13  10   M    M   0        15  10
================================================================================
SM 1440  878       784   0  0.51     0.1 198.4          M      135
================================================================================
AV 48.0 29.3                               6.6 FASTST   M    M   5    MAX(MPH)
                                 MISC ---->  # 36 220               # 46  230
================================================================================
NOTES:
# LAST OF SEVERAL OCCURRENCES

COLUMN 17 PEAK WIND IN M.P.H.

PRELIMINARY LOCAL CLIMATOLOGICAL DATA (WS FORM: F-6) , PAGE 2

                                          STATION:  PASCO WA
                                          MONTH:    NOVEMBER
                                          YEAR:     2014
                                          LATITUDE:   46 16 N
                                          LONGITUDE: 119  7 W

[TEMPERATURE DATA]      [PRECIPITATION DATA]       SYMBOLS USED IN COLUMN 16

AVERAGE MONTHLY: 38.6   TOTAL FOR MONTH:   0.51    1 = FOG OR MIST
DPTR FM NORMAL:  -2.7   DPTR FM NORMAL:   -0.58    2 = FOG REDUCING VISIBILITY
HIGHEST:    68 ON  6, 5 GRTST 24HR  0.25 ON  4- 4      TO 1/4 MILE OR LESS
LOWEST:      8 ON 30                               3 = THUNDER
                        SNOW, ICE PELLETS, HAIL    4 = ICE PELLETS
                        TOTAL MONTH:   0.1 INCH    5 = HAIL
                        GRTST 24HR   0.1 ON   M    6 = FREEZING RAIN OR DRIZZLE
                        GRTST DEPTH:   0           7 = DUSTSTORM OR SANDSTORM:
                                                       VSBY 1/2 MILE OR LESS
                                                   8 = SMOKE OR HAZE
[NO. OF DAYS WITH]      [WEATHER - DAYS WITH]      9 = BLOWING SNOW
                                                   X = TORNADO
MAX 32 OR BELOW:   7    0.01 INCH OR MORE:   6
MAX 90 OR ABOVE:   0    0.10 INCH OR MORE:   2
MIN 32 OR BELOW:  18    0.50 INCH OR MORE:   0
MIN  0 OR BELOW:   0    1.00 INCH OR MORE:   0

[HDD (BASE 65) ]
TOTAL THIS MO.   784    CLEAR  (SCALE 0-3)  12
DPTR FM NORMAL    73    PTCLDY (SCALE 4-7)  15
TOTAL FM JUL 1  1065    CLOUDY (SCALE 8-10)  3
DPTR FM NORMAL  -164

[CDD (BASE 65) ]
TOTAL THIS MO.     0
DPTR FM NORMAL     0    [PRESSURE DATA]
TOTAL FM JAN 1   991    HIGHEST SLP 30.78 ON 16
DPTR FM NORMAL   281    LOWEST  SLP 29.30 ON 28

[REMARKS]
#FINAL-11-14#




U.S. Dept. of Commerce
NOAA National Weather Service
1325 East West Highway
Silver Spring, MD 20910
E-mail: w-nws.webmaster@noaa.gov
Page last modified: May 16, 2007
NATIONAL WEATHER SERVICE: for Safety, for Work, for Fun - FOR LIFE