082
CXUS54 KFWD 180730
CF6PRX
PRELIMINARY LOCAL CLIMATOLOGICAL DATA (WS FORM: F-6)

                                          STATION:   PARIS
                                          MONTH:     APRIL
                                          YEAR:      2014
                                          LATITUDE:   33 37 N
                                          LONGITUDE:  95 27 W

  TEMPERATURE IN F:       :PCPN:    SNOW:  WIND      :SUNSHINE: SKY     :PK WND
================================================================================
1   2   3   4   5  6A  6B    7    8   9   10  11  12  13   14  15   16   17  18
                                     12Z  AVG MX 2MIN
DY MAX MIN AVG DEP HDD CDD  WTR  SNW DPTH SPD SPD DIR MIN PSBL S-S WX    SPD DR
================================================================================

 1  79  55  67   7   0   2 0.00  0.0    0 10.8 18 190   M    M   4        24 190
 2  81  66  74  14   0   9 0.11  0.0    0 14.9 22 160   M    M   7 3      27 160
 3  79  57  68   7   0   3 0.19  0.0    0 13.4 21 210   M    M   6 3      31 200
 4  64  45  55  -6  10   0 0.00  0.0    0 14.7 29 330   M    M   0        35 340
 5  55  45  50 -11  15   0 0.00  0.0    0 10.6 16 120   M    M   1         M  M
 6  50  45  48 -13  17   0 0.63  0.0    0 10.8 16  10   M    M   8 3      22  80
 7  61  46  54  -8  11   0 0.20  0.0    0  7.6 12 310   M    M   7 3       M  M
 8  66  46  56  -6   9   0 0.00  0.0    0 13.9 30 330   M    M   1        39 320
 9  75  43  59  -3   6   0 0.00  0.0    0  8.2 15 210   M    M   0        20 170
10  82  54  68   6   0   3 0.00  0.0    0 14.6 27 190   M    M   0        37 190
11  79  57  68   5   0   3 0.00  0.0    0 10.4 18 210   M    M   5        23 210
12  81  61  71   8   0   6 0.00  0.0    0 14.0 24 180   M    M   3        30 180
13  73  63  68   5   0   3 1.44  0.0    0 17.2 27 170   M    M   3 3      33 170
14  61  39  50 -14  15   0 0.01  0.0    0 16.8 24 350   M    M   8        33 350
15  61  32  47 -17  18   0 0.00  0.0    0  5.4 10 320   M    M   0        20 320
16  64  39  52 -12  13   0 0.00  0.0    0 12.6 21 160   M    M   0        29 160
17  66  43  55  -9  10   0 0.00  0.0    0  7.9 12  90   M    M   2         M  M
================================================================================
SM 1177  836       124  29  2.58     0.0 203.8          M       55
================================================================================
AV 69.2 49.2                              12.0 FASTST   M    M   3    MAX(MPH)
                                 MISC ---->    30   M                 39    M
================================================================================
NOTES:
# LAST OF SEVERAL OCCURRENCES

COLUMN 17 PEAK WIND IN M.P.H.

PRELIMINARY LOCAL CLIMATOLOGICAL DATA (WS FORM: F-6) , PAGE 2

                                          STATION:  PARIS
                                          MONTH:    APRIL
                                          YEAR:     2014
                                          LATITUDE:   33 37 N
                                          LONGITUDE:  95 27 W

[TEMPERATURE DATA]      [PRECIPITATION DATA]       SYMBOLS USED IN COLUMN 16

AVERAGE MONTHLY: 59.2   TOTAL FOR MONTH:   2.58    1 = FOG OR MIST
DPTR FM NORMAL:  -3.0   DPTR FM NORMAL:    0.78    2 = FOG REDUCING VISIBILITY
HIGHEST:    82 ON 10    GRTST 24HR  1.44 ON 13-13      TO 1/4 MILE OR LESS
LOWEST:     32 ON 15                               3 = THUNDER
                        SNOW, ICE PELLETS, HAIL    4 = ICE PELLETS
                        TOTAL MONTH:   0.0 INCH    5 = HAIL
                        GRTST 24HR     0.0         6 = FREEZING RAIN OR DRIZZLE
                        GRTST DEPTH:   0           7 = DUSTSTORM OR SANDSTORM:
                                                       VSBY 1/2 MILE OR LESS
                                                   8 = SMOKE OR HAZE
[NO. OF DAYS WITH]      [WEATHER - DAYS WITH]      9 = BLOWING SNOW
                                                   X = TORNADO
MAX 32 OR BELOW:   0    0.01 INCH OR MORE:   6
MAX 90 OR ABOVE:   0    0.10 INCH OR MORE:   5
MIN 32 OR BELOW:   1    0.50 INCH OR MORE:   2
MIN  0 OR BELOW:   0    1.00 INCH OR MORE:   1

[HDD (BASE 65) ]
TOTAL THIS MO.   124    CLEAR  (SCALE 0-3)  10
DPTR FM NORMAL    38    PTCLDY (SCALE 4-7)   6
TOTAL FM JUL 1  2994    CLOUDY (SCALE 8-10)  1
DPTR FM NORMAL   354

[CDD (BASE 65) ]
TOTAL THIS MO.    29
DPTR FM NORMAL   -10    [PRESSURE DATA]
TOTAL FM JAN 1    30    HIGHEST SLP M ON M
DPTR FM NORMAL   -35    LOWEST  SLP M ON M

[REMARKS]




U.S. Dept. of Commerce
NOAA National Weather Service
1325 East West Highway
Silver Spring, MD 20910
E-mail: w-nws.webmaster@noaa.gov
Page last modified: May 16, 2007
NATIONAL WEATHER SERVICE: for Safety, for Work, for Fun - FOR LIFE