432
CXUS54 KFWD 280730
CF6PRX
PRELIMINARY LOCAL CLIMATOLOGICAL DATA (WS FORM: F-6)

                                          STATION:   PARIS
                                          MONTH:     NOVEMBER
                                          YEAR:      2014
                                          LATITUDE:   33 37 N
                                          LONGITUDE:  95 27 W

  TEMPERATURE IN F:       :PCPN:    SNOW:  WIND      :SUNSHINE: SKY     :PK WND
================================================================================
1   2   3   4   5  6A  6B    7    8   9   10  11  12  13   14  15   16   17  18
                                     12Z  AVG MX 2MIN
DY MAX MIN AVG DEP HDD CDD  WTR  SNW DPTH SPD SPD DIR MIN PSBL S-S WX    SPD DR
================================================================================

 1  57  34  46 -14  19   0 0.00  0.0    0  6.7 13 120   M    M   0         M  M
 2  63  36  50 -10  15   0 0.00  0.0    0 10.6 16 140   M    M   0        21 150
 3  72  45  59  -1   6   0 0.00  0.0    0 11.4 17 160   M    M   6        23 180
 4  64  52  58  -1   7   0 0.55  0.0    0 11.1 20 350   M    M   9        24 350
 5  55  52  54  -5  11   0 0.22  0.0    0  6.5 12 340   M    M   8         M  M
 6  70  43  57  -1   8   0 0.00  0.0    0  7.8 15  10   M    M   2        21  10
 7  63  37  50  -8  15   0 0.00  0.0    0  8.0 14 170   M    M   0        20 170
 8  66  41  54  -4  11   0 0.00  0.0    0  9.9 23 360   M    M   0        29 360
 9  68  34  51  -6  14   0 0.00  0.0    0  7.4 14 180   M    M   0         M  M
10  75  46  61   4   4   0 0.00  0.0    0 15.3 25 220   M    M   0        40 220
11  64  36  50  -6  15   0 0.00  0.0    0 16.8 27 330   M    M   4        35 340
12  41  30  36 -20  29   0 0.00  0.0    0 15.5 21 340   M    M   3        27 330
13  39  27  33 -23  32   0 0.00  0.0    0 13.9 21 340   M    M   6        25 360
14  39  23  31 -24  34   0 0.00  0.0    0  6.1 12 140   M    M   2        17 140
15  43  28  36 -19  29   0 0.00  0.0    0 11.0 17 150   M    M  10        21 150
16  39  28  34 -20  31   0 0.03    M    0 12.0 18 320   M    M  10        27 320
17  41  21  31 -23  34   0 0.00  0.0    M 10.7 17 330   M    M   1        25 330
18  52  19  36 -18  29   0 0.00  0.0    0  7.4 14 250   M    M   0         M  M
19  61  32  47  -6  18   0 0.00  0.0    0  8.3 20 200   M    M   0        21 210
20  66  36  51  -2  14   0 0.00  0.0    0  9.5 15 100   M    M   4        17 160
21  61  48  55   3  10   0 0.01  0.0    0 11.0 15 150   M    M   9        21 140
22  66  55  61   9   4   0 0.16  0.0    0 10.6 20 150   M    M   9        23 150
23  73  50  62  11   3   0 0.00  0.0    0 12.4 24 310   M    M   5        36 310
24  61  37  49  -2  16   0 0.00  0.0    0  7.2 20 290   M    M   0        29 320
25  61  32  47  -4  18   0 0.00  0.0    0  3.5  8 360   M    M   0         M  M
26  61  37  49  -1  16   0 0.00  0.0    0  9.3 17 330   M    M   0        25 340
27  55  36  46  -4  19   0 0.00  0.0    0  7.9 10 110   M    M   0         M  M
================================================================================
SM 1576  995       461   0  0.97     0.0 267.8          M       88
================================================================================
AV 58.4 36.9                               9.9 FASTST   M    M   3    MAX(MPH)
                                 MISC ---->  # 27 330                 40    M
================================================================================
NOTES:
# LAST OF SEVERAL OCCURRENCES

COLUMN 17 PEAK WIND IN M.P.H.

PRELIMINARY LOCAL CLIMATOLOGICAL DATA (WS FORM: F-6) , PAGE 2

                                          STATION:  PARIS
                                          MONTH:    NOVEMBER
                                          YEAR:     2014
                                          LATITUDE:   33 37 N
                                          LONGITUDE:  95 27 W

[TEMPERATURE DATA]      [PRECIPITATION DATA]       SYMBOLS USED IN COLUMN 16

AVERAGE MONTHLY: 47.6   TOTAL FOR MONTH:   0.97    1 = FOG OR MIST
DPTR FM NORMAL:  -7.5   DPTR FM NORMAL:   -3.26    2 = FOG REDUCING VISIBILITY
HIGHEST:    75 ON 10    GRTST 24HR  0.55 ON  4- 4      TO 1/4 MILE OR LESS
LOWEST:     19 ON 18                               3 = THUNDER
                        SNOW, ICE PELLETS, HAIL    4 = ICE PELLETS
                        TOTAL MONTH:   0.0 INCH    5 = HAIL
                        GRTST 24HR     0.0         6 = FREEZING RAIN OR DRIZZLE
                        GRTST DEPTH:   0           7 = DUSTSTORM OR SANDSTORM:
                                                       VSBY 1/2 MILE OR LESS
                                                   8 = SMOKE OR HAZE
[NO. OF DAYS WITH]      [WEATHER - DAYS WITH]      9 = BLOWING SNOW
                                                   X = TORNADO
MAX 32 OR BELOW:   0    0.01 INCH OR MORE:   5
MAX 90 OR ABOVE:   0    0.10 INCH OR MORE:   3
MIN 32 OR BELOW:   9    0.50 INCH OR MORE:   1
MIN  0 OR BELOW:   0    1.00 INCH OR MORE:   0

[HDD (BASE 65) ]
TOTAL THIS MO.   461    CLEAR  (SCALE 0-3)  16
DPTR FM NORMAL   178    PTCLDY (SCALE 4-7)   5
TOTAL FM JUL 1   508    CLOUDY (SCALE 8-10)  6
DPTR FM NORMAL   123

[CDD (BASE 65) ]
TOTAL THIS MO.     0
DPTR FM NORMAL   -16    [PRESSURE DATA]
TOTAL FM JAN 1  2081    HIGHEST SLP M ON M
DPTR FM NORMAL  -455    LOWEST  SLP M ON M

[REMARKS]




U.S. Dept. of Commerce
NOAA National Weather Service
1325 East West Highway
Silver Spring, MD 20910
E-mail: w-nws.webmaster@noaa.gov
Page last modified: May 16, 2007
NATIONAL WEATHER SERVICE: for Safety, for Work, for Fun - FOR LIFE