023
CXUS56 KFGZ 210900
CF6PRC
PRELIMINARY LOCAL CLIMATOLOGICAL DATA (WS FORM: F-6)

                                          STATION:   PRESCOTT AZ AIRPORT
                                          MONTH:     SEPTEMBER
                                          YEAR:      2014
                                          LATITUDE:   34 39 N
                                          LONGITUDE: 112 26 W

  TEMPERATURE IN F:       :PCPN:    SNOW:  WIND      :SUNSHINE: SKY     :PK WND
================================================================================
1   2   3   4   5  6A  6B    7    8   9   10  11  12  13   14  15   16   17  18
                                     12Z  AVG MX 2MIN
DY MAX MIN AVG DEP HDD CDD  WTR  SNW DPTH SPD SPD DIR MIN PSBL S-S WX    SPD DR
================================================================================

 1  87  57  72   0   0   7 0.00    M    M  5.7 13 240   M    M   0        20  20
 2  88  56  72   0   0   7 0.00    M    M  6.2 12 190   M    M   0        16 200
 3  88  57  73   2   0   8 0.00    M    M  8.1 18 250   M    M   0        24 190
 4  82  60  71   0   0   6 0.28    M    M  5.8 17 290   M    M   5 13     24 300
 5  81  58  70  -1   0   5 0.19    M    M  5.3 20 210   M    M   2 13     25 200
 6  85  59  72   1   0   7 0.00    M    M  5.6 15 250   M    M   3 3      18 250
 7  82  64  73   3   0   8    T    M    M  5.3 15 280   M    M   5 3      18 280
 8  74  62  68  -2   0   3 0.34    M    M  6.5 22 150   M    M   8 1      27 150
 9  77  59  68  -2   0   3 0.42    M    M  7.3 18 230   M    M   5 1      23 200
10  81  52  67  -3   0   2 0.00    M    M  4.7 13 210   M    M   1        15 210
11  83  53  68  -1   0   3 0.00    M    M  3.4 10 360   M    M   0        13  10
12  87  53  70   1   0   5 0.00    M    M  4.3 14 150   M    M   0        19 150
13  85  57  71   2   0   6 0.00    M    M  5.1 18 210   M    M   1 3      23 220
14  86  56  71   3   0   6 0.00    M    M  3.4 14 150   M    M   1        17 140
15  87  58  73   5   0   8 0.00    M    M  3.3 18 130   M    M   2        25 140
16  82  57  70   2   0   5 0.00    M    M  4.4 14 150   M    M   3 38     19 140
17  81  60  71   4   0   6    T    M    M  5.0 21 130   M    M   7 8      29 130
18  83  56  70   3   0   5 0.00    M    M  4.6 15 240   M    M   3        19 240
19  84  62  73   6   0   8 0.00    M    M  4.1 15 230   M    M   5        18 230
20  86  58  72   6   0   7 0.00    M    M  5.3 17 250   M    M   4        21 230
================================================================================
SM 1669 1154         0 115  1.23    M    103.4          M       55
================================================================================
AV 83.4 57.7                               5.2 FASTST   M    M   3    MAX(MPH)
                                 MISC ---->  # 22 150               # 29  130
================================================================================
NOTES:
# LAST OF SEVERAL OCCURRENCES

COLUMN 17 PEAK WIND IN M.P.H.

PRELIMINARY LOCAL CLIMATOLOGICAL DATA (WS FORM: F-6) , PAGE 2

                                          STATION:  PRESCOTT AZ AIRPORT
                                          MONTH:    SEPTEMBER
                                          YEAR:     2014
                                          LATITUDE:   34 39 N
                                          LONGITUDE: 112 26 W

[TEMPERATURE DATA]      [PRECIPITATION DATA]       SYMBOLS USED IN COLUMN 16

AVERAGE MONTHLY: 70.6   TOTAL FOR MONTH:   1.23    1 = FOG OR MIST
DPTR FM NORMAL:   1.3   DPTR FM NORMAL:    0.16    2 = FOG REDUCING VISIBILITY
HIGHEST:    88 ON  3, 2 GRTST 24HR  0.76 ON  8- 9      TO 1/4 MILE OR LESS
LOWEST:     52 ON 10                               3 = THUNDER
                        SNOW, ICE PELLETS, HAIL    4 = ICE PELLETS
                        TOTAL MONTH:    M          5 = HAIL
                        GRTST 24HR    M  ON   M    6 = FREEZING RAIN OR DRIZZLE
                        GRTST DEPTH:  M  ON   M    7 = DUSTSTORM OR SANDSTORM:
                                                       VSBY 1/2 MILE OR LESS
                                                   8 = SMOKE OR HAZE
[NO. OF DAYS WITH]      [WEATHER - DAYS WITH]      9 = BLOWING SNOW
                                                   X = TORNADO
MAX 32 OR BELOW:   0    0.01 INCH OR MORE:   4
MAX 90 OR ABOVE:   0    0.10 INCH OR MORE:   4
MIN 32 OR BELOW:   0    0.50 INCH OR MORE:   0
MIN  0 OR BELOW:   0    1.00 INCH OR MORE:   0

[HDD (BASE 65) ]
TOTAL THIS MO.     0    CLEAR  (SCALE 0-3)  12
DPTR FM NORMAL    -9    PTCLDY (SCALE 4-7)   8
TOTAL FM JUL 1     3    CLOUDY (SCALE 8-10)  0
DPTR FM NORMAL    -7

[CDD (BASE 65) ]
TOTAL THIS MO.   115
DPTR FM NORMAL    18    [PRESSURE DATA]
TOTAL FM JAN 1  1009    HIGHEST SLP M ON M
DPTR FM NORMAL    91    LOWEST  SLP 29.81 ON M

[REMARKS]




U.S. Dept. of Commerce
NOAA National Weather Service
1325 East West Highway
Silver Spring, MD 20910
E-mail: w-nws.webmaster@noaa.gov
Page last modified: May 16, 2007
NATIONAL WEATHER SERVICE: for Safety, for Work, for Fun - FOR LIFE