986
CXUS56 KFGZ 270900
CF6PRC
PRELIMINARY LOCAL CLIMATOLOGICAL DATA (WS FORM: F-6)

                                          STATION:   PRESCOTT AZ AIRPORT
                                          MONTH:     NOVEMBER
                                          YEAR:      2014
                                          LATITUDE:   34 39 N
                                          LONGITUDE: 112 26 W

  TEMPERATURE IN F:       :PCPN:    SNOW:  WIND      :SUNSHINE: SKY     :PK WND
================================================================================
1   2   3   4   5  6A  6B    7    8   9   10  11  12  13   14  15   16   17  18
                                     12Z  AVG MX 2MIN
DY MAX MIN AVG DEP HDD CDD  WTR  SNW DPTH SPD SPD DIR MIN PSBL S-S WX    SPD DR
================================================================================

 1  64  48  56   5   9   0 0.00    M    M 12.6 24 200   M    M   4        33 190
 2  55  35  45  -6  20   0 0.02    M    M  8.7 18 240   M    M   3        26 250
 3  56  29  43  -7  22   0 0.00    M    M  6.9 18 320   M    M   1        21 330
 4  62  28  45  -5  20   0 0.00    M    M  6.2 17  50   M    M   0        22  20
 5  69  30  50   0  15   0 0.00    M    M  5.2 21  20   M    M   0        30  40
 6  73  33  53   3  12   0 0.00    M    M  4.5 12 200   M    M   0 8      13 200
 7  74  32  53   4  12   0 0.00    M    M  6.2 16 350   M    M   0        19 360
 8  75  37  56   7   9   0 0.00    M    0  5.1 10 190   M    M   0        13 190
 9  74  36  55   7  10   0 0.00    M    0  4.6 14 240   M    M   0        17 240
10  70  43  57   9   8   0 0.00    M    0  9.4 23 240   M    M   0        30 240
11  67  38  53   5  12   0 0.00    M    M  6.7 18 190   M    M   0        23 180
12  65  40  53   6  12   0 0.00    M    M  5.5 15 130   M    M   0        20 130
13  64  37  51   4  14   0 0.00    M    M  7.5 16 190   M    M   1        23 200
14  57  42  50   3  15   0 0.00    M    M  5.4 13 180   M    M   4        16 180
15  61  34  48   2  17   0 0.00    M    M  8.9 24 230   M    M   1        29 220
16  51  24  38  -8  27   0 0.00    M    M  8.9 24 360   M    M   1        31 350
17  54  18  36 -10  29   0 0.00    M    M  3.8 10 340   M    M   0        13 330
18  60  20  40  -5  25   0 0.00    M    M  5.3 12 190   M    M   0        14 200
19  62  26  44  -1  21   0 0.00    M    M  4.1 10 190   M    M   2        11 170
20  63  28  46   2  19   0 0.00    M    M  4.9 15 250   M    M   0 8      18 250
21  59  34  47   3  18   0 0.00  0.0    0  4.2 12 200   M    M   2        12 200
22  62  27  45   1  20   0 0.00    M    M  7.4 23 240   M    M   0        28 230
23  52  29  41  -2  24   0 0.00    M    M 13.6 31 350   M    M   0        39  20
24  55  22  39  -4  26   0 0.00    M    M 10.2 30 360   M    M   0        38 360
25  60  20  40  -3  25   0 0.00    M    M  5.7 15 350   M    M   0        22 340
26  69  31  50   8  15   0 0.00    M    M  4.3 10 190   M    M   0        14 310
================================================================================
SM 1633  821       456   0  0.02     0.0 175.8          M       19
================================================================================
AV 62.8 31.6                               6.8 FASTST   M    M   1    MAX(MPH)
                                 MISC ---->  # 31 350               # 39   20
================================================================================
NOTES:
# LAST OF SEVERAL OCCURRENCES

COLUMN 17 PEAK WIND IN M.P.H.

PRELIMINARY LOCAL CLIMATOLOGICAL DATA (WS FORM: F-6) , PAGE 2

                                          STATION:  PRESCOTT AZ AIRPORT
                                          MONTH:    NOVEMBER
                                          YEAR:     2014
                                          LATITUDE:   34 39 N
                                          LONGITUDE: 112 26 W

[TEMPERATURE DATA]      [PRECIPITATION DATA]       SYMBOLS USED IN COLUMN 16

AVERAGE MONTHLY: 47.2   TOTAL FOR MONTH:   0.02    1 = FOG OR MIST
DPTR FM NORMAL:   0.4   DPTR FM NORMAL:   -0.77    2 = FOG REDUCING VISIBILITY
HIGHEST:    75 ON  8    GRTST 24HR  0.02 ON  2- 2      TO 1/4 MILE OR LESS
LOWEST:     18 ON 17                               3 = THUNDER
                        SNOW, ICE PELLETS, HAIL    4 = ICE PELLETS
                        TOTAL MONTH:   0.0 INCH    5 = HAIL
                        GRTST 24HR     0.0         6 = FREEZING RAIN OR DRIZZLE
                        GRTST DEPTH:   0           7 = DUSTSTORM OR SANDSTORM:
                                                       VSBY 1/2 MILE OR LESS
                                                   8 = SMOKE OR HAZE
[NO. OF DAYS WITH]      [WEATHER - DAYS WITH]      9 = BLOWING SNOW
                                                   X = TORNADO
MAX 32 OR BELOW:   0    0.01 INCH OR MORE:   1
MAX 90 OR ABOVE:   0    0.10 INCH OR MORE:   0
MIN 32 OR BELOW:  14    0.50 INCH OR MORE:   0
MIN  0 OR BELOW:   0    1.00 INCH OR MORE:   0

[HDD (BASE 65) ]
TOTAL THIS MO.   456    CLEAR  (SCALE 0-3)  23
DPTR FM NORMAL   -19    PTCLDY (SCALE 4-7)   3
TOTAL FM JUL 1   598    CLOUDY (SCALE 8-10)  0
DPTR FM NORMAL  -183

[CDD (BASE 65) ]
TOTAL THIS MO.     0
DPTR FM NORMAL     0    [PRESSURE DATA]
TOTAL FM JAN 1  1039    HIGHEST SLP M ON M
DPTR FM NORMAL    98    LOWEST  SLP 29.70 ON 10

[REMARKS]




U.S. Dept. of Commerce
NOAA National Weather Service
1325 East West Highway
Silver Spring, MD 20910
E-mail: w-nws.webmaster@noaa.gov
Page last modified: May 16, 2007
NATIONAL WEATHER SERVICE: for Safety, for Work, for Fun - FOR LIFE