015
CXUS56 KFGZ 210900
CF6PRC
PRELIMINARY LOCAL CLIMATOLOGICAL DATA (WS FORM: F-6)

                                          STATION:   PRESCOTT AZ AIRPORT
                                          MONTH:     AUGUST
                                          YEAR:      2014
                                          LATITUDE:   34 39 N
                                          LONGITUDE: 112 26 W

  TEMPERATURE IN F:       :PCPN:    SNOW:  WIND      :SUNSHINE: SKY     :PK WND
================================================================================
1   2   3   4   5  6A  6B    7    8   9   10  11  12  13   14  15   16   17  18
                                     12Z  AVG MX 2MIN
DY MAX MIN AVG DEP HDD CDD  WTR  SNW DPTH SPD SPD DIR MIN PSBL S-S WX    SPD DR
================================================================================

 1  91  65  78   3   0  13 0.06    M    M  6.7 18 150   M    M   4 3      25 340
 2  85  61  73  -2   0   8 0.16    M    M  4.1 12 200   M    M   4         M  M
 3  78  61  70  -5   0   5 0.14    M    M  5.0 17 210   M    M   7 13     25 210
 4  83  58  71  -4   0   6 0.00    M    M  7.4 18 240   M    M   3        28 240
 5  87  58  73  -2   0   8 0.00    M    M  6.9 18 200   M    M   2        24 230
 6  88  57  73  -1   0   8 0.00    M    M  7.7 17 260   M    M   1        25 240
 7  89  56  73  -1   0   8 0.00    M    M  8.1 21 230   M    M   0        24 230
 8  89  58  74   0   0   9 0.00    M    M  6.4 20 240   M    M   2        25 240
 9  91  59  75   1   0  10 0.00    M    M  6.3 20 210   M    M   3        30 190
10  94  62  78   4   0  13 0.14    M    M  7.3 22 160   M    M   3 3      33  90
11  91  61  76   2   0  11 0.13    M    M  6.8 20 140   M    M   4 3      23 150
12  83  62  73  -1   0   8 0.96    M    M  5.7 16  60   M    M   7 13     22 110
13  79  61  70  -4   0   5 0.50  0.0    0  4.0 12 220   M    M   7 1      15 220
14  83  61  72  -2   0   7    T  0.0    0  4.9 16 310   M    M   3 3      21 200
15  86  63  75   1   0  10 0.00    M    M  6.8 16 260   M    M   1        22 330
16  90  62  76   2   0  11 0.00    M    M  5.7 14 270   M    M   1        21 260
17  91  63  77   3   0  12 0.00    M    M  4.2 14 200   M    M   2        19 190
18  84  63  74   1   0   9 0.34    M    M  5.6 15 230   M    M   4 13     26 270
19  70  56  63 -10   2   0 1.19    M    0  5.9 23 330   M    M   6 138    28 330
20  80  54  67  -6   0   2 0.01    M    0  4.0 16 260   M    M   3 3      22 260
================================================================================
SM 1712 1201         2 163  3.63     0.0 119.5          M       67
================================================================================
AV 85.6 60.0                               6.0 FASTST   M    M   3    MAX(MPH)
                                 MISC ---->  # 23 330               # 33   90
================================================================================
NOTES:
# LAST OF SEVERAL OCCURRENCES

COLUMN 17 PEAK WIND IN M.P.H.

PRELIMINARY LOCAL CLIMATOLOGICAL DATA (WS FORM: F-6) , PAGE 2

                                          STATION:  PRESCOTT AZ AIRPORT
                                          MONTH:    AUGUST
                                          YEAR:     2014
                                          LATITUDE:   34 39 N
                                          LONGITUDE: 112 26 W

[TEMPERATURE DATA]      [PRECIPITATION DATA]       SYMBOLS USED IN COLUMN 16

AVERAGE MONTHLY: 72.8   TOTAL FOR MONTH:   3.63    1 = FOG OR MIST
DPTR FM NORMAL:  -1.3   DPTR FM NORMAL:    1.85    2 = FOG REDUCING VISIBILITY
HIGHEST:    94 ON 10    GRTST 24HR  1.48 ON 18-19      TO 1/4 MILE OR LESS
LOWEST:     54 ON 20                               3 = THUNDER
                        SNOW, ICE PELLETS, HAIL    4 = ICE PELLETS
                        TOTAL MONTH:   0.0 INCH    5 = HAIL
                        GRTST 24HR     0.0         6 = FREEZING RAIN OR DRIZZLE
                        GRTST DEPTH:   0           7 = DUSTSTORM OR SANDSTORM:
                                                       VSBY 1/2 MILE OR LESS
                                                   8 = SMOKE OR HAZE
[NO. OF DAYS WITH]      [WEATHER - DAYS WITH]      9 = BLOWING SNOW
                                                   X = TORNADO
MAX 32 OR BELOW:   0    0.01 INCH OR MORE:  10
MAX 90 OR ABOVE:   6    0.10 INCH OR MORE:   8
MIN 32 OR BELOW:   0    0.50 INCH OR MORE:   3
MIN  0 OR BELOW:   0    1.00 INCH OR MORE:   1

[HDD (BASE 65) ]
TOTAL THIS MO.     2    CLEAR  (SCALE 0-3)  12
DPTR FM NORMAL     2    PTCLDY (SCALE 4-7)   8
TOTAL FM JUL 1     2    CLOUDY (SCALE 8-10)  0
DPTR FM NORMAL     2

[CDD (BASE 65) ]
TOTAL THIS MO.   163
DPTR FM NORMAL   -20    [PRESSURE DATA]
TOTAL FM JAN 1   843    HIGHEST SLP M ON M
DPTR FM NORMAL   105    LOWEST  SLP 29.87 ON 19

[REMARKS]




U.S. Dept. of Commerce
NOAA National Weather Service
1325 East West Highway
Silver Spring, MD 20910
E-mail: w-nws.webmaster@noaa.gov
Page last modified: May 16, 2007
NATIONAL WEATHER SERVICE: for Safety, for Work, for Fun - FOR LIFE