872
CXUS56 KFGZ 010900
CF6PRC
PRELIMINARY LOCAL CLIMATOLOGICAL DATA (WS FORM: F-6)

                                          STATION:   PRESCOTT AZ AIRPORT
                                          MONTH:     JULY
                                          YEAR:      2014
                                          LATITUDE:   34 39 N
                                          LONGITUDE: 112 26 W

  TEMPERATURE IN F:       :PCPN:    SNOW:  WIND      :SUNSHINE: SKY     :PK WND
================================================================================
1   2   3   4   5  6A  6B    7    8   9   10  11  12  13   14  15   16   17  18
                                     12Z  AVG MX 2MIN
DY MAX MIN AVG DEP HDD CDD  WTR  SNW DPTH SPD SPD DIR MIN PSBL S-S WX    SPD DR
================================================================================

 1  99  66  83   8   0  18 0.00    M    M  7.5 35  10   M    M   3        43  10
 2  95  60  78   3   0  13 0.00    M    M  9.2 22 250   M    M   1        28 280
 3  94  66  80   5   0  15 0.01    M    M 10.1 30 140   M    M   3 3      37 140
 4  87  65  76   1   0  11    T    M    M  7.8 20 360   M    M   5        25 280
 5  83  63  73  -2   0   8 0.53    M    M  5.8 22 300   M    M   6 3      26 300
 6  88  64  76   1   0  11 0.09    M    M  5.3 26  10   M    M   4        33  20
 7  88  64  76   0   0  11 0.13    M    M  5.8 29  30   M    M   4 3      33  30
 8  84  62  73  -3   0   8 0.06    M    M  5.8 17 300   M    M   3 3      21 200
 9  83  61  72  -4   0   7 0.00    M    M  6.1 17 230   M    M   5        21 240
10  84  64  74  -2   0   9 0.08    M    M  5.9 24 240   M    M   4 13     28 240
11  89  60  75  -1   0  10 0.00    M    M  5.5 15 250   M    M   3        20 280
12  94  62  78   2   0  13    T    M    M  6.9 22 130   M    M   3        31 130
13  94  64  79   3   0  14 0.00    M    M  6.9 25 360   M    M   3        28 360
14  86  66  76   0   0  11 0.02    M    M  6.4 20 210   M    M   6 3      25 200
15  77  64  71  -5   0   6 0.17    M    M  4.2 21 300   M    M   4 1      26 300
16  88  64  76   0   0  11 0.00    M    M  8.5 20 290   M    M   3        27 320
17  92  68  80   4   0  15 0.00    M    M  8.1 22 230   M    M   1        26 240
18  92  63  78   2   0  13 0.00    M    M  8.1 18 270   M    M   0        24 240
19  90  70  80   4   0  15    T    M    M  5.9 14 270   M    M   3        20 270
20  89  61  75  -1   0  10 0.00    M    M  8.7 20 190   M    M   0        25 200
21  90  60  75  -1   0  10 0.00    M    M  8.8 20 230   M    M   0        26 230
22  98  61  80   4   0  15    T    M    M  4.9 26 110   M    M   2        44 120
23  97  67  82   6   0  17 0.00    M    M  6.7 29 140   M    M   3        35 140
24  90  68  79   3   0  14 0.05    M    M  8.3 23  10   M    M   6 3      29 310
25  92  63  78   2   0  13 0.42    M    M  6.9 26 200   M    M   2 38     35 210
26  93  64  79   3   0  14 0.09  0.0    0  6.3 24 210   M    M   1 3      29 200
27  90  68  79   4   0  14 0.00  0.0    0  7.5 20 210   M    M   3 3      26 200
28  87  65  76   1   0  11 0.13    M    M  5.9 22 250   M    M   4 3      28 260
29  90  61  76   1   0  11 0.00    M    M  5.6 18 240   M    M   2        23 240
30  92  64  78   3   0  13 0.00    M    M  6.9 18 230   M    M   2        24 240
31  90  66  78   3   0  13 0.05    M    M  6.6 37  30   M    M   5 3      49  20
================================================================================
SM 2785 1984         0 374  1.83     0.0 212.9          M       94
================================================================================
AV 89.8 64.0                               6.9 FASTST   M    M   3    MAX(MPH)
                                 MISC ---->  # 37  30               # 49   20
================================================================================
NOTES:
# LAST OF SEVERAL OCCURRENCES

COLUMN 17 PEAK WIND IN M.P.H.

PRELIMINARY LOCAL CLIMATOLOGICAL DATA (WS FORM: F-6) , PAGE 2

                                          STATION:  PRESCOTT AZ AIRPORT
                                          MONTH:    JULY
                                          YEAR:     2014
                                          LATITUDE:   34 39 N
                                          LONGITUDE: 112 26 W

[TEMPERATURE DATA]      [PRECIPITATION DATA]       SYMBOLS USED IN COLUMN 16

AVERAGE MONTHLY: 76.9   TOTAL FOR MONTH:   1.83    1 = FOG OR MIST
DPTR FM NORMAL:   1.3   DPTR FM NORMAL:   -0.28    2 = FOG REDUCING VISIBILITY
HIGHEST:    99 ON  1    GRTST 24HR  0.53 ON  4- 5      TO 1/4 MILE OR LESS
LOWEST:     60 ON 21,11                            3 = THUNDER
                        SNOW, ICE PELLETS, HAIL    4 = ICE PELLETS
                        TOTAL MONTH:   0.0 INCH    5 = HAIL
                        GRTST 24HR     0.0         6 = FREEZING RAIN OR DRIZZLE
                        GRTST DEPTH:   0           7 = DUSTSTORM OR SANDSTORM:
                                                       VSBY 1/2 MILE OR LESS
                                                   8 = SMOKE OR HAZE
[NO. OF DAYS WITH]      [WEATHER - DAYS WITH]      9 = BLOWING SNOW
                                                   X = TORNADO
MAX 32 OR BELOW:   0    0.01 INCH OR MORE:  13
MAX 90 OR ABOVE:  18    0.10 INCH OR MORE:   5
MIN 32 OR BELOW:   0    0.50 INCH OR MORE:   1
MIN  0 OR BELOW:   0    1.00 INCH OR MORE:   0

[HDD (BASE 65) ]
TOTAL THIS MO.     0    CLEAR  (SCALE 0-3)  17
DPTR FM NORMAL     0    PTCLDY (SCALE 4-7)  14
TOTAL FM JUL 1     0    CLOUDY (SCALE 8-10)  0
DPTR FM NORMAL     0

[CDD (BASE 65) ]
TOTAL THIS MO.   374
DPTR FM NORMAL    47    [PRESSURE DATA]
TOTAL FM JAN 1   680    HIGHEST SLP M ON M
DPTR FM NORMAL   125    LOWEST  SLP 29.81 ON  1

[REMARKS]
#FINAL-07-14#




U.S. Dept. of Commerce
NOAA National Weather Service
1325 East West Highway
Silver Spring, MD 20910
E-mail: w-nws.webmaster@noaa.gov
Page last modified: May 16, 2007
NATIONAL WEATHER SERVICE: for Safety, for Work, for Fun - FOR LIFE