137
CXUS55 KLOX 211655
CF6PRB
PRELIMINARY LOCAL CLIMATOLOGICAL DATA (WS FORM: F-6)

                                          STATION:   PASO ROBLES AIRPORT CA
                                          MONTH:     AUGUST
                                          YEAR:      2014
                                          LATITUDE:   35 40 N
                                          LONGITUDE: 120 38 W

  TEMPERATURE IN F:       :PCPN:    SNOW:  WIND      :SUNSHINE: SKY     :PK WND
================================================================================
1   2   3   4   5  6A  6B    7    8   9   10  11  12  13   14  15   16   17  18
                                     12Z  AVG MX 2MIN
DY MAX MIN AVG DEP HDD CDD  WTR  SNW DPTH SPD SPD DIR MIN PSBL S-S WX    SPD DR
================================================================================

 1 107  60  84  10   0  19 0.00  0.0    0  6.9 21 320   M    M   0        25 290
 2 105  59  82   8   0  17 0.00  0.0    0  7.6 24 210   M    M   0        31 210
 3  88  60  74   0   0   9 0.00  0.0    0  6.9 18 210   M    M   0        23 210
 4  83  52  68  -6   0   3 0.00  0.0    0  8.6 21 210   M    M   1        25 230
 5  92  55  74   0   0   9 0.00  0.0    0  8.3 24 200   M    M   2        30 200
 6  90  57  74   0   0   9 0.00  0.0    0  5.7 16 300   M    M   0        20 300
 7  94  59  77   3   0  12 0.00  0.0    0  6.9 20 200   M    M   1 18     23 210
 8  94  57  76   2   0  11 0.00  0.0    0  7.5 22 190   M    M   0        26 200
 9  95  55  75   1   0  10 0.00  0.0    0  7.4 23 200   M    M   0        28 200
10  93  55  74   0   0   9 0.00  0.0    0  6.6 18 200   M    M   2        22 210
11  95  55  75   1   0  10 0.00  0.0    0  7.4 24 210   M    M   2 12     30 230
12  90  55  73   0   0   8 0.00  0.0    0  7.4 23 230   M    M   0        28 230
13  90  57  74   1   0   9 0.00  0.0    0  9.2 20 200   M    M   0        25 210
14  92  60  76   3   0  11 0.00  0.0    0  6.4 20 210   M    M   3        25 200
15  93  53  73   0   0   8 0.00  0.0    0  5.8 18 220   M    M   0        27 230
16  99  50  75   2   0  10 0.00  0.0    0  6.3 20 200   M    M   0 1      23 210
17 102  52  77   4   0  12 0.00  0.0    0  6.2 20 300   M    M   0        24 300
18  97  52  75   2   0  10 0.00  0.0    0  4.7 17 190   M    M   2 12      M  M
19  75  56  66  -7   0   1 0.00  0.0    0  9.6 24 210   M    M   4        29 190
20  84  52  68  -5   0   3 0.00  0.0    0  7.6 20 200   M    M   3        24 210
================================================================================
SM 1858 1111         0 190  0.00     0.0 143.0          M       20
================================================================================
AV 92.9 55.5                               7.2 FASTST   M    M   1    MAX(MPH)
                                 MISC ---->    24   M               # 31  210
================================================================================
NOTES:
# LAST OF SEVERAL OCCURRENCES

COLUMN 17 PEAK WIND IN M.P.H.

PRELIMINARY LOCAL CLIMATOLOGICAL DATA (WS FORM: F-6) , PAGE 2

                                          STATION:  PASO ROBLES AIRPORT CA
                                          MONTH:    AUGUST
                                          YEAR:     2014
                                          LATITUDE:   35 40 N
                                          LONGITUDE: 120 38 W

[TEMPERATURE DATA]      [PRECIPITATION DATA]       SYMBOLS USED IN COLUMN 16

AVERAGE MONTHLY: 74.2   TOTAL FOR MONTH:   0.00    1 = FOG OR MIST
DPTR FM NORMAL:   0.7   DPTR FM NORMAL:   -0.05    2 = FOG REDUCING VISIBILITY
HIGHEST:   107 ON  1    GRTST 24HR  0.00 ON 20-20      TO 1/4 MILE OR LESS
LOWEST:     50 ON 16                               3 = THUNDER
                        SNOW, ICE PELLETS, HAIL    4 = ICE PELLETS
                        TOTAL MONTH:   0.0 INCH    5 = HAIL
                        GRTST 24HR     0.0         6 = FREEZING RAIN OR DRIZZLE
                        GRTST DEPTH:   0           7 = DUSTSTORM OR SANDSTORM:
                                                       VSBY 1/2 MILE OR LESS
                                                   8 = SMOKE OR HAZE
[NO. OF DAYS WITH]      [WEATHER - DAYS WITH]      9 = BLOWING SNOW
                                                   X = TORNADO
MAX 32 OR BELOW:   0    0.01 INCH OR MORE:   0
MAX 90 OR ABOVE:  16    0.10 INCH OR MORE:   0
MIN 32 OR BELOW:   0    0.50 INCH OR MORE:   0
MIN  0 OR BELOW:   0    1.00 INCH OR MORE:   0

[HDD (BASE 65) ]
TOTAL THIS MO.     0    CLEAR  (SCALE 0-3)  18
DPTR FM NORMAL     0    PTCLDY (SCALE 4-7)   2
TOTAL FM JUL 1     0    CLOUDY (SCALE 8-10)  0
DPTR FM NORMAL    -4

[CDD (BASE 65) ]
TOTAL THIS MO.   190
DPTR FM NORMAL    17    [PRESSURE DATA]
TOTAL FM JAN 1   919    HIGHEST SLP M ON M
DPTR FM NORMAL   269    LOWEST  SLP 29.74 ON 18

[REMARKS]




U.S. Dept. of Commerce
NOAA National Weather Service
1325 East West Highway
Silver Spring, MD 20910
E-mail: w-nws.webmaster@noaa.gov
Page last modified: May 16, 2007
NATIONAL WEATHER SERVICE: for Safety, for Work, for Fun - FOR LIFE