934
CXUS55 KLOX 241655
CF6PRB
PRELIMINARY LOCAL CLIMATOLOGICAL DATA (WS FORM: F-6)

                                          STATION:   PASO ROBLES AIRPORT CA
                                          MONTH:     APRIL
                                          YEAR:      2014
                                          LATITUDE:   35 40 N
                                          LONGITUDE: 120 38 W

  TEMPERATURE IN F:       :PCPN:    SNOW:  WIND      :SUNSHINE: SKY     :PK WND
================================================================================
1   2   3   4   5  6A  6B    7    8   9   10  11  12  13   14  15   16   17  18
                                     12Z  AVG MX 2MIN
DY MAX MIN AVG DEP HDD CDD  WTR  SNW DPTH SPD SPD DIR MIN PSBL S-S WX    SPD DR
================================================================================

 1  57  39  48  -6  17   0 0.24    M    0  6.1 21 240   M    M   6 12     28 240
 2  62  41  52  -2  13   0 0.07    M    0  4.8 18 330   M    M   4 1      22 330
 3  65  38  52  -3  13   0 0.00  0.0    0  4.8 17 200   M    M   0        20 210
 4  60  38  49  -6  16   0 0.01    M    0  4.6 15 320   M    M   4        20 330
 5  69  44  57   2   8   0 0.00  0.0    0  6.5 21 330   M    M   4        24 330
 6  77  40  59   4   6   0 0.00  0.0    0  3.3 13 110   M    M   0         M  M
 7  87  45  66  11   0   1 0.00  0.0    0  3.5 13 190   M    M   0        16 210
 8  87  44  66  11   0   1 0.00  0.0    0  4.3 15 230   M    M   0        21 240
 9  87  41  64   9   1   0 0.00  0.0    0  4.1 16 200   M    M   0        20 210
10  86  42  64   8   1   0 0.00  0.0    0  3.6 21 200   M    M   0        27 210
11  79  48  64   8   1   0 0.00    M    0  7.1 21 200   M    M   0        26 210
12  68  45  57   1   8   0 0.00  0.0    0  8.1 21 200   M    M   5        26 200
13  74  47  61   5   4   0 0.00  0.0    0  5.8 16 200   M    M   4        19 210
14  85  48  67  11   0   2 0.00  0.0    0  3.9 14 210   M    M   3 12     19 220
15  87  49  68  12   0   3 0.00  0.0    M  6.7 20 310   M    M   1 12     24 310
16  87  44  66   9   0   1 0.00  0.0    0  6.5 21 310   M    M   2 18     24 310
17  73  48  61   4   4   0 0.00  0.0    0  7.8 21 210   M    M   0        26 220
18  73  48  61   4   4   0 0.00  0.0    0  7.5 21 210   M    M   2        26 210
19  84  45  65   8   0   0 0.00  0.0    0  8.8 22 330   M    M   2 1      28  20
20  86  42  64   6   1   0 0.00  0.0    0  4.8 15 310   M    M   0 1       M  M
21  84  45  65   7   0   0 0.00  0.0    0  5.8 17 210   M    M   0        23 200
22  72  45  59   1   6   0 0.00  0.0    0 15.0 28 330   M    M   2        36 330
23  76  41  59   1   6   0 0.00  0.0    0  9.4 21 320   M    M   0        27 320
================================================================================
SM 1765 1007       109   8  0.32     0.0 142.7          M       39
================================================================================
AV 76.7 43.8                               6.2 FASTST   M    M   2    MAX(MPH)
                                 MISC ---->    28   M                 36    M
================================================================================
NOTES:
# LAST OF SEVERAL OCCURRENCES

COLUMN 17 PEAK WIND IN M.P.H.

PRELIMINARY LOCAL CLIMATOLOGICAL DATA (WS FORM: F-6) , PAGE 2

                                          STATION:  PASO ROBLES AIRPORT CA
                                          MONTH:    APRIL
                                          YEAR:     2014
                                          LATITUDE:   35 40 N
                                          LONGITUDE: 120 38 W

[TEMPERATURE DATA]      [PRECIPITATION DATA]       SYMBOLS USED IN COLUMN 16

AVERAGE MONTHLY: 60.3   TOTAL FOR MONTH:   0.32    1 = FOG OR MIST
DPTR FM NORMAL:   4.2   DPTR FM NORMAL:   -0.25    2 = FOG REDUCING VISIBILITY
HIGHEST:    87 ON 16,15 GRTST 24HR  0.33 ON 31- 1      TO 1/4 MILE OR LESS
LOWEST:     38 ON  4, 3                            3 = THUNDER
                        SNOW, ICE PELLETS, HAIL    4 = ICE PELLETS
                        TOTAL MONTH:   0.0 INCH    5 = HAIL
                        GRTST 24HR     0.0         6 = FREEZING RAIN OR DRIZZLE
                        GRTST DEPTH:   0           7 = DUSTSTORM OR SANDSTORM:
                                                       VSBY 1/2 MILE OR LESS
                                                   8 = SMOKE OR HAZE
[NO. OF DAYS WITH]      [WEATHER - DAYS WITH]      9 = BLOWING SNOW
                                                   X = TORNADO
MAX 32 OR BELOW:   0    0.01 INCH OR MORE:   3
MAX 90 OR ABOVE:   0    0.10 INCH OR MORE:   1
MIN 32 OR BELOW:   0    0.50 INCH OR MORE:   0
MIN  0 OR BELOW:   0    1.00 INCH OR MORE:   0

[HDD (BASE 65) ]
TOTAL THIS MO.   109    CLEAR  (SCALE 0-3)  17
DPTR FM NORMAL  -100    PTCLDY (SCALE 4-7)   6
TOTAL FM JUL 1  2044    CLOUDY (SCALE 8-10)  0
DPTR FM NORMAL  -624

[CDD (BASE 65) ]
TOTAL THIS MO.     8
DPTR FM NORMAL     8    [PRESSURE DATA]
TOTAL FM JAN 1     8    HIGHEST SLP M ON M
DPTR FM NORMAL     8    LOWEST  SLP 29.74 ON 16

[REMARKS]




U.S. Dept. of Commerce
NOAA National Weather Service
1325 East West Highway
Silver Spring, MD 20910
E-mail: w-nws.webmaster@noaa.gov
Page last modified: May 16, 2007
NATIONAL WEATHER SERVICE: for Safety, for Work, for Fun - FOR LIFE