025
CXUS55 KLOX 011655
CF6PRB
PRELIMINARY LOCAL CLIMATOLOGICAL DATA (WS FORM: F-6)

                                          STATION:   PASO ROBLES AIRPORT CA
                                          MONTH:     SEPTEMBER
                                          YEAR:      2014
                                          LATITUDE:   35 40 N
                                          LONGITUDE: 120 38 W

  TEMPERATURE IN F:       :PCPN:    SNOW:  WIND      :SUNSHINE: SKY     :PK WND
================================================================================
1   2   3   4   5  6A  6B    7    8   9   10  11  12  13   14  15   16   17  18
                                     12Z  AVG MX 2MIN
DY MAX MIN AVG DEP HDD CDD  WTR  SNW DPTH SPD SPD DIR MIN PSBL S-S WX    SPD DR
================================================================================

 1  98  54  76   4   0  11 0.00  0.0    0  4.6 17 200   M    M   0        21 200
 2  91  57  74   2   0   9 0.00  0.0    0  6.6 23 200   M    M   0        28 210
 3  82  56  69  -3   0   4 0.00  0.0    0  9.2 22 200   M    M   2        27 210
 4  85  52  69  -3   0   4 0.00  0.0    0  7.2 23 200   M    M   2 12     27 200
 5  89  54  72   0   0   7 0.00  0.0    0  6.0 21 200   M    M   3 12      M  M
 6  96  48  72   1   0   7 0.00  0.0    0  5.4 17 210   M    M   0        22 260
 7  98  49  74   3   0   9 0.00  0.0    0  6.3 15 200   M    M   2        20 210
 8  88  57  73   2   0   8 0.00  0.0    0  9.0 21 210   M    M   2        27 200
 9  95  48  72   1   0   7 0.00  0.0    0  3.7 17 310   M    M   2 128    20 310
10 100  50  75   4   0  10 0.00  0.0    0  4.5 16 200   M    M   0        20 210
11 103  53  78   8   0  13 0.00  0.0    0  3.8 22 200   M    M   0        25 210
12 106  54  80  10   0  15 0.00  0.0    0  3.7 17 200   M    M   0        20 190
13 104  55  80  10   0  15 0.00  0.0    0  4.9 17 210   M    M   0        21 200
14 103  58  81  11   0  16 0.00  0.0    0  4.6 17 300   M    M   1        22 290
15 100  61  81  11   0  16 0.00  0.0    0  6.2 16 300   M    M   0        20 310
16 104  54  79   9   0  14 0.00  0.0    0  5.7 18 300   M    M   0        23 300
17  96  56  76   7   0  11 0.00  0.0    0   M   M 200   M    M   0         M  M
18  79  59  69   0   0   4 0.00  0.0    0  5.2 17 210   M    M   4        29 170
19  89  63  76   7   0  11 0.00  0.0    0  6.6 20 200   M    M   4         M 180
20  86  58  72   3   0   7 0.00  0.0    0  7.7 22 200   M    M   2 12     28 210
21  83  56  70   2   0   5 0.00  0.0    0  8.2 17 200   M    M   4        22 200
22  93  56  75   7   0  10 0.00  0.0    0  5.1 17 210   M    M   2 1      20 210
23  92  53  73   5   0   8 0.00  0.0    0  6.1 18 210   M    M   0        22 210
24  92  55  74   6   0   9 0.00  0.0    M  6.9 20 200   M    M   3        23 200
25  82  56  69   1   0   4 0.00  0.0    0  8.3 21 320   M    M   6        25 320
26  79  59  69   2   0   4 0.00  0.0    0 10.0 23 330   M    M   3        27 330
27  79  51  65  -2   0   0 0.00  0.0    0  8.6 20 210   M    M   1        26 200
28  75  53  64  -3   1   0 0.00  0.0    0  6.2 18 200   M    M   5        26 210
29  83  48  66   0   0   1 0.00  0.0    0  4.8 16 310   M    M   1        19 320
30  87  54  71   5   0   6 0.00  0.0    0  7.7 22 320   M    M   3 1      26 320
================================================================================
SM 2737 1637         1 245  0.00     0.0 182.8          M       52
================================================================================
AV 91.2 54.6                               6.3 FASTST   M    M   2    MAX(MPH)
                                 MISC ---->    23   M               # 29  170
================================================================================
NOTES:
# LAST OF SEVERAL OCCURRENCES

COLUMN 17 PEAK WIND IN M.P.H.

PRELIMINARY LOCAL CLIMATOLOGICAL DATA (WS FORM: F-6) , PAGE 2

                                          STATION:  PASO ROBLES AIRPORT CA
                                          MONTH:    SEPTEMBER
                                          YEAR:     2014
                                          LATITUDE:   35 40 N
                                          LONGITUDE: 120 38 W

[TEMPERATURE DATA]      [PRECIPITATION DATA]       SYMBOLS USED IN COLUMN 16

AVERAGE MONTHLY: 72.9   TOTAL FOR MONTH:   0.00    1 = FOG OR MIST
DPTR FM NORMAL:   3.5   DPTR FM NORMAL:   -0.22    2 = FOG REDUCING VISIBILITY
HIGHEST:   106 ON 12    GRTST 24HR  0.00 ON 30-30      TO 1/4 MILE OR LESS
LOWEST:     48 ON 29, 9                            3 = THUNDER
                        SNOW, ICE PELLETS, HAIL    4 = ICE PELLETS
                        TOTAL MONTH:   0.0 INCH    5 = HAIL
                        GRTST 24HR     0.0         6 = FREEZING RAIN OR DRIZZLE
                        GRTST DEPTH:   0           7 = DUSTSTORM OR SANDSTORM:
                                                       VSBY 1/2 MILE OR LESS
                                                   8 = SMOKE OR HAZE
[NO. OF DAYS WITH]      [WEATHER - DAYS WITH]      9 = BLOWING SNOW
                                                   X = TORNADO
MAX 32 OR BELOW:   0    0.01 INCH OR MORE:   0
MAX 90 OR ABOVE:  16    0.10 INCH OR MORE:   0
MIN 32 OR BELOW:   0    0.50 INCH OR MORE:   0
MIN  0 OR BELOW:   0    1.00 INCH OR MORE:   0

[HDD (BASE 65) ]
TOTAL THIS MO.     1    CLEAR  (SCALE 0-3)  24
DPTR FM NORMAL   -23    PTCLDY (SCALE 4-7)   6
TOTAL FM JUL 1     1    CLOUDY (SCALE 8-10)  0
DPTR FM NORMAL   -31

[CDD (BASE 65) ]
TOTAL THIS MO.   245
DPTR FM NORMAL    87    [PRESSURE DATA]
TOTAL FM JAN 1  1252    HIGHEST SLP 30.00 ON 23
DPTR FM NORMAL   361    LOWEST  SLP 29.62 ON  3

[REMARKS]
#FINAL-09-14#




U.S. Dept. of Commerce
NOAA National Weather Service
1325 East West Highway
Silver Spring, MD 20910
E-mail: w-nws.webmaster@noaa.gov
Page last modified: May 16, 2007
NATIONAL WEATHER SERVICE: for Safety, for Work, for Fun - FOR LIFE