982
CXUS55 KALY 300800
CF6POU
PRELIMINARY LOCAL CLIMATOLOGICAL DATA (WS FORM: F-6)

                                          STATION:   POUGHKEEPSIE NY
                                          MONTH:     SEPTEMBER
                                          YEAR:      2014
                                          LATITUDE:   41 37 N
                                          LONGITUDE:  73 53 W

  TEMPERATURE IN F:       :PCPN:    SNOW:  WIND      :SUNSHINE: SKY     :PK WND
================================================================================
1   2   3   4   5  6A  6B    7    8   9   10  11  12  13   14  15   16   17  18
                                     12Z  AVG MX 2MIN
DY MAX MIN AVG DEP HDD CDD  WTR  SNW DPTH SPD SPD DIR MIN PSBL S-S WX    SPD DR
================================================================================

 1  87  69  78  10   0  13 0.00    M    M  2.9 12 230   M    M   5 1      16 210
 2  91  68  80  12   0  15    T    M    M  5.0 18 240   M    M   2 1      28 250
 3  85  61  73   5   0   8 0.00    M    M  2.8 12 300   M    M   1        15 260
 4  87  56  72   5   0   7 0.00    M    M  1.9 10 140   M    M   0 1      15 250
 5  87  64  76   9   0  11 0.00    M    M  3.5 14 220   M    M   2 1      19 210
 6  92  62  77  10   0  12 0.15    M    M  4.8 22  30   M    M   6 13     28 240
 7  79  54  67   1   0   2    T    M    M  3.8 13  20   M    M   2 1      18  10
 8  77  50  64  -2   1   0 0.00    M    M  3.5 13 120   M    M   1        16 120
 9  74  50  62  -4   3   0 0.00    M    M  3.6 10 120   M    M   6        14 130
10  78  51  65   0   0   0 0.00    M    M  3.0  9 160   M    M   2        14 150
11  80  59  70   5   0   5 0.01    M    M  5.8 18  10   M    M   7        24  20
12  72  51  62  -3   3   0 0.00    M    M  6.2 15  30   M    M   2        21 360
13  65  50  58  -6   7   0 0.17    M    M  3.4 14 110   M    M   8 12     20 120
14  69  42  56  -8   9   0 0.00    M    M  3.2 13 340   M    M   2 12     19 320
15  70  42  56  -8   9   0 0.00    M    M  1.5  9 250   M    M   2        13  10
16  69  50  60  -3   5   0 0.17    M    M  1.5  7  20   M    M   9 1       9 150
17  72  44  58  -5   7   0 0.00    M    M  1.8 10 280   M    M   4 12     13 280
18  76  43  60  -2   5   0 0.00    M    M  3.0 14  30   M    M   4 12     19  20
19  66  46  56  -6   9   0 0.00    M    M  4.5 12 360   M    M   2        15  20
20  75  50  63   2   2   0 0.00    M    M  4.9 16 150   M    M   5        21 150
21  79  60  70   9   0   5 0.01    M    M  2.6 10 150   M    M   6 1      13 140
22  71  43  57  -4   8   0 0.01    M    M  9.2 23 280   M    M   2        29 280
23  73  38  56  -4   9   0 0.00    M    M  0.9  7 240   M    M   0        11 220
24  74  44  59  -1   6   0 0.00    M    M  2.4 12 130   M    M   1 1      18 100
25  67  54  61   2   4   0    T    M    M  4.3 10 340   M    M   3        14 340
26  79  47  63   4   2   0 0.00    M    M  4.1 15  20   M    M   0 1      21  20
27  85  47  66   8   0   1 0.00    M    M  0.9 12 350   M    M   2 12     16 360
28  86  50  68  10   0   3 0.00    M    M  0.8  8 240   M    M   1 18     10 270
29  78  57  68  10   0   3 0.00    M    M  0.4  6 340   M    M   0         8 320
================================================================================
SM 2243 1502        89  85  0.52    M     96.2          M       87
================================================================================
AV 77.3 51.8                               3.3 FASTST   M    M   3    MAX(MPH)
                                 MISC ---->  # 23 280               # 29  280
================================================================================
NOTES:
# LAST OF SEVERAL OCCURRENCES

COLUMN 17 PEAK WIND IN M.P.H.

PRELIMINARY LOCAL CLIMATOLOGICAL DATA (WS FORM: F-6) , PAGE 2

                                          STATION:  POUGHKEEPSIE NY
                                          MONTH:    SEPTEMBER
                                          YEAR:     2014
                                          LATITUDE:   41 37 N
                                          LONGITUDE:  73 53 W

[TEMPERATURE DATA]      [PRECIPITATION DATA]       SYMBOLS USED IN COLUMN 16

AVERAGE MONTHLY: 64.6   TOTAL FOR MONTH:   0.52    1 = FOG OR MIST
DPTR FM NORMAL:   1.3   DPTR FM NORMAL:   -3.61    2 = FOG REDUCING VISIBILITY
HIGHEST:    92 ON  6    GRTST 24HR  0.55 ON 31- 1      TO 1/4 MILE OR LESS
LOWEST:     38 ON 23                               3 = THUNDER
                        SNOW, ICE PELLETS, HAIL    4 = ICE PELLETS
                        TOTAL MONTH:    M          5 = HAIL
                        GRTST 24HR    M  ON   M    6 = FREEZING RAIN OR DRIZZLE
                        GRTST DEPTH:  M  ON   M    7 = DUSTSTORM OR SANDSTORM:
                                                       VSBY 1/2 MILE OR LESS
                                                   8 = SMOKE OR HAZE
[NO. OF DAYS WITH]      [WEATHER - DAYS WITH]      9 = BLOWING SNOW
                                                   X = TORNADO
MAX 32 OR BELOW:   0    0.01 INCH OR MORE:   6
MAX 90 OR ABOVE:   2    0.10 INCH OR MORE:   3
MIN 32 OR BELOW:   0    0.50 INCH OR MORE:   0
MIN  0 OR BELOW:   0    1.00 INCH OR MORE:   0

[HDD (BASE 65) ]
TOTAL THIS MO.    89    CLEAR  (SCALE 0-3)  19
DPTR FM NORMAL   -27    PTCLDY (SCALE 4-7)   8
TOTAL FM JUL 1    94    CLOUDY (SCALE 8-10)  2
DPTR FM NORMAL   -39

[CDD (BASE 65) ]
TOTAL THIS MO.    85
DPTR FM NORMAL    20    [PRESSURE DATA]
TOTAL FM JAN 1   682    HIGHEST SLP M ON M
DPTR FM NORMAL    13    LOWEST  SLP 29.56 ON 21

[REMARKS]




U.S. Dept. of Commerce
NOAA National Weather Service
1325 East West Highway
Silver Spring, MD 20910
E-mail: w-nws.webmaster@noaa.gov
Page last modified: May 16, 2007
NATIONAL WEATHER SERVICE: for Safety, for Work, for Fun - FOR LIFE