484
CXUS55 KPAH 240632
CF6POF
PRELIMINARY LOCAL CLIMATOLOGICAL DATA (WS FORM: F-6)

                                          STATION:   POPLAR BLUFF MO
                                          MONTH:     APRIL
                                          YEAR:      2014
                                          LATITUDE:   36 46 N
                                          LONGITUDE:  90 19 W

  TEMPERATURE IN F:       :PCPN:    SNOW:  WIND      :SUNSHINE: SKY     :PK WND
================================================================================
1   2   3   4   5  6A  6B    7    8   9   10  11  12  13   14  15   16   17  18
                                     12Z  AVG MX 2MIN
DY MAX MIN AVG DEP HDD CDD  WTR  SNW DPTH SPD SPD DIR MIN PSBL S-S WX    SPD DR
================================================================================

 1  75  49  62   9   3   0 0.00  0.0    0  5.9 13 170   M    M   2        17 190
 2  74  55  65  11   0   0 0.04  0.0    0  7.3 20 200   M    M  10 8      24 220
 3  78  61  70  16   0   5 0.51  0.0    0 13.8 28 270   M    M   8 3      35 190
 4  61  43  52  -2  13   0 0.31  0.0    0 11.6 28 300   M    M   3 13     37 300
 5  56  40  48  -7  17   0 0.00  0.0    0  6.3 14  20   M    M   4        17  20
 6  59  42  51  -4  14   0    T    M    0  6.0 15  50   M    M   3        20  70
 7  55  44  50  -5  15   0 0.56  0.0    0 12.1 24 330   M    M   7 18     32 340
 8  62  43  53  -3  12   0 0.05    M    0  4.8 13  50   M    M   4 3      16 340
 9  68  43  56   0   9   0 0.00  0.0    0  9.8 21 210   M    M   0        27 210
10  78  49  64   8   1   0 0.00  0.0    0 14.7 31 200   M    M   0        40 200
11  74  57  66   9   0   1 0.23  0.0    0  5.4 16 210   M    M   1 3      21 220
12  76  54  65   8   0   0 0.00  0.0    0 11.5 29 210   M    M   2 18     35 210
13  74  60  67  10   0   2 1.21  0.0    0 15.4 31 190   M    M   7 3      41 200
14  60  39  50  -8  15   0 0.16    M    0   M   M   M   M    M  10         M  M
15  54  32  43 -15  22   0 0.00  0.0    0   M   M   M   M    M   0         M  M
16  56  35  46 -12  19   0 0.00  0.0    0  8.0 15 130   M    M   0        20 150
17  67  36  52  -7  13   0 0.00  0.0    0  3.5 13 180   M    M   0        17 210
18  73  49  61   2   4   0    T  0.0    0  5.0 14 130   M    M   2        18 120
19  77  47  62   3   3   0 0.00  0.0    0  3.8 10  70   M    M   0        15  40
20  80  48  64   4   1   0 0.00  0.0    0  2.5 12 170   M    M   0 8      16 150
21  76  58  67   7   0   2 0.13  0.0    0  4.2 14 210   M    M   6        17 230
22  77  51  64   4   1   0    T  0.0    0  8.4 20  20   M    M   1 18     24  20
23  72  44  58  -3   7   0 0.00  0.0    0  5.2 13 100   M    M   0        18 100
================================================================================
SM 1582 1079       169  10  3.20     0.0 165.2          M       70
================================================================================
AV 68.8 46.9                               7.9 FASTST   M    M   3    MAX(MPH)
                                 MISC ---->  # 31 200               # 41  200
================================================================================
NOTES:
# LAST OF SEVERAL OCCURRENCES

COLUMN 17 PEAK WIND IN M.P.H.

PRELIMINARY LOCAL CLIMATOLOGICAL DATA (WS FORM: F-6) , PAGE 2

                                          STATION:  POPLAR BLUFF MO
                                          MONTH:    APRIL
                                          YEAR:     2014
                                          LATITUDE:   36 46 N
                                          LONGITUDE:  90 19 W

[TEMPERATURE DATA]      [PRECIPITATION DATA]       SYMBOLS USED IN COLUMN 16

AVERAGE MONTHLY: 57.8   TOTAL FOR MONTH:   3.20    1 = FOG OR MIST
DPTR FM NORMAL:   0.8   DPTR FM NORMAL:   -0.30    2 = FOG REDUCING VISIBILITY
HIGHEST:    80 ON 20    GRTST 24HR  1.37 ON 13-14      TO 1/4 MILE OR LESS
LOWEST:     32 ON 15                               3 = THUNDER
                        SNOW, ICE PELLETS, HAIL    4 = ICE PELLETS
                        TOTAL MONTH:   0.0 INCH    5 = HAIL
                        GRTST 24HR     0.0         6 = FREEZING RAIN OR DRIZZLE
                        GRTST DEPTH:   0           7 = DUSTSTORM OR SANDSTORM:
                                                       VSBY 1/2 MILE OR LESS
                                                   8 = SMOKE OR HAZE
[NO. OF DAYS WITH]      [WEATHER - DAYS WITH]      9 = BLOWING SNOW
                                                   X = TORNADO
MAX 32 OR BELOW:   0    0.01 INCH OR MORE:   9
MAX 90 OR ABOVE:   0    0.10 INCH OR MORE:   7
MIN 32 OR BELOW:   1    0.50 INCH OR MORE:   3
MIN  0 OR BELOW:   0    1.00 INCH OR MORE:   1

[HDD (BASE 65) ]
TOTAL THIS MO.   169    CLEAR  (SCALE 0-3)  15
DPTR FM NORMAL   -33    PTCLDY (SCALE 4-7)   6
TOTAL FM JUL 1  4291    CLOUDY (SCALE 8-10)  2
DPTR FM NORMAL   300

[CDD (BASE 65) ]
TOTAL THIS MO.    10
DPTR FM NORMAL    -7    [PRESSURE DATA]
TOTAL FM JAN 1    10    HIGHEST SLP M ON M
DPTR FM NORMAL   -11    LOWEST  SLP 29.46 ON  7

[REMARKS]




U.S. Dept. of Commerce
NOAA National Weather Service
1325 East West Highway
Silver Spring, MD 20910
E-mail: w-nws.webmaster@noaa.gov
Page last modified: May 16, 2007
NATIONAL WEATHER SERVICE: for Safety, for Work, for Fun - FOR LIFE