534
CXUS55 KPAH 300634
CF6POF
PRELIMINARY LOCAL CLIMATOLOGICAL DATA (WS FORM: F-6)

                                          STATION:   POPLAR BLUFF MO
                                          MONTH:     SEPTEMBER
                                          YEAR:      2014
                                          LATITUDE:   36 46 N
                                          LONGITUDE:  90 19 W

  TEMPERATURE IN F:       :PCPN:    SNOW:  WIND      :SUNSHINE: SKY     :PK WND
================================================================================
1   2   3   4   5  6A  6B    7    8   9   10  11  12  13   14  15   16   17  18
                                     12Z  AVG MX 2MIN
DY MAX MIN AVG DEP HDD CDD  WTR  SNW DPTH SPD SPD DIR MIN PSBL S-S WX    SPD DR
================================================================================

 1  88  73  81   6   0  16 0.01  0.0    0  8.5 20 200   M    M   4        26 210
 2  84  68  76   1   0  11 0.02  0.0    0  5.3 13 270   M    M   1        18 230
 3  89  63  76   1   0  11 0.00  0.0    0  2.8 10 170   M    M   0 1      13 140
 4  92  67  80   6   0  15 0.00  0.0    0  4.7 14 190   M    M   0 18     20 190
 5  94  70  82   8   0  17 0.00  0.0    0  4.2 12 170   M    M   0 138    14 160
 6  81  65  73  -1   0   8    T  0.0    0  8.3 15  10   M    M   2        21  10
 7  82  61  72  -1   0   7 0.00  0.0    0  6.7 13  60   M    M   1        17  40
 8  85  56  71  -2   0   6 0.00  0.0    0  2.1  8 150   M    M   1        10 160
 9  91  62  77   4   0  12 0.00  0.0    0  5.1 15 160   M    M   2        19 160
10  92  73  83  11   0  18 0.99  0.0    0 10.2 23 280   M    M   2 138    33 270
11  73  58  66  -6   0   1 1.54  0.0    0  8.4 14  20   M    M   9 1      21  30
12  63  57  60 -12   5   0    T  0.0    0  8.5 14 360   M    M  10        19 360
13  67  51  59 -12   6   0 0.00  0.0    0  7.8 16  40   M    M   3        24  20
14  74  49  62  -9   3   0 0.00  0.0    0  2.5  9  20   M    M   0        13  40
15  76  57  67  -3   0   2    T  0.0    0  3.9 15 200   M    M   2 1      20 190
16  73  56  65  -5   0   0 0.00  0.0    0  5.8 13  20   M    M   9        17  20
17  64  54  59 -11   6   0 0.09  0.0    0  1.9 14 340   M    M  10 138    18 350
18  77  59  68  -1   0   3 0.00  0.0    0  4.8 13  60   M    M   6 18     18  50
19  82  57  70   1   0   5 0.00  0.0    0  3.0  9  60   M    M   1 18     14  40
20  87  58  73   5   0   8 0.00  0.0    0  4.3 13 240   M    M   1 18     17 200
21  84  57  71   3   0   6 0.02  0.0    0  6.8 15 310   M    M   1 1      21 290
22  76  50  63  -5   2   0 0.00  0.0    0  4.6 14  50   M    M   0        19  30
23  78  45  62  -5   3   0 0.00  0.0    0  3.8 10  40   M    M   0        15  50
24  82  48  65  -2   0   0 0.00  0.0    0  2.5  8  60   M    M   0        11 120
25  84  52  68   2   0   3 0.00  0.0    0  1.3  9  90   M    M   0 18     12 100
26  85  54  70   4   0   5 0.00  0.0    0  3.5 10  30   M    M   0 18     15  30
27  87  58  73   7   0   8 0.00  0.0    0  4.4 12  20   M    M   1 18     16  40
28  87  58  73   8   0   8 0.00  0.0    0  1.8  9  10   M    M   1 18     12  10
29  87  58  73   8   0   8 0.00  0.0    0  2.5 13  40   M    M   0 18     16  50
================================================================================
SM 2364 1694        25 178  2.67     0.0 140.0          M       67
================================================================================
AV 81.5 58.4                               4.8 FASTST   M    M   2    MAX(MPH)
                                 MISC ---->  # 23 280               # 33  270
================================================================================
NOTES:
# LAST OF SEVERAL OCCURRENCES

COLUMN 17 PEAK WIND IN M.P.H.

PRELIMINARY LOCAL CLIMATOLOGICAL DATA (WS FORM: F-6) , PAGE 2

                                          STATION:  POPLAR BLUFF MO
                                          MONTH:    SEPTEMBER
                                          YEAR:     2014
                                          LATITUDE:   36 46 N
                                          LONGITUDE:  90 19 W

[TEMPERATURE DATA]      [PRECIPITATION DATA]       SYMBOLS USED IN COLUMN 16

AVERAGE MONTHLY: 70.0   TOTAL FOR MONTH:   2.67    1 = FOG OR MIST
DPTR FM NORMAL:  -0.3   DPTR FM NORMAL:   -0.48    2 = FOG REDUCING VISIBILITY
HIGHEST:    94 ON  5    GRTST 24HR  2.53 ON 10-11      TO 1/4 MILE OR LESS
LOWEST:     45 ON 23                               3 = THUNDER
                        SNOW, ICE PELLETS, HAIL    4 = ICE PELLETS
                        TOTAL MONTH:   0.0 INCH    5 = HAIL
                        GRTST 24HR     0.0         6 = FREEZING RAIN OR DRIZZLE
                        GRTST DEPTH:   0           7 = DUSTSTORM OR SANDSTORM:
                                                       VSBY 1/2 MILE OR LESS
                                                   8 = SMOKE OR HAZE
[NO. OF DAYS WITH]      [WEATHER - DAYS WITH]      9 = BLOWING SNOW
                                                   X = TORNADO
MAX 32 OR BELOW:   0    0.01 INCH OR MORE:   6
MAX 90 OR ABOVE:   4    0.10 INCH OR MORE:   2
MIN 32 OR BELOW:   0    0.50 INCH OR MORE:   2
MIN  0 OR BELOW:   0    1.00 INCH OR MORE:   1

[HDD (BASE 65) ]
TOTAL THIS MO.    25    CLEAR  (SCALE 0-3)  22
DPTR FM NORMAL    -1    PTCLDY (SCALE 4-7)   3
TOTAL FM JUL 1    25    CLOUDY (SCALE 8-10)  4
DPTR FM NORMAL    -1

[CDD (BASE 65) ]
TOTAL THIS MO.   178
DPTR FM NORMAL     1    [PRESSURE DATA]
TOTAL FM JAN 1  1490    HIGHEST SLP M ON M
DPTR FM NORMAL   -35    LOWEST  SLP 29.74 ON 10

[REMARKS]




U.S. Dept. of Commerce
NOAA National Weather Service
1325 East West Highway
Silver Spring, MD 20910
E-mail: w-nws.webmaster@noaa.gov
Page last modified: May 16, 2007
NATIONAL WEATHER SERVICE: for Safety, for Work, for Fun - FOR LIFE