751
CXUS55 KPAH 300631
CF6POF
PRELIMINARY LOCAL CLIMATOLOGICAL DATA (WS FORM: F-6)

                                          STATION:   POPLAR BLUFF MO
                                          MONTH:     JULY
                                          YEAR:      2014
                                          LATITUDE:   36 46 N
                                          LONGITUDE:  90 19 W

  TEMPERATURE IN F:       :PCPN:    SNOW:  WIND      :SUNSHINE: SKY     :PK WND
================================================================================
1   2   3   4   5  6A  6B    7    8   9   10  11  12  13   14  15   16   17  18
                                     12Z  AVG MX 2MIN
DY MAX MIN AVG DEP HDD CDD  WTR  SNW DPTH SPD SPD DIR MIN PSBL S-S WX    SPD DR
================================================================================

 1  90  68  79   0   0  14 0.94  0.0    0  7.5 25 310   M    M   2 138    35 310
 2  83  65  74  -5   0   9 0.00  0.0    0  5.6 14 310   M    M   1        17 320
 3  79  59  69 -10   0   4 0.00  0.0    0  4.6 13 340   M    M   2        16 340
 4  82  60  71  -8   0   6 0.00  0.0    0  3.5  9  60   M    M   1 18     13  30
 5  83  58  71  -8   0   6 0.00  0.0    0  1.6  7 160   M    M   0 18     12 270
 6  85  62  74  -6   0   9 0.00  0.0    0  6.4 15 200   M    M   1 18     18 190
 7  88  72  80   0   0  15    T  0.0    0  8.3 18 210   M    M   2 138    24 220
 8  86  69  78  -2   0  13 0.39  0.0    0  8.8 26 330   M    M   2 38     30 330
 9  87  67  77  -3   0  12 0.00  0.0    0  3.7 10 320   M    M   1        20 340
10  86  65  76  -4   0  11 0.00  0.0    0  3.3  7  50   M    M   0 1      14  40
11  88  67  78  -2   0  13 0.00  0.0    0  3.0 10 210   M    M   3 18     13 190
12  93  71  82   2   0  17 0.00  0.0    0  4.5 10 220   M    M   1 128    15 190
13  93  74  84   4   0  19 0.00  0.0    0  7.0 14 190   M    M   2 1      19 210
14  88  72  80   0   0  15 1.05  0.0    0  4.0 20 280   M    M   5 138    26 290
15  78  60  69 -11   0   4 0.00  0.0    0  6.4 15 340   M    M   2        21 340
16  79  57  68 -12   0   3 0.00  0.0    0  2.9  7 270   M    M   2 1      11 230
17  78  56  67 -13   0   2 0.00  0.0    0  1.4  7 100   M    M   0 1       9  80
18  79  62  71  -9   0   6    T  0.0    0  5.0 13 120   M    M   3 1      19 120
19  83  59  71  -9   0   6 0.00  0.0    0  4.0 12  50   M    M   0 18     16  60
20  85  59  72  -8   0   7 0.00  0.0    0  1.9  8  20   M    M   1 18     15  10
21  86  60  73  -7   0   8    T  0.0    0  0.6  7 190   M    M   1 18      9 190
22  88  62  75  -5   0  10 0.00  0.0    0  2.5  9 220   M    M   0 128    19 230
23  88  69  79  -1   0  14 0.62  0.0    0  4.9 35  80   M    M   4 138    50  80
24  82  62  72  -8   0   7 0.00  0.0    0  5.8 14  20   M    M   1 1      22  60
25  85  58  72  -8   0   7 0.00  0.0    0  2.2  9 140   M    M   0 18     11  80
26  93  66  80   1   0  15 0.00  0.0    0  6.5 14 200   M    M   0 18     19 200
27  95  72  84   5   0  19 0.00  0.0    0  7.0 14 270   M    M   1 18     20 280
28  86  63  75  -4   0  10 0.00  0.0    0  5.8 13 350   M    M   2        18 300
29  80  59  70  -9   0   5 0.00  0.0    0  3.9 10  80   M    M   0        14  50
================================================================================
SM 2476 1853         0 286  3.00     0.0 132.6          M       40
================================================================================
AV 85.4 63.9                               4.6 FASTST   M    M   1    MAX(MPH)
                                 MISC ---->  # 35  80               # 50   80
================================================================================
NOTES:
# LAST OF SEVERAL OCCURRENCES

COLUMN 17 PEAK WIND IN M.P.H.

PRELIMINARY LOCAL CLIMATOLOGICAL DATA (WS FORM: F-6) , PAGE 2

                                          STATION:  POPLAR BLUFF MO
                                          MONTH:    JULY
                                          YEAR:     2014
                                          LATITUDE:   36 46 N
                                          LONGITUDE:  90 19 W

[TEMPERATURE DATA]      [PRECIPITATION DATA]       SYMBOLS USED IN COLUMN 16

AVERAGE MONTHLY: 74.6   TOTAL FOR MONTH:   3.00    1 = FOG OR MIST
DPTR FM NORMAL:  -5.1   DPTR FM NORMAL:   -0.68    2 = FOG REDUCING VISIBILITY
HIGHEST:    95 ON 27    GRTST 24HR  1.05 ON 13-14      TO 1/4 MILE OR LESS
LOWEST:     56 ON 17                               3 = THUNDER
                        SNOW, ICE PELLETS, HAIL    4 = ICE PELLETS
                        TOTAL MONTH:   0.0 INCH    5 = HAIL
                        GRTST 24HR     0.0         6 = FREEZING RAIN OR DRIZZLE
                        GRTST DEPTH:   0           7 = DUSTSTORM OR SANDSTORM:
                                                       VSBY 1/2 MILE OR LESS
                                                   8 = SMOKE OR HAZE
[NO. OF DAYS WITH]      [WEATHER - DAYS WITH]      9 = BLOWING SNOW
                                                   X = TORNADO
MAX 32 OR BELOW:   0    0.01 INCH OR MORE:   4
MAX 90 OR ABOVE:   5    0.10 INCH OR MORE:   4
MIN 32 OR BELOW:   0    0.50 INCH OR MORE:   3
MIN  0 OR BELOW:   0    1.00 INCH OR MORE:   1

[HDD (BASE 65) ]
TOTAL THIS MO.     0    CLEAR  (SCALE 0-3)  27
DPTR FM NORMAL     0    PTCLDY (SCALE 4-7)   2
TOTAL FM JUL 1     0    CLOUDY (SCALE 8-10)  0
DPTR FM NORMAL     0

[CDD (BASE 65) ]
TOTAL THIS MO.   286
DPTR FM NORMAL  -137    [PRESSURE DATA]
TOTAL FM JAN 1   866    HIGHEST SLP M ON M
DPTR FM NORMAL   -57    LOWEST  SLP 29.74 ON  1

[REMARKS]




U.S. Dept. of Commerce
NOAA National Weather Service
1325 East West Highway
Silver Spring, MD 20910
E-mail: w-nws.webmaster@noaa.gov
Page last modified: May 16, 2007
NATIONAL WEATHER SERVICE: for Safety, for Work, for Fun - FOR LIFE