344
CXUS55 KPAH 220630
CF6POF
PRELIMINARY LOCAL CLIMATOLOGICAL DATA (WS FORM: F-6)

                                          STATION:   POPLAR BLUFF MO
                                          MONTH:     AUGUST
                                          YEAR:      2014
                                          LATITUDE:   36 46 N
                                          LONGITUDE:  90 19 W

  TEMPERATURE IN F:       :PCPN:    SNOW:  WIND      :SUNSHINE: SKY     :PK WND
================================================================================
1   2   3   4   5  6A  6B    7    8   9   10  11  12  13   14  15   16   17  18
                                     12Z  AVG MX 2MIN
DY MAX MIN AVG DEP HDD CDD  WTR  SNW DPTH SPD SPD DIR MIN PSBL S-S WX    SPD DR
================================================================================

 1  85  61  73  -6   0   8 0.00  0.0    0  1.8  7  10   M    M   4 128    11 130
 2  87  63  75  -4   0  10 0.00  0.0    0  4.0  9  40   M    M   0 1      13  40
 3  87  61  74  -5   0   9 0.00  0.0    0  3.3 10  40   M    M   0 18     15  40
 4  90  62  76  -3   0  11 0.00  0.0    0  3.2  9  50   M    M   0 18     12  50
 5  89  64  77  -2   0  12 0.03  0.0    0  4.1 15 240   M    M   2 18     20 250
 6  90  68  79   0   0  14 0.07  0.0    0  2.3 18  40   M    M   1 13     25  50
 7  79  68  74  -5   0   9 0.25  0.0    0  2.6 13 150   M    M   2 138    18 200
 8  89  68  79   0   0  14 0.08  0.0    0  1.2 12  40   M    M   7 138    16  60
 9  89  73  81   2   0  16 0.00  0.0    0  2.6 13 310   M    M   6 128    15 310
10  89  71  80   1   0  15    T  0.0    0  3.7 14 340   M    M   2 138    19  10
11  89  69  79   0   0  14    T  0.0    0  5.7 16 320   M    M   3        20 310
12  85  61  73  -5   0   8 0.00  0.0    0  6.5 16 320   M    M   1        21 340
13  84  56  70  -8   0   5 0.00  0.0    0  2.7 12  20   M    M   1        14  20
14  85  58  72  -6   0   7 0.00  0.0    0  2.3 10 170   M    M   0 1      15 160
15  86  61  74  -4   0   9 0.00  0.0    0  4.2 13 220   M    M   0 18     15 160
16  86  67  77  -1   0  12 0.00  0.0    0  5.5 14 180   M    M   1 1      20 200
17  91  72  82   4   0  17 0.00  0.0    0  6.9 16 310   M    M   3 18     23 330
18  89  68  79   1   0  14 0.00  0.0    0  2.1  9 150   M    M   3 18     12 160
19  92  69  81   3   0  16 0.00  0.0    0  5.2 13 210   M    M   2 12     17 210
20  94  71  83   5   0  18 0.00  0.0    0  6.5 14 210   M    M   0        21 190
21  93  73  83   5   0  18 0.00  0.0    0  7.1 15 190   M    M   0 1      21 180
================================================================================
SM 1848 1384         0 256  0.43     0.0  83.5          M       38
================================================================================
AV 88.0 65.9                               4.0 FASTST   M    M   2    MAX(MPH)
                                 MISC ---->  # 18  40               # 25   50
================================================================================
NOTES:
# LAST OF SEVERAL OCCURRENCES

COLUMN 17 PEAK WIND IN M.P.H.

PRELIMINARY LOCAL CLIMATOLOGICAL DATA (WS FORM: F-6) , PAGE 2

                                          STATION:  POPLAR BLUFF MO
                                          MONTH:    AUGUST
                                          YEAR:     2014
                                          LATITUDE:   36 46 N
                                          LONGITUDE:  90 19 W

[TEMPERATURE DATA]      [PRECIPITATION DATA]       SYMBOLS USED IN COLUMN 16

AVERAGE MONTHLY: 77.0   TOTAL FOR MONTH:   0.43    1 = FOG OR MIST
DPTR FM NORMAL:  -1.6   DPTR FM NORMAL:   -1.80    2 = FOG REDUCING VISIBILITY
HIGHEST:    94 ON 20    GRTST 24HR  0.33 ON  7- 8      TO 1/4 MILE OR LESS
LOWEST:     56 ON 13                               3 = THUNDER
                        SNOW, ICE PELLETS, HAIL    4 = ICE PELLETS
                        TOTAL MONTH:   0.0 INCH    5 = HAIL
                        GRTST 24HR     0.0         6 = FREEZING RAIN OR DRIZZLE
                        GRTST DEPTH:   0           7 = DUSTSTORM OR SANDSTORM:
                                                       VSBY 1/2 MILE OR LESS
                                                   8 = SMOKE OR HAZE
[NO. OF DAYS WITH]      [WEATHER - DAYS WITH]      9 = BLOWING SNOW
                                                   X = TORNADO
MAX 32 OR BELOW:   0    0.01 INCH OR MORE:   4
MAX 90 OR ABOVE:   6    0.10 INCH OR MORE:   1
MIN 32 OR BELOW:   0    0.50 INCH OR MORE:   0
MIN  0 OR BELOW:   0    1.00 INCH OR MORE:   0

[HDD (BASE 65) ]
TOTAL THIS MO.     0    CLEAR  (SCALE 0-3)  18
DPTR FM NORMAL     0    PTCLDY (SCALE 4-7)   3
TOTAL FM JUL 1     0    CLOUDY (SCALE 8-10)  0
DPTR FM NORMAL     0

[CDD (BASE 65) ]
TOTAL THIS MO.   256
DPTR FM NORMAL   -29    [PRESSURE DATA]
TOTAL FM JAN 1  1132    HIGHEST SLP M ON M
DPTR FM NORMAL  -102    LOWEST  SLP 29.77 ON 19

[REMARKS]




U.S. Dept. of Commerce
NOAA National Weather Service
1325 East West Highway
Silver Spring, MD 20910
E-mail: w-nws.webmaster@noaa.gov
Page last modified: May 16, 2007
NATIONAL WEATHER SERVICE: for Safety, for Work, for Fun - FOR LIFE