088
CXUS55 KPAH 012302
CF6POF
PRELIMINARY LOCAL CLIMATOLOGICAL DATA (WS FORM: F-6)

                                          STATION:   POPLAR BLUFF MO
                                          MONTH:     NOVEMBER
                                          YEAR:      2014
                                          LATITUDE:   36 46 N
                                          LONGITUDE:  90 19 W

  TEMPERATURE IN F:       :PCPN:    SNOW:  WIND      :SUNSHINE: SKY     :PK WND
================================================================================
1   2   3   4   5  6A  6B    7    8   9   10  11  12  13   14  15   16   17  18
                                     12Z  AVG MX 2MIN
DY MAX MIN AVG DEP HDD CDD  WTR  SNW DPTH SPD SPD DIR MIN PSBL S-S WX    SPD DR
================================================================================

 1  53  29  41 -12  24   0 0.00  0.0    0  5.6 16  20   M    M   0        20  10
 2  54  26  40 -13  25   0 0.00  0.0    0  3.9 12 170   M    M   3        16 140
 3  68  34  51  -2  14   0 0.00  0.0    0  7.5 21 220   M    M   0        25 220
 4  56  43  50  -2  15   0 0.83  0.0    0  3.7 10 230   M    M   8 1      15 220
 5  53  44  49  -3  16   0 0.00  0.0    0  3.9 10 210   M    M   4 1      12 210
 6  60  36  48  -3  17   0 0.00  0.0    0 11.4 29 330   M    M   2 1      35 330
 7  53  30  42  -9  23   0 0.00  0.0    0  4.1 10 210   M    M   0 8      15 220
 8  62  34  48  -3  17   0 0.00  0.0    0  7.3 23 350   M    M   1        28 360
 9  58  30  44  -6  21   0 0.00  0.0    0  5.7 17 220   M    M   0 1      20 200
10  69  35  52   2  13   0 0.00  0.0    0  9.4 24 190   M    M   0 18     33 180
11  58  31  45  -4  20   0    T  0.0    0 11.3 23 320   M    M   6 1      28 310
12  40  31  36 -13  29   0 0.00  0.0    0  9.8 16  20   M    M   9        21 350
13  38  22  30 -18  35   0 0.00  0.0    0  9.6 21 340   M    M   2        26 340
14  37  18  28 -20  37   0 0.00  0.0    0  3.6 12  50   M    M   1        16 350
15  38  20  29 -19  36   0 0.09    M    M  2.7 10 140   M    M   3 6      14 130
16  38  32  35 -12  30   0 0.28    M    M  4.1 14 320   M    M  10 18     17 320
17  33  20  27 -20  38   0    T    M    M 10.8 20 300   M    M   4 1      26 310
18  33  14  24 -22  41   0 0.00    M    M  7.3 14 240   M    M   0        18 250
19  52  27  40  -6  25   0 0.00  0.0    M 11.2 21 210   M    M   1        25 220
20  46  21  34 -12  31   0 0.00  0.0    0  2.0 10 210   M    M   3        13 190
21  44  31  38  -7  27   0 0.03    M    0  5.6 14  70   M    M   9 18     17  80
22  64  37  51   6  14   0 0.02    M    0  5.8 22 190   M    M   7 18     27 200
23  61  50  56  12   9   0 0.62  0.0    0  7.9 20 210   M    M   9 1      27 210
24  61  39  50   6  15   0 0.12  0.0    0 13.0 29 210   M    M   4 13     40 200
25  48  26  37  -6  28   0 0.00  0.0    0  3.8 14 340   M    M   0        19 330
26  41  24  33 -10  32   0 0.04  0.0    0  4.4 20 320   M    M   6        26 300
27  43  28  36  -7  29   0    T    M    0  6.9 28 310   M    M   5 1      35 310
28  49  24  37  -5  28   0 0.00  0.0    0  9.1 22 180   M    M   0 18     27 190
29  64  41  53  11  12   0 0.00  0.0    0 15.3 26 210   M    M   5        38 220
30  72  49  61  20   4   0 0.07  0.0    0 15.8 28 210   M    M   6        39 200
================================================================================
SM 1546  926       705   0  2.10     0.0 222.5          M      108
================================================================================
AV 51.5 30.9                               7.4 FASTST   M    M   4    MAX(MPH)
                                 MISC ---->  # 29 330               # 40  200
================================================================================
NOTES:
# LAST OF SEVERAL OCCURRENCES

COLUMN 17 PEAK WIND IN M.P.H.

PRELIMINARY LOCAL CLIMATOLOGICAL DATA (WS FORM: F-6) , PAGE 2

                                          STATION:  POPLAR BLUFF MO
                                          MONTH:    NOVEMBER
                                          YEAR:     2014
                                          LATITUDE:   36 46 N
                                          LONGITUDE:  90 19 W

[TEMPERATURE DATA]      [PRECIPITATION DATA]       SYMBOLS USED IN COLUMN 16

AVERAGE MONTHLY: 41.2   TOTAL FOR MONTH:   2.10    1 = FOG OR MIST
DPTR FM NORMAL:  -6.2   DPTR FM NORMAL:   -2.86    2 = FOG REDUCING VISIBILITY
HIGHEST:    72 ON 30    GRTST 24HR  0.83 ON  4- 4      TO 1/4 MILE OR LESS
LOWEST:     14 ON 18                               3 = THUNDER
                        SNOW, ICE PELLETS, HAIL    4 = ICE PELLETS
                        TOTAL MONTH:   0.0 INCH    5 = HAIL
                        GRTST 24HR     0.0         6 = FREEZING RAIN OR DRIZZLE
                        GRTST DEPTH:   0           7 = DUSTSTORM OR SANDSTORM:
                                                       VSBY 1/2 MILE OR LESS
                                                   8 = SMOKE OR HAZE
[NO. OF DAYS WITH]      [WEATHER - DAYS WITH]      9 = BLOWING SNOW
                                                   X = TORNADO
MAX 32 OR BELOW:   0    0.01 INCH OR MORE:   9
MAX 90 OR ABOVE:   0    0.10 INCH OR MORE:   4
MIN 32 OR BELOW:  19    0.50 INCH OR MORE:   2
MIN  0 OR BELOW:   0    1.00 INCH OR MORE:   0

[HDD (BASE 65) ]
TOTAL THIS MO.   705    CLEAR  (SCALE 0-3)  15
DPTR FM NORMAL   176    PTCLDY (SCALE 4-7)  11
TOTAL FM JUL 1   906    CLOUDY (SCALE 8-10)  4
DPTR FM NORMAL   124

[CDD (BASE 65) ]
TOTAL THIS MO.     0
DPTR FM NORMAL    -1    [PRESSURE DATA]
TOTAL FM JAN 1  1547    HIGHEST SLP 30.52 ON 27
DPTR FM NORMAL   -15    LOWEST  SLP 29.27 ON 24

[REMARKS]
#FINAL-11-14#




U.S. Dept. of Commerce
NOAA National Weather Service
1325 East West Highway
Silver Spring, MD 20910
E-mail: w-nws.webmaster@noaa.gov
Page last modified: May 16, 2007
NATIONAL WEATHER SERVICE: for Safety, for Work, for Fun - FOR LIFE