958
CXUS54 KMOB 010655 CCA
CF6PNS

PRELIMINARY LOCAL CLIMATOLOGICAL DATA (WS FORM: F-6)

                                          STATION:   PENSACOLA
                                          MONTH:     JULY
                                          YEAR:      2014
                                          LATITUDE:   30 28 N
                                          LONGITUDE:  87 12 W

  TEMPERATURE IN F:       :PCPN:    SNOW:  WIND      :SUNSHINE: SKY     :PK WND
================================================================================
1   2   3   4   5  6A  6B    7    8   9   10  11  12  13   14  15   16   17  18
                                     12Z  AVG MX 2MIN
DY MAX MIN AVG DEP HDD CDD  WTR  SNW DPTH SPD SPD DIR MIN PSBL S-S WX    SPD DR
================================================================================

 1  95  78  87   5   0  22 0.00  0.0    0  8.3 15 330   M    M   1        18 330
 2  94  80  87   5   0  22 0.00  0.0    0  7.8 16 250   M    M   1        17 250
 3  91  73  82   0   0  17 0.00  0.0    0  6.9 15 330   M    M   0        20 330
 4  90  72  81  -1   0  16 0.00  0.0    0  7.3 14 330   M    M   0        18 350
 5  90  69  80  -2   0  15 0.00  0.0    0  7.6 16 220   M    M   1        21 220
 6  90  71  81  -1   0  16 0.00  0.0    0  6.8 14 160   M    M   0        16 160
 7  91  76  84   2   0  19 0.00  0.0    0  8.2 18 190   M    M   2        22 190
 8  90  75  83   1   0  18 0.00  0.0    0  8.5 20 230   M    M   2        23 180
 9  93  76  85   3   0  20 0.00  0.0    0  6.7 18 230   M    M   1 3      25 350
10  90  71  81  -1   0  16 0.72  0.0    0  5.3 20 310   M    M   2 138    24 320
11  88  72  80  -2   0  15 0.01  0.0    0  5.0 21 340   M    M   2 3      26 350
12  88  72  80  -2   0  15    T  0.0    0  4.9 15 205   M    M   2 3      18 170
13  88  73  81  -1   0  16 0.05  0.0    0  6.3 16 180   M    M   2 1      20 190
14  89  75  82   0   0  17 0.05  0.0    0  7.2 18 190   M    M   2        23 200
15  86  73  80  -2   0  15 0.29  0.0    0  6.7 28 290   M    M   2 13     36 300
16  89  72  81  -1   0  16 0.00  0.0    0  7.6 15 300   M    M   3        22 280
17  86  65  76  -6   0  11 0.00  0.0    0  6.6 15 180   M    M   0        18 180
18  84  69  77  -5   0  12 1.15  0.0    0  7.2 29 260   M    M   4 123    39 260
19  83  73  78  -4   0  13 2.72  0.0    0  7.5 21 240   M    M   6 13     25 250
20  85  75  80  -2   0  15 0.69  0.0    0  7.8 23 220   M    M   5 138    29 200
21  85  75  80  -2   0  15 0.51  0.0    0  4.9 21 290   M    M   6 13     24 270
22  86  74  80  -2   0  15    T  0.0    0  4.8 17 150   M    M   3 13     21 160
23  85  73  79  -3   0  14 0.04  0.0    0  4.7 17 210   M    M   2 1      23 210
24  86  72  79  -3   0  14 0.42  0.0    0  6.2 16 180   M    M   1 1      22 210
25  90  73  82   0   0  17 0.49  0.0    0  6.5 23 260   M    M   4 138    28 270
26  90  76  83   1   0  18 0.03  0.0    0  7.8 20 220   M    M   3 3      23 200
27  92  78  85   3   0  20 0.00  0.0    0  9.1 17 240   M    M   1        21 230
28  93  74  84   2   0  19 0.47  0.0    0  9.2 26 340   M    M   2 13     32 340
29  87  72  80  -2   0  15 0.00  0.0    0  7.7 15 330   M    M   2        18 320
30  85  67  76  -6   0  11 0.00  0.0    0  6.2 14 330   M    M   2        18 260
31  87  63  75  -7   0  10 0.00  0.0    0  5.2 13 210   M    M   0        15 180
================================================================================
SM 2746 2257         0 494  7.64     0.0 212.5          M       64
================================================================================
AV 88.6 72.8                               6.9 FASTST   M    M   2    MAX(MPH)
                                 MISC ---->  # 29 260               # 39  260
================================================================================
NOTES:
# LAST OF SEVERAL OCCURRENCES

COLUMN 17 PEAK WIND IN M.P.H.

PRELIMINARY LOCAL CLIMATOLOGICAL DATA (WS FORM: F-6) , PAGE 2

                                          STATION:  PENSACOLA
                                          MONTH:    JULY
                                          YEAR:     2014
                                          LATITUDE:   30 28 N
                                          LONGITUDE:  87 12 W

[TEMPERATURE DATA]      [PRECIPITATION DATA]       SYMBOLS USED IN COLUMN 16

AVERAGE MONTHLY: 80.7   TOTAL FOR MONTH:   7.64    1 = FOG OR MIST
DPTR FM NORMAL:  -1.5   DPTR FM NORMAL:    0.23    2 = FOG REDUCING VISIBILITY
HIGHEST:    95 ON  1    GRTST 24HR  3.87 ON 18-19      TO 1/4 MILE OR LESS
LOWEST:     63 ON 31                               3 = THUNDER
                        SNOW, ICE PELLETS, HAIL    4 = ICE PELLETS
                        TOTAL MONTH:   0.0 INCH    5 = HAIL
                        GRTST 24HR     0.0         6 = FREEZING RAIN OR DRIZZLE
                        GRTST DEPTH:   0           7 = DUSTSTORM OR SANDSTORM:
                                                       VSBY 1/2 MILE OR LESS
                                                   8 = SMOKE OR HAZE
[NO. OF DAYS WITH]      [WEATHER - DAYS WITH]      9 = BLOWING SNOW
                                                   X = TORNADO
MAX 32 OR BELOW:   0    0.01 INCH OR MORE:  14
MAX 90 OR ABOVE:  14    0.10 INCH OR MORE:   9
MIN 32 OR BELOW:   0    0.50 INCH OR MORE:   5
MIN  0 OR BELOW:   0    1.00 INCH OR MORE:   2

[HDD (BASE 65) ]
TOTAL THIS MO.     0    CLEAR  (SCALE 0-3)  25
DPTR FM NORMAL     0    PTCLDY (SCALE 4-7)   6
TOTAL FM JUL 1     0    CLOUDY (SCALE 8-10)  0
DPTR FM NORMAL     0

[CDD (BASE 65) ]
TOTAL THIS MO.   494
DPTR FM NORMAL   -39    [PRESSURE DATA]
TOTAL FM JAN 1  1424    HIGHEST SLP 30.16 ON  5
DPTR FM NORMAL   -22    LOWEST  SLP 29.88 ON 16

[REMARKS]
#FINAL-07-14#







U.S. Dept. of Commerce
NOAA National Weather Service
1325 East West Highway
Silver Spring, MD 20910
E-mail: w-nws.webmaster@noaa.gov
Page last modified: May 16, 2007
NATIONAL WEATHER SERVICE: for Safety, for Work, for Fun - FOR LIFE