147
CXUS54 KMOB 010727 CCA
CF6PNS

PRELIMINARY LOCAL CLIMATOLOGICAL DATA (WS FORM: F-6)

                                          STATION:   PENSACOLA
                                          MONTH:     AUGUST
                                          YEAR:      2014
                                          LATITUDE:   30 28 N
                                          LONGITUDE:  87 12 W

  TEMPERATURE IN F:       :PCPN:    SNOW:  WIND      :SUNSHINE: SKY     :PK WND
================================================================================
1   2   3   4   5  6A  6B    7    8   9   10  11  12  13   14  15   16   17  18
                                     12Z  AVG MX 2MIN
DY MAX MIN AVG DEP HDD CDD  WTR  SNW DPTH SPD SPD DIR MIN PSBL S-S WX    SPD DR
================================================================================

 1  87  68  78  -4   0  13 0.00  0.0    0  3.2  9 340   M    M   0        13 330
 2  87  73  80  -2   0  15    T  0.0    0  4.6 10 170   M    M   1        13 180
 3  87  74  81  -1   0  16    T  0.0    0  4.6  9  90   M    M   1        14  20
 4  89  73  81  -1   0  16    T  0.0    0  3.4 17  80   M    M   3 3      25  80
 5  90  73  82   0   0  17    T  0.0    0  5.9 13 160   M    M   1 3      17 190
 6  89  75  82   0   0  17 0.00  0.0    0  6.0 17 190   M    M   2 3      21 190
 7  92  76  84   2   0  19    T  0.0    0  7.3 16 170   M    M   1 3      20 170
 8  91  75  83   1   0  18 0.25  0.0    0  5.8 22 260   M    M   2 13     27 270
 9  88  73  81  -1   0  16    T  0.0    0  5.7 18 330   M    M   2 3      23 330
10  91  73  82   0   0  17 0.88  0.0    0  6.2 22  70   M    M   2 13     35 120
11  91  73  82   0   0  17 0.00  0.0    0  7.4 16 240   M    M   2        21 230
12  87  73  80  -2   0  15    T  0.0    0  6.1 17 200   M    M   1 3      23 180
13  88  73  81  -1   0  16 0.02  0.0    0  5.7 17 280   M    M   3        20 280
14  89  70  80  -2   0  15 0.00  0.0    0  5.4 13 160   M    M   3        14 160
15  89  70  80  -2   0  15 0.00  0.0    0  7.0 17 170   M    M   1        21 170
16  90  70  80  -2   0  15    T  0.0    0  7.1 21 190   M    M   1        25 210
17  91  75  83   1   0  18 0.06  0.0    0  7.4 25 250   M    M   1 3      32 250
18  89  77  83   1   0  18    T  0.0    0  8.9 17 230   M    M   0 3      23 320
19  91  71  81  -1   0  16    T  0.0    0  8.8 25 340   M    M   1 3      32 340
20  91  70  81  -1   0  16 0.00  0.0    0  6.4 17 180   M    M   2        21 170
21  91  77  84   2   0  19 0.15  0.0    0  6.9 14 190   M    M   1        16 210
22  96  78  87   5   0  22 0.00  0.0    0  8.1 14 190   M    M   1        16 200
23  99  78  89   7   0  24 0.00  0.0    0  7.6 13 240   M    M   1        17 330
24  98  76  87   5   0  22    T  0.0    0  7.2 18 330   M    M   1 3      24 320
25  89  76  83   1   0  18 0.00  0.0    0  7.6 14  60   M    M   2        21  90
26  89  71  80  -2   0  15 0.00  0.0    0  6.3 13 170   M    M   1        20 180
27  88  73  81  -1   0  16 0.00  0.0    0  7.5 14 170   M    M   0        20 170
28  91  72  82   0   0  17 0.00  0.0    0  5.5 15 150   M    M   1        20 190
29  90  73  82   1   0  17 0.01  0.0    0  7.5 23 180   M    M   3        30 190
30  90  76  83   2   0  18 0.00  0.0    0  9.5 21 160   M    M   2        24 170
31  90  78  84   3   0  19 0.00  0.0    0  6.6 16 140   M    M   3        21 140
================================================================================
SM 2798 2283         0 532  1.37     0.0 203.2          M       46
================================================================================
AV 90.3 73.6                               6.6 FASTST   M    M   1    MAX(MPH)
                                 MISC ---->  # 25 340               # 35  120
================================================================================
NOTES:
# LAST OF SEVERAL OCCURRENCES

COLUMN 17 PEAK WIND IN M.P.H.

PRELIMINARY LOCAL CLIMATOLOGICAL DATA (WS FORM: F-6) , PAGE 2

                                          STATION:  PENSACOLA
                                          MONTH:    AUGUST
                                          YEAR:     2014
                                          LATITUDE:   30 28 N
                                          LONGITUDE:  87 12 W

[TEMPERATURE DATA]      [PRECIPITATION DATA]       SYMBOLS USED IN COLUMN 16

AVERAGE MONTHLY: 82.0   TOTAL FOR MONTH:   1.37    1 = FOG OR MIST
DPTR FM NORMAL:   0.2   DPTR FM NORMAL:   -5.39    2 = FOG REDUCING VISIBILITY
HIGHEST:    99 ON 23    GRTST 24HR  0.88 ON 10-10      TO 1/4 MILE OR LESS
LOWEST:     68 ON  1                               3 = THUNDER
                        SNOW, ICE PELLETS, HAIL    4 = ICE PELLETS
                        TOTAL MONTH:   0.0 INCH    5 = HAIL
                        GRTST 24HR     0.0         6 = FREEZING RAIN OR DRIZZLE
                        GRTST DEPTH:   0           7 = DUSTSTORM OR SANDSTORM:
                                                       VSBY 1/2 MILE OR LESS
                                                   8 = SMOKE OR HAZE
[NO. OF DAYS WITH]      [WEATHER - DAYS WITH]      9 = BLOWING SNOW
                                                   X = TORNADO
MAX 32 OR BELOW:   0    0.01 INCH OR MORE:   6
MAX 90 OR ABOVE:  17    0.10 INCH OR MORE:   3
MIN 32 OR BELOW:   0    0.50 INCH OR MORE:   1
MIN  0 OR BELOW:   0    1.00 INCH OR MORE:   0

[HDD (BASE 65) ]
TOTAL THIS MO.     0    CLEAR  (SCALE 0-3)  31
DPTR FM NORMAL     0    PTCLDY (SCALE 4-7)   0
TOTAL FM JUL 1     0    CLOUDY (SCALE 8-10)  0
DPTR FM NORMAL     0

[CDD (BASE 65) ]
TOTAL THIS MO.   532
DPTR FM NORMAL    11    [PRESSURE DATA]
TOTAL FM JAN 1  1956    HIGHEST SLP 30.15 ON 21
DPTR FM NORMAL   -11    LOWEST  SLP 29.81 ON 24

[REMARKS]
#FINAL-08-14#










U.S. Dept. of Commerce
NOAA National Weather Service
1325 East West Highway
Silver Spring, MD 20910
E-mail: w-nws.webmaster@noaa.gov
Page last modified: May 16, 2007
NATIONAL WEATHER SERVICE: for Safety, for Work, for Fun - FOR LIFE