050
CXUS54 KMOB 281911 CCA
CF6PNS

PRELIMINARY LOCAL CLIMATOLOGICAL DATA (WS FORM: F-6)

                                          STATION:   PENSACOLA
                                          MONTH:     NOVEMBER
                                          YEAR:      2014
                                          LATITUDE:   30 28 N
                                          LONGITUDE:  87 12 W

  TEMPERATURE IN F:       :PCPN:    SNOW:  WIND      :SUNSHINE: SKY     :PK WND
================================================================================
1   2   3   4   5  6A  6B    7    8   9   10  11  12  13   14  15   16   17  18
                                     12Z  AVG MX 2MIN
DY MAX MIN AVG DEP HDD CDD  WTR  SNW DPTH SPD SPD DIR MIN PSBL S-S WX    SPD DR
================================================================================

 1  60  40  50 -15  15   0 0.00  0.0    0 14.8 31 340   M    M   0        39 340
 2  66  38  52 -12  13   0 0.00  0.0    0  7.4 15 340   M    M   0        20  30
 3  66  41  54 -10  11   0 0.00  0.0    0  6.0 13 130   M    M   0        18  90
 4  73  51  62  -2   3   0 0.00  0.0    0  6.9 14 130   M    M   0        17 120
 5  77  58  68   4   0   3 0.00  0.0    0  6.2 17 130   M    M   2        23 130
 6  80  58  69   6   0   4 0.06  0.0    0  7.4 21 340   M    M   5 1      26 330
 7  64  47  56  -7   9   0 0.00  0.0    0  9.2 16 360   M    M   0 8      22 360
 8  62  46  54  -9  11   0 0.00  0.0    0  4.1  8 350   M    M   0        10 360
 9  71  46  59  -4   6   0 0.00  0.0    0  5.2 13 330   M    M   0        15 360
10  71  42  57  -5   8   0 0.00  0.0    0  3.3 13 150   M    M   0        16 120
11  73  49  61  -1   4   0 0.00  0.0    0  2.8 10  50   M    M   1        12 170
12  71  51  61  -1   4   0 0.00  0.0    0  7.1 18 340   M    M   2 1      23 340
13  51  38  45 -16  20   0 0.06  0.0    0 14.0 24 340   M    M   7        31 340
14  52  32  42 -19  23   0 0.00  0.0    0 10.8 18 340   M    M   1        25 340
15  56  32  44 -17  21   0 0.00  0.0    0  4.7 10  30   M    M   0        14  50
16  72  45  59  -2   6   0 0.12  0.0    0 11.2 21 190   M    M   8 1      26 180
17  72  36  54  -6  11   0 0.26  0.0    0 17.5 28 340   M    M   6 13     36 330
18  46  29  38 -22  27   0 0.00  0.0    0 11.8 25 350   M    M   0        33 330
19  55  25  40 -20  25   0 0.00  0.0    0  3.5  9 190   M    M   0        13  80
20  65  34  50 -10  15   0 0.00  0.0    0  2.8 13 190   M    M   1        18  60
21  69  41  55  -4  10   0 0.00  0.0    0  4.7 12 120   M    M   0        17 130
22  66  49  58  -1   7   0 0.23  0.0    0  6.9 14 120   M    M   6 1      20 120
23  73  60  67   8   0   2 0.44  0.0    0 13.1 29 250   M    M   8 13     41 260
24  80  59  70  12   0   5 0.02  0.0    0  8.1 14 350   M    M   6        20 350
25  59  50  55  -3  10   0 0.01  0.0    0  9.7 20 360   M    M   9        27 350
26  64  39  52  -6  13   0 0.00  0.0    0  9.2 17 320   M    M   1        23 320
27  60  41  51  -7  14   0 0.00  0.0    0 10.5 20 330   M    M   0        26 340
================================================================================
SM 1774 1177       286  14  1.20     0.0 218.9          M       63
================================================================================
AV 65.7 43.6                               8.1 FASTST   M    M   2    MAX(MPH)
                                 MISC ---->  # 31 340               # 41  260
================================================================================
NOTES:
# LAST OF SEVERAL OCCURRENCES

COLUMN 17 PEAK WIND IN M.P.H.

PRELIMINARY LOCAL CLIMATOLOGICAL DATA (WS FORM: F-6) , PAGE 2

                                          STATION:  PENSACOLA
                                          MONTH:    NOVEMBER
                                          YEAR:     2014
                                          LATITUDE:   30 28 N
                                          LONGITUDE:  87 12 W

[TEMPERATURE DATA]      [PRECIPITATION DATA]       SYMBOLS USED IN COLUMN 16

AVERAGE MONTHLY: 54.6   TOTAL FOR MONTH:   1.20    1 = FOG OR MIST
DPTR FM NORMAL:  -6.5   DPTR FM NORMAL:   -3.04    2 = FOG REDUCING VISIBILITY
HIGHEST:    80 ON 24, 6 GRTST 24HR  0.67 ON 22-23      TO 1/4 MILE OR LESS
LOWEST:     25 ON 19                               3 = THUNDER
                        SNOW, ICE PELLETS, HAIL    4 = ICE PELLETS
                        TOTAL MONTH:   0.0 INCH    5 = HAIL
                        GRTST 24HR     0.0         6 = FREEZING RAIN OR DRIZZLE
                        GRTST DEPTH:   0           7 = DUSTSTORM OR SANDSTORM:
                                                       VSBY 1/2 MILE OR LESS
                                                   8 = SMOKE OR HAZE
[NO. OF DAYS WITH]      [WEATHER - DAYS WITH]      9 = BLOWING SNOW
                                                   X = TORNADO
MAX 32 OR BELOW:   0    0.01 INCH OR MORE:   8
MAX 90 OR ABOVE:   0    0.10 INCH OR MORE:   4
MIN 32 OR BELOW:   4    0.50 INCH OR MORE:   0
MIN  0 OR BELOW:   0    1.00 INCH OR MORE:   0

[HDD (BASE 65) ]
TOTAL THIS MO.   286    CLEAR  (SCALE 0-3)  19
DPTR FM NORMAL   140    PTCLDY (SCALE 4-7)   7
TOTAL FM JUL 1   298    CLOUDY (SCALE 8-10)  1
DPTR FM NORMAL   114

[CDD (BASE 65) ]
TOTAL THIS MO.    14
DPTR FM NORMAL   -29    [PRESSURE DATA]
TOTAL FM JAN 1  2544    HIGHEST SLP M ON M
DPTR FM NORMAL   -49    LOWEST  SLP 29.69 ON 23

[REMARKS]







U.S. Dept. of Commerce
NOAA National Weather Service
1325 East West Highway
Silver Spring, MD 20910
E-mail: w-nws.webmaster@noaa.gov
Page last modified: May 16, 2007
NATIONAL WEATHER SERVICE: for Safety, for Work, for Fun - FOR LIFE