636
CXUS54 KMOB 291422
CF6PNS
PRELIMINARY LOCAL CLIMATOLOGICAL DATA (WS FORM: F-6)

                                          STATION:   PENSACOLA
                                          MONTH:     JANUARY
                                          YEAR:      2015
                                          LATITUDE:   30 28 N
                                          LONGITUDE:  87 12 W

  TEMPERATURE IN F:       :PCPN:    SNOW:  WIND      :SUNSHINE: SKY     :PK WND
================================================================================
1   2   3   4   5  6A  6B    7    8   9   10  11  12  13   14  15   16   17  18
                                     12Z  AVG MX 2MIN
DY MAX MIN AVG DEP HDD CDD  WTR  SNW DPTH SPD SPD DIR MIN PSBL S-S WX    SPD DR
================================================================================

 1  57  45  51   0  14   0 0.00  0.0    0  4.2 10  70   M    M   3 1      15 160
 2  65  52  59   8   6   0 0.00  0.0    0  7.9 15 110   M    M  10 1      19 120
 3  73  62  68  17   0   3    T  0.0    0 13.7 20 180   M    M  10 1      27 190
 4  71  49  60   9   5   0 2.76  0.0    0 12.1 26 250   M    M   5 13     36 250
 5  56  40  48  -3  17   0 0.00  0.0    0  8.3 18  10   M    M   0        27 360
 6  63  37  50  -1  15   0 0.00  0.0    0  5.2 13 340   M    M   0        19 330
 7  57  29  43  -8  22   0 0.00  0.0    0 13.4 28 350   M    M   1        37 340
 8  39  19  29 -22  36   0 0.00  0.0    0  8.5 23  30   M    M   0        32  30
 9  43  31  37 -14  28   0    T  0.0    0  8.9 15 340   M    M   7        19 360
10  53  33  43  -8  22   0 0.00  0.0    0  6.2 16  30   M    M   1 8      22  20
11  57  40  49  -2  16   0    T  0.0    0  4.8 10  80   M    M   5 8      14  40
12  67  54  61  10   4   0 0.02  0.0    0  4.9 13 120   M    M   9 128    15 120
13  62  46  54   3  11   0    T  0.0    0 10.4 16 350   M    M  10 1      21 360
14  53  42  48  -3  17   0 0.00  0.0    0  9.4 16  10   M    M   6        22  10
15  49  43  46  -5  19   0 0.70  0.0    0  7.2 15 340   M    M   9 1      18  10
16  57  36  47  -4  18   0 0.00  0.0    0  7.9 15 320   M    M   2 1      20  30
17  61  37  49  -2  16   0 0.00  0.0    0  4.9 10 120   M    M   0 1      14 100
18  67  41  54   3  11   0 0.00  0.0    0  7.0 21 330   M    M   1 1      28 330
19  65  36  51   0  14   0 0.00  0.0    0  3.2 14 160   M    M   0        17 170
20  68  44  56   5   9   0 0.00  0.0    0  4.6 13 140   M    M   4 1      17 140
21  72  52  62  11   3   0 0.00  0.0    0  6.7 13 350   M    M   3 12     16  30
22  67  49  58   7   7   0 0.40  0.0    0  9.1 21  20   M    M   6 1      26  20
23  63  45  54   2  11   0 2.59  0.0    0  9.2 18 290   M    M  10 1      27  50
24  57  39  48  -4  17   0    T  0.0    0 12.0 23 340   M    M   3 1      29 330
25  63  39  51  -1  14   0 0.00  0.0    0 11.4 26 230   M    M   0        35 230
26  59  42  51  -1  14   0 0.00  0.0    0 11.2 24 340   M    M   0        29 320
27  68  42  55   3  10   0 0.00  0.0    0  9.4 18 320   M    M   0        24 330
28  64  42  53   1  12   0 0.00  0.0    0  5.1 13 170   M    M   0        14 180
================================================================================
SM 1696 1166       388   3  6.47     0.0 226.8          M      105
================================================================================
AV 60.6 41.6                               8.1 FASTST   M    M   4    MAX(MPH)
                                 MISC ---->  # 28 350               # 37  340
================================================================================
NOTES:
# LAST OF SEVERAL OCCURRENCES

COLUMN 17 PEAK WIND IN M.P.H.

PRELIMINARY LOCAL CLIMATOLOGICAL DATA (WS FORM: F-6) , PAGE 2

                                          STATION:  PENSACOLA
                                          MONTH:    JANUARY
                                          YEAR:     2015
                                          LATITUDE:   30 28 N
                                          LONGITUDE:  87 12 W

[TEMPERATURE DATA]      [PRECIPITATION DATA]       SYMBOLS USED IN COLUMN 16

AVERAGE MONTHLY: 51.1   TOTAL FOR MONTH:   6.47    1 = FOG OR MIST
DPTR FM NORMAL:  -0.1   DPTR FM NORMAL:    2.33    2 = FOG REDUCING VISIBILITY
HIGHEST:    73 ON  3    GRTST 24HR  2.99 ON 22-23      TO 1/4 MILE OR LESS
LOWEST:     19 ON  8                               3 = THUNDER
                        SNOW, ICE PELLETS, HAIL    4 = ICE PELLETS
                        TOTAL MONTH:   0.0 INCH    5 = HAIL
                        GRTST 24HR     0.0         6 = FREEZING RAIN OR DRIZZLE
                        GRTST DEPTH:   0           7 = DUSTSTORM OR SANDSTORM:
                                                       VSBY 1/2 MILE OR LESS
                                                   8 = SMOKE OR HAZE
[NO. OF DAYS WITH]      [WEATHER - DAYS WITH]      9 = BLOWING SNOW
                                                   X = TORNADO
MAX 32 OR BELOW:   0    0.01 INCH OR MORE:   5
MAX 90 OR ABOVE:   0    0.10 INCH OR MORE:   4
MIN 32 OR BELOW:   3    0.50 INCH OR MORE:   3
MIN  0 OR BELOW:   0    1.00 INCH OR MORE:   2

[HDD (BASE 65) ]
TOTAL THIS MO.   388    CLEAR  (SCALE 0-3)  14
DPTR FM NORMAL    -1    PTCLDY (SCALE 4-7)   8
TOTAL FM JUL 1   988    CLOUDY (SCALE 8-10)  6
DPTR FM NORMAL    17

[CDD (BASE 65) ]
TOTAL THIS MO.     3
DPTR FM NORMAL     3    [PRESSURE DATA]
TOTAL FM JAN 1     3    HIGHEST SLP M ON M
DPTR FM NORMAL     3    LOWEST  SLP 29.83 ON M

[REMARKS]




U.S. Dept. of Commerce
NOAA National Weather Service
1325 East West Highway
Silver Spring, MD 20910
E-mail: w-nws.webmaster@noaa.gov
Page last modified: May 16, 2007
NATIONAL WEATHER SERVICE: for Safety, for Work, for Fun - FOR LIFE