263
CXUS54 KOUN 300800
CF6PNC
PRELIMINARY LOCAL CLIMATOLOGICAL DATA (WS FORM: F-6)

                                          STATION:   PONCA CITY
                                          MONTH:     SEPTEMBER
                                          YEAR:      2014
                                          LATITUDE:   36 44 N
                                          LONGITUDE:  97  6 W

  TEMPERATURE IN F:       :PCPN:    SNOW:  WIND      :SUNSHINE: SKY     :PK WND
================================================================================
1   2   3   4   5  6A  6B    7    8   9   10  11  12  13   14  15   16   17  18
                                     12Z  AVG MX 2MIN
DY MAX MIN AVG DEP HDD CDD  WTR  SNW DPTH SPD SPD DIR MIN PSBL S-S WX    SPD DR
================================================================================

 1  94  70  82   4   0  17    T  0.0    0 14.3 28 120   M    M   5 3      34 120
 2  86  67  77  -1   0  12 1.10  0.0    0 10.8 18 130   M    M   3 138    27 120
 3  95  73  84   7   0  19 0.00  0.0    0 11.2 23 150   M    M   1        27 150
 4  96  77  87  10   0  22 0.00  0.0    0 10.5 22 210   M    M   0        31 220
 5  92  62  77   0   0  12 0.98  0.0    0 10.5 28  10   M    M   2 13     33  10
 6  76  58  67  -9   0   2 0.09  0.0    0  7.9 15  40   M    M   7 1      18  50
 7  79  53  66 -10   0   1 0.00  0.0    0  4.6 10  50   M    M   0         M  M
 8   M   M   M   M   M   M    M    M    M   M   M   M   M    M   M         M  M
 9  95  75  85  10   0  20 0.00  0.0    M 11.3 21 210   M    M   1        31 200
10  83  64  74  -1   0   9 0.00  0.0    0 11.7 23  10   M    M   2        29 350
11  74  60  67  -7   0   2 0.00  0.0    0 13.2 21  40   M    M   6        25  40
12  60  51  56 -18   9   0    T  0.0    0 13.7 23 360   M    M  10 1      27 360
13  67  42  55 -18  10   0 0.00  0.0    0  7.0 15 110   M    M   2        19  50
14  81  52  67  -6   0   2 0.00  0.0    0  7.6 17 160   M    M   3        25 160
15  90  68  79   7   0  14    T  0.0    0 10.2 22  40   M    M   5        26  30
16  77  63  70  -2   0   5 0.00  0.0    0  8.2 13  60   M    M   7        17  80
17  95  68  82  10   0  17 0.00  0.0    0  7.4 15 210   M    M   0 18     22 160
18  89  66  78   7   0  13    M  0.0    0 11.1 32 110   M    M   3        42 120
19  87  65  76   5   0  11 0.00  0.0    0  9.0 16 150   M    M   2 18     20 130
20  90  70  80  10   0  15 0.00  0.0    0  6.7 15 170   M    M   1 18     21 170
21  85  54  70   0   0   5    T  0.0    0  8.7 21  60   M    M   3        28  40
22  79  49  64  -5   1   0 0.00  0.0    0  6.9 14  80   M    M   0        19 100
23  82  56  69   0   0   4 0.00  0.0    0 11.7 21 150   M    M   0        27 150
24  83  59  71   3   0   6 0.26  0.0    0 10.4 20 340   M    M   2 1      27 340
25  84  62  73   5   0   8 0.00  0.0    0  6.3 13 140   M    M   0        17 140
26  85  59  72   4   0   7 0.00  0.0    0  7.2 16 130   M    M   0        21 140
27  85  60  73   6   0   8 0.00  0.0    0  7.9 15 130   M    M   0        19 130
28  86  58  72   5   0   7 0.00  0.0    0  5.9 14 110   M    M   1 1      17 130
29  87  57  72   6   0   7 0.00  0.0    0  6.1 15 150   M    M   1 1      20 120
================================================================================
SM 2362 1718        20 245  2.43     0.0 258.0          M       67
================================================================================
AV 84.4 61.4                               9.2 FASTST   M    M   2    MAX(MPH)
                                 MISC ---->  # 32 110               # 42  120
================================================================================
NOTES:
# LAST OF SEVERAL OCCURRENCES

COLUMN 17 PEAK WIND IN M.P.H.

PRELIMINARY LOCAL CLIMATOLOGICAL DATA (WS FORM: F-6) , PAGE 2

                                          STATION:  PONCA CITY
                                          MONTH:    SEPTEMBER
                                          YEAR:     2014
                                          LATITUDE:   36 44 N
                                          LONGITUDE:  97  6 W

[TEMPERATURE DATA]      [PRECIPITATION DATA]       SYMBOLS USED IN COLUMN 16

AVERAGE MONTHLY: 72.9   TOTAL FOR MONTH:   2.43    1 = FOG OR MIST
DPTR FM NORMAL:   0.5   DPTR FM NORMAL:   -0.75    2 = FOG REDUCING VISIBILITY
HIGHEST:    96 ON  4    GRTST 24HR  1.10 ON  2- 2      TO 1/4 MILE OR LESS
LOWEST:     42 ON 13                               3 = THUNDER
                        SNOW, ICE PELLETS, HAIL    4 = ICE PELLETS
                        TOTAL MONTH:   0.0 INCH    5 = HAIL
                        GRTST 24HR     0.0         6 = FREEZING RAIN OR DRIZZLE
                        GRTST DEPTH:   0           7 = DUSTSTORM OR SANDSTORM:
                                                       VSBY 1/2 MILE OR LESS
                                                   8 = SMOKE OR HAZE
[NO. OF DAYS WITH]      [WEATHER - DAYS WITH]      9 = BLOWING SNOW
                                                   X = TORNADO
MAX 32 OR BELOW:   0    0.01 INCH OR MORE:   4
MAX 90 OR ABOVE:   8    0.10 INCH OR MORE:   3
MIN 32 OR BELOW:   0    0.50 INCH OR MORE:   2
MIN  0 OR BELOW:   0    1.00 INCH OR MORE:   1

[HDD (BASE 65) ]
TOTAL THIS MO.    20    CLEAR  (SCALE 0-3)  18
DPTR FM NORMAL    -9    PTCLDY (SCALE 4-7)   9
TOTAL FM JUL 1    20    CLOUDY (SCALE 8-10)  1
DPTR FM NORMAL    -9

[CDD (BASE 65) ]
TOTAL THIS MO.   245
DPTR FM NORMAL     2    [PRESSURE DATA]
TOTAL FM JAN 1  1851    HIGHEST SLP M ON M
DPTR FM NORMAL    56    LOWEST  SLP 29.72 ON  1

[REMARKS]




U.S. Dept. of Commerce
NOAA National Weather Service
1325 East West Highway
Silver Spring, MD 20910
E-mail: w-nws.webmaster@noaa.gov
Page last modified: May 16, 2007
NATIONAL WEATHER SERVICE: for Safety, for Work, for Fun - FOR LIFE