304
CXUS54 KOUN 270800
CF6PNC
PRELIMINARY LOCAL CLIMATOLOGICAL DATA (WS FORM: F-6)

                                          STATION:   PONCA CITY
                                          MONTH:     AUGUST
                                          YEAR:      2014
                                          LATITUDE:   36 44 N
                                          LONGITUDE:  97  6 W

  TEMPERATURE IN F:       :PCPN:    SNOW:  WIND      :SUNSHINE: SKY     :PK WND
================================================================================
1   2   3   4   5  6A  6B    7    8   9   10  11  12  13   14  15   16   17  18
                                     12Z  AVG MX 2MIN
DY MAX MIN AVG DEP HDD CDD  WTR  SNW DPTH SPD SPD DIR MIN PSBL S-S WX    SPD DR
================================================================================

 1  85  61  73  -9   0   8 0.00  0.0    0  5.0 13 150   M    M   2 12     22  50
 2  87  67  77  -5   0  12 0.00  0.0    0  5.7 13 110   M    M   1        16 150
 3  89  64  77  -5   0  12 0.00  0.0    0  3.4 10 170   M    M   1 1      16 170
 4  91  68  80  -2   0  15 0.00  0.0    0  4.3 12 210   M    M   0        20 140
 5  91  71  81  -1   0  16 0.00  0.0    0  7.2 16 150   M    M   0 8      21 120
 6  93  74  84   2   0  19 0.00  0.0    0  8.1 14 170   M    M   1 8      24 200
 7  92  72  82   0   0  17 0.03  0.0    0  6.2 36 360   M    M   2 13     45  10
 8  90  72  81  -1   0  16    M  0.0    0  4.2 22  30   M    M   2 138    27  40
 9  89  71  80  -2   0  15    M  0.0    0  7.7 17 140   M    M   1 13     23 270
10  87  69  78  -4   0  13    M  0.0    0  6.3 21 330   M    M   2 13     30 310
11  88  64  76  -6   0  11 0.00  0.0    0  6.4 18 360   M    M   1 1      23 360
12  85  58  72 -10   0   7 0.00  0.0    0  4.6 13 360   M    M   0        18  20
13  86  62  74  -8   0   9 0.00  0.0    0  7.0 13 110   M    M   0        18 110
14  92  67  80  -2   0  15 0.00  0.0    0 10.4 20 150   M    M   1        24 160
15  95  72  84   2   0  19 0.00  0.0    0 10.5 21 150   M    M   1        26 160
16  99  76  88   6   0  23 0.00  0.0    0  5.0 13 210   M    M   1        17 160
17  94  69  82   1   0  17 0.00  0.0    0  5.1 13  90   M    M   0 1      17  80
18  95  70  83   2   0  18 0.00  0.0    0  8.4 36  10   M    M   0 3      46  10
19  95  70  83   2   0  18    T  0.0    0  7.2 16 160   M    M   0        24 170
20  95  75  85   4   0  20 0.00  0.0    0 10.7 20 150   M    M   0        28 170
21  98  78  88   7   0  23 0.00  0.0    0 11.4 20 160   M    M   0        28 150
22 101  79  90   9   0  25 0.00  0.0    0  9.6 18 160   M    M   1        26 150
23 101  76  89   9   0  24 0.00  0.0    0  9.9 18 150   M    M   0        28 180
24 101  78  90  10   0  25 0.00  0.0    0 10.6 17 160   M    M   0        26 160
25 102  76  89   9   0  24 0.00  0.0    0  9.1 17 150   M    M   0        22 160
26  98  71  85   5   0  20 0.00  0.0    0  7.5 14 100   M    M   0        19 130
================================================================================
SM 2419 1830         0 441  0.03     0.0 191.5          M       17
================================================================================
AV 93.0 70.4                               7.4 FASTST   M    M   1    MAX(MPH)
                                 MISC ---->  # 36 360               # 46   10
================================================================================
NOTES:
# LAST OF SEVERAL OCCURRENCES

COLUMN 17 PEAK WIND IN M.P.H.

PRELIMINARY LOCAL CLIMATOLOGICAL DATA (WS FORM: F-6) , PAGE 2

                                          STATION:  PONCA CITY
                                          MONTH:    AUGUST
                                          YEAR:     2014
                                          LATITUDE:   36 44 N
                                          LONGITUDE:  97  6 W

[TEMPERATURE DATA]      [PRECIPITATION DATA]       SYMBOLS USED IN COLUMN 16

AVERAGE MONTHLY: 81.7   TOTAL FOR MONTH:   0.03    1 = FOG OR MIST
DPTR FM NORMAL:   0.2   DPTR FM NORMAL:   -2.70    2 = FOG REDUCING VISIBILITY
HIGHEST:   102 ON 25    GRTST 24HR  0.03 ON  7- 7      TO 1/4 MILE OR LESS
LOWEST:     58 ON 12                               3 = THUNDER
                        SNOW, ICE PELLETS, HAIL    4 = ICE PELLETS
                        TOTAL MONTH:   0.0 INCH    5 = HAIL
                        GRTST 24HR     0.0         6 = FREEZING RAIN OR DRIZZLE
                        GRTST DEPTH:   0           7 = DUSTSTORM OR SANDSTORM:
                                                       VSBY 1/2 MILE OR LESS
                                                   8 = SMOKE OR HAZE
[NO. OF DAYS WITH]      [WEATHER - DAYS WITH]      9 = BLOWING SNOW
                                                   X = TORNADO
MAX 32 OR BELOW:   0    0.01 INCH OR MORE:   1
MAX 90 OR ABOVE:  18    0.10 INCH OR MORE:   0
MIN 32 OR BELOW:   0    0.50 INCH OR MORE:   0
MIN  0 OR BELOW:   0    1.00 INCH OR MORE:   0

[HDD (BASE 65) ]
TOTAL THIS MO.     0    CLEAR  (SCALE 0-3)  26
DPTR FM NORMAL     0    PTCLDY (SCALE 4-7)   0
TOTAL FM JUL 1     0    CLOUDY (SCALE 8-10)  0
DPTR FM NORMAL     0

[CDD (BASE 65) ]
TOTAL THIS MO.   441
DPTR FM NORMAL    14    [PRESSURE DATA]
TOTAL FM JAN 1  1521    HIGHEST SLP M ON M
DPTR FM NORMAL    40    LOWEST  SLP 28.62 ON 14

[REMARKS]




U.S. Dept. of Commerce
NOAA National Weather Service
1325 East West Highway
Silver Spring, MD 20910
E-mail: w-nws.webmaster@noaa.gov
Page last modified: May 16, 2007
NATIONAL WEATHER SERVICE: for Safety, for Work, for Fun - FOR LIFE