949
CXUS54 KOUN 010800
CF6PNC
PRELIMINARY LOCAL CLIMATOLOGICAL DATA (WS FORM: F-6)

                                          STATION:   PONCA CITY
                                          MONTH:     NOVEMBER
                                          YEAR:      2014
                                          LATITUDE:   36 44 N
                                          LONGITUDE:  97  6 W

  TEMPERATURE IN F:       :PCPN:    SNOW:  WIND      :SUNSHINE: SKY     :PK WND
================================================================================
1   2   3   4   5  6A  6B    7    8   9   10  11  12  13   14  15   16   17  18
                                     12Z  AVG MX 2MIN
DY MAX MIN AVG DEP HDD CDD  WTR  SNW DPTH SPD SPD DIR MIN PSBL S-S WX    SPD DR
================================================================================

 1  57  27  42 -12  23   0 0.00  0.0    0 12.2 21 150   M    M   2        27 150
 2  64  45  55   1  10   0 0.00  0.0    0 14.5 26 160   M    M   0        35 160
 3  67  53  60   6   5   0 0.27  0.0    0 11.0 20 170   M    M   8 1      32 170
 4  51  45  48  -5  17   0    M  0.0    0  4.5  9 330   M    M   2 1      13 350
 5  64  40  52  -1  13   0 0.00  0.0    0  3.4 12 250   M    M   0 1      15 260
 6  64  38  51  -1  14   0 0.00  0.0    0  7.9 26  10   M    M   0        34  20
 7  70  36  53   1  12   0 0.00  0.0    0  7.6 23 220   M    M   0        31 210
 8  59  37  48  -3  17   0 0.00  0.0    0 10.8 29  10   M    M   0        35 350
 9  72  35  54   3  11   0 0.00  0.0    0  8.6 20 210   M    M   0        25 210
10  76  36  56   6   9   0 0.00  0.0    0 16.5 39 360   M    M   1        50 360
11  39  25  32 -18  33   0 0.00  0.0    0 18.7 33 350   M    M   3        41 360
12  30  20  25 -24  40   0 0.00  0.0    0 16.7 24 360   M    M   7        28 360
13  33  18  26 -23  39   0 0.00  0.0    0  8.3 18 350   M    M   2        23 340
14  39  17  28 -20  37   0 0.00  0.0    0  5.8 15 150   M    M   0        18 160
15  44  27  36 -12  29   0    T    T    0 12.3 24 140   M    M   8        31 140
16  36  16  26 -21  39   0 0.01    M    0 11.1 24  10   M    M   7 128    31 350
17  30  13  22 -25  43   0 0.00  0.0    0  6.4 21 340   M    M   0        26 330
18  49  10  30 -16  35   0 0.00  0.0    0  4.9 12 220   M    M   0        16 210
19  54  27  41  -5  24   0 0.00  0.0    0  6.0 16  10   M    M   0        18  10
20  58  31  45  -1  20   0 0.00  0.0    0 10.3 15 120   M    M   0        23 120
21  54  36  45   0  20   0 0.03    M    0  6.4 16 120   M    M   9 12     21 130
22  62  47  55  11  10   0 0.00  0.0    0  9.2 23 160   M    M   6 12     30 160
23  64  41  53   9  12   0 0.04    M    0 12.9 33 350   M    M   9        45 350
24  56  27  42  -2  23   0 0.00  0.0    0  8.4 24 320   M    M   0        35 300
25  52  22  37  -6  28   0 0.00  0.0    0  5.1 14 150   M    M   2        20 210
26  53  32  43   0  22   0 0.00  0.0    0 12.5 24 330   M    M   6        34 310
27  49  21  35  -7  30   0 0.00  0.0    0  6.3 17 160   M    M   0        20 180
28  66  41  54  12  11   0 0.00  0.0    0  9.7 17 210   M    M   0        23 210
29  73  50  62  21   3   0 0.00  0.0    0 10.2 21 210   M    M   0        30 210
30  66  25  46   5  19   0 0.00  0.0    0 16.3 26  20   M    M   1        31  30
================================================================================
SM 1651  938       648   0  0.35    T    294.5          M       73
================================================================================
AV 55.0 31.3                               9.8 FASTST   M    M   2    MAX(MPH)
                                 MISC ---->  # 39 360               # 50  360
================================================================================
NOTES:
# LAST OF SEVERAL OCCURRENCES

COLUMN 17 PEAK WIND IN M.P.H.

PRELIMINARY LOCAL CLIMATOLOGICAL DATA (WS FORM: F-6) , PAGE 2

                                          STATION:  PONCA CITY
                                          MONTH:    NOVEMBER
                                          YEAR:     2014
                                          LATITUDE:   36 44 N
                                          LONGITUDE:  97  6 W

[TEMPERATURE DATA]      [PRECIPITATION DATA]       SYMBOLS USED IN COLUMN 16

AVERAGE MONTHLY: 43.2   TOTAL FOR MONTH:   0.35    1 = FOG OR MIST
DPTR FM NORMAL:  -4.5   DPTR FM NORMAL:   -1.46    2 = FOG REDUCING VISIBILITY
HIGHEST:    76 ON 10    GRTST 24HR  0.27 ON  3- 3      TO 1/4 MILE OR LESS
LOWEST:     10 ON 18                               3 = THUNDER
                        SNOW, ICE PELLETS, HAIL    4 = ICE PELLETS
                        TOTAL MONTH:    T          5 = HAIL
                        GRTST 24HR    T  ON 15-15  6 = FREEZING RAIN OR DRIZZLE
                        GRTST DEPTH:   0           7 = DUSTSTORM OR SANDSTORM:
                                                       VSBY 1/2 MILE OR LESS
                                                   8 = SMOKE OR HAZE
[NO. OF DAYS WITH]      [WEATHER - DAYS WITH]      9 = BLOWING SNOW
                                                   X = TORNADO
MAX 32 OR BELOW:   2    0.01 INCH OR MORE:   4
MAX 90 OR ABOVE:   0    0.10 INCH OR MORE:   1
MIN 32 OR BELOW:  16    0.50 INCH OR MORE:   0
MIN  0 OR BELOW:   0    1.00 INCH OR MORE:   0

[HDD (BASE 65) ]
TOTAL THIS MO.   648    CLEAR  (SCALE 0-3)  22
DPTR FM NORMAL   123    PTCLDY (SCALE 4-7)   6
TOTAL FM JUL 1   794    CLOUDY (SCALE 8-10)  2
DPTR FM NORMAL    33

[CDD (BASE 65) ]
TOTAL THIS MO.     0
DPTR FM NORMAL    -4    [PRESSURE DATA]
TOTAL FM JAN 1  1975    HIGHEST SLP M ON M
DPTR FM NORMAL   124    LOWEST  SLP 29.31 ON 23

[REMARKS]
#FINAL-11-14#




U.S. Dept. of Commerce
NOAA National Weather Service
1325 East West Highway
Silver Spring, MD 20910
E-mail: w-nws.webmaster@noaa.gov
Page last modified: May 16, 2007
NATIONAL WEATHER SERVICE: for Safety, for Work, for Fun - FOR LIFE