733
CXUS55 KLOX 011655
CF6PMD
PRELIMINARY LOCAL CLIMATOLOGICAL DATA (WS FORM: F-6)

                                          STATION:   PALMDALE AIRPORT CA
                                          MONTH:     NOVEMBER
                                          YEAR:      2014
                                          LATITUDE:   34 37 N
                                          LONGITUDE: 118  5 W

  TEMPERATURE IN F:       :PCPN:    SNOW:  WIND      :SUNSHINE: SKY     :PK WND
================================================================================
1   2   3   4   5  6A  6B    7    8   9   10  11  12  13   14  15   16   17  18
                                     12Z  AVG MX 2MIN
DY MAX MIN AVG DEP HDD CDD  WTR  SNW DPTH SPD SPD DIR MIN PSBL S-S WX    SPD DR
================================================================================

 1  58  47  53  -4  12   0    M    M    0 15.7 26 250   M    M   5 1      32 250
 2  62  42  52  -5  13   0 0.00  0.0    0 11.0 22 300   M    M   1        25 290
 3  63  35  49  -7  16   0 0.00  0.0    0  4.9 16  30   M    M   0        20  30
 4  69  34  52  -4  13   0 0.00  0.0    0  6.8 20  50   M    M   0        24  40
 5  77  38  58   2   7   0 0.00  0.0    0  6.8 22  80   M    M   0        28  80
 6  78  42  60   5   5   0 0.00  0.0    0  3.5  9 190   M    M   0        12  30
 7  79  44  62   7   3   0 0.00  0.0    0  4.4 10 180   M    M   0        11 200
 8  81  43  62   8   3   0 0.00  0.0    0  3.2  9 200   M    M   0        10 200
 9  84  45  65  11   0   0 0.00  0.0    0  7.0 18 230   M    M   0        22 240
10  78  53  66  12   0   1 0.00  0.0    0 15.8 28 230   M    M   0        33 230
11  70  52  61   8   4   0 0.00  0.0    0 17.1 24 220   M    M   0        29 230
12  71  47  59   6   6   0 0.00  0.0    0 10.9 22 240   M    M   0        27 240
13  72  52  62  10   3   0 0.00  0.0    0 15.1 28 280   M    M   0 8      36 280
14  69  47  58   6   7   0 0.00  0.0    0 14.7 30 290   M    M   0        34 290
15  69  42  56   4   9   0    T    M    0 13.8 37 290   M    M   1 8      44 290
16  59  38  49  -2  16   0 0.00  0.0    0 12.4 33 270   M    M   0 8      38 280
17  64  34  49  -2  16   0 0.00  0.0    0  6.0 18  60   M    M   0        23  70
18  64  32  48  -3  17   0 0.00  0.0    0  3.9 13  40   M    M   0        15  30
19  70  42  56   6   9   0    T    M    0  5.9 20 230   M    M   3        24 250
20  66  39  53   3  12   0 0.00  0.0    0  9.5 24 240   M    M   1        29 240
21  65  40  53   3  12   0 0.00  0.0    0 10.1 22 300   M    M   1        27 230
22  71  37  54   5  11   0 0.00  0.0    0 17.3 40 290   M    M   0 8      49 280
23  64  39  52   3  13   0 0.00  0.0    0  9.7 30 270   M    M   0        35 270
24  66  32  49   1  16   0 0.00  0.0    0  5.6 21  60   M    M   0        25  70
25  67  31  49   1  16   0 0.00  0.0    0  3.5 10 280   M    M   0        10 280
26  70  34  52   4  13   0 0.00  0.0    0  3.2  9 200   M    M   0         9 220
27  71  33  52   4  13   0 0.00  0.0    0  3.4  9 220   M    M   0         9 220
28  80  34  57  10   8   0 0.00  0.0    0  5.4 20 230   M    M   0        22 240
29  75  47  61  14   4   0 0.00  0.0    0  9.5 28 220   M    M   0        35 220
30  62  45  54   7  11   0    T    M    0 12.8 28 190   M    M   3        36 230
================================================================================
SM 2094 1220       288   1    T      0.0 268.8          M       15
================================================================================
AV 69.8 40.7                               9.0 FASTST   M    M   1    MAX(MPH)
                                 MISC ---->  # 40 290               # 49  280
================================================================================
NOTES:
# LAST OF SEVERAL OCCURRENCES

COLUMN 17 PEAK WIND IN M.P.H.

PRELIMINARY LOCAL CLIMATOLOGICAL DATA (WS FORM: F-6) , PAGE 2

                                          STATION:  PALMDALE AIRPORT CA
                                          MONTH:    NOVEMBER
                                          YEAR:     2014
                                          LATITUDE:   34 37 N
                                          LONGITUDE: 118  5 W

[TEMPERATURE DATA]      [PRECIPITATION DATA]       SYMBOLS USED IN COLUMN 16

AVERAGE MONTHLY: 55.2   TOTAL FOR MONTH:      T    1 = FOG OR MIST
DPTR FM NORMAL:   3.5   DPTR FM NORMAL:   -0.70    2 = FOG REDUCING VISIBILITY
HIGHEST:    84 ON  9    GRTST 24HR    T  ON 30-30      TO 1/4 MILE OR LESS
LOWEST:     31 ON 25                               3 = THUNDER
                        SNOW, ICE PELLETS, HAIL    4 = ICE PELLETS
                        TOTAL MONTH:   0.0 INCH    5 = HAIL
                        GRTST 24HR     0.0         6 = FREEZING RAIN OR DRIZZLE
                        GRTST DEPTH:   0           7 = DUSTSTORM OR SANDSTORM:
                                                       VSBY 1/2 MILE OR LESS
                                                   8 = SMOKE OR HAZE
[NO. OF DAYS WITH]      [WEATHER - DAYS WITH]      9 = BLOWING SNOW
                                                   X = TORNADO
MAX 32 OR BELOW:   0    0.01 INCH OR MORE:   0
MAX 90 OR ABOVE:   0    0.10 INCH OR MORE:   0
MIN 32 OR BELOW:   3    0.50 INCH OR MORE:   0
MIN  0 OR BELOW:   0    1.00 INCH OR MORE:   0

[HDD (BASE 65) ]
TOTAL THIS MO.   288    CLEAR  (SCALE 0-3)  28
DPTR FM NORMAL  -112    PTCLDY (SCALE 4-7)   2
TOTAL FM JUL 1   314    CLOUDY (SCALE 8-10)  0
DPTR FM NORMAL  -213

[CDD (BASE 65) ]
TOTAL THIS MO.     1
DPTR FM NORMAL     0    [PRESSURE DATA]
TOTAL FM JAN 1  2223    HIGHEST SLP 30.56 ON 25
DPTR FM NORMAL   408    LOWEST  SLP 29.74 ON 10

[REMARKS]
#FINAL-11-14#




U.S. Dept. of Commerce
NOAA National Weather Service
1325 East West Highway
Silver Spring, MD 20910
E-mail: w-nws.webmaster@noaa.gov
Page last modified: May 16, 2007
NATIONAL WEATHER SERVICE: for Safety, for Work, for Fun - FOR LIFE