938
CXUS55 KLOX 241655
CF6PMD
PRELIMINARY LOCAL CLIMATOLOGICAL DATA (WS FORM: F-6)

                                          STATION:   PALMDALE AIRPORT CA
                                          MONTH:     APRIL
                                          YEAR:      2014
                                          LATITUDE:   34 37 N
                                          LONGITUDE: 118  5 W

  TEMPERATURE IN F:       :PCPN:    SNOW:  WIND      :SUNSHINE: SKY     :PK WND
================================================================================
1   2   3   4   5  6A  6B    7    8   9   10  11  12  13   14  15   16   17  18
                                     12Z  AVG MX 2MIN
DY MAX MIN AVG DEP HDD CDD  WTR  SNW DPTH SPD SPD DIR MIN PSBL S-S WX    SPD DR
================================================================================

 1  57  40  49  -6  16   0 0.11    M    0 13.8 28 280   M    M   6 1      34 280
 2  57  38  48  -7  17   0    T    M    0 15.8 29 270   M    M   0        34 280
 3  66  34  50  -5  15   0 0.00  0.0    0  9.9 23 230   M    M   0        28 270
 4  65  43  54  -1  11   0 0.00  0.0    0 10.8 25 250   M    M   2        31 240
 5  66  42  54  -1  11   0 0.00  0.0    0 13.6 28 300   M    M   1        33 300
 6  76  37  57   1   8   0 0.00  0.0    0  5.7 15 300   M    M   0        20  30
 7  83  43  63   7   2   0 0.00  0.0    0  5.2 15  80   M    M   0        20  30
 8  87  44  66  10   0   1 0.00  0.0    0  5.8 24 240   M    M   0        29 240
 9  88  49  69  13   0   4 0.00  0.0    0  9.2 23 230   M    M   0        29 230
10  86  54  70  14   0   5 0.00  0.0    0 10.6 22 230   M    M   0        26 250
11  84  61  73  16   0   8 0.00  0.0    0 14.6 28 250   M    M   0        35 260
12  72  54  63   6   2   0 0.00  0.0    0 19.6 30 230   M    M   0        35 230
13  82  49  66   9   0   1 0.00  0.0    0 12.5 24 260   M    M   0        32 260
14  79  43  61   4   4   0 0.00  0.0    0  8.0 22  70   M    M   0 8      26  80
15  83  52  68  10   0   3 0.00  0.0    M 11.8 25 290   M    M   0        31 280
16  88  52  70  12   0   5 0.00  0.0    0  9.8 21 280   M    M   0        25 270
17  83  53  68  10   0   3 0.00  0.0    0  9.8 24 230   M    M   0        31 220
18  78  55  67   9   0   2 0.00  0.0    0 12.0 24 240   M    M   0        30 240
19  82  53  68   9   0   3 0.00  0.0    0  9.9 29 290   M    M   0        34 300
20  86  51  69  10   0   4 0.00  0.0    0  8.3 20 250   M    M   0        24 250
21  86  51  69  10   0   4 0.00  0.0    0 10.4 25 230   M    M   0        36 240
22  67  52  60   0   5   0 0.00  0.0    0 20.3 38 290   M    M   0        45 290
23  73  47  60   0   5   0 0.00  0.0    0 13.1 35 280   M    M   0        44 280
================================================================================
SM 1774 1097        96  43  0.11     0.0 260.3          M        9
================================================================================
AV 77.1 47.7                              11.3 FASTST   M    M   0    MAX(MPH)
                                 MISC ---->    38   M                 45    M
================================================================================
NOTES:
# LAST OF SEVERAL OCCURRENCES

COLUMN 17 PEAK WIND IN M.P.H.

PRELIMINARY LOCAL CLIMATOLOGICAL DATA (WS FORM: F-6) , PAGE 2

                                          STATION:  PALMDALE AIRPORT CA
                                          MONTH:    APRIL
                                          YEAR:     2014
                                          LATITUDE:   34 37 N
                                          LONGITUDE: 118  5 W

[TEMPERATURE DATA]      [PRECIPITATION DATA]       SYMBOLS USED IN COLUMN 16

AVERAGE MONTHLY: 62.4   TOTAL FOR MONTH:   0.11    1 = FOG OR MIST
DPTR FM NORMAL:   5.4   DPTR FM NORMAL:   -0.27    2 = FOG REDUCING VISIBILITY
HIGHEST:    88 ON 16, 9 GRTST 24HR  0.13 ON 31- 1      TO 1/4 MILE OR LESS
LOWEST:     34 ON  3                               3 = THUNDER
                        SNOW, ICE PELLETS, HAIL    4 = ICE PELLETS
                        TOTAL MONTH:   0.0 INCH    5 = HAIL
                        GRTST 24HR     0.0         6 = FREEZING RAIN OR DRIZZLE
                        GRTST DEPTH:   0           7 = DUSTSTORM OR SANDSTORM:
                                                       VSBY 1/2 MILE OR LESS
                                                   8 = SMOKE OR HAZE
[NO. OF DAYS WITH]      [WEATHER - DAYS WITH]      9 = BLOWING SNOW
                                                   X = TORNADO
MAX 32 OR BELOW:   0    0.01 INCH OR MORE:   1
MAX 90 OR ABOVE:   0    0.10 INCH OR MORE:   1
MIN 32 OR BELOW:   0    0.50 INCH OR MORE:   0
MIN  0 OR BELOW:   0    1.00 INCH OR MORE:   0

[HDD (BASE 65) ]
TOTAL THIS MO.    96    CLEAR  (SCALE 0-3)  22
DPTR FM NORMAL   -98    PTCLDY (SCALE 4-7)   1
TOTAL FM JUL 1  2257    CLOUDY (SCALE 8-10)  0
DPTR FM NORMAL  -558

[CDD (BASE 65) ]
TOTAL THIS MO.    43
DPTR FM NORMAL    35    [PRESSURE DATA]
TOTAL FM JAN 1    44    HIGHEST SLP M ON M
DPTR FM NORMAL    34    LOWEST  SLP 29.74 ON 16

[REMARKS]




U.S. Dept. of Commerce
NOAA National Weather Service
1325 East West Highway
Silver Spring, MD 20910
E-mail: w-nws.webmaster@noaa.gov
Page last modified: May 16, 2007
NATIONAL WEATHER SERVICE: for Safety, for Work, for Fun - FOR LIFE