320
CXUS55 KLOX 211655
CF6PMD
PRELIMINARY LOCAL CLIMATOLOGICAL DATA (WS FORM: F-6)

                                          STATION:   PALMDALE AIRPORT CA
                                          MONTH:     SEPTEMBER
                                          YEAR:      2014
                                          LATITUDE:   34 37 N
                                          LONGITUDE: 118  5 W

  TEMPERATURE IN F:       :PCPN:    SNOW:  WIND      :SUNSHINE: SKY     :PK WND
================================================================================
1   2   3   4   5  6A  6B    7    8   9   10  11  12  13   14  15   16   17  18
                                     12Z  AVG MX 2MIN
DY MAX MIN AVG DEP HDD CDD  WTR  SNW DPTH SPD SPD DIR MIN PSBL S-S WX    SPD DR
================================================================================

 1  98  65  82   4   0  17 0.00  0.0    0  8.3 21 230   M    M   0        24 240
 2  99  67  83   5   0  18 0.00  0.0    0 10.1 25 260   M    M   0        28 260
 3  96  67  82   4   0  17 0.00  0.0    0 11.7 26 220   M    M   0        31 230
 4  95  62  79   1   0  14 0.00  0.0    0  9.2 22 240   M    M   0        28 250
 5  97  60  79   2   0  14 0.00  0.0    0  6.8 21 260   M    M   0        24 250
 6  99  64  82   5   0  17 0.00  0.0    0  7.6 28 260   M    M   0        34 250
 7  98  68  83   6   0  18    T  0.0    0  7.9 22 230   M    M   3 3      27 160
 8  87  70  79   3   0  14 0.12  0.0    0 14.7 28 230   M    M   7        32 230
 9  92  62  77   1   0  12 0.00  0.0    0  7.9 21 250   M    M   0        35 290
10  96  57  77   1   0  12 0.00  0.0    0  5.3 17 230   M    M   0        20 230
11  97  64  81   6   0  16 0.00  0.0    0  5.8 18 240   M    M   0        22 240
12  99  65  82   7   0  17 0.00  0.0    0  5.8 20 240   M    M   0        24 230
13 101  65  83   8   0  18 0.00  0.0    0  7.7 21 240   M    M   0        24 240
14 102  68  85  11   0  20 0.00  0.0    0  6.8 18 240   M    M   0         M  M
15 101  69  85  11   0  20 0.00  0.0    0  6.2 21 250   M    M   1        25 240
16 102  72  87  13   0  22    T  0.0    0  6.3 24 220   M    M   1        28 220
17  98  69  84  11   0  19 0.00  0.0    0  8.4 25 250   M    M   0        31 260
18  85  69  77   4   0  12 0.00  0.0    0 16.2 26 220   M    M   0        32 240
19  87  62  75   2   0  10 0.00  0.0    0  7.0 20 210   M    M   0        23 210
20  90  61  76   4   0  11 0.00  0.0    0  7.0 18 230   M    M   0        24 210
================================================================================
SM 1919 1306         0 318  0.12     0.0 166.8          M       12
================================================================================
AV 95.9 65.3                               8.3 FASTST   M    M   1    MAX(MPH)
                                 MISC ---->  # 28 260                 35    M
================================================================================
NOTES:
# LAST OF SEVERAL OCCURRENCES

COLUMN 17 PEAK WIND IN M.P.H.

PRELIMINARY LOCAL CLIMATOLOGICAL DATA (WS FORM: F-6) , PAGE 2

                                          STATION:  PALMDALE AIRPORT CA
                                          MONTH:    SEPTEMBER
                                          YEAR:     2014
                                          LATITUDE:   34 37 N
                                          LONGITUDE: 118  5 W

[TEMPERATURE DATA]      [PRECIPITATION DATA]       SYMBOLS USED IN COLUMN 16

AVERAGE MONTHLY: 80.6   TOTAL FOR MONTH:   0.12    1 = FOG OR MIST
DPTR FM NORMAL:   5.2   DPTR FM NORMAL:   -0.06    2 = FOG REDUCING VISIBILITY
HIGHEST:   102 ON 16,14 GRTST 24HR  0.12 ON  8- 8      TO 1/4 MILE OR LESS
LOWEST:     57 ON 10                               3 = THUNDER
                        SNOW, ICE PELLETS, HAIL    4 = ICE PELLETS
                        TOTAL MONTH:   0.0 INCH    5 = HAIL
                        GRTST 24HR     0.0         6 = FREEZING RAIN OR DRIZZLE
                        GRTST DEPTH:   0           7 = DUSTSTORM OR SANDSTORM:
                                                       VSBY 1/2 MILE OR LESS
                                                   8 = SMOKE OR HAZE
[NO. OF DAYS WITH]      [WEATHER - DAYS WITH]      9 = BLOWING SNOW
                                                   X = TORNADO
MAX 32 OR BELOW:   0    0.01 INCH OR MORE:   1
MAX 90 OR ABOVE:  17    0.10 INCH OR MORE:   1
MIN 32 OR BELOW:   0    0.50 INCH OR MORE:   0
MIN  0 OR BELOW:   0    1.00 INCH OR MORE:   0

[HDD (BASE 65) ]
TOTAL THIS MO.     0    CLEAR  (SCALE 0-3)  19
DPTR FM NORMAL     0    PTCLDY (SCALE 4-7)   1
TOTAL FM JUL 1     0    CLOUDY (SCALE 8-10)  0
DPTR FM NORMAL     0

[CDD (BASE 65) ]
TOTAL THIS MO.   318
DPTR FM NORMAL   106    [PRESSURE DATA]
TOTAL FM JAN 1  2031    HIGHEST SLP M ON M
DPTR FM NORMAL   337    LOWEST  SLP 29.64 ON M

[REMARKS]




U.S. Dept. of Commerce
NOAA National Weather Service
1325 East West Highway
Silver Spring, MD 20910
E-mail: w-nws.webmaster@noaa.gov
Page last modified: May 16, 2007
NATIONAL WEATHER SERVICE: for Safety, for Work, for Fun - FOR LIFE