071
CXUS55 KLOX 301655
CF6PMD
PRELIMINARY LOCAL CLIMATOLOGICAL DATA (WS FORM: F-6)

                                          STATION:   PALMDALE AIRPORT CA
                                          MONTH:     JULY
                                          YEAR:      2014
                                          LATITUDE:   34 37 N
                                          LONGITUDE: 118  5 W

  TEMPERATURE IN F:       :PCPN:    SNOW:  WIND      :SUNSHINE: SKY     :PK WND
================================================================================
1   2   3   4   5  6A  6B    7    8   9   10  11  12  13   14  15   16   17  18
                                     12Z  AVG MX 2MIN
DY MAX MIN AVG DEP HDD CDD  WTR  SNW DPTH SPD SPD DIR MIN PSBL S-S WX    SPD DR
================================================================================

 1 102  74  88   9   0  23 0.00  0.0    0 13.3 26 250   M    M   0        31 250
 2 101  73  87   8   0  22 0.00  0.0    0 12.8 28 260   M    M   0        36 210
 3 101  71  86   7   0  21 0.00  0.0    0 13.5 28 240   M    M   0        35 250
 4  99  68  84   5   0  19 0.00  0.0    0 13.0 28 260   M    M   0        34 280
 5  99  71  85   5   0  20 0.00  0.0    0 12.5 25 220   M    M   0        33 220
 6 101  74  88   8   0  23 0.00  0.0    0 10.4 23 270   M    M   0         M  M
 7 103  73  88   8   0  23 0.00  0.0    0 10.8 25 250   M    M   0        31 240
 8 101  72  87   7   0  22 0.00  0.0    0 13.9 26 250   M    M   0        31 250
 9  99  71  85   5   0  20 0.00  0.0    0   M   M 230   M    M   0         M  M
10  93  74  84   4   0  19 0.00  0.0    0 17.7 31 230   M    M   0        38 220
11  92  71  82   1   0  17 0.00  0.0    0 14.6 28 240   M    M   0        32 240
12  99  66  83   2   0  18 0.00  0.0    0  6.9 20 230   M    M   0        24 240
13 106  69  88   7   0  23 0.00  0.0    0  9.5 25 230   M    M   0        31 240
14  95  79  87   6   0  22 0.00  0.0    0 10.6 21 230   M    M   0        26 230
15  94  73  84   3   0  19 0.00  0.0    0 10.8 25 230   M    M   0        32 240
16  92  67  80  -2   0  15 0.00  0.0    0 16.2 28 230   M    M   0        34 220
17  89  65  77  -5   0  12 0.00  0.0    0 14.3 25 230   M    M   0        31 240
18  92  60  76  -6   0  11 0.00  0.0    0 11.1 22 230   M    M   0        26 230
19  87  70  79  -3   0  14    T  0.0    0  6.7 15 170   M    M   2        17 160
20  93  67  80  -2   0  15 0.00  0.0    0 11.7 29 230   M    M   0        36 230
21  92  67  80  -2   0  15 0.00  0.0    0 12.9 30 260   M    M   0        37 260
22  96  68  82   0   0  17 0.00  0.0    0 11.3 24 250   M    M   0        28 280
23 101  67  84   2   0  19 0.00  0.0    0 10.6 23 250   M    M   0        28 260
24 107  61  84   2   0  19 0.00  0.0    0  8.3 26 250   M    M   0        30 250
25 102  69  86   4   0  21 0.00  0.0    0 11.5 30 250   M    M   0        42 240
26 101  75  88   6   0  23 0.00  0.0    M 14.2 25 230   M    M   0        32 250
27  99  78  89   6   0  24 0.00  0.0    0 14.3 30 220   M    M   0        34 220
28  92  75  84   1   0  19 0.00  0.0    0  5.9 14 250   M    M   3        17 250
29 101  69  85   2   0  20 0.00  0.0    0  9.1 24 260   M    M   0        30 260
================================================================================
SM 2829 2037         0 555    T      0.0 328.4          M        5
================================================================================
AV 97.6 70.2                              11.7 FASTST   M    M   0    MAX(MPH)
                                 MISC ---->  # 31 230               # 42  240
================================================================================
NOTES:
# LAST OF SEVERAL OCCURRENCES

COLUMN 17 PEAK WIND IN M.P.H.

PRELIMINARY LOCAL CLIMATOLOGICAL DATA (WS FORM: F-6) , PAGE 2

                                          STATION:  PALMDALE AIRPORT CA
                                          MONTH:    JULY
                                          YEAR:     2014
                                          LATITUDE:   34 37 N
                                          LONGITUDE: 118  5 W

[TEMPERATURE DATA]      [PRECIPITATION DATA]       SYMBOLS USED IN COLUMN 16

AVERAGE MONTHLY: 83.9   TOTAL FOR MONTH:      T    1 = FOG OR MIST
DPTR FM NORMAL:   2.8   DPTR FM NORMAL:   -0.09    2 = FOG REDUCING VISIBILITY
HIGHEST:   107 ON 24    GRTST 24HR    T  ON 19-19      TO 1/4 MILE OR LESS
LOWEST:     60 ON 18                               3 = THUNDER
                        SNOW, ICE PELLETS, HAIL    4 = ICE PELLETS
                        TOTAL MONTH:   0.0 INCH    5 = HAIL
                        GRTST 24HR     0.0         6 = FREEZING RAIN OR DRIZZLE
                        GRTST DEPTH:   0           7 = DUSTSTORM OR SANDSTORM:
                                                       VSBY 1/2 MILE OR LESS
                                                   8 = SMOKE OR HAZE
[NO. OF DAYS WITH]      [WEATHER - DAYS WITH]      9 = BLOWING SNOW
                                                   X = TORNADO
MAX 32 OR BELOW:   0    0.01 INCH OR MORE:   0
MAX 90 OR ABOVE:  27    0.10 INCH OR MORE:   0
MIN 32 OR BELOW:   0    0.50 INCH OR MORE:   0
MIN  0 OR BELOW:   0    1.00 INCH OR MORE:   0

[HDD (BASE 65) ]
TOTAL THIS MO.     0    CLEAR  (SCALE 0-3)  29
DPTR FM NORMAL     0    PTCLDY (SCALE 4-7)   0
TOTAL FM JUL 1     0    CLOUDY (SCALE 8-10)  0
DPTR FM NORMAL     0

[CDD (BASE 65) ]
TOTAL THIS MO.   555
DPTR FM NORMAL    87    [PRESSURE DATA]
TOTAL FM JAN 1  1178    HIGHEST SLP M ON M
DPTR FM NORMAL   234    LOWEST  SLP 29.69 ON 24

[REMARKS]




U.S. Dept. of Commerce
NOAA National Weather Service
1325 East West Highway
Silver Spring, MD 20910
E-mail: w-nws.webmaster@noaa.gov
Page last modified: May 16, 2007
NATIONAL WEATHER SERVICE: for Safety, for Work, for Fun - FOR LIFE